74.7.242.4 - - [28/Jul/2026:01:56:47 +0000] "GET /favicon.ico?fileloc=//proc/18/net/xfrm_stat&path=//proc/18/net HTTP/1.1" 200 2882 "https://www.groatmachinery.com/favicon.ico?path=//proc/18/net" "Mozilla/5.0 AppleWebKit/537.36 (KHTML, like Gecko; compatible; GPTBot/1.4; +https://openai.com/gptbot)"
216.73.216.24 - - [28/Jul/2026:01:56:49 +0000] "GET /sitemap.xml?path=%2F%2Fproc%2Fself%2Froot%2Fsys%2Fdev HTTP/1.1" 200 3053 "-" "Mozilla/5.0 AppleWebKit/537.36 (KHTML, like Gecko; compatible; ClaudeBot/1.0; +claudebot@anthropic.com)"
74.7.242.4 - - [28/Jul/2026:01:56:50 +0000] "GET /favicon.ico?fileloc=//proc/18/net/dev_mcast&path=//proc/18/net HTTP/1.1" 200 2751 "https://www.groatmachinery.com/favicon.ico?path=//proc/18/net" "Mozilla/5.0 AppleWebKit/537.36 (KHTML, like Gecko; compatible; GPTBot/1.4; +https://openai.com/gptbot)"
216.73.216.24 - - [28/Jul/2026:01:56:52 +0000] "GET /sitemap.xml?path=%2F%2Fusr%2Fshare%2Fdoc%2Fpython3-distupgrade HTTP/1.1" 200 3096 "-" "Mozilla/5.0 AppleWebKit/537.36 (KHTML, like Gecko; compatible; ClaudeBot/1.0; +claudebot@anthropic.com)"
74.7.242.4 - - [28/Jul/2026:01:56:53 +0000] "GET /favicon.ico?fileloc=//proc/41/net/xfrm_stat&path=//proc/41/net HTTP/1.1" 200 2882 "https://www.groatmachinery.com/favicon.ico?path=//proc/41/net" "Mozilla/5.0 AppleWebKit/537.36 (KHTML, like Gecko; compatible; GPTBot/1.4; +https://openai.com/gptbot)"
216.73.216.24 - - [28/Jul/2026:01:56:55 +0000] "GET /sitemap.xml?path=%2F%2Fusr%2Finclude%2Fnetpacket HTTP/1.1" 200 3022 "-" "Mozilla/5.0 AppleWebKit/537.36 (KHTML, like Gecko; compatible; ClaudeBot/1.0; +claudebot@anthropic.com)"
74.7.242.4 - - [28/Jul/2026:01:56:56 +0000] "GET /favicon.ico?fileloc=//proc/36/net/dev_mcast&path=//proc/36/net HTTP/1.1" 200 2752 "https://www.groatmachinery.com/favicon.ico?path=//proc/36/net" "Mozilla/5.0 AppleWebKit/537.36 (KHTML, like Gecko; compatible; GPTBot/1.4; +https://openai.com/gptbot)"
216.73.216.24 - - [28/Jul/2026:01:56:58 +0000] "GET /sitemap.xml?path=%2F%2Fusr%2Flib%2Fpython3.12%2F__phello__ HTTP/1.1" 200 3154 "-" "Mozilla/5.0 AppleWebKit/537.36 (KHTML, like Gecko; compatible; ClaudeBot/1.0; +claudebot@anthropic.com)"
74.7.242.4 - - [28/Jul/2026:01:56:59 +0000] "GET /favicon.ico?fileloc=//proc/45/net/dev_mcast&path=//proc/45/net HTTP/1.1" 200 2752 "https://www.groatmachinery.com/favicon.ico?path=//proc/45/net" "Mozilla/5.0 AppleWebKit/537.36 (KHTML, like Gecko; compatible; GPTBot/1.4; +https://openai.com/gptbot)"
216.73.216.24 - - [28/Jul/2026:01:57:01 +0000] "GET /sitemap.xml?path=%2F%2Fetc%2Flibblockdev HTTP/1.1" 200 2987 "-" "Mozilla/5.0 AppleWebKit/537.36 (KHTML, like Gecko; compatible; ClaudeBot/1.0; +claudebot@anthropic.com)"
74.7.242.4 - - [28/Jul/2026:01:57:03 +0000] "GET /favicon.ico?fileloc=//proc/41/net/dev_mcast&path=//proc/41/net HTTP/1.1" 200 2751 "https://www.groatmachinery.com/favicon.ico?path=//proc/41/net" "Mozilla/5.0 AppleWebKit/537.36 (KHTML, like Gecko; compatible; GPTBot/1.4; +https://openai.com/gptbot)"
216.73.216.24 - - [28/Jul/2026:01:57:04 +0000] "GET /sitemap.xml?path=%2F%2Fusr%2Flib%2Fphp HTTP/1.1" 200 3305 "-" "Mozilla/5.0 AppleWebKit/537.36 (KHTML, like Gecko; compatible; ClaudeBot/1.0; +claudebot@anthropic.com)"
74.7.242.4 - - [28/Jul/2026:01:57:06 +0000] "GET /favicon.ico?fileloc=//proc/13/net/dev_mcast&path=//proc/13/net HTTP/1.1" 200 2751 "https://www.groatmachinery.com/favicon.ico?path=//proc/13/net" "Mozilla/5.0 AppleWebKit/537.36 (KHTML, like Gecko; compatible; GPTBot/1.4; +https://openai.com/gptbot)"
216.73.216.24 - - [28/Jul/2026:01:57:07 +0000] "GET /sitemap.xml?path=%2F%2Fsys%2Fmodule%2Fintel_rapl_common%2Fnotes HTTP/1.1" 200 3093 "-" "Mozilla/5.0 AppleWebKit/537.36 (KHTML, like Gecko; compatible; ClaudeBot/1.0; +claudebot@anthropic.com)"
74.7.242.4 - - [28/Jul/2026:01:57:09 +0000] "GET /favicon.ico?fileloc=//proc/18/net/ip_tables_names&path=//proc/18/net HTTP/1.1" 200 2694 "https://www.groatmachinery.com/favicon.ico?path=//proc/18/net" "Mozilla/5.0 AppleWebKit/537.36 (KHTML, like Gecko; compatible; GPTBot/1.4; +https://openai.com/gptbot)"
216.73.216.24 - - [28/Jul/2026:01:57:10 +0000] "GET /sitemap.xml?path=%2F%2Fsys%2Fclass%2Fbluetooth HTTP/1.1" 200 2745 "-" "Mozilla/5.0 AppleWebKit/537.36 (KHTML, like Gecko; compatible; ClaudeBot/1.0; +claudebot@anthropic.com)"
74.7.242.4 - - [28/Jul/2026:01:57:12 +0000] "GET /favicon.ico?fileloc=//proc/45/net/ip_tables_names&path=//proc/45/net HTTP/1.1" 200 2695 "https://www.groatmachinery.com/favicon.ico?path=//proc/45/net" "Mozilla/5.0 AppleWebKit/537.36 (KHTML, like Gecko; compatible; GPTBot/1.4; +https://openai.com/gptbot)"
216.73.216.24 - - [28/Jul/2026:01:57:13 +0000] "GET /sitemap.xml?path=%2F%2Fsys%2Fblock%2Floop1%2Ftrace HTTP/1.1" 200 3171 "-" "Mozilla/5.0 AppleWebKit/537.36 (KHTML, like Gecko; compatible; ClaudeBot/1.0; +claudebot@anthropic.com)"
74.7.242.4 - - [28/Jul/2026:01:57:15 +0000] "GET /favicon.ico?fileloc=//proc/13/net/ip_tables_names&path=//proc/13/net HTTP/1.1" 200 2694 "https://www.groatmachinery.com/favicon.ico?path=//proc/13/net" "Mozilla/5.0 AppleWebKit/537.36 (KHTML, like Gecko; compatible; GPTBot/1.4; +https://openai.com/gptbot)"
216.73.216.24 - - [28/Jul/2026:01:57:16 +0000] "GET /sitemap.xml?path=%2F%2Fusr%2Fshare%2Ffastpanel2-phpmyadmin%2Fsql HTTP/1.1" 200 3212 "-" "Mozilla/5.0 AppleWebKit/537.36 (KHTML, like Gecko; compatible; ClaudeBot/1.0; +claudebot@anthropic.com)"
74.7.242.4 - - [28/Jul/2026:01:57:18 +0000] "GET /favicon.ico?fileloc=//proc/41/net/ip_tables_names&path=//proc/41/net HTTP/1.1" 200 2694 "https://www.groatmachinery.com/favicon.ico?path=//proc/41/net" "Mozilla/5.0 AppleWebKit/537.36 (KHTML, like Gecko; compatible; GPTBot/1.4; +https://openai.com/gptbot)"
216.73.216.24 - - [28/Jul/2026:01:57:19 +0000] "GET /sitemap.xml?fileloc=%2F%2Fusr%2Flib%2Fpython3.12%2Fpprint.py&path=%2F%2Fusr%2Flib%2Fpython3.12 HTTP/1.1" 200 7842 "-" "Mozilla/5.0 AppleWebKit/537.36 (KHTML, like Gecko; compatible; ClaudeBot/1.0; +claudebot@anthropic.com)"
74.7.242.4 - - [28/Jul/2026:01:57:21 +0000] "GET /favicon.ico?fileloc=//proc/36/net/ip_tables_names&path=//proc/36/net HTTP/1.1" 200 2695 "https://www.groatmachinery.com/favicon.ico?path=//proc/36/net" "Mozilla/5.0 AppleWebKit/537.36 (KHTML, like Gecko; compatible; GPTBot/1.4; +https://openai.com/gptbot)"
216.73.216.24 - - [28/Jul/2026:01:57:22 +0000] "GET /sitemap.xml?fileloc=%2F%2Fsys%2Fmodule%2Fdm_multipath%2Fuevent&path=%2F%2Fsys%2Fmodule%2Fdm_multipath HTTP/1.1" 200 2697 "-" "Mozilla/5.0 AppleWebKit/537.36 (KHTML, like Gecko; compatible; ClaudeBot/1.0; +claudebot@anthropic.com)"
74.7.242.4 - - [28/Jul/2026:01:57:24 +0000] "GET /favicon.ico?fileloc=//proc/45/net/tcp&path=//proc/45/net HTTP/1.1" 200 44914 "https://www.groatmachinery.com/favicon.ico?path=//proc/45/net" "Mozilla/5.0 AppleWebKit/537.36 (KHTML, like Gecko; compatible; GPTBot/1.4; +https://openai.com/gptbot)"
216.73.216.24 - - [28/Jul/2026:01:57:25 +0000] "GET /sitemap.xml?fileloc=%2F%2Flib%2Fpython3.12%2Fhtml%2Fparser.py&path=%2F%2Flib%2Fpython3.12%2Fhtml HTTP/1.1" 200 7926 "-" "Mozilla/5.0 AppleWebKit/537.36 (KHTML, like Gecko; compatible; ClaudeBot/1.0; +claudebot@anthropic.com)"
74.7.242.4 - - [28/Jul/2026:01:57:27 +0000] "GET /favicon.ico?fileloc=//proc/36/net/hci&path=//proc/36/net HTTP/1.1" 200 2722 "https://www.groatmachinery.com/favicon.ico?path=//proc/36/net" "Mozilla/5.0 AppleWebKit/537.36 (KHTML, like Gecko; compatible; GPTBot/1.4; +https://openai.com/gptbot)"
216.73.216.24 - - [28/Jul/2026:01:57:28 +0000] "GET /sitemap.xml?fileloc=%2F%2Flib%2Fpython3.12%2Fjson%2Fdecoder.py&path=%2F%2Flib%2Fpython3.12%2Fjson HTTP/1.1" 200 6335 "-" "Mozilla/5.0 AppleWebKit/537.36 (KHTML, like Gecko; compatible; ClaudeBot/1.0; +claudebot@anthropic.com)"
74.7.242.4 - - [28/Jul/2026:01:57:31 +0000] "GET /favicon.ico?fileloc=//proc/36/net/arp&path=//proc/36/net HTTP/1.1" 200 3082 "https://www.groatmachinery.com/favicon.ico?path=//proc/36/net" "Mozilla/5.0 AppleWebKit/537.36 (KHTML, like Gecko; compatible; GPTBot/1.4; +https://openai.com/gptbot)"
216.73.216.24 - - [28/Jul/2026:01:57:31 +0000] "GET /sitemap.xml?fileloc=%2F%2Fsys%2Fblock%2Floop7%2Fqueue%2Fwrite_cache&path=%2F%2Fsys%2Fblock%2Floop7%2Fqueue HTTP/1.1" 200 2715 "-" "Mozilla/5.0 AppleWebKit/537.36 (KHTML, like Gecko; compatible; ClaudeBot/1.0; +claudebot@anthropic.com)"
74.7.242.4 - - [28/Jul/2026:01:57:34 +0000] "GET /favicon.ico?fileloc=//proc/13/net/tcp&path=//proc/13/net HTTP/1.1" 200 45826 "https://www.groatmachinery.com/favicon.ico?path=//proc/13/net" "Mozilla/5.0 AppleWebKit/537.36 (KHTML, like Gecko; compatible; GPTBot/1.4; +https://openai.com/gptbot)"
216.73.216.24 - - [28/Jul/2026:01:57:34 +0000] "GET /sitemap.xml?path=%2F%2Fsys%2Fblock%2Floop7%2Fholders HTTP/1.1" 200 2753 "-" "Mozilla/5.0 AppleWebKit/537.36 (KHTML, like Gecko; compatible; ClaudeBot/1.0; +claudebot@anthropic.com)"
74.7.242.4 - - [28/Jul/2026:01:57:37 +0000] "GET /favicon.ico?fileloc=//proc/45/net/arp&path=//proc/45/net HTTP/1.1" 200 3082 "https://www.groatmachinery.com/favicon.ico?path=//proc/45/net" "Mozilla/5.0 AppleWebKit/537.36 (KHTML, like Gecko; compatible; GPTBot/1.4; +https://openai.com/gptbot)"
216.73.216.24 - - [28/Jul/2026:01:57:37 +0000] "GET /sitemap.xml?path=%2F%2Fsys%2Fblock%2Floop7%2Ftrace HTTP/1.1" 200 3171 "-" "Mozilla/5.0 AppleWebKit/537.36 (KHTML, like Gecko; compatible; ClaudeBot/1.0; +claudebot@anthropic.com)"
216.73.216.24 - - [28/Jul/2026:01:57:40 +0000] "GET /sitemap.xml?fileloc=%2F%2Flib%2Fpython3.12%2F__pycache__%2Fpprint.cpython-312.pyc&path=%2F%2Flib%2Fpython3.12%2F__pycache__ HTTP/1.1" 200 14047 "-" "Mozilla/5.0 AppleWebKit/537.36 (KHTML, like Gecko; compatible; ClaudeBot/1.0; +claudebot@anthropic.com)"
74.7.242.4 - - [28/Jul/2026:01:57:40 +0000] "GET /favicon.ico?fileloc=//proc/36/net/tcp&path=//proc/36/net HTTP/1.1" 200 46465 "https://www.groatmachinery.com/favicon.ico?path=//proc/36/net" "Mozilla/5.0 AppleWebKit/537.36 (KHTML, like Gecko; compatible; GPTBot/1.4; +https://openai.com/gptbot)"
216.73.216.24 - - [28/Jul/2026:01:57:43 +0000] "GET /sitemap.xml?path=%2F%2Fsys%2Fmodule%2Fpci_hotplug%2Fparameters HTTP/1.1" 200 3075 "-" "Mozilla/5.0 AppleWebKit/537.36 (KHTML, like Gecko; compatible; ClaudeBot/1.0; +claudebot@anthropic.com)"
74.7.242.4 - - [28/Jul/2026:01:57:44 +0000] "GET /favicon.ico?fileloc=//proc/18/net/arp&path=//proc/18/net HTTP/1.1" 200 3082 "https://www.groatmachinery.com/favicon.ico?path=//proc/18/net" "Mozilla/5.0 AppleWebKit/537.36 (KHTML, like Gecko; compatible; GPTBot/1.4; +https://openai.com/gptbot)"
216.73.216.24 - - [28/Jul/2026:01:57:46 +0000] "GET /sitemap.xml?fileloc=%2F%2Fsys%2Fkernel%2Fslab%2Fbdev_cache%2Fpartial&path=%2F%2Fsys%2Fkernel%2Fslab%2Fbdev_cache HTTP/1.1" 200 2706 "-" "Mozilla/5.0 AppleWebKit/537.36 (KHTML, like Gecko; compatible; ClaudeBot/1.0; +claudebot@anthropic.com)"
74.7.242.4 - - [28/Jul/2026:01:57:47 +0000] "GET /favicon.ico?fileloc=//proc/18/net/hci&path=//proc/18/net HTTP/1.1" 200 2722 "https://www.groatmachinery.com/favicon.ico?path=//proc/18/net" "Mozilla/5.0 AppleWebKit/537.36 (KHTML, like Gecko; compatible; GPTBot/1.4; +https://openai.com/gptbot)"
216.73.216.24 - - [28/Jul/2026:01:57:49 +0000] "GET /sitemap.xml?path=%2F%2Fusr%2Fshare%2Fdoc%2Fdmidecode HTTP/1.1" 200 3225 "-" "Mozilla/5.0 AppleWebKit/537.36 (KHTML, like Gecko; compatible; ClaudeBot/1.0; +claudebot@anthropic.com)"
74.7.242.4 - - [28/Jul/2026:01:57:50 +0000] "GET /favicon.ico?fileloc=//proc/45/net/hci&path=//proc/45/net HTTP/1.1" 200 2722 "https://www.groatmachinery.com/favicon.ico?path=//proc/45/net" "Mozilla/5.0 AppleWebKit/537.36 (KHTML, like Gecko; compatible; GPTBot/1.4; +https://openai.com/gptbot)"
216.73.216.24 - - [28/Jul/2026:01:57:52 +0000] "GET /sitemap.xml?path=%2F%2Fsys%2Fmodule%2Fcoretemp%2Fparameters HTTP/1.1" 200 3029 "-" "Mozilla/5.0 AppleWebKit/537.36 (KHTML, like Gecko; compatible; ClaudeBot/1.0; +claudebot@anthropic.com)"
74.7.242.4 - - [28/Jul/2026:01:57:53 +0000] "GET /favicon.ico?fileloc=//proc/41/net/hci&path=//proc/41/net HTTP/1.1" 200 2722 "https://www.groatmachinery.com/favicon.ico?path=//proc/41/net" "Mozilla/5.0 AppleWebKit/537.36 (KHTML, like Gecko; compatible; GPTBot/1.4; +https://openai.com/gptbot)"
216.73.216.24 - - [28/Jul/2026:01:57:55 +0000] "GET /sitemap.xml?path=%2F%2Fsys%2Fclass%2Fmisc%2Fuinput%2Fsubsystem HTTP/1.1" 200 3591 "-" "Mozilla/5.0 AppleWebKit/537.36 (KHTML, like Gecko; compatible; ClaudeBot/1.0; +claudebot@anthropic.com)"
74.7.242.4 - - [28/Jul/2026:01:57:56 +0000] "GET /favicon.ico?fileloc=//proc/18/net/tcp&path=//proc/18/net HTTP/1.1" 200 47310 "https://www.groatmachinery.com/favicon.ico?path=//proc/18/net" "Mozilla/5.0 AppleWebKit/537.36 (KHTML, like Gecko; compatible; GPTBot/1.4; +https://openai.com/gptbot)"
216.73.216.24 - - [28/Jul/2026:01:57:58 +0000] "GET /sitemap.xml?fileloc=%2F%2Fsys%2Fblock%2Floop6%2Fqueue%2Fwrite_cache&path=%2F%2Fsys%2Fblock%2Floop6%2Fqueue HTTP/1.1" 200 2715 "-" "Mozilla/5.0 AppleWebKit/537.36 (KHTML, like Gecko; compatible; ClaudeBot/1.0; +claudebot@anthropic.com)"
74.7.242.4 - - [28/Jul/2026:01:57:59 +0000] "GET /favicon.ico?fileloc=//proc/13/net/hci&path=//proc/13/net HTTP/1.1" 200 2722 "https://www.groatmachinery.com/favicon.ico?path=//proc/13/net" "Mozilla/5.0 AppleWebKit/537.36 (KHTML, like Gecko; compatible; GPTBot/1.4; +https://openai.com/gptbot)"
216.73.216.24 - - [28/Jul/2026:01:58:01 +0000] "GET /sitemap.xml?fileloc=%2F%2Fsys%2Fblock%2Floop1%2Fqueue%2Fwrite_cache&path=%2F%2Fsys%2Fblock%2Floop1%2Fqueue HTTP/1.1" 200 2715 "-" "Mozilla/5.0 AppleWebKit/537.36 (KHTML, like Gecko; compatible; ClaudeBot/1.0; +claudebot@anthropic.com)"
74.7.242.4 - - [28/Jul/2026:01:58:02 +0000] "GET /favicon.ico?fileloc=//proc/13/net/arp&path=//proc/13/net HTTP/1.1" 200 3082 "https://www.groatmachinery.com/favicon.ico?path=//proc/13/net" "Mozilla/5.0 AppleWebKit/537.36 (KHTML, like Gecko; compatible; GPTBot/1.4; +https://openai.com/gptbot)"
216.73.216.24 - - [28/Jul/2026:01:58:04 +0000] "GET /sitemap.xml?path=%2F%2Fsys%2Fblock%2Floop4%2Fsubsystem HTTP/1.1" 200 3331 "-" "Mozilla/5.0 AppleWebKit/537.36 (KHTML, like Gecko; compatible; ClaudeBot/1.0; +claudebot@anthropic.com)"
74.7.242.4 - - [28/Jul/2026:01:58:05 +0000] "GET /favicon.ico?fileloc=//proc/41/net/tcp&path=//proc/41/net HTTP/1.1" 200 47926 "https://www.groatmachinery.com/favicon.ico?path=//proc/41/net" "Mozilla/5.0 AppleWebKit/537.36 (KHTML, like Gecko; compatible; GPTBot/1.4; +https://openai.com/gptbot)"
216.73.216.24 - - [28/Jul/2026:01:58:07 +0000] "GET /sitemap.xml?path=%2F%2Fusr%2Flib%2Fpython3.12%2Flib-dynload HTTP/1.1" 200 4968 "-" "Mozilla/5.0 AppleWebKit/537.36 (KHTML, like Gecko; compatible; ClaudeBot/1.0; +claudebot@anthropic.com)"
74.7.242.4 - - [28/Jul/2026:01:58:08 +0000] "GET /favicon.ico?fileloc=//proc/41/net/arp&path=//proc/41/net HTTP/1.1" 200 3082 "https://www.groatmachinery.com/favicon.ico?path=//proc/41/net" "Mozilla/5.0 AppleWebKit/537.36 (KHTML, like Gecko; compatible; GPTBot/1.4; +https://openai.com/gptbot)"
216.73.216.24 - - [28/Jul/2026:01:58:10 +0000] "GET /sitemap.xml?path=%2F%2Fproc%2Fself%2Froot%2Fsys%2Fkernel HTTP/1.1" 200 4056 "-" "Mozilla/5.0 AppleWebKit/537.36 (KHTML, like Gecko; compatible; ClaudeBot/1.0; +claudebot@anthropic.com)"
74.7.242.4 - - [28/Jul/2026:01:58:11 +0000] "GET /favicon.ico?fileloc=//proc/36/net/tcp6&path=//proc/36/net HTTP/1.1" 200 3087 "https://www.groatmachinery.com/favicon.ico?path=//proc/36/net" "Mozilla/5.0 AppleWebKit/537.36 (KHTML, like Gecko; compatible; GPTBot/1.4; +https://openai.com/gptbot)"
216.73.216.24 - - [28/Jul/2026:01:58:13 +0000] "GET /sitemap.xml?path=%2F%2Fusr%2Finclude%2Flinux%2Fspi HTTP/1.1" 200 3072 "-" "Mozilla/5.0 AppleWebKit/537.36 (KHTML, like Gecko; compatible; ClaudeBot/1.0; +claudebot@anthropic.com)"
74.7.242.4 - - [28/Jul/2026:01:58:15 +0000] "GET /favicon.ico?fileloc=//proc/45/net/raw&path=//proc/45/net HTTP/1.1" 200 2762 "https://www.groatmachinery.com/favicon.ico?path=//proc/45/net" "Mozilla/5.0 AppleWebKit/537.36 (KHTML, like Gecko; compatible; GPTBot/1.4; +https://openai.com/gptbot)"
216.73.216.24 - - [28/Jul/2026:01:58:16 +0000] "GET /sitemap.xml?path=%2F%2Fusr%2Finclude%2Flinux%2Fmmc HTTP/1.1" 200 3028 "-" "Mozilla/5.0 AppleWebKit/537.36 (KHTML, like Gecko; compatible; ClaudeBot/1.0; +claudebot@anthropic.com)"
74.7.242.4 - - [28/Jul/2026:01:58:18 +0000] "GET /favicon.ico?fileloc=//proc/45/net/udp&path=//proc/45/net HTTP/1.1" 200 10799 "https://www.groatmachinery.com/favicon.ico?path=//proc/45/net" "Mozilla/5.0 AppleWebKit/537.36 (KHTML, like Gecko; compatible; GPTBot/1.4; +https://openai.com/gptbot)"
216.73.216.24 - - [28/Jul/2026:01:58:19 +0000] "GET /sitemap.xml?path=%2F%2Fusr%2Fshare%2FModemManager HTTP/1.1" 200 3176 "-" "Mozilla/5.0 AppleWebKit/537.36 (KHTML, like Gecko; compatible; ClaudeBot/1.0; +claudebot@anthropic.com)"
74.7.242.4 - - [28/Jul/2026:01:58:21 +0000] "GET /favicon.ico?fileloc=//proc/41/net/udp&path=//proc/41/net HTTP/1.1" 200 11065 "https://www.groatmachinery.com/favicon.ico?path=//proc/41/net" "Mozilla/5.0 AppleWebKit/537.36 (KHTML, like Gecko; compatible; GPTBot/1.4; +https://openai.com/gptbot)"
216.73.216.24 - - [28/Jul/2026:01:58:22 +0000] "GET /sitemap.xml?path=%2F%2Fsys%2Fblock%2Floop3%2Fsubsystem HTTP/1.1" 200 3331 "-" "Mozilla/5.0 AppleWebKit/537.36 (KHTML, like Gecko; compatible; ClaudeBot/1.0; +claudebot@anthropic.com)"
74.7.242.4 - - [28/Jul/2026:01:58:26 +0000] "GET /favicon.ico?fileloc=//proc/36/net/raw&path=//proc/36/net HTTP/1.1" 200 2762 "https://www.groatmachinery.com/favicon.ico?path=//proc/36/net" "Mozilla/5.0 AppleWebKit/537.36 (KHTML, like Gecko; compatible; GPTBot/1.4; +https://openai.com/gptbot)"
216.73.216.24 - - [28/Jul/2026:01:58:28 +0000] "GET /sitemap.xml?path=%2F%2Fusr%2Fshare%2Fperl5%2FModule HTTP/1.1" 200 3148 "-" "Mozilla/5.0 AppleWebKit/537.36 (KHTML, like Gecko; compatible; ClaudeBot/1.0; +claudebot@anthropic.com)"
74.7.242.4 - - [28/Jul/2026:01:58:29 +0000] "GET /favicon.ico?fileloc=//proc/13/net/raw&path=//proc/13/net HTTP/1.1" 200 2761 "https://www.groatmachinery.com/favicon.ico?path=//proc/13/net" "Mozilla/5.0 AppleWebKit/537.36 (KHTML, like Gecko; compatible; GPTBot/1.4; +https://openai.com/gptbot)"
216.73.216.24 - - [28/Jul/2026:01:58:31 +0000] "GET /sitemap.xml?path=%2F%2Fsys%2Fmodule%2Fclocksource%2Fparameters HTTP/1.1" 200 3040 "-" "Mozilla/5.0 AppleWebKit/537.36 (KHTML, like Gecko; compatible; ClaudeBot/1.0; +claudebot@anthropic.com)"
74.7.242.4 - - [28/Jul/2026:01:58:32 +0000] "GET /favicon.ico?fileloc=//proc/18/net/raw&path=//proc/18/net HTTP/1.1" 200 2761 "https://www.groatmachinery.com/favicon.ico?path=//proc/18/net" "Mozilla/5.0 AppleWebKit/537.36 (KHTML, like Gecko; compatible; GPTBot/1.4; +https://openai.com/gptbot)"
216.73.216.24 - - [28/Jul/2026:01:58:34 +0000] "GET /sitemap.xml?fileloc=%2F%2Fsys%2Fmodule%2Fdm_multipath%2Ftaint&path=%2F%2Fsys%2Fmodule%2Fdm_multipath HTTP/1.1" 200 2695 "-" "Mozilla/5.0 AppleWebKit/537.36 (KHTML, like Gecko; compatible; ClaudeBot/1.0; +claudebot@anthropic.com)"
74.7.242.4 - - [28/Jul/2026:01:58:35 +0000] "GET /favicon.ico?fileloc=//proc/36/net/udp&path=//proc/36/net HTTP/1.1" 200 10936 "https://www.groatmachinery.com/favicon.ico?path=//proc/36/net" "Mozilla/5.0 AppleWebKit/537.36 (KHTML, like Gecko; compatible; GPTBot/1.4; +https://openai.com/gptbot)"
216.73.216.24 - - [28/Jul/2026:01:58:37 +0000] "GET /sitemap.xml?fileloc=%2F%2Fsys%2Fkernel%2Fslab%2Fbdev_cache%2Fusersize&path=%2F%2Fsys%2Fkernel%2Fslab%2Fbdev_cache HTTP/1.1" 200 2708 "-" "Mozilla/5.0 AppleWebKit/537.36 (KHTML, like Gecko; compatible; ClaudeBot/1.0; +claudebot@anthropic.com)"
74.7.242.4 - - [28/Jul/2026:01:58:39 +0000] "GET /favicon.ico?fileloc=//proc/18/net/udp&path=//proc/18/net HTTP/1.1" 200 10993 "https://www.groatmachinery.com/favicon.ico?path=//proc/18/net" "Mozilla/5.0 AppleWebKit/537.36 (KHTML, like Gecko; compatible; GPTBot/1.4; +https://openai.com/gptbot)"
216.73.216.24 - - [28/Jul/2026:01:58:40 +0000] "GET /sitemap.xml?fileloc=%2F%2Fusr%2Flib%2Fpython3.12%2Fopcode.py&path=%2F%2Fusr%2Flib%2Fpython3.12 HTTP/1.1" 200 6846 "-" "Mozilla/5.0 AppleWebKit/537.36 (KHTML, like Gecko; compatible; ClaudeBot/1.0; +claudebot@anthropic.com)"
74.7.242.4 - - [28/Jul/2026:01:58:42 +0000] "GET /favicon.ico?fileloc=//proc/18/net/sco&path=//proc/18/net HTTP/1.1" 200 2721 "https://www.groatmachinery.com/favicon.ico?path=//proc/18/net" "Mozilla/5.0 AppleWebKit/537.36 (KHTML, like Gecko; compatible; GPTBot/1.4; +https://openai.com/gptbot)"
216.73.216.24 - - [28/Jul/2026:01:58:43 +0000] "GET /sitemap.xml?path=%2F%2Fsys%2Fkernel%2Fslab%2Fskbuff_fclone_cache HTTP/1.1" 200 4069 "-" "Mozilla/5.0 AppleWebKit/537.36 (KHTML, like Gecko; compatible; ClaudeBot/1.0; +claudebot@anthropic.com)"
74.7.242.4 - - [28/Jul/2026:01:58:45 +0000] "GET /favicon.ico?fileloc=//proc/36/net/sco&path=//proc/36/net HTTP/1.1" 200 2723 "https://www.groatmachinery.com/favicon.ico?path=//proc/36/net" "Mozilla/5.0 AppleWebKit/537.36 (KHTML, like Gecko; compatible; GPTBot/1.4; +https://openai.com/gptbot)"
216.73.216.24 - - [28/Jul/2026:01:58:46 +0000] "GET /sitemap.xml?path=%2F%2Fproc%2Fself%2Froot%2Fdev%2Finput HTTP/1.1" 200 3052 "-" "Mozilla/5.0 AppleWebKit/537.36 (KHTML, like Gecko; compatible; ClaudeBot/1.0; +claudebot@anthropic.com)"
74.7.242.4 - - [28/Jul/2026:01:58:48 +0000] "GET /favicon.ico?fileloc=//proc/41/net/raw&path=//proc/41/net HTTP/1.1" 200 2761 "https://www.groatmachinery.com/favicon.ico?path=//proc/41/net" "Mozilla/5.0 AppleWebKit/537.36 (KHTML, like Gecko; compatible; GPTBot/1.4; +https://openai.com/gptbot)"
216.73.216.24 - - [28/Jul/2026:01:58:49 +0000] "GET /sitemap.xml?path=%2F%2Fusr%2Flib%2Fpython3.12%2Fcollections HTTP/1.1" 200 3161 "-" "Mozilla/5.0 AppleWebKit/537.36 (KHTML, like Gecko; compatible; ClaudeBot/1.0; +claudebot@anthropic.com)"
74.7.242.4 - - [28/Jul/2026:01:58:51 +0000] "GET /favicon.ico?fileloc=//proc/13/net/sco&path=//proc/13/net HTTP/1.1" 200 2723 "https://www.groatmachinery.com/favicon.ico?path=//proc/13/net" "Mozilla/5.0 AppleWebKit/537.36 (KHTML, like Gecko; compatible; GPTBot/1.4; +https://openai.com/gptbot)"
216.73.216.24 - - [28/Jul/2026:01:58:52 +0000] "GET /sitemap.xml?path=%2F%2Fsys%2Fmodule%2Fintel_uncore HTTP/1.1" 200 3097 "-" "Mozilla/5.0 AppleWebKit/537.36 (KHTML, like Gecko; compatible; ClaudeBot/1.0; +claudebot@anthropic.com)"
74.7.242.4 - - [28/Jul/2026:01:58:54 +0000] "GET /favicon.ico?fileloc=//proc/41/net/sco&path=//proc/41/net HTTP/1.1" 200 2723 "https://www.groatmachinery.com/favicon.ico?path=//proc/41/net" "Mozilla/5.0 AppleWebKit/537.36 (KHTML, like Gecko; compatible; GPTBot/1.4; +https://openai.com/gptbot)"
216.73.216.24 - - [28/Jul/2026:01:58:55 +0000] "GET /sitemap.xml?path=%2Fvar%2Frun%2Fapache2 HTTP/1.1" 200 3092 "-" "Mozilla/5.0 AppleWebKit/537.36 (KHTML, like Gecko; compatible; ClaudeBot/1.0; +claudebot@anthropic.com)"
74.7.242.4 - - [28/Jul/2026:01:58:58 +0000] "GET /favicon.ico?fileloc=//proc/45/net/sco&path=//proc/45/net HTTP/1.1" 200 2723 "https://www.groatmachinery.com/favicon.ico?path=//proc/45/net" "Mozilla/5.0 AppleWebKit/537.36 (KHTML, like Gecko; compatible; GPTBot/1.4; +https://openai.com/gptbot)"
216.73.216.24 - - [28/Jul/2026:01:58:58 +0000] "GET /sitemap.xml?path=%2F%2Fsys%2Fmodule%2Fnetpoll HTTP/1.1" 200 3095 "-" "Mozilla/5.0 AppleWebKit/537.36 (KHTML, like Gecko; compatible; ClaudeBot/1.0; +claudebot@anthropic.com)"
74.7.242.4 - - [28/Jul/2026:01:59:01 +0000] "GET /favicon.ico?fileloc=//proc/13/net/udp&path=//proc/13/net HTTP/1.1" 200 10985 "https://www.groatmachinery.com/favicon.ico?path=//proc/13/net" "Mozilla/5.0 AppleWebKit/537.36 (KHTML, like Gecko; compatible; GPTBot/1.4; +https://openai.com/gptbot)"
216.73.216.24 - - [28/Jul/2026:01:59:02 +0000] "GET /sitemap.xml?path=%2Fvar%2Frun%2Fsystemd%2Fnetwork HTTP/1.1" 200 3087 "-" "Mozilla/5.0 AppleWebKit/537.36 (KHTML, like Gecko; compatible; ClaudeBot/1.0; +claudebot@anthropic.com)"
74.7.242.4 - - [28/Jul/2026:01:59:04 +0000] "GET /favicon.ico?fileloc=//proc/13/net/udp6&path=//proc/13/net HTTP/1.1" 200 2765 "https://www.groatmachinery.com/favicon.ico?path=//proc/13/net" "Mozilla/5.0 AppleWebKit/537.36 (KHTML, like Gecko; compatible; GPTBot/1.4; +https://openai.com/gptbot)"
216.73.216.24 - - [28/Jul/2026:01:59:05 +0000] "GET /sitemap.xml?fileloc=%2F%2Fusr%2Flib%2Fpython3.12%2Fhmac.py&path=%2F%2Fusr%2Flib%2Fpython3.12 HTTP/1.1" 200 4946 "-" "Mozilla/5.0 AppleWebKit/537.36 (KHTML, like Gecko; compatible; ClaudeBot/1.0; +claudebot@anthropic.com)"
74.7.242.4 - - [28/Jul/2026:01:59:07 +0000] "GET /favicon.ico?fileloc=//proc/41/net/udp6&path=//proc/41/net HTTP/1.1" 200 2765 "https://www.groatmachinery.com/favicon.ico?path=//proc/41/net" "Mozilla/5.0 AppleWebKit/537.36 (KHTML, like Gecko; compatible; GPTBot/1.4; +https://openai.com/gptbot)"
216.73.216.24 - - [28/Jul/2026:01:59:08 +0000] "GET /sitemap.xml?fileloc=%2F%2Fusr%2Flib%2Fpython3.12%2Fthis.py&path=%2F%2Fusr%2Flib%2Fpython3.12 HTTP/1.1" 200 3267 "-" "Mozilla/5.0 AppleWebKit/537.36 (KHTML, like Gecko; compatible; ClaudeBot/1.0; +claudebot@anthropic.com)"
216.73.216.24 - - [28/Jul/2026:01:59:11 +0000] "GET /sitemap.xml?path=%2F%2Fvar%2Frun%2Fsudo HTTP/1.1" 200 2741 "-" "Mozilla/5.0 AppleWebKit/537.36 (KHTML, like Gecko; compatible; ClaudeBot/1.0; +claudebot@anthropic.com)"
74.7.242.4 - - [28/Jul/2026:01:59:14 +0000] "GET /favicon.ico?fileloc=//proc/18/net/tcp6&path=//proc/18/net HTTP/1.1" 200 3318 "https://www.groatmachinery.com/favicon.ico?path=//proc/18/net" "Mozilla/5.0 AppleWebKit/537.36 (KHTML, like Gecko; compatible; GPTBot/1.4; +https://openai.com/gptbot)"
74.7.242.4 - - [28/Jul/2026:01:59:16 +0000] "GET /favicon.ico?fileloc=//proc/13/net/raw6&path=//proc/13/net HTTP/1.1" 200 2811 "https://www.groatmachinery.com/favicon.ico?path=//proc/13/net" "Mozilla/5.0 AppleWebKit/537.36 (KHTML, like Gecko; compatible; GPTBot/1.4; +https://openai.com/gptbot)"
216.73.216.24 - - [28/Jul/2026:01:59:16 +0000] "GET /sitemap.xml?path=%2F%2Fsys%2Fclass%2Ftty%2Ftty6 HTTP/1.1" 200 3160 "-" "Mozilla/5.0 AppleWebKit/537.36 (KHTML, like Gecko; compatible; ClaudeBot/1.0; +claudebot@anthropic.com)"
216.73.216.24 - - [28/Jul/2026:01:59:18 +0000] "GET /sitemap.xml?fileloc=%2F%2Fusr%2Flib%2Fpython3.12%2Fnumbers.py&path=%2F%2Fusr%2Flib%2Fpython3.12 HTTP/1.1" 200 5764 "-" "Mozilla/5.0 AppleWebKit/537.36 (KHTML, like Gecko; compatible; ClaudeBot/1.0; +claudebot@anthropic.com)"
74.7.242.4 - - [28/Jul/2026:01:59:19 +0000] "GET /favicon.ico?fileloc=//proc/18/net/udp6&path=//proc/18/net HTTP/1.1" 200 2765 "https://www.groatmachinery.com/favicon.ico?path=//proc/18/net" "Mozilla/5.0 AppleWebKit/537.36 (KHTML, like Gecko; compatible; GPTBot/1.4; +https://openai.com/gptbot)"
216.73.216.24 - - [28/Jul/2026:01:59:21 +0000] "GET /sitemap.xml?fileloc=%2F%2Flib%2Fpython3.12%2Fctypes%2F__init__.py&path=%2F%2Flib%2Fpython3.12%2Fctypes HTTP/1.1" 200 7926 "-" "Mozilla/5.0 AppleWebKit/537.36 (KHTML, like Gecko; compatible; ClaudeBot/1.0; +claudebot@anthropic.com)"
74.7.242.4 - - [28/Jul/2026:01:59:23 +0000] "GET /favicon.ico?fileloc=//proc/41/net/igmp6&path=//proc/41/net HTTP/1.1" 200 2763 "https://www.groatmachinery.com/favicon.ico?path=//proc/41/net" "Mozilla/5.0 AppleWebKit/537.36 (KHTML, like Gecko; compatible; GPTBot/1.4; +https://openai.com/gptbot)"
216.73.216.24 - - [28/Jul/2026:01:59:24 +0000] "GET /sitemap.xml?fileloc=%2F%2Fsys%2Fblock%2Floop6%2Fqueue%2Fadd_random&path=%2F%2Fsys%2Fblock%2Floop6%2Fqueue HTTP/1.1" 200 2708 "-" "Mozilla/5.0 AppleWebKit/537.36 (KHTML, like Gecko; compatible; ClaudeBot/1.0; +claudebot@anthropic.com)"
74.7.242.4 - - [28/Jul/2026:01:59:26 +0000] "GET /favicon.ico?fileloc=//proc/36/net/udp6&path=//proc/36/net HTTP/1.1" 200 2766 "https://www.groatmachinery.com/favicon.ico?path=//proc/36/net" "Mozilla/5.0 AppleWebKit/537.36 (KHTML, like Gecko; compatible; GPTBot/1.4; +https://openai.com/gptbot)"
216.73.216.24 - - [28/Jul/2026:01:59:27 +0000] "GET /sitemap.xml?path=%2F%2Fsys%2Fkernel%2Fslab%2Fkvm_vcpu HTTP/1.1" 200 4008 "-" "Mozilla/5.0 AppleWebKit/537.36 (KHTML, like Gecko; compatible; ClaudeBot/1.0; +claudebot@anthropic.com)"
74.7.242.4 - - [28/Jul/2026:01:59:29 +0000] "GET /favicon.ico?fileloc=//proc/13/net/snmp6&path=//proc/13/net HTTP/1.1" 200 3383 "https://www.groatmachinery.com/favicon.ico?path=//proc/13/net" "Mozilla/5.0 AppleWebKit/537.36 (KHTML, like Gecko; compatible; GPTBot/1.4; +https://openai.com/gptbot)"
216.73.216.24 - - [28/Jul/2026:01:59:30 +0000] "GET /sitemap.xml?fileloc=%2F%2Flib%2Fpython3.12%2F__pycache__%2F_compat_pickle.cpython-312.pyc&path=%2F%2Flib%2Fpython3.12%2F__pycache__ HTTP/1.1" 200 6478 "-" "Mozilla/5.0 AppleWebKit/537.36 (KHTML, like Gecko; compatible; ClaudeBot/1.0; +claudebot@anthropic.com)"
74.7.242.4 - - [28/Jul/2026:01:59:32 +0000] "GET /favicon.ico?fileloc=//proc/45/net/raw6&path=//proc/45/net HTTP/1.1" 200 2812 "https://www.groatmachinery.com/favicon.ico?path=//proc/45/net" "Mozilla/5.0 AppleWebKit/537.36 (KHTML, like Gecko; compatible; GPTBot/1.4; +https://openai.com/gptbot)"
216.73.216.24 - - [28/Jul/2026:01:59:33 +0000] "GET /sitemap.xml?fileloc=%2F%2Fusr%2Flib%2Fpython3.12%2Fwarnings.py&path=%2F%2Fusr%2Flib%2Fpython3.12 HTTP/1.1" 200 8933 "-" "Mozilla/5.0 AppleWebKit/537.36 (KHTML, like Gecko; compatible; ClaudeBot/1.0; +claudebot@anthropic.com)"
74.7.242.4 - - [28/Jul/2026:01:59:35 +0000] "GET /favicon.ico?fileloc=//proc/41/net/tcp6&path=//proc/41/net HTTP/1.1" 200 3143 "https://www.groatmachinery.com/favicon.ico?path=//proc/41/net" "Mozilla/5.0 AppleWebKit/537.36 (KHTML, like Gecko; compatible; GPTBot/1.4; +https://openai.com/gptbot)"
216.73.216.24 - - [28/Jul/2026:01:59:36 +0000] "GET /sitemap.xml?path=%2F%2Fsys%2Fdev%2Fchar%2F4%3A68 HTTP/1.1" 200 3641 "-" "Mozilla/5.0 AppleWebKit/537.36 (KHTML, like Gecko; compatible; ClaudeBot/1.0; +claudebot@anthropic.com)"
74.7.242.4 - - [28/Jul/2026:01:59:38 +0000] "GET /favicon.ico?fileloc=//proc/13/net/igmp6&path=//proc/13/net HTTP/1.1" 200 2763 "https://www.groatmachinery.com/favicon.ico?path=//proc/13/net" "Mozilla/5.0 AppleWebKit/537.36 (KHTML, like Gecko; compatible; GPTBot/1.4; +https://openai.com/gptbot)"
216.73.216.24 - - [28/Jul/2026:01:59:39 +0000] "GET /sitemap.xml?fileloc=%2F%2Fusr%2Flib%2Fpython3.12%2Fcompileall.py&path=%2F%2Fusr%2Flib%2Fpython3.12 HTTP/1.1" 200 7826 "-" "Mozilla/5.0 AppleWebKit/537.36 (KHTML, like Gecko; compatible; ClaudeBot/1.0; +claudebot@anthropic.com)"
74.7.242.4 - - [28/Jul/2026:01:59:41 +0000] "GET /favicon.ico?fileloc=//proc/45/net/igmp6&path=//proc/45/net HTTP/1.1" 200 2763 "https://www.groatmachinery.com/favicon.ico?path=//proc/45/net" "Mozilla/5.0 AppleWebKit/537.36 (KHTML, like Gecko; compatible; GPTBot/1.4; +https://openai.com/gptbot)"
216.73.216.24 - - [28/Jul/2026:01:59:42 +0000] "GET /sitemap.xml?path=%2F%2Fsys%2Fdev%2Fchar%2F7%3A65 HTTP/1.1" 200 3163 "-" "Mozilla/5.0 AppleWebKit/537.36 (KHTML, like Gecko; compatible; ClaudeBot/1.0; +claudebot@anthropic.com)"
74.7.242.4 - - [28/Jul/2026:01:59:44 +0000] "GET /favicon.ico?fileloc=//proc/36/net/raw6&path=//proc/36/net HTTP/1.1" 200 2812 "https://www.groatmachinery.com/favicon.ico?path=//proc/36/net" "Mozilla/5.0 AppleWebKit/537.36 (KHTML, like Gecko; compatible; GPTBot/1.4; +https://openai.com/gptbot)"
216.73.216.24 - - [28/Jul/2026:01:59:45 +0000] "GET /sitemap.xml?path=%2F%2Fetc%2Fkernel%2Fpreinst.d HTTP/1.1" 200 3031 "-" "Mozilla/5.0 AppleWebKit/537.36 (KHTML, like Gecko; compatible; ClaudeBot/1.0; +claudebot@anthropic.com)"
74.7.242.4 - - [28/Jul/2026:01:59:47 +0000] "GET /favicon.ico?fileloc=//proc/18/net/l2cap&path=//proc/18/net HTTP/1.1" 200 2723 "https://www.groatmachinery.com/favicon.ico?path=//proc/18/net" "Mozilla/5.0 AppleWebKit/537.36 (KHTML, like Gecko; compatible; GPTBot/1.4; +https://openai.com/gptbot)"
216.73.216.24 - - [28/Jul/2026:01:59:48 +0000] "GET /sitemap.xml?fileloc=%2F%2Fusr%2Finclude%2Flinux%2Fnetdevice.h&path=%2F%2Fusr%2Finclude%2Flinux HTTP/1.1" 200 3823 "-" "Mozilla/5.0 AppleWebKit/537.36 (KHTML, like Gecko; compatible; ClaudeBot/1.0; +claudebot@anthropic.com)"
74.7.242.4 - - [28/Jul/2026:01:59:51 +0000] "GET /favicon.ico?fileloc=//proc/41/net/snmp6&path=//proc/41/net HTTP/1.1" 200 3385 "https://www.groatmachinery.com/favicon.ico?path=//proc/41/net" "Mozilla/5.0 AppleWebKit/537.36 (KHTML, like Gecko; compatible; GPTBot/1.4; +https://openai.com/gptbot)"
216.73.216.24 - - [28/Jul/2026:01:59:51 +0000] "GET /sitemap.xml?path=%2F%2Fsys%2Fclass%2Fdca%2Frequester1%2Fsubsystem HTTP/1.1" 200 3273 "-" "Mozilla/5.0 AppleWebKit/537.36 (KHTML, like Gecko; compatible; ClaudeBot/1.0; +claudebot@anthropic.com)"
74.7.242.4 - - [28/Jul/2026:01:59:54 +0000] "GET /favicon.ico?fileloc=//proc/18/net/raw6&path=//proc/18/net HTTP/1.1" 200 2811 "https://www.groatmachinery.com/favicon.ico?path=//proc/18/net" "Mozilla/5.0 AppleWebKit/537.36 (KHTML, like Gecko; compatible; GPTBot/1.4; +https://openai.com/gptbot)"
216.73.216.24 - - [28/Jul/2026:01:59:54 +0000] "GET /sitemap.xml?path=%2F%2Fsys%2Fdev%2Fchar%2F202%3A7 HTTP/1.1" 200 3163 "-" "Mozilla/5.0 AppleWebKit/537.36 (KHTML, like Gecko; compatible; ClaudeBot/1.0; +claudebot@anthropic.com)"
74.7.242.4 - - [28/Jul/2026:01:59:57 +0000] "GET /favicon.ico?fileloc=//proc/41/net/raw6&path=//proc/41/net HTTP/1.1" 200 2811 "https://www.groatmachinery.com/favicon.ico?path=//proc/41/net" "Mozilla/5.0 AppleWebKit/537.36 (KHTML, like Gecko; compatible; GPTBot/1.4; +https://openai.com/gptbot)"
216.73.216.24 - - [28/Jul/2026:01:59:57 +0000] "GET /sitemap.xml?path=%2F%2Flib%2Fpython3.12%2Femail%2Fmime HTTP/1.1" 200 3419 "-" "Mozilla/5.0 AppleWebKit/537.36 (KHTML, like Gecko; compatible; ClaudeBot/1.0; +claudebot@anthropic.com)"
74.7.242.4 - - [28/Jul/2026:02:00:00 +0000] "GET /favicon.ico?fileloc=//proc/36/net/icmp6&path=//proc/36/net HTTP/1.1" 200 2766 "https://www.groatmachinery.com/favicon.ico?path=//proc/36/net" "Mozilla/5.0 AppleWebKit/537.36 (KHTML, like Gecko; compatible; GPTBot/1.4; +https://openai.com/gptbot)"
216.73.216.24 - - [28/Jul/2026:02:00:00 +0000] "GET /sitemap.xml?fileloc=%2F%2Flib%2Fpython3.12%2F__pycache__%2Fuuid.cpython-312.pyc&path=%2F%2Flib%2Fpython3.12%2F__pycache__ HTTP/1.1" 200 16560 "-" "Mozilla/5.0 AppleWebKit/537.36 (KHTML, like Gecko; compatible; ClaudeBot/1.0; +claudebot@anthropic.com)"
74.7.242.4 - - [28/Jul/2026:02:00:03 +0000] "GET /favicon.ico?fileloc=//proc/36/net/igmp6&path=//proc/36/net HTTP/1.1" 200 2764 "https://www.groatmachinery.com/favicon.ico?path=//proc/36/net" "Mozilla/5.0 AppleWebKit/537.36 (KHTML, like Gecko; compatible; GPTBot/1.4; +https://openai.com/gptbot)"
216.73.216.24 - - [28/Jul/2026:02:00:03 +0000] "GET /sitemap.xml?path=%2F%2Fsys%2Fdevices%2Fvirtual%2Fworkqueue%2Fscsi_tmf_2 HTTP/1.1" 200 3389 "-" "Mozilla/5.0 AppleWebKit/537.36 (KHTML, like Gecko; compatible; ClaudeBot/1.0; +claudebot@anthropic.com)"
74.7.242.4 - - [28/Jul/2026:02:00:06 +0000] "GET /favicon.ico?fileloc=//proc/36/net/snmp6&path=//proc/36/net HTTP/1.1" 200 3386 "https://www.groatmachinery.com/favicon.ico?path=//proc/36/net" "Mozilla/5.0 AppleWebKit/537.36 (KHTML, like Gecko; compatible; GPTBot/1.4; +https://openai.com/gptbot)"
216.73.216.24 - - [28/Jul/2026:02:00:06 +0000] "GET /sitemap.xml?path=%2F%2Fsys%2Fclass%2Ftty%2Ftty63 HTTP/1.1" 200 3162 "-" "Mozilla/5.0 AppleWebKit/537.36 (KHTML, like Gecko; compatible; ClaudeBot/1.0; +claudebot@anthropic.com)"
74.7.242.4 - - [28/Jul/2026:02:00:09 +0000] "GET /favicon.ico?fileloc=//proc/18/net/snmp6&path=//proc/18/net HTTP/1.1" 200 3385 "https://www.groatmachinery.com/favicon.ico?path=//proc/18/net" "Mozilla/5.0 AppleWebKit/537.36 (KHTML, like Gecko; compatible; GPTBot/1.4; +https://openai.com/gptbot)"
216.73.216.24 - - [28/Jul/2026:02:00:09 +0000] "GET /sitemap.xml?path=%2F%2Fproc%2F256 HTTP/1.1" 200 4728 "-" "Mozilla/5.0 AppleWebKit/537.36 (KHTML, like Gecko; compatible; ClaudeBot/1.0; +claudebot@anthropic.com)"
216.73.216.24 - - [28/Jul/2026:02:00:12 +0000] "GET /sitemap.xml?path=%2F%2Fsys%2Fmodule%2Fip_tables%2Fholders HTTP/1.1" 200 2754 "-" "Mozilla/5.0 AppleWebKit/537.36 (KHTML, like Gecko; compatible; ClaudeBot/1.0; +claudebot@anthropic.com)"
74.7.242.4 - - [28/Jul/2026:02:00:12 +0000] "GET /favicon.ico?fileloc=//proc/13/net/tcp6&path=//proc/13/net HTTP/1.1" 200 3099 "https://www.groatmachinery.com/favicon.ico?path=//proc/13/net" "Mozilla/5.0 AppleWebKit/537.36 (KHTML, like Gecko; compatible; GPTBot/1.4; +https://openai.com/gptbot)"
216.73.216.24 - - [28/Jul/2026:02:00:15 +0000] "GET /sitemap.xml?path=%2F%2Fsys%2Fmodule%2Fsha256_ssse3%2Fnotes HTTP/1.1" 200 3087 "-" "Mozilla/5.0 AppleWebKit/537.36 (KHTML, like Gecko; compatible; ClaudeBot/1.0; +claudebot@anthropic.com)"
74.7.242.4 - - [28/Jul/2026:02:00:16 +0000] "GET /favicon.ico?fileloc=//proc/45/net/snmp6&path=//proc/45/net HTTP/1.1" 200 3386 "https://www.groatmachinery.com/favicon.ico?path=//proc/45/net" "Mozilla/5.0 AppleWebKit/537.36 (KHTML, like Gecko; compatible; GPTBot/1.4; +https://openai.com/gptbot)"
216.73.216.24 - - [28/Jul/2026:02:00:18 +0000] "GET /sitemap.xml?path=%2F%2Fsys%2Fdev%2Fchar%2F4%3A93 HTTP/1.1" 200 3641 "-" "Mozilla/5.0 AppleWebKit/537.36 (KHTML, like Gecko; compatible; ClaudeBot/1.0; +claudebot@anthropic.com)"
74.7.242.4 - - [28/Jul/2026:02:00:19 +0000] "GET /favicon.ico?fileloc=//proc/18/net/igmp6&path=//proc/18/net HTTP/1.1" 200 2763 "https://www.groatmachinery.com/favicon.ico?path=//proc/18/net" "Mozilla/5.0 AppleWebKit/537.36 (KHTML, like Gecko; compatible; GPTBot/1.4; +https://openai.com/gptbot)"
216.73.216.24 - - [28/Jul/2026:02:00:21 +0000] "GET /sitemap.xml?path=%2F%2Fproc%2Fself%2Froot%2Fdev%2Fpts HTTP/1.1" 200 2760 "-" "Mozilla/5.0 AppleWebKit/537.36 (KHTML, like Gecko; compatible; ClaudeBot/1.0; +claudebot@anthropic.com)"
74.7.242.4 - - [28/Jul/2026:02:00:22 +0000] "GET /favicon.ico?fileloc=//proc/45/net/tcp6&path=//proc/45/net HTTP/1.1" 200 3102 "https://www.groatmachinery.com/favicon.ico?path=//proc/45/net" "Mozilla/5.0 AppleWebKit/537.36 (KHTML, like Gecko; compatible; GPTBot/1.4; +https://openai.com/gptbot)"
216.73.216.24 - - [28/Jul/2026:02:00:24 +0000] "GET /sitemap.xml?path=%2F%2Fsys%2Fdev%2Fchar%2F4%3A47 HTTP/1.1" 200 3163 "-" "Mozilla/5.0 AppleWebKit/537.36 (KHTML, like Gecko; compatible; ClaudeBot/1.0; +claudebot@anthropic.com)"
74.7.242.4 - - [28/Jul/2026:02:00:25 +0000] "GET /favicon.ico?fileloc=//proc/45/net/if_inet6&path=//proc/45/net HTTP/1.1" 200 2737 "https://www.groatmachinery.com/favicon.ico?path=//proc/45/net" "Mozilla/5.0 AppleWebKit/537.36 (KHTML, like Gecko; compatible; GPTBot/1.4; +https://openai.com/gptbot)"
38.177.186.189 - - [28/Jul/2026:02:00:26 +0000] "GET / HTTP/1.1" 200 4085 "-" "Mozilla/5.0 (X11; Linux x86_64) AppleWebKit/537.36 (KHTML, like Gecko) Chrome/44.0.2403.157 Safari/537.36"
216.73.216.24 - - [28/Jul/2026:02:00:27 +0000] "GET /sitemap.xml?path=%2F%2Fproc%2F199 HTTP/1.1" 200 4728 "-" "Mozilla/5.0 AppleWebKit/537.36 (KHTML, like Gecko; compatible; ClaudeBot/1.0; +claudebot@anthropic.com)"
74.7.242.4 - - [28/Jul/2026:02:00:28 +0000] "GET /favicon.ico?fileloc=//proc/13/net/if_inet6&path=//proc/13/net HTTP/1.1" 200 2737 "https://www.groatmachinery.com/favicon.ico?path=//proc/13/net" "Mozilla/5.0 AppleWebKit/537.36 (KHTML, like Gecko; compatible; GPTBot/1.4; +https://openai.com/gptbot)"
216.73.216.24 - - [28/Jul/2026:02:00:30 +0000] "GET /sitemap.xml?path=%2F%2Fsys%2Fclass%2Frtc HTTP/1.1" 200 2993 "-" "Mozilla/5.0 AppleWebKit/537.36 (KHTML, like Gecko; compatible; ClaudeBot/1.0; +claudebot@anthropic.com)"
74.7.242.4 - - [28/Jul/2026:02:00:31 +0000] "GET /favicon.ico?fileloc=//proc/36/net/l2cap&path=//proc/36/net HTTP/1.1" 200 2724 "https://www.groatmachinery.com/favicon.ico?path=//proc/36/net" "Mozilla/5.0 AppleWebKit/537.36 (KHTML, like Gecko; compatible; GPTBot/1.4; +https://openai.com/gptbot)"
216.73.216.24 - - [28/Jul/2026:02:00:33 +0000] "GET /sitemap.xml?path=%2F%2Fsys%2Fclass%2Fdca%2Fdca1 HTTP/1.1" 200 3159 "-" "Mozilla/5.0 AppleWebKit/537.36 (KHTML, like Gecko; compatible; ClaudeBot/1.0; +claudebot@anthropic.com)"
74.7.242.4 - - [28/Jul/2026:02:00:35 +0000] "GET /favicon.ico?fileloc=//proc/41/net/if_inet6&path=//proc/41/net HTTP/1.1" 200 2737 "https://www.groatmachinery.com/favicon.ico?path=//proc/41/net" "Mozilla/5.0 AppleWebKit/537.36 (KHTML, like Gecko; compatible; GPTBot/1.4; +https://openai.com/gptbot)"
216.73.216.24 - - [28/Jul/2026:02:00:36 +0000] "GET /sitemap.xml?path=%2F%2Fsys%2Fdev%2Fchar%2F249%3A0 HTTP/1.1" 200 3163 "-" "Mozilla/5.0 AppleWebKit/537.36 (KHTML, like Gecko; compatible; ClaudeBot/1.0; +claudebot@anthropic.com)"
74.7.242.4 - - [28/Jul/2026:02:00:38 +0000] "GET /favicon.ico?fileloc=//proc/45/net/l2cap&path=//proc/45/net HTTP/1.1" 200 2724 "https://www.groatmachinery.com/favicon.ico?path=//proc/45/net" "Mozilla/5.0 AppleWebKit/537.36 (KHTML, like Gecko; compatible; GPTBot/1.4; +https://openai.com/gptbot)"
216.73.216.24 - - [28/Jul/2026:02:00:39 +0000] "GET /sitemap.xml?fileloc=%2F%2Fusr%2Flib%2Fpython3.12%2Fdoctest.py&path=%2F%2Fusr%2Flib%2Fpython3.12 HTTP/1.1" 200 30766 "-" "Mozilla/5.0 AppleWebKit/537.36 (KHTML, like Gecko; compatible; ClaudeBot/1.0; +claudebot@anthropic.com)"
74.7.242.4 - - [28/Jul/2026:02:00:41 +0000] "GET /favicon.ico?fileloc=//proc/41/net/l2cap&path=//proc/41/net HTTP/1.1" 200 2724 "https://www.groatmachinery.com/favicon.ico?path=//proc/41/net" "Mozilla/5.0 AppleWebKit/537.36 (KHTML, like Gecko; compatible; GPTBot/1.4; +https://openai.com/gptbot)"
216.73.216.24 - - [28/Jul/2026:02:00:42 +0000] "GET /sitemap.xml?path=%2F%2Fsys%2Fkernel%2Fslab%2Fsignal_cache HTTP/1.1" 200 4010 "-" "Mozilla/5.0 AppleWebKit/537.36 (KHTML, like Gecko; compatible; ClaudeBot/1.0; +claudebot@anthropic.com)"
74.7.242.4 - - [28/Jul/2026:02:00:44 +0000] "GET /favicon.ico?fileloc=//proc/45/net/udp6&path=//proc/45/net HTTP/1.1" 200 2766 "https://www.groatmachinery.com/favicon.ico?path=//proc/45/net" "Mozilla/5.0 AppleWebKit/537.36 (KHTML, like Gecko; compatible; GPTBot/1.4; +https://openai.com/gptbot)"
216.73.216.24 - - [28/Jul/2026:02:00:45 +0000] "GET /sitemap.xml?path=%2F%2Fsys%2Fdev%2Fchar%2F4%3A55 HTTP/1.1" 200 3163 "-" "Mozilla/5.0 AppleWebKit/537.36 (KHTML, like Gecko; compatible; ClaudeBot/1.0; +claudebot@anthropic.com)"
74.7.242.4 - - [28/Jul/2026:02:00:47 +0000] "GET /favicon.ico?fileloc=//proc/13/net/icmp6&path=//proc/13/net HTTP/1.1" 200 2766 "https://www.groatmachinery.com/favicon.ico?path=//proc/13/net" "Mozilla/5.0 AppleWebKit/537.36 (KHTML, like Gecko; compatible; GPTBot/1.4; +https://openai.com/gptbot)"
216.73.216.24 - - [28/Jul/2026:02:00:48 +0000] "GET /sitemap.xml?fileloc=%2F%2Flib%2Fpython3.12%2Frlcompleter.py&path=%2F%2Flib%2Fpython3.12 HTTP/1.1" 200 5404 "-" "Mozilla/5.0 AppleWebKit/537.36 (KHTML, like Gecko; compatible; ClaudeBot/1.0; +claudebot@anthropic.com)"
74.7.242.4 - - [28/Jul/2026:02:00:50 +0000] "GET /favicon.ico?fileloc=//proc/45/net/icmp6&path=//proc/45/net HTTP/1.1" 200 2766 "https://www.groatmachinery.com/favicon.ico?path=//proc/45/net" "Mozilla/5.0 AppleWebKit/537.36 (KHTML, like Gecko; compatible; GPTBot/1.4; +https://openai.com/gptbot)"
216.73.216.24 - - [28/Jul/2026:02:00:51 +0000] "GET /sitemap.xml?path=%2F%2Fproc%2F12 HTTP/1.1" 200 4735 "-" "Mozilla/5.0 AppleWebKit/537.36 (KHTML, like Gecko; compatible; ClaudeBot/1.0; +claudebot@anthropic.com)"
74.7.242.4 - - [28/Jul/2026:02:00:54 +0000] "GET /favicon.ico?fileloc=//proc/41/net/icmp6&path=//proc/41/net HTTP/1.1" 200 2766 "https://www.groatmachinery.com/favicon.ico?path=//proc/41/net" "Mozilla/5.0 AppleWebKit/537.36 (KHTML, like Gecko; compatible; GPTBot/1.4; +https://openai.com/gptbot)"
216.73.216.24 - - [28/Jul/2026:02:00:54 +0000] "GET /sitemap.xml?fileloc=%2F%2Flib%2Fpython3.12%2F__pycache__%2Flocale.cpython-312.pyc&path=%2F%2Flib%2Fpython3.12%2F__pycache__ HTTP/1.1" 200 27923 "-" "Mozilla/5.0 AppleWebKit/537.36 (KHTML, like Gecko; compatible; ClaudeBot/1.0; +claudebot@anthropic.com)"
74.7.242.4 - - [28/Jul/2026:02:00:57 +0000] "GET /favicon.ico?fileloc=//proc/36/net/rt6_stats&path=//proc/36/net HTTP/1.1" 200 2708 "https://www.groatmachinery.com/favicon.ico?path=//proc/36/net" "Mozilla/5.0 AppleWebKit/537.36 (KHTML, like Gecko; compatible; GPTBot/1.4; +https://openai.com/gptbot)"
216.73.216.24 - - [28/Jul/2026:02:00:57 +0000] "GET /sitemap.xml?fileloc=%2F%2Fusr%2Finclude%2Flinux%2Feventpoll.h&path=%2F%2Fusr%2Finclude%2Flinux HTTP/1.1" 200 3828 "-" "Mozilla/5.0 AppleWebKit/537.36 (KHTML, like Gecko; compatible; ClaudeBot/1.0; +claudebot@anthropic.com)"
74.7.242.4 - - [28/Jul/2026:02:01:00 +0000] "GET /favicon.ico?fileloc=//proc/13/net/l2cap&path=//proc/13/net HTTP/1.1" 200 2724 "https://www.groatmachinery.com/favicon.ico?path=//proc/13/net" "Mozilla/5.0 AppleWebKit/537.36 (KHTML, like Gecko; compatible; GPTBot/1.4; +https://openai.com/gptbot)"
216.73.216.24 - - [28/Jul/2026:02:01:00 +0000] "GET /sitemap.xml?path=%2F%2Fproc%2F66 HTTP/1.1" 200 4735 "-" "Mozilla/5.0 AppleWebKit/537.36 (KHTML, like Gecko; compatible; ClaudeBot/1.0; +claudebot@anthropic.com)"
74.7.242.4 - - [28/Jul/2026:02:01:03 +0000] "GET /favicon.ico?fileloc=//proc/36/net/ipv6_route&path=//proc/36/net HTTP/1.1" 200 2798 "https://www.groatmachinery.com/favicon.ico?path=//proc/36/net" "Mozilla/5.0 AppleWebKit/537.36 (KHTML, like Gecko; compatible; GPTBot/1.4; +https://openai.com/gptbot)"
216.73.216.24 - - [28/Jul/2026:02:01:03 +0000] "GET /sitemap.xml?path=%2F%2Fsys%2Fdevices%2Funcore_cbox_4 HTTP/1.1" 200 3280 "-" "Mozilla/5.0 AppleWebKit/537.36 (KHTML, like Gecko; compatible; ClaudeBot/1.0; +claudebot@anthropic.com)"
98.84.1.175 - - [28/Jul/2026:02:01:04 +0000] "GET / HTTP/1.1" 200 4085 "-" "RecordedFuture Global Inventory Crawler"
74.7.242.4 - - [28/Jul/2026:02:01:06 +0000] "GET /favicon.ico?fileloc=//proc/36/net/if_inet6&path=//proc/36/net HTTP/1.1" 200 2737 "https://www.groatmachinery.com/favicon.ico?path=//proc/36/net" "Mozilla/5.0 AppleWebKit/537.36 (KHTML, like Gecko; compatible; GPTBot/1.4; +https://openai.com/gptbot)"
216.73.216.24 - - [28/Jul/2026:02:01:06 +0000] "GET /sitemap.xml?fileloc=%2F%2Flib%2Fpython3.12%2F__pycache__%2Fkeyword.cpython-312.pyc&path=%2F%2Flib%2Fpython3.12%2F__pycache__ HTTP/1.1" 200 3419 "-" "Mozilla/5.0 AppleWebKit/537.36 (KHTML, like Gecko; compatible; ClaudeBot/1.0; +claudebot@anthropic.com)"
74.7.242.4 - - [28/Jul/2026:02:01:09 +0000] "GET /favicon.ico?fileloc=//proc/18/net/if_inet6&path=//proc/18/net HTTP/1.1" 200 2737 "https://www.groatmachinery.com/favicon.ico?path=//proc/18/net" "Mozilla/5.0 AppleWebKit/537.36 (KHTML, like Gecko; compatible; GPTBot/1.4; +https://openai.com/gptbot)"
216.73.216.24 - - [28/Jul/2026:02:01:09 +0000] "GET /sitemap.xml?fileloc=%2F%2Fusr%2Flib%2Fpython3.12%2Finspect.py&path=%2F%2Fusr%2Flib%2Fpython3.12 HTTP/1.1" 200 33933 "-" "Mozilla/5.0 AppleWebKit/537.36 (KHTML, like Gecko; compatible; ClaudeBot/1.0; +claudebot@anthropic.com)"
216.73.216.24 - - [28/Jul/2026:02:01:12 +0000] "GET /sitemap.xml?path=%2F%2Fproc%2F57 HTTP/1.1" 200 4736 "-" "Mozilla/5.0 AppleWebKit/537.36 (KHTML, like Gecko; compatible; ClaudeBot/1.0; +claudebot@anthropic.com)"
74.7.242.4 - - [28/Jul/2026:02:01:12 +0000] "GET /favicon.ico?fileloc=//proc/36/net/ip6_mr_cache&path=//proc/36/net HTTP/1.1" 200 2733 "https://www.groatmachinery.com/favicon.ico?path=//proc/36/net" "Mozilla/5.0 AppleWebKit/537.36 (KHTML, like Gecko; compatible; GPTBot/1.4; +https://openai.com/gptbot)"
216.73.216.24 - - [28/Jul/2026:02:01:15 +0000] "GET /sitemap.xml?fileloc=%2F%2Fsys%2Fmodule%2Fpcbc%2Fsections%2F__patchable_function_entries&path=%2F%2Fsys%2Fmodule%2Fpcbc%2Fsections HTTP/1.1" 200 2716 "-" "Mozilla/5.0 AppleWebKit/537.36 (KHTML, like Gecko; compatible; ClaudeBot/1.0; +claudebot@anthropic.com)"
74.7.242.4 - - [28/Jul/2026:02:01:16 +0000] "GET /favicon.ico?fileloc=//proc/41/net/anycast6&path=//proc/41/net HTTP/1.1" 200 2692 "https://www.groatmachinery.com/favicon.ico?path=//proc/41/net" "Mozilla/5.0 AppleWebKit/537.36 (KHTML, like Gecko; compatible; GPTBot/1.4; +https://openai.com/gptbot)"
216.73.216.24 - - [28/Jul/2026:02:01:18 +0000] "GET /sitemap.xml?path=%2F%2Fproc%2F47 HTTP/1.1" 200 4736 "-" "Mozilla/5.0 AppleWebKit/537.36 (KHTML, like Gecko; compatible; ClaudeBot/1.0; +claudebot@anthropic.com)"
74.7.242.4 - - [28/Jul/2026:02:01:19 +0000] "GET /favicon.ico?fileloc=//proc/45/net/udplite6&path=//proc/45/net HTTP/1.1" 200 2769 "https://www.groatmachinery.com/favicon.ico?path=//proc/45/net" "Mozilla/5.0 AppleWebKit/537.36 (KHTML, like Gecko; compatible; GPTBot/1.4; +https://openai.com/gptbot)"
216.73.216.24 - - [28/Jul/2026:02:01:21 +0000] "GET /sitemap.xml?path=%2F%2Fsys%2Fdev%2Fchar%2F10%3A232 HTTP/1.1" 200 3164 "-" "Mozilla/5.0 AppleWebKit/537.36 (KHTML, like Gecko; compatible; ClaudeBot/1.0; +claudebot@anthropic.com)"
74.7.242.4 - - [28/Jul/2026:02:01:22 +0000] "GET /favicon.ico?fileloc=//proc/36/net/udplite6&path=//proc/36/net HTTP/1.1" 200 2769 "https://www.groatmachinery.com/favicon.ico?path=//proc/36/net" "Mozilla/5.0 AppleWebKit/537.36 (KHTML, like Gecko; compatible; GPTBot/1.4; +https://openai.com/gptbot)"
74.7.242.4 - - [28/Jul/2026:02:01:25 +0000] "GET /favicon.ico?fileloc=//proc/36/net/anycast6&path=//proc/36/net HTTP/1.1" 200 2692 "https://www.groatmachinery.com/favicon.ico?path=//proc/36/net" "Mozilla/5.0 AppleWebKit/537.36 (KHTML, like Gecko; compatible; GPTBot/1.4; +https://openai.com/gptbot)"
216.73.216.24 - - [28/Jul/2026:02:01:24 +0000] "GET /sitemap.xml?fileloc=%2F%2Flib%2Fgit-core%2Fgit-commit-tree&path=%2F%2Flib%2Fgit-core HTTP/1.1" 200 1729344 "-" "Mozilla/5.0 AppleWebKit/537.36 (KHTML, like Gecko; compatible; ClaudeBot/1.0; +claudebot@anthropic.com)"
74.7.242.4 - - [28/Jul/2026:02:01:29 +0000] "GET /favicon.ico?fileloc=//proc/18/net/udplite6&path=//proc/18/net HTTP/1.1" 200 2768 "https://www.groatmachinery.com/favicon.ico?path=//proc/18/net" "Mozilla/5.0 AppleWebKit/537.36 (KHTML, like Gecko; compatible; GPTBot/1.4; +https://openai.com/gptbot)"
216.73.216.24 - - [28/Jul/2026:02:01:30 +0000] "GET /sitemap.xml?fileloc=%2F%2Fusr%2Finclude%2Flinux%2Fkcmp.h&path=%2F%2Fusr%2Finclude%2Flinux HTTP/1.1" 200 2979 "-" "Mozilla/5.0 AppleWebKit/537.36 (KHTML, like Gecko; compatible; ClaudeBot/1.0; +claudebot@anthropic.com)"
