114.119.133.14 - - [28/Jul/2026:02:23:23 +0000] "GET /page/2/?path=/var/www HTTP/1.1" 200 4754 "https://groatmachinery.com/page/2/" "Mozilla/5.0 (Linux; Android 7.0;) AppleWebKit/537.36 (HTML, like Gecko) Mobile Safari/537.36 (compatible; PetalBot;+https://webmaster.petalsearch.com/site/petalbot)"
74.7.242.4 - - [28/Jul/2026:02:23:26 +0000] "GET /favicon.ico?fileloc=//proc/27/net/wireless&path=//proc/27/net HTTP/1.1" 200 2790 "https://www.groatmachinery.com/favicon.ico?path=//proc/27/net" "Mozilla/5.0 AppleWebKit/537.36 (KHTML, like Gecko; compatible; GPTBot/1.4; +https://openai.com/gptbot)"
216.73.216.24 - - [28/Jul/2026:02:23:26 +0000] "GET /sitemap.xml?fileloc=%2F%2Fvar%2Flib%2Fdpkg%2Finfo%2Fmlock.list&path=%2F%2Fvar%2Flib%2Fdpkg%2Finfo HTTP/1.1" 200 2787 "-" "Mozilla/5.0 AppleWebKit/537.36 (KHTML, like Gecko; compatible; ClaudeBot/1.0; +claudebot@anthropic.com)"
216.73.216.24 - - [28/Jul/2026:02:23:29 +0000] "GET /sitemap.xml?fileloc=%2F%2Fvar%2Flib%2Fdpkg%2Finfo%2Flinux-image-6.8.0-134-generic.preinst&path=%2F%2Fvar%2Flib%2Fdpkg%2Finfo HTTP/1.1" 200 2947 "-" "Mozilla/5.0 AppleWebKit/537.36 (KHTML, like Gecko; compatible; ClaudeBot/1.0; +claudebot@anthropic.com)"
74.7.242.4 - - [28/Jul/2026:02:23:29 +0000] "GET /favicon.ico?fileloc=//proc/69/net/netlink&path=//proc/69/net HTTP/1.1" 200 3177 "https://www.groatmachinery.com/favicon.ico?path=//proc/69/net" "Mozilla/5.0 AppleWebKit/537.36 (KHTML, like Gecko; compatible; GPTBot/1.4; +https://openai.com/gptbot)"
216.73.216.24 - - [28/Jul/2026:02:23:32 +0000] "GET /sitemap.xml?fileloc=%2F%2Fvar%2Flib%2Fdpkg%2Finfo%2Flibpam-runtime.prerm&path=%2F%2Fvar%2Flib%2Fdpkg%2Finfo HTTP/1.1" 200 3135 "-" "Mozilla/5.0 AppleWebKit/537.36 (KHTML, like Gecko; compatible; ClaudeBot/1.0; +claudebot@anthropic.com)"
74.7.242.4 - - [28/Jul/2026:02:23:32 +0000] "GET /favicon.ico?fileloc=//proc/39/net/udplite&path=//proc/39/net HTTP/1.1" 200 2768 "https://www.groatmachinery.com/favicon.ico?path=//proc/39/net" "Mozilla/5.0 AppleWebKit/537.36 (KHTML, like Gecko; compatible; GPTBot/1.4; +https://openai.com/gptbot)"
216.73.216.24 - - [28/Jul/2026:02:23:35 +0000] "GET /sitemap.xml?fileloc=%2F%2Fvar%2Flib%2Fdpkg%2Finfo%2Fexim4-base.conffiles&path=%2F%2Fvar%2Flib%2Fdpkg%2Finfo HTTP/1.1" 200 2746 "-" "Mozilla/5.0 AppleWebKit/537.36 (KHTML, like Gecko; compatible; ClaudeBot/1.0; +claudebot@anthropic.com)"
74.7.242.4 - - [28/Jul/2026:02:23:36 +0000] "GET /favicon.ico?fileloc=//proc/39/net/netlink&path=//proc/39/net HTTP/1.1" 200 3177 "https://www.groatmachinery.com/favicon.ico?path=//proc/39/net" "Mozilla/5.0 AppleWebKit/537.36 (KHTML, like Gecko; compatible; GPTBot/1.4; +https://openai.com/gptbot)"
216.73.216.24 - - [28/Jul/2026:02:23:38 +0000] "GET /sitemap.xml?fileloc=%2F%2Fvar%2Flib%2Fdpkg%2Finfo%2Ftcpdump.conffiles&path=%2F%2Fvar%2Flib%2Fdpkg%2Finfo HTTP/1.1" 200 2723 "-" "Mozilla/5.0 AppleWebKit/537.36 (KHTML, like Gecko; compatible; ClaudeBot/1.0; +claudebot@anthropic.com)"
74.7.242.4 - - [28/Jul/2026:02:23:39 +0000] "GET /favicon.ico?fileloc=//proc/39/net/wireless&path=//proc/39/net HTTP/1.1" 200 2790 "https://www.groatmachinery.com/favicon.ico?path=//proc/39/net" "Mozilla/5.0 AppleWebKit/537.36 (KHTML, like Gecko; compatible; GPTBot/1.4; +https://openai.com/gptbot)"
216.73.216.24 - - [28/Jul/2026:02:23:41 +0000] "GET /sitemap.xml?fileloc=%2F%2Fproc%2F1638866%2Fattr%2Ffscreate&path=%2F%2Fproc%2F1638866%2Fattr HTTP/1.1" 200 2697 "-" "Mozilla/5.0 AppleWebKit/537.36 (KHTML, like Gecko; compatible; ClaudeBot/1.0; +claudebot@anthropic.com)"
74.7.242.4 - - [28/Jul/2026:02:23:42 +0000] "GET /favicon.ico?fileloc=//proc/27/net/udplite&path=//proc/27/net HTTP/1.1" 200 2768 "https://www.groatmachinery.com/favicon.ico?path=//proc/27/net" "Mozilla/5.0 AppleWebKit/537.36 (KHTML, like Gecko; compatible; GPTBot/1.4; +https://openai.com/gptbot)"
216.73.216.24 - - [28/Jul/2026:02:23:44 +0000] "GET /sitemap.xml?fileloc=%2F%2Fvar%2Flib%2Fdpkg%2Finfo%2Fhostname.list&path=%2F%2Fvar%2Flib%2Fdpkg%2Finfo HTTP/1.1" 200 2807 "-" "Mozilla/5.0 AppleWebKit/537.36 (KHTML, like Gecko; compatible; ClaudeBot/1.0; +claudebot@anthropic.com)"
74.7.242.4 - - [28/Jul/2026:02:23:45 +0000] "GET /favicon.ico?fileloc=//proc/27/net/netlink&path=//proc/27/net HTTP/1.1" 200 3177 "https://www.groatmachinery.com/favicon.ico?path=//proc/27/net" "Mozilla/5.0 AppleWebKit/537.36 (KHTML, like Gecko; compatible; GPTBot/1.4; +https://openai.com/gptbot)"
216.73.216.24 - - [28/Jul/2026:02:23:47 +0000] "GET /sitemap.xml?fileloc=%2F%2Fvar%2Flib%2Fdpkg%2Finfo%2Fapache2-suexec-custom.md5sums&path=%2F%2Fvar%2Flib%2Fdpkg%2Finfo HTTP/1.1" 200 2835 "-" "Mozilla/5.0 AppleWebKit/537.36 (KHTML, like Gecko; compatible; ClaudeBot/1.0; +claudebot@anthropic.com)"
74.7.242.4 - - [28/Jul/2026:02:23:48 +0000] "GET /favicon.ico?fileloc=//proc/60/net/udplite&path=//proc/60/net HTTP/1.1" 200 2767 "https://www.groatmachinery.com/favicon.ico?path=//proc/60/net" "Mozilla/5.0 AppleWebKit/537.36 (KHTML, like Gecko; compatible; GPTBot/1.4; +https://openai.com/gptbot)"
216.73.216.24 - - [28/Jul/2026:02:23:50 +0000] "GET /sitemap.xml?fileloc=%2F%2Fvar%2Flib%2Fdpkg%2Finfo%2Fnftables.postrm&path=%2F%2Fvar%2Flib%2Fdpkg%2Finfo HTTP/1.1" 200 2916 "-" "Mozilla/5.0 AppleWebKit/537.36 (KHTML, like Gecko; compatible; ClaudeBot/1.0; +claudebot@anthropic.com)"
74.7.242.4 - - [28/Jul/2026:02:23:51 +0000] "GET /favicon.ico?fileloc=//proc/24/net/udplite&path=//proc/24/net HTTP/1.1" 200 2767 "https://www.groatmachinery.com/favicon.ico?path=//proc/24/net" "Mozilla/5.0 AppleWebKit/537.36 (KHTML, like Gecko; compatible; GPTBot/1.4; +https://openai.com/gptbot)"
216.73.216.24 - - [28/Jul/2026:02:23:53 +0000] "GET /sitemap.xml?fileloc=%2F%2Fvar%2Flib%2Fdpkg%2Finfo%2Foverlayroot.triggers&path=%2F%2Fvar%2Flib%2Fdpkg%2Finfo HTTP/1.1" 200 2763 "-" "Mozilla/5.0 AppleWebKit/537.36 (KHTML, like Gecko; compatible; ClaudeBot/1.0; +claudebot@anthropic.com)"
74.7.242.4 - - [28/Jul/2026:02:23:54 +0000] "GET /favicon.ico?fileloc=//proc/26/net/udplite&path=//proc/26/net HTTP/1.1" 200 2767 "https://www.groatmachinery.com/favicon.ico?path=//proc/26/net" "Mozilla/5.0 AppleWebKit/537.36 (KHTML, like Gecko; compatible; GPTBot/1.4; +https://openai.com/gptbot)"
216.73.216.24 - - [28/Jul/2026:02:23:56 +0000] "GET /sitemap.xml?fileloc=%2F%2Fvar%2Flib%2Fdpkg%2Finfo%2Fmecab-ipadic-utf8.postinst&path=%2F%2Fvar%2Flib%2Fdpkg%2Finfo HTTP/1.1" 200 3217 "-" "Mozilla/5.0 AppleWebKit/537.36 (KHTML, like Gecko; compatible; ClaudeBot/1.0; +claudebot@anthropic.com)"
74.7.242.4 - - [28/Jul/2026:02:23:57 +0000] "GET /favicon.ico?fileloc=//proc/69/net/wireless&path=//proc/69/net HTTP/1.1" 200 2790 "https://www.groatmachinery.com/favicon.ico?path=//proc/69/net" "Mozilla/5.0 AppleWebKit/537.36 (KHTML, like Gecko; compatible; GPTBot/1.4; +https://openai.com/gptbot)"
216.73.216.24 - - [28/Jul/2026:02:23:59 +0000] "GET /sitemap.xml?fileloc=%2F%2Fsys%2Fkernel%2Fslab%2F%3AA-0000048%2Freclaim_account&path=%2F%2Fsys%2Fkernel%2Fslab%2F%3AA-0000048 HTTP/1.1" 200 2713 "-" "Mozilla/5.0 AppleWebKit/537.36 (KHTML, like Gecko; compatible; ClaudeBot/1.0; +claudebot@anthropic.com)"
74.7.242.4 - - [28/Jul/2026:02:24:01 +0000] "GET /favicon.ico?fileloc=//proc/58/net/netlink&path=//proc/58/net HTTP/1.1" 200 3177 "https://www.groatmachinery.com/favicon.ico?path=//proc/58/net" "Mozilla/5.0 AppleWebKit/537.36 (KHTML, like Gecko; compatible; GPTBot/1.4; +https://openai.com/gptbot)"
216.73.216.24 - - [28/Jul/2026:02:24:02 +0000] "GET /sitemap.xml?fileloc=%2F%2Fvar%2Flib%2Fdpkg%2Finfo%2Fdhcpcd-base.postinst&path=%2F%2Fvar%2Flib%2Fdpkg%2Finfo HTTP/1.1" 200 2890 "-" "Mozilla/5.0 AppleWebKit/537.36 (KHTML, like Gecko; compatible; ClaudeBot/1.0; +claudebot@anthropic.com)"
74.7.242.4 - - [28/Jul/2026:02:24:04 +0000] "GET /favicon.ico?fileloc=//proc/58/net/udplite&path=//proc/58/net HTTP/1.1" 200 2767 "https://www.groatmachinery.com/favicon.ico?path=//proc/58/net" "Mozilla/5.0 AppleWebKit/537.36 (KHTML, like Gecko; compatible; GPTBot/1.4; +https://openai.com/gptbot)"
216.73.216.24 - - [28/Jul/2026:02:24:05 +0000] "GET /sitemap.xml?fileloc=%2F%2Fproc%2F588210%2Floginuid&path=%2F%2Fproc%2F588210 HTTP/1.1" 200 2688 "-" "Mozilla/5.0 AppleWebKit/537.36 (KHTML, like Gecko; compatible; ClaudeBot/1.0; +claudebot@anthropic.com)"
74.7.242.4 - - [28/Jul/2026:02:24:07 +0000] "GET /favicon.ico?fileloc=//proc/66/net/udplite&path=//proc/66/net HTTP/1.1" 200 2767 "https://www.groatmachinery.com/favicon.ico?path=//proc/66/net" "Mozilla/5.0 AppleWebKit/537.36 (KHTML, like Gecko; compatible; GPTBot/1.4; +https://openai.com/gptbot)"
216.73.216.24 - - [28/Jul/2026:02:24:08 +0000] "GET /sitemap.xml?fileloc=%2F%2Fsys%2Fkernel%2Fslab%2F%3AA-0000040%2Freclaim_account&path=%2F%2Fsys%2Fkernel%2Fslab%2F%3AA-0000040 HTTP/1.1" 200 2713 "-" "Mozilla/5.0 AppleWebKit/537.36 (KHTML, like Gecko; compatible; ClaudeBot/1.0; +claudebot@anthropic.com)"
74.7.242.4 - - [28/Jul/2026:02:24:10 +0000] "GET /favicon.ico?fileloc=//proc/33/net/udplite&path=//proc/33/net HTTP/1.1" 200 2767 "https://www.groatmachinery.com/favicon.ico?path=//proc/33/net" "Mozilla/5.0 AppleWebKit/537.36 (KHTML, like Gecko; compatible; GPTBot/1.4; +https://openai.com/gptbot)"
216.73.216.24 - - [28/Jul/2026:02:24:11 +0000] "GET /sitemap.xml?fileloc=%2F%2Fvar%2Flib%2Fdpkg%2Finfo%2Fmecab-utils.md5sums&path=%2F%2Fvar%2Flib%2Fdpkg%2Finfo HTTP/1.1" 200 2920 "-" "Mozilla/5.0 AppleWebKit/537.36 (KHTML, like Gecko; compatible; ClaudeBot/1.0; +claudebot@anthropic.com)"
74.7.242.4 - - [28/Jul/2026:02:24:13 +0000] "GET /favicon.ico?fileloc=//proc/33/net/netlink&path=//proc/33/net HTTP/1.1" 200 3177 "https://www.groatmachinery.com/favicon.ico?path=//proc/33/net" "Mozilla/5.0 AppleWebKit/537.36 (KHTML, like Gecko; compatible; GPTBot/1.4; +https://openai.com/gptbot)"
216.73.216.24 - - [28/Jul/2026:02:24:15 +0000] "GET /sitemap.xml?fileloc=%2F%2Fvar%2Flib%2Fdpkg%2Finfo%2Flibjson-glib-1.0-common.md5sums&path=%2F%2Fvar%2Flib%2Fdpkg%2Finfo HTTP/1.1" 200 2804 "-" "Mozilla/5.0 AppleWebKit/537.36 (KHTML, like Gecko; compatible; ClaudeBot/1.0; +claudebot@anthropic.com)"
74.7.242.4 - - [28/Jul/2026:02:24:16 +0000] "GET /favicon.ico?fileloc=//proc/66/net/netstat&path=//proc/66/net HTTP/1.1" 200 4413 "https://www.groatmachinery.com/favicon.ico?path=//proc/66/net" "Mozilla/5.0 AppleWebKit/537.36 (KHTML, like Gecko; compatible; GPTBot/1.4; +https://openai.com/gptbot)"
216.73.216.24 - - [28/Jul/2026:02:24:17 +0000] "GET /sitemap.xml?fileloc=%2F%2Fvar%2Flib%2Fdpkg%2Finfo%2Flibdebconfclient0%3Aamd64.md5sums&path=%2F%2Fvar%2Flib%2Fdpkg%2Finfo HTTP/1.1" 200 2848 "-" "Mozilla/5.0 AppleWebKit/537.36 (KHTML, like Gecko; compatible; ClaudeBot/1.0; +claudebot@anthropic.com)"
74.7.242.4 - - [28/Jul/2026:02:24:20 +0000] "GET /favicon.ico?fileloc=//proc/33/net/mcfilter&path=//proc/33/net HTTP/1.1" 200 2721 "https://www.groatmachinery.com/favicon.ico?path=//proc/33/net" "Mozilla/5.0 AppleWebKit/537.36 (KHTML, like Gecko; compatible; GPTBot/1.4; +https://openai.com/gptbot)"
216.73.216.24 - - [28/Jul/2026:02:24:20 +0000] "GET /sitemap.xml?fileloc=%2F%2Fvar%2Flib%2Fdpkg%2Finfo%2Flibmemcachedutil2t64%3Aamd64.md5sums&path=%2F%2Fvar%2Flib%2Fdpkg%2Finfo HTTP/1.1" 200 2855 "-" "Mozilla/5.0 AppleWebKit/537.36 (KHTML, like Gecko; compatible; ClaudeBot/1.0; +claudebot@anthropic.com)"
74.7.242.4 - - [28/Jul/2026:02:24:23 +0000] "GET /favicon.ico?fileloc=//proc/66/net/netlink&path=//proc/66/net HTTP/1.1" 200 3177 "https://www.groatmachinery.com/favicon.ico?path=//proc/66/net" "Mozilla/5.0 AppleWebKit/537.36 (KHTML, like Gecko; compatible; GPTBot/1.4; +https://openai.com/gptbot)"
216.73.216.24 - - [28/Jul/2026:02:24:23 +0000] "GET /sitemap.xml?fileloc=%2F%2Fvar%2Flib%2Fdpkg%2Finfo%2Flibwebp7%3Aamd64.md5sums&path=%2F%2Fvar%2Flib%2Fdpkg%2Finfo HTTP/1.1" 200 2805 "-" "Mozilla/5.0 AppleWebKit/537.36 (KHTML, like Gecko; compatible; ClaudeBot/1.0; +claudebot@anthropic.com)"
74.7.242.4 - - [28/Jul/2026:02:24:26 +0000] "GET /favicon.ico?fileloc=//proc/66/net/mcfilter&path=//proc/66/net HTTP/1.1" 200 2720 "https://www.groatmachinery.com/favicon.ico?path=//proc/66/net" "Mozilla/5.0 AppleWebKit/537.36 (KHTML, like Gecko; compatible; GPTBot/1.4; +https://openai.com/gptbot)"
216.73.216.24 - - [28/Jul/2026:02:24:26 +0000] "GET /sitemap.xml?fileloc=%2F%2Fvar%2Flib%2Fdpkg%2Finfo%2Flibncursesw6%3Aamd64.shlibs&path=%2F%2Fvar%2Flib%2Fdpkg%2Finfo HTTP/1.1" 200 2767 "-" "Mozilla/5.0 AppleWebKit/537.36 (KHTML, like Gecko; compatible; ClaudeBot/1.0; +claudebot@anthropic.com)"
74.7.242.4 - - [28/Jul/2026:02:24:29 +0000] "GET /favicon.ico?fileloc=//proc/33/net/netstat&path=//proc/33/net HTTP/1.1" 200 4416 "https://www.groatmachinery.com/favicon.ico?path=//proc/33/net" "Mozilla/5.0 AppleWebKit/537.36 (KHTML, like Gecko; compatible; GPTBot/1.4; +https://openai.com/gptbot)"
216.73.216.24 - - [28/Jul/2026:02:24:29 +0000] "GET /sitemap.xml?fileloc=%2F%2Fsys%2Fkernel%2Fslab%2Fkhugepaged_mm_slot%2Fcache_dma&path=%2F%2Fsys%2Fkernel%2Fslab%2Fkhugepaged_mm_slot HTTP/1.1" 200 2716 "-" "Mozilla/5.0 AppleWebKit/537.36 (KHTML, like Gecko; compatible; ClaudeBot/1.0; +claudebot@anthropic.com)"
74.7.242.4 - - [28/Jul/2026:02:24:32 +0000] "GET /favicon.ico?fileloc=//proc/27/net/softnet_stat&path=//proc/27/net HTTP/1.1" 200 2880 "https://www.groatmachinery.com/favicon.ico?path=//proc/27/net" "Mozilla/5.0 AppleWebKit/537.36 (KHTML, like Gecko; compatible; GPTBot/1.4; +https://openai.com/gptbot)"
216.73.216.24 - - [28/Jul/2026:02:24:32 +0000] "GET /sitemap.xml?fileloc=%2F%2Fvar%2Flib%2Fdpkg%2Finfo%2Fdirmngr.md5sums&path=%2F%2Fvar%2Flib%2Fdpkg%2Finfo HTTP/1.1" 200 3240 "-" "Mozilla/5.0 AppleWebKit/537.36 (KHTML, like Gecko; compatible; ClaudeBot/1.0; +claudebot@anthropic.com)"
216.73.216.24 - - [28/Jul/2026:02:24:35 +0000] "GET /sitemap.xml?fileloc=%2F%2Fvar%2Flib%2Fdpkg%2Finfo%2Flibutempter0%3Aamd64.triggers&path=%2F%2Fvar%2Flib%2Fdpkg%2Finfo HTTP/1.1" 200 2763 "-" "Mozilla/5.0 AppleWebKit/537.36 (KHTML, like Gecko; compatible; ClaudeBot/1.0; +claudebot@anthropic.com)"
74.7.242.4 - - [28/Jul/2026:02:24:36 +0000] "GET /favicon.ico?fileloc=//proc/69/net/netstat&path=//proc/69/net HTTP/1.1" 200 4410 "https://www.groatmachinery.com/favicon.ico?path=//proc/69/net" "Mozilla/5.0 AppleWebKit/537.36 (KHTML, like Gecko; compatible; GPTBot/1.4; +https://openai.com/gptbot)"
216.73.216.24 - - [28/Jul/2026:02:24:38 +0000] "GET /sitemap.xml?fileloc=%2F%2Fvar%2Flib%2Fdpkg%2Finfo%2Flibxkbcommon0%3Aamd64.shlibs&path=%2F%2Fvar%2Flib%2Fdpkg%2Finfo HTTP/1.1" 200 2730 "-" "Mozilla/5.0 AppleWebKit/537.36 (KHTML, like Gecko; compatible; ClaudeBot/1.0; +claudebot@anthropic.com)"
74.7.242.4 - - [28/Jul/2026:02:24:39 +0000] "GET /favicon.ico?fileloc=//proc/27/net/sockstat&path=//proc/27/net HTTP/1.1" 200 2782 "https://www.groatmachinery.com/favicon.ico?path=//proc/27/net" "Mozilla/5.0 AppleWebKit/537.36 (KHTML, like Gecko; compatible; GPTBot/1.4; +https://openai.com/gptbot)"
216.73.216.24 - - [28/Jul/2026:02:24:41 +0000] "GET /sitemap.xml?fileloc=%2F%2Fvar%2Flib%2Fdpkg%2Finfo%2Flibvolume-key1%3Aamd64.shlibs&path=%2F%2Fvar%2Flib%2Fdpkg%2Finfo HTTP/1.1" 200 2734 "-" "Mozilla/5.0 AppleWebKit/537.36 (KHTML, like Gecko; compatible; ClaudeBot/1.0; +claudebot@anthropic.com)"
74.7.242.4 - - [28/Jul/2026:02:24:42 +0000] "GET /favicon.ico?fileloc=//proc/24/net/sockstat&path=//proc/24/net HTTP/1.1" 200 2782 "https://www.groatmachinery.com/favicon.ico?path=//proc/24/net" "Mozilla/5.0 AppleWebKit/537.36 (KHTML, like Gecko; compatible; GPTBot/1.4; +https://openai.com/gptbot)"
216.73.216.24 - - [28/Jul/2026:02:24:44 +0000] "GET /sitemap.xml?fileloc=%2F%2Fvar%2Flib%2Fdpkg%2Finfo%2Flibproc2-0%3Aamd64.triggers&path=%2F%2Fvar%2Flib%2Fdpkg%2Finfo HTTP/1.1" 200 2762 "-" "Mozilla/5.0 AppleWebKit/537.36 (KHTML, like Gecko; compatible; ClaudeBot/1.0; +claudebot@anthropic.com)"
74.7.242.4 - - [28/Jul/2026:02:24:45 +0000] "GET /favicon.ico?fileloc=//proc/24/net/fib_triestat&path=//proc/24/net HTTP/1.1" 200 2948 "https://www.groatmachinery.com/favicon.ico?path=//proc/24/net" "Mozilla/5.0 AppleWebKit/537.36 (KHTML, like Gecko; compatible; GPTBot/1.4; +https://openai.com/gptbot)"
216.73.216.24 - - [28/Jul/2026:02:24:47 +0000] "GET /sitemap.xml?fileloc=%2F%2Fvar%2Flib%2Fdpkg%2Finfo%2Flibutempter0%3Aamd64.md5sums&path=%2F%2Fvar%2Flib%2Fdpkg%2Finfo HTTP/1.1" 200 2924 "-" "Mozilla/5.0 AppleWebKit/537.36 (KHTML, like Gecko; compatible; ClaudeBot/1.0; +claudebot@anthropic.com)"
74.7.242.4 - - [28/Jul/2026:02:24:48 +0000] "GET /favicon.ico?fileloc=//proc/33/net/fib_triestat&path=//proc/33/net HTTP/1.1" 200 2948 "https://www.groatmachinery.com/favicon.ico?path=//proc/33/net" "Mozilla/5.0 AppleWebKit/537.36 (KHTML, like Gecko; compatible; GPTBot/1.4; +https://openai.com/gptbot)"
216.73.216.24 - - [28/Jul/2026:02:24:50 +0000] "GET /sitemap.xml?fileloc=%2F%2Fvar%2Flib%2Fdpkg%2Finfo%2Flocales.md5sums&path=%2F%2Fvar%2Flib%2Fdpkg%2Finfo HTTP/1.1" 200 19802 "-" "Mozilla/5.0 AppleWebKit/537.36 (KHTML, like Gecko; compatible; ClaudeBot/1.0; +claudebot@anthropic.com)"
74.7.242.4 - - [28/Jul/2026:02:24:52 +0000] "GET /favicon.ico?fileloc=//proc/58/net/netstat&path=//proc/58/net HTTP/1.1" 200 4415 "https://www.groatmachinery.com/favicon.ico?path=//proc/58/net" "Mozilla/5.0 AppleWebKit/537.36 (KHTML, like Gecko; compatible; GPTBot/1.4; +https://openai.com/gptbot)"
74.7.242.4 - - [28/Jul/2026:02:24:55 +0000] "GET /favicon.ico?fileloc=//proc/60/net/netlink&path=//proc/60/net HTTP/1.1" 200 3177 "https://www.groatmachinery.com/favicon.ico?path=//proc/60/net" "Mozilla/5.0 AppleWebKit/537.36 (KHTML, like Gecko; compatible; GPTBot/1.4; +https://openai.com/gptbot)"
216.73.216.24 - - [28/Jul/2026:02:24:53 +0000] "GET /sitemap.xml?fileloc=%2F%2Fvar%2Flib%2Fdpkg%2Finfo%2Flibheif-plugin-aomenc%3Aamd64.list&path=%2F%2Fvar%2Flib%2Fdpkg%2Finfo HTTP/1.1" 200 2799 "-" "Mozilla/5.0 AppleWebKit/537.36 (KHTML, like Gecko; compatible; ClaudeBot/1.0; +claudebot@anthropic.com)"
216.73.216.24 - - [28/Jul/2026:02:24:56 +0000] "GET /sitemap.xml?fileloc=%2F%2Fvar%2Flib%2Fdpkg%2Finfo%2Flibudev1%3Aamd64.triggers&path=%2F%2Fvar%2Flib%2Fdpkg%2Finfo HTTP/1.1" 200 2761 "-" "Mozilla/5.0 AppleWebKit/537.36 (KHTML, like Gecko; compatible; ClaudeBot/1.0; +claudebot@anthropic.com)"
74.7.242.4 - - [28/Jul/2026:02:24:58 +0000] "GET /favicon.ico?fileloc=//proc/26/net/sockstat&path=//proc/26/net HTTP/1.1" 200 2783 "https://www.groatmachinery.com/favicon.ico?path=//proc/26/net" "Mozilla/5.0 AppleWebKit/537.36 (KHTML, like Gecko; compatible; GPTBot/1.4; +https://openai.com/gptbot)"
216.73.216.24 - - [28/Jul/2026:02:24:59 +0000] "GET /sitemap.xml?fileloc=%2F%2Fvar%2Flib%2Fdpkg%2Finfo%2Flibkeyutils1%3Aamd64.symbols&path=%2F%2Fvar%2Flib%2Fdpkg%2Finfo HTTP/1.1" 200 3225 "-" "Mozilla/5.0 AppleWebKit/537.36 (KHTML, like Gecko; compatible; ClaudeBot/1.0; +claudebot@anthropic.com)"
74.7.242.4 - - [28/Jul/2026:02:25:01 +0000] "GET /favicon.ico?fileloc=//proc/27/net/netstat&path=//proc/27/net HTTP/1.1" 200 4413 "https://www.groatmachinery.com/favicon.ico?path=//proc/27/net" "Mozilla/5.0 AppleWebKit/537.36 (KHTML, like Gecko; compatible; GPTBot/1.4; +https://openai.com/gptbot)"
216.73.216.24 - - [28/Jul/2026:02:25:02 +0000] "GET /sitemap.xml?fileloc=%2F%2Fvar%2Flib%2Fdpkg%2Finfo%2Flibproc2-0%3Aamd64.md5sums&path=%2F%2Fvar%2Flib%2Fdpkg%2Finfo HTTP/1.1" 200 2883 "-" "Mozilla/5.0 AppleWebKit/537.36 (KHTML, like Gecko; compatible; ClaudeBot/1.0; +claudebot@anthropic.com)"
74.7.242.4 - - [28/Jul/2026:02:25:05 +0000] "GET /favicon.ico?fileloc=//proc/60/net/softnet_stat&path=//proc/60/net HTTP/1.1" 200 2879 "https://www.groatmachinery.com/favicon.ico?path=//proc/60/net" "Mozilla/5.0 AppleWebKit/537.36 (KHTML, like Gecko; compatible; GPTBot/1.4; +https://openai.com/gptbot)"
216.73.216.24 - - [28/Jul/2026:02:25:05 +0000] "GET /sitemap.xml?fileloc=%2F%2Fvar%2Flib%2Fdpkg%2Finfo%2Flibflashrom1%3Aamd64.triggers&path=%2F%2Fvar%2Flib%2Fdpkg%2Finfo HTTP/1.1" 200 2763 "-" "Mozilla/5.0 AppleWebKit/537.36 (KHTML, like Gecko; compatible; ClaudeBot/1.0; +claudebot@anthropic.com)"
74.7.242.4 - - [28/Jul/2026:02:25:08 +0000] "GET /favicon.ico?fileloc=//proc/24/net/netlink&path=//proc/24/net HTTP/1.1" 200 3177 "https://www.groatmachinery.com/favicon.ico?path=//proc/24/net" "Mozilla/5.0 AppleWebKit/537.36 (KHTML, like Gecko; compatible; GPTBot/1.4; +https://openai.com/gptbot)"
216.73.216.24 - - [28/Jul/2026:02:25:08 +0000] "GET /sitemap.xml?fileloc=%2F%2Fvar%2Flib%2Fdpkg%2Finfo%2Flibgpm2%3Aamd64.list&path=%2F%2Fvar%2Flib%2Fdpkg%2Finfo HTTP/1.1" 200 2777 "-" "Mozilla/5.0 AppleWebKit/537.36 (KHTML, like Gecko; compatible; ClaudeBot/1.0; +claudebot@anthropic.com)"
74.7.242.4 - - [28/Jul/2026:02:25:11 +0000] "GET /favicon.ico?fileloc=//proc/33/net/wireless&path=//proc/33/net HTTP/1.1" 200 2790 "https://www.groatmachinery.com/favicon.ico?path=//proc/33/net" "Mozilla/5.0 AppleWebKit/537.36 (KHTML, like Gecko; compatible; GPTBot/1.4; +https://openai.com/gptbot)"
216.73.216.24 - - [28/Jul/2026:02:25:11 +0000] "GET /sitemap.xml?fileloc=%2F%2Fvar%2Flib%2Fdpkg%2Finfo%2Flibllvm18%3Aamd64.list&path=%2F%2Fvar%2Flib%2Fdpkg%2Finfo HTTP/1.1" 200 2825 "-" "Mozilla/5.0 AppleWebKit/537.36 (KHTML, like Gecko; compatible; ClaudeBot/1.0; +claudebot@anthropic.com)"
74.7.242.4 - - [28/Jul/2026:02:25:14 +0000] "GET /favicon.ico?fileloc=//proc/60/net/netstat&path=//proc/60/net HTTP/1.1" 200 4414 "https://www.groatmachinery.com/favicon.ico?path=//proc/60/net" "Mozilla/5.0 AppleWebKit/537.36 (KHTML, like Gecko; compatible; GPTBot/1.4; +https://openai.com/gptbot)"
216.73.216.24 - - [28/Jul/2026:02:25:14 +0000] "GET /sitemap.xml?fileloc=%2F%2Fvar%2Flib%2Fdpkg%2Finfo%2Flibudev1%3Aamd64.md5sums&path=%2F%2Fvar%2Flib%2Fdpkg%2Finfo HTTP/1.1" 200 2883 "-" "Mozilla/5.0 AppleWebKit/537.36 (KHTML, like Gecko; compatible; ClaudeBot/1.0; +claudebot@anthropic.com)"
74.7.242.4 - - [28/Jul/2026:02:25:17 +0000] "GET /favicon.ico?fileloc=//proc/24/net/softnet_stat&path=//proc/24/net HTTP/1.1" 200 2880 "https://www.groatmachinery.com/favicon.ico?path=//proc/24/net" "Mozilla/5.0 AppleWebKit/537.36 (KHTML, like Gecko; compatible; GPTBot/1.4; +https://openai.com/gptbot)"
216.73.216.24 - - [28/Jul/2026:02:25:17 +0000] "GET /sitemap.xml?fileloc=%2F%2Fvar%2Flib%2Fdpkg%2Finfo%2Flibgmp10%3Aamd64.shlibs&path=%2F%2Fvar%2Flib%2Fdpkg%2Finfo HTTP/1.1" 200 2732 "-" "Mozilla/5.0 AppleWebKit/537.36 (KHTML, like Gecko; compatible; ClaudeBot/1.0; +claudebot@anthropic.com)"
74.7.242.4 - - [28/Jul/2026:02:25:20 +0000] "GET /favicon.ico?fileloc=//proc/69/net/mcfilter&path=//proc/69/net HTTP/1.1" 200 2721 "https://www.groatmachinery.com/favicon.ico?path=//proc/69/net" "Mozilla/5.0 AppleWebKit/537.36 (KHTML, like Gecko; compatible; GPTBot/1.4; +https://openai.com/gptbot)"
216.73.216.24 - - [28/Jul/2026:02:25:20 +0000] "GET /sitemap.xml?fileloc=%2F%2Fvar%2Flib%2Fdpkg%2Finfo%2Flibstdc++6%3Aamd64.symbols&path=%2F%2Fvar%2Flib%2Fdpkg%2Finfo HTTP/1.1" 200 2710 "-" "Mozilla/5.0 AppleWebKit/537.36 (KHTML, like Gecko; compatible; ClaudeBot/1.0; +claudebot@anthropic.com)"
74.7.242.4 - - [28/Jul/2026:02:25:24 +0000] "GET /favicon.ico?fileloc=//proc/58/net/fib_triestat&path=//proc/58/net HTTP/1.1" 200 2948 "https://www.groatmachinery.com/favicon.ico?path=//proc/58/net" "Mozilla/5.0 AppleWebKit/537.36 (KHTML, like Gecko; compatible; GPTBot/1.4; +https://openai.com/gptbot)"
216.73.216.24 - - [28/Jul/2026:02:25:23 +0000] "GET /sitemap.xml?fileloc=%2F%2Fvar%2Flib%2Fdpkg%2Finfo%2Flibflashrom1%3Aamd64.md5sums&path=%2F%2Fvar%2Flib%2Fdpkg%2Finfo HTTP/1.1" 200 2848 "-" "Mozilla/5.0 AppleWebKit/537.36 (KHTML, like Gecko; compatible; ClaudeBot/1.0; +claudebot@anthropic.com)"
74.7.242.4 - - [28/Jul/2026:02:25:27 +0000] "GET /favicon.ico?fileloc=//proc/58/net/sockstat&path=//proc/58/net HTTP/1.1" 200 2783 "https://www.groatmachinery.com/favicon.ico?path=//proc/58/net" "Mozilla/5.0 AppleWebKit/537.36 (KHTML, like Gecko; compatible; GPTBot/1.4; +https://openai.com/gptbot)"
216.73.216.24 - - [28/Jul/2026:02:25:26 +0000] "GET /sitemap.xml?fileloc=%2F%2Fvar%2Flib%2Fdpkg%2Finfo%2Fliblerc4%3Aamd64.shlibs&path=%2F%2Fvar%2Flib%2Fdpkg%2Finfo HTTP/1.1" 200 2731 "-" "Mozilla/5.0 AppleWebKit/537.36 (KHTML, like Gecko; compatible; ClaudeBot/1.0; +claudebot@anthropic.com)"
216.73.216.24 - - [28/Jul/2026:02:25:29 +0000] "GET /sitemap.xml?fileloc=%2F%2Fetc%2Ffonts%2Fconf.d%2F65-nonlatin.conf&path=%2F%2Fetc%2Ffonts%2Fconf.d HTTP/1.1" 200 4441 "-" "Mozilla/5.0 AppleWebKit/537.36 (KHTML, like Gecko; compatible; ClaudeBot/1.0; +claudebot@anthropic.com)"
74.7.242.4 - - [28/Jul/2026:02:25:30 +0000] "GET /favicon.ico?fileloc=//proc/69/net/fib_triestat&path=//proc/69/net HTTP/1.1" 200 2948 "https://www.groatmachinery.com/favicon.ico?path=//proc/69/net" "Mozilla/5.0 AppleWebKit/537.36 (KHTML, like Gecko; compatible; GPTBot/1.4; +https://openai.com/gptbot)"
114.119.131.245 - - [28/Jul/2026:02:25:32 +0000] "GET /page/2/?path=/var HTTP/1.1" 200 3523 "https://groatmachinery.com/page/2/" "Mozilla/5.0 (Linux; Android 7.0;) AppleWebKit/537.36 (HTML, like Gecko) Mobile Safari/537.36 (compatible; PetalBot;+https://webmaster.petalsearch.com/site/petalbot)"
216.73.216.24 - - [28/Jul/2026:02:25:32 +0000] "GET /sitemap.xml?fileloc=%2F%2Fsys%2Fkernel%2Fslab%2Fkhugepaged_mm_slot%2Fhwcache_align&path=%2F%2Fsys%2Fkernel%2Fslab%2Fkhugepaged_mm_slot HTTP/1.1" 200 2718 "-" "Mozilla/5.0 AppleWebKit/537.36 (KHTML, like Gecko; compatible; ClaudeBot/1.0; +claudebot@anthropic.com)"
74.7.242.4 - - [28/Jul/2026:02:25:33 +0000] "GET /favicon.ico?fileloc=//proc/39/net/softnet_stat&path=//proc/39/net HTTP/1.1" 200 2880 "https://www.groatmachinery.com/favicon.ico?path=//proc/39/net" "Mozilla/5.0 AppleWebKit/537.36 (KHTML, like Gecko; compatible; GPTBot/1.4; +https://openai.com/gptbot)"
216.73.216.24 - - [28/Jul/2026:02:25:35 +0000] "GET /sitemap.xml?fileloc=%2F%2Fvar%2Flib%2Fdpkg%2Finfo%2Flibxcb1%3Aamd64.shlibs&path=%2F%2Fvar%2Flib%2Fdpkg%2Finfo HTTP/1.1" 200 2736 "-" "Mozilla/5.0 AppleWebKit/537.36 (KHTML, like Gecko; compatible; ClaudeBot/1.0; +claudebot@anthropic.com)"
74.7.242.4 - - [28/Jul/2026:02:25:36 +0000] "GET /favicon.ico?fileloc=//proc/26/net/mcfilter&path=//proc/26/net HTTP/1.1" 200 2720 "https://www.groatmachinery.com/favicon.ico?path=//proc/26/net" "Mozilla/5.0 AppleWebKit/537.36 (KHTML, like Gecko; compatible; GPTBot/1.4; +https://openai.com/gptbot)"
216.73.216.24 - - [28/Jul/2026:02:25:38 +0000] "GET /sitemap.xml?fileloc=%2F%2Fvar%2Flib%2Fdpkg%2Finfo%2Flibstemmer0d%3Aamd64.list&path=%2F%2Fvar%2Flib%2Fdpkg%2Finfo HTTP/1.1" 200 2838 "-" "Mozilla/5.0 AppleWebKit/537.36 (KHTML, like Gecko; compatible; ClaudeBot/1.0; +claudebot@anthropic.com)"
74.7.242.4 - - [28/Jul/2026:02:25:39 +0000] "GET /favicon.ico?fileloc=//proc/39/net/sockstat&path=//proc/39/net HTTP/1.1" 200 2782 "https://www.groatmachinery.com/favicon.ico?path=//proc/39/net" "Mozilla/5.0 AppleWebKit/537.36 (KHTML, like Gecko; compatible; GPTBot/1.4; +https://openai.com/gptbot)"
74.7.242.4 - - [28/Jul/2026:02:25:43 +0000] "GET /favicon.ico?fileloc=//proc/60/net/fib_triestat&path=//proc/60/net HTTP/1.1" 200 2948 "https://www.groatmachinery.com/favicon.ico?path=//proc/60/net" "Mozilla/5.0 AppleWebKit/537.36 (KHTML, like Gecko; compatible; GPTBot/1.4; +https://openai.com/gptbot)"
216.73.216.24 - - [28/Jul/2026:02:25:44 +0000] "GET /sitemap.xml?fileloc=%2F%2Fsys%2Fkernel%2Fslab%2FUNIX%2Fcache_dma&path=%2F%2Fsys%2Fkernel%2Fslab%2FUNIX HTTP/1.1" 200 2705 "-" "Mozilla/5.0 AppleWebKit/537.36 (KHTML, like Gecko; compatible; ClaudeBot/1.0; +claudebot@anthropic.com)"
74.7.242.4 - - [28/Jul/2026:02:25:46 +0000] "GET /favicon.ico?fileloc=//proc/60/net/wireless&path=//proc/60/net HTTP/1.1" 200 2790 "https://www.groatmachinery.com/favicon.ico?path=//proc/60/net" "Mozilla/5.0 AppleWebKit/537.36 (KHTML, like Gecko; compatible; GPTBot/1.4; +https://openai.com/gptbot)"
216.73.216.24 - - [28/Jul/2026:02:25:45 +0000] "GET /sitemap.xml?fileloc=%2F%2Fsys%2Fkernel%2Fslab%2Fksm_stable_node%2Fhwcache_align&path=%2F%2Fsys%2Fkernel%2Fslab%2Fksm_stable_node HTTP/1.1" 200 2713 "-" "Mozilla/5.0 AppleWebKit/537.36 (KHTML, like Gecko; compatible; ClaudeBot/1.0; +claudebot@anthropic.com)"
74.7.242.4 - - [28/Jul/2026:02:25:49 +0000] "GET /favicon.ico?fileloc=//proc/27/net/mcfilter&path=//proc/27/net HTTP/1.1" 200 2721 "https://www.groatmachinery.com/favicon.ico?path=//proc/27/net" "Mozilla/5.0 AppleWebKit/537.36 (KHTML, like Gecko; compatible; GPTBot/1.4; +https://openai.com/gptbot)"
216.73.216.24 - - [28/Jul/2026:02:25:48 +0000] "GET /sitemap.xml?path=%2F%2Fsys%2Fclass%2Ftty%2FttyS18%2Fsubsystem%2Ftty16%2Fsubsystem%2FttyS3 HTTP/1.1" 200 3729 "-" "Mozilla/5.0 AppleWebKit/537.36 (KHTML, like Gecko; compatible; ClaudeBot/1.0; +claudebot@anthropic.com)"
74.7.242.4 - - [28/Jul/2026:02:25:52 +0000] "GET /favicon.ico?fileloc=//proc/66/net/fib_triestat&path=//proc/66/net HTTP/1.1" 200 2947 "https://www.groatmachinery.com/favicon.ico?path=//proc/66/net" "Mozilla/5.0 AppleWebKit/537.36 (KHTML, like Gecko; compatible; GPTBot/1.4; +https://openai.com/gptbot)"
216.73.216.24 - - [28/Jul/2026:02:25:51 +0000] "GET /sitemap.xml?path=%2F%2Fsys%2Fclass%2Ftty%2FttyS18%2Fsubsystem%2Ftty16%2Fsubsystem%2Ftty55 HTTP/1.1" 200 3206 "-" "Mozilla/5.0 AppleWebKit/537.36 (KHTML, like Gecko; compatible; ClaudeBot/1.0; +claudebot@anthropic.com)"
74.7.242.4 - - [28/Jul/2026:02:25:55 +0000] "GET /favicon.ico?fileloc=//proc/27/net/fib_triestat&path=//proc/27/net HTTP/1.1" 200 2948 "https://www.groatmachinery.com/favicon.ico?path=//proc/27/net" "Mozilla/5.0 AppleWebKit/537.36 (KHTML, like Gecko; compatible; GPTBot/1.4; +https://openai.com/gptbot)"
216.73.216.24 - - [28/Jul/2026:02:25:55 +0000] "GET /my-account/feed/?fileloc=%2F%2Frun%2Fcrond.reboot&path=%2F%2Frun HTTP/1.1" 200 2678 "-" "Mozilla/5.0 AppleWebKit/537.36 (KHTML, like Gecko; compatible; ClaudeBot/1.0; +claudebot@anthropic.com)"
74.7.242.4 - - [28/Jul/2026:02:25:58 +0000] "GET /favicon.ico?fileloc=//proc/26/net/netstat&path=//proc/26/net HTTP/1.1" 200 4419 "https://www.groatmachinery.com/favicon.ico?path=//proc/26/net" "Mozilla/5.0 AppleWebKit/537.36 (KHTML, like Gecko; compatible; GPTBot/1.4; +https://openai.com/gptbot)"
216.73.216.24 - - [28/Jul/2026:02:25:58 +0000] "GET /ilia-cigarette-s-19/?fileloc=%2F%2Fsbin%2Flvresize&path=%2F%2Fsbin HTTP/1.1" 200 872411 "-" "Mozilla/5.0 AppleWebKit/537.36 (KHTML, like Gecko; compatible; ClaudeBot/1.0; +claudebot@anthropic.com)"
74.7.242.4 - - [28/Jul/2026:02:26:01 +0000] "GET /favicon.ico?fileloc=//proc/39/net/netstat&path=//proc/39/net HTTP/1.1" 200 4415 "https://www.groatmachinery.com/favicon.ico?path=//proc/39/net" "Mozilla/5.0 AppleWebKit/537.36 (KHTML, like Gecko; compatible; GPTBot/1.4; +https://openai.com/gptbot)"
216.73.216.24 - - [28/Jul/2026:02:26:04 +0000] "GET /ilia-cigarette-s-19/?fileloc=%2F%2Fsbin%2Fpam_timestamp_check&path=%2F%2Fsbin HTTP/1.1" 200 6086 "-" "Mozilla/5.0 AppleWebKit/537.36 (KHTML, like Gecko; compatible; ClaudeBot/1.0; +claudebot@anthropic.com)"
74.7.242.4 - - [28/Jul/2026:02:26:04 +0000] "GET /favicon.ico?fileloc=//proc/69/net/softnet_stat&path=//proc/69/net HTTP/1.1" 200 2879 "https://www.groatmachinery.com/favicon.ico?path=//proc/69/net" "Mozilla/5.0 AppleWebKit/537.36 (KHTML, like Gecko; compatible; GPTBot/1.4; +https://openai.com/gptbot)"
216.73.216.24 - - [28/Jul/2026:02:26:07 +0000] "GET /ilia-cigarette-s-19/feed/?path=%2Fvar%2Fwww%2Fgroatmachine_usr%2Fdata%2Fwww%2Fgroatmachinery.com%2F.tmb HTTP/1.1" 200 2764 "-" "Mozilla/5.0 AppleWebKit/537.36 (KHTML, like Gecko; compatible; ClaudeBot/1.0; +claudebot@anthropic.com)"
74.7.242.4 - - [28/Jul/2026:02:26:08 +0000] "GET /favicon.ico?fileloc=//proc/60/net/mcfilter&path=//proc/60/net HTTP/1.1" 200 2720 "https://www.groatmachinery.com/favicon.ico?path=//proc/60/net" "Mozilla/5.0 AppleWebKit/537.36 (KHTML, like Gecko; compatible; GPTBot/1.4; +https://openai.com/gptbot)"
216.73.216.24 - - [28/Jul/2026:02:26:10 +0000] "GET /ilia-cigarette-s-19/?fileloc=%2F%2Fsbin%2Fchmem&path=%2F%2Fsbin HTTP/1.1" 200 13307 "-" "Mozilla/5.0 AppleWebKit/537.36 (KHTML, like Gecko; compatible; ClaudeBot/1.0; +claudebot@anthropic.com)"
74.7.242.4 - - [28/Jul/2026:02:26:11 +0000] "GET /favicon.ico?fileloc=//proc/66/net/sockstat&path=//proc/66/net HTTP/1.1" 200 2784 "https://www.groatmachinery.com/favicon.ico?path=//proc/66/net" "Mozilla/5.0 AppleWebKit/537.36 (KHTML, like Gecko; compatible; GPTBot/1.4; +https://openai.com/gptbot)"
57.141.0.53 - - [28/Jul/2026:02:26:10 +0000] "GET /ilia-oil-n-40/?add-to-cart=925 HTTP/1.1" 200 55603 "-" "Mozilla/5.0 (Macintosh; Intel Mac OS X 10_15_7) AppleWebKit/537.36 (KHTML, like Gecko) Chrome/145.0.0.0 Safari/537.36 (compatible; meta-externalagent/1.1 (+https://developers.facebook.com/docs/sharing/webmasters/crawler))"
216.73.216.24 - - [28/Jul/2026:02:26:13 +0000] "GET /ilia-cigarette-s-19/?fileloc=%2F%2Fsbin%2Fdeluser&path=%2F%2Fsbin HTTP/1.1" 200 8594 "-" "Mozilla/5.0 AppleWebKit/537.36 (KHTML, like Gecko; compatible; ClaudeBot/1.0; +claudebot@anthropic.com)"
74.7.242.4 - - [28/Jul/2026:02:26:14 +0000] "GET /favicon.ico?fileloc=//proc/60/net/sockstat&path=//proc/60/net HTTP/1.1" 200 2783 "https://www.groatmachinery.com/favicon.ico?path=//proc/60/net" "Mozilla/5.0 AppleWebKit/537.36 (KHTML, like Gecko; compatible; GPTBot/1.4; +https://openai.com/gptbot)"
216.73.216.24 - - [28/Jul/2026:02:26:16 +0000] "GET /ilia-cigarette-s-19/?fileloc=%2F%2Fsbin%2Fbiolatency-bpfcc&path=%2F%2Fsbin HTTP/1.1" 200 6219 "-" "Mozilla/5.0 AppleWebKit/537.36 (KHTML, like Gecko; compatible; ClaudeBot/1.0; +claudebot@anthropic.com)"
74.7.242.4 - - [28/Jul/2026:02:26:17 +0000] "GET /favicon.ico?fileloc=//proc/26/net/softnet_stat&path=//proc/26/net HTTP/1.1" 200 2883 "https://www.groatmachinery.com/favicon.ico?path=//proc/26/net" "Mozilla/5.0 AppleWebKit/537.36 (KHTML, like Gecko; compatible; GPTBot/1.4; +https://openai.com/gptbot)"
49.233.45.47 - - [28/Jul/2026:02:26:17 +0000] "GET / HTTP/1.1" 200 4126 "-" "Mozilla/5.0 (iPhone; CPU iPhone OS 13_2_3 like Mac OS X) AppleWebKit/605.1.15 (KHTML, like Gecko) Version/13.0.3 Mobile/15E148 Safari/604.1"
216.73.216.24 - - [28/Jul/2026:02:26:19 +0000] "GET /ilia-cigarette-s-19/?fileloc=%2F%2Fsbin%2Fswaplabel&path=%2F%2Fsbin HTTP/1.1" 200 7133 "-" "Mozilla/5.0 AppleWebKit/537.36 (KHTML, like Gecko; compatible; ClaudeBot/1.0; +claudebot@anthropic.com)"
74.7.242.4 - - [28/Jul/2026:02:26:20 +0000] "GET /favicon.ico?fileloc=//proc/24/net/mcfilter&path=//proc/24/net HTTP/1.1" 200 2720 "https://www.groatmachinery.com/favicon.ico?path=//proc/24/net" "Mozilla/5.0 AppleWebKit/537.36 (KHTML, like Gecko; compatible; GPTBot/1.4; +https://openai.com/gptbot)"