216.73.216.24 - - [28/Jul/2026:00:58:02 +0000] "GET /sitemap.xml?path=%2F%2Fsys%2Fclass%2Ftty%2Ftty36%2Fsubsystem%2Ftty51%2Fsubsystem%2Ftty39%2Fpower HTTP/1.1" 200 3406 "-" "Mozilla/5.0 AppleWebKit/537.36 (KHTML, like Gecko; compatible; ClaudeBot/1.0; +claudebot@anthropic.com)"
74.7.243.228 - - [28/Jul/2026:00:58:03 +0000] "GET /favicon.ico?fileloc=//proc/96/net/ip6_mr_vif&path=//proc/96/net HTTP/1.1" 200 2726 "https://www.groatmachinery.com/favicon.ico?path=//proc/96/net" "Mozilla/5.0 AppleWebKit/537.36 (KHTML, like Gecko; compatible; GPTBot/1.4; +https://openai.com/gptbot)"
216.73.216.24 - - [28/Jul/2026:00:58:05 +0000] "GET /sitemap.xml?fileloc=%2F%2Fsys%2Fkernel%2Fbtf%2Fkvm&path=%2F%2Fsys%2Fkernel%2Fbtf HTTP/1.1" 200 49275 "-" "Mozilla/5.0 AppleWebKit/537.36 (KHTML, like Gecko; compatible; ClaudeBot/1.0; +claudebot@anthropic.com)"
74.7.243.228 - - [28/Jul/2026:00:58:06 +0000] "GET /favicon.ico?fileloc=//proc/83/net/protocols&path=//proc/83/net HTTP/1.1" 200 3184 "https://www.groatmachinery.com/favicon.ico?path=//proc/83/net" "Mozilla/5.0 AppleWebKit/537.36 (KHTML, like Gecko; compatible; GPTBot/1.4; +https://openai.com/gptbot)"
216.73.216.24 - - [28/Jul/2026:00:58:08 +0000] "GET /sitemap.xml?path=%2F%2Fproc%2F763294%2Fattr%2Fapparmor HTTP/1.1" 200 3111 "-" "Mozilla/5.0 AppleWebKit/537.36 (KHTML, like Gecko; compatible; ClaudeBot/1.0; +claudebot@anthropic.com)"
74.7.243.228 - - [28/Jul/2026:00:58:09 +0000] "GET /favicon.ico?fileloc=//proc/53/net/protocols&path=//proc/53/net HTTP/1.1" 200 3185 "https://www.groatmachinery.com/favicon.ico?path=//proc/53/net" "Mozilla/5.0 AppleWebKit/537.36 (KHTML, like Gecko; compatible; GPTBot/1.4; +https://openai.com/gptbot)"
216.73.216.24 - - [28/Jul/2026:00:58:11 +0000] "GET /sitemap.xml?path=%2F%2Fsys%2Fmodule%2Fatkbd%2Fdrivers%2Fserio%3Aatkbd HTTP/1.1" 200 3271 "-" "Mozilla/5.0 AppleWebKit/537.36 (KHTML, like Gecko; compatible; ClaudeBot/1.0; +claudebot@anthropic.com)"
74.7.243.228 - - [28/Jul/2026:00:58:13 +0000] "GET /favicon.ico?fileloc=//proc/96/net/protocols&path=//proc/96/net HTTP/1.1" 200 3185 "https://www.groatmachinery.com/favicon.ico?path=//proc/96/net" "Mozilla/5.0 AppleWebKit/537.36 (KHTML, like Gecko; compatible; GPTBot/1.4; +https://openai.com/gptbot)"
216.73.216.24 - - [28/Jul/2026:00:58:15 +0000] "GET /sitemap.xml?path=%2F%2Fsys%2Fclass%2Fdma%2Fdma1chan0 HTTP/1.1" 200 3313 "-" "Mozilla/5.0 AppleWebKit/537.36 (KHTML, like Gecko; compatible; ClaudeBot/1.0; +claudebot@anthropic.com)"
74.7.243.228 - - [28/Jul/2026:00:58:16 +0000] "GET /favicon.ico?fileloc=//proc/84/net/protocols&path=//proc/84/net HTTP/1.1" 200 3182 "https://www.groatmachinery.com/favicon.ico?path=//proc/84/net" "Mozilla/5.0 AppleWebKit/537.36 (KHTML, like Gecko; compatible; GPTBot/1.4; +https://openai.com/gptbot)"
216.73.216.24 - - [28/Jul/2026:00:58:17 +0000] "GET /sitemap.xml?path=%2F%2Fsys%2Fclass%2Ftty%2Ftty36%2Fsubsystem%2Ftty47%2Fsubsystem%2Ftty49 HTTP/1.1" 200 3205 "-" "Mozilla/5.0 AppleWebKit/537.36 (KHTML, like Gecko; compatible; ClaudeBot/1.0; +claudebot@anthropic.com)"
74.7.243.228 - - [28/Jul/2026:00:58:19 +0000] "GET /favicon.ico?fileloc=//proc/62/net/protocols&path=//proc/62/net HTTP/1.1" 200 3185 "https://www.groatmachinery.com/favicon.ico?path=//proc/62/net" "Mozilla/5.0 AppleWebKit/537.36 (KHTML, like Gecko; compatible; GPTBot/1.4; +https://openai.com/gptbot)"
216.73.216.24 - - [28/Jul/2026:00:58:20 +0000] "GET /sitemap.xml?path=%2F%2Fusr%2Fshare%2Fdoc%2Fnano HTTP/1.1" 200 3489 "-" "Mozilla/5.0 AppleWebKit/537.36 (KHTML, like Gecko; compatible; ClaudeBot/1.0; +claudebot@anthropic.com)"
74.7.243.228 - - [28/Jul/2026:00:58:22 +0000] "GET /favicon.ico?fileloc=//proc/59/net/protocols&path=//proc/59/net HTTP/1.1" 200 3186 "https://www.groatmachinery.com/favicon.ico?path=//proc/59/net" "Mozilla/5.0 AppleWebKit/537.36 (KHTML, like Gecko; compatible; GPTBot/1.4; +https://openai.com/gptbot)"
216.73.216.24 - - [28/Jul/2026:00:58:23 +0000] "GET /sitemap.xml?fileloc=%2F%2Fsys%2Fkernel%2Fbtf%2Ffcrypt&path=%2F%2Fsys%2Fkernel%2Fbtf HTTP/1.1" 200 2883 "-" "Mozilla/5.0 AppleWebKit/537.36 (KHTML, like Gecko; compatible; ClaudeBot/1.0; +claudebot@anthropic.com)"
74.7.243.228 - - [28/Jul/2026:00:58:26 +0000] "GET /favicon.ico?fileloc=//proc/83/net/ip_mr_vif&path=//proc/83/net HTTP/1.1" 200 2738 "https://www.groatmachinery.com/favicon.ico?path=//proc/83/net" "Mozilla/5.0 AppleWebKit/537.36 (KHTML, like Gecko; compatible; GPTBot/1.4; +https://openai.com/gptbot)"
216.73.216.24 - - [28/Jul/2026:00:58:26 +0000] "GET /sitemap.xml?fileloc=%2F%2Fsys%2Fkernel%2Fslab%2Fext4_allocation_context%2Fobject_size&path=%2F%2Fsys%2Fkernel%2Fslab%2Fext4_allocation_context HTTP/1.1" 200 2719 "-" "Mozilla/5.0 AppleWebKit/537.36 (KHTML, like Gecko; compatible; ClaudeBot/1.0; +claudebot@anthropic.com)"
74.7.243.228 - - [28/Jul/2026:00:58:29 +0000] "GET /favicon.ico?fileloc=//proc/53/net/ip_mr_vif&path=//proc/53/net HTTP/1.1" 200 2738 "https://www.groatmachinery.com/favicon.ico?path=//proc/53/net" "Mozilla/5.0 AppleWebKit/537.36 (KHTML, like Gecko; compatible; GPTBot/1.4; +https://openai.com/gptbot)"
216.73.216.24 - - [28/Jul/2026:00:58:29 +0000] "GET /sitemap.xml?path=%2F%2Fusr%2Fsrc%2Flinux-headers-6.8.0-136-generic%2Fdrivers%2Fof HTTP/1.1" 200 3174 "-" "Mozilla/5.0 AppleWebKit/537.36 (KHTML, like Gecko; compatible; ClaudeBot/1.0; +claudebot@anthropic.com)"
74.7.243.228 - - [28/Jul/2026:00:58:32 +0000] "GET /favicon.ico?fileloc=//proc/84/net/ip_mr_vif&path=//proc/84/net HTTP/1.1" 200 2738 "https://www.groatmachinery.com/favicon.ico?path=//proc/84/net" "Mozilla/5.0 AppleWebKit/537.36 (KHTML, like Gecko; compatible; GPTBot/1.4; +https://openai.com/gptbot)"
216.73.216.24 - - [28/Jul/2026:00:58:32 +0000] "GET /sitemap.xml?path=%2F%2Fproc%2Fscsi%2Fsg HTTP/1.1" 200 3236 "-" "Mozilla/5.0 AppleWebKit/537.36 (KHTML, like Gecko; compatible; ClaudeBot/1.0; +claudebot@anthropic.com)"
74.7.243.228 - - [28/Jul/2026:00:58:35 +0000] "GET /favicon.ico?fileloc=//proc/62/net/ip_mr_vif&path=//proc/62/net HTTP/1.1" 200 2738 "https://www.groatmachinery.com/favicon.ico?path=//proc/62/net" "Mozilla/5.0 AppleWebKit/537.36 (KHTML, like Gecko; compatible; GPTBot/1.4; +https://openai.com/gptbot)"
216.73.216.24 - - [28/Jul/2026:00:58:35 +0000] "GET /sitemap.xml?path=%2F%2Fproc%2F3764441%2Ftask%2F3764441 HTTP/1.1" 200 4558 "-" "Mozilla/5.0 AppleWebKit/537.36 (KHTML, like Gecko; compatible; ClaudeBot/1.0; +claudebot@anthropic.com)"
57.141.0.16 - - [28/Jul/2026:00:58:36 +0000] "GET /gaqepuh/2026/06/cigarette-lengpao-75x75.jpg HTTP/1.1" 200 54015 "-" "Mozilla/5.0 (Windows NT 10.0; Win64; x64) AppleWebKit/537.36 (KHTML, like Gecko) Chrome/145.0.0.0 Safari/537.36 (compatible; meta-externalagent/1.1 (+https://developers.facebook.com/docs/sharing/webmasters/crawler))"
74.7.243.228 - - [28/Jul/2026:00:58:38 +0000] "GET /favicon.ico?fileloc=//proc/96/net/ip_mr_vif&path=//proc/96/net HTTP/1.1" 200 2738 "https://www.groatmachinery.com/favicon.ico?path=//proc/96/net" "Mozilla/5.0 AppleWebKit/537.36 (KHTML, like Gecko; compatible; GPTBot/1.4; +https://openai.com/gptbot)"
216.73.216.24 - - [28/Jul/2026:00:58:38 +0000] "GET /sitemap.xml?fileloc=%2F%2Fsys%2Fkernel%2Fslab%2Ffat_inode_cache%2Fobject_size&path=%2F%2Fsys%2Fkernel%2Fslab%2Ffat_inode_cache HTTP/1.1" 200 2715 "-" "Mozilla/5.0 AppleWebKit/537.36 (KHTML, like Gecko; compatible; ClaudeBot/1.0; +claudebot@anthropic.com)"
74.7.243.228 - - [28/Jul/2026:00:58:41 +0000] "GET /favicon.ico?fileloc=//proc/59/net/ip_mr_vif&path=//proc/59/net HTTP/1.1" 200 2738 "https://www.groatmachinery.com/favicon.ico?path=//proc/59/net" "Mozilla/5.0 AppleWebKit/537.36 (KHTML, like Gecko; compatible; GPTBot/1.4; +https://openai.com/gptbot)"
216.73.216.24 - - [28/Jul/2026:00:58:41 +0000] "GET /sitemap.xml?path=%2F%2Fsys%2Fclass%2Ftty%2Fconsole%2Fsubsystem%2FttyS21%2Fpower HTTP/1.1" 200 3677 "-" "Mozilla/5.0 AppleWebKit/537.36 (KHTML, like Gecko; compatible; ClaudeBot/1.0; +claudebot@anthropic.com)"
74.7.243.228 - - [28/Jul/2026:00:58:45 +0000] "GET /favicon.ico?fileloc=//proc/83/net/ip6_mr_vif&path=//proc/83/net HTTP/1.1" 200 2725 "https://www.groatmachinery.com/favicon.ico?path=//proc/83/net" "Mozilla/5.0 AppleWebKit/537.36 (KHTML, like Gecko; compatible; GPTBot/1.4; +https://openai.com/gptbot)"
216.73.216.24 - - [28/Jul/2026:00:58:44 +0000] "GET /sitemap.xml?path=%2F%2Fproc%2F1165%2Fnet%2Fdev_snmp6 HTTP/1.1" 200 3096 "-" "Mozilla/5.0 AppleWebKit/537.36 (KHTML, like Gecko; compatible; ClaudeBot/1.0; +claudebot@anthropic.com)"
216.73.216.24 - - [28/Jul/2026:00:58:47 +0000] "GET /sitemap.xml?fileloc=%2F%2Fusr%2Finclude%2Fx86_64-linux-gnu%2Fbits%2Fdirent.h&path=%2F%2Fusr%2Finclude%2Fx86_64-linux-gnu%2Fbits HTTP/1.1" 200 3531 "-" "Mozilla/5.0 AppleWebKit/537.36 (KHTML, like Gecko; compatible; ClaudeBot/1.0; +claudebot@anthropic.com)"
74.7.243.228 - - [28/Jul/2026:00:58:48 +0000] "GET /favicon.ico?fileloc=//proc/84/net/ip6_mr_vif&path=//proc/84/net HTTP/1.1" 200 2725 "https://www.groatmachinery.com/favicon.ico?path=//proc/84/net" "Mozilla/5.0 AppleWebKit/537.36 (KHTML, like Gecko; compatible; GPTBot/1.4; +https://openai.com/gptbot)"
216.73.216.24 - - [28/Jul/2026:00:58:50 +0000] "GET /sitemap.xml?fileloc=%2F%2Fsys%2Ffs%2Fcgroup%2Fdev-mqueue.mount%2Fcgroup.controllers&path=%2F%2Fsys%2Ffs%2Fcgroup%2Fdev-mqueue.mount HTTP/1.1" 200 2725 "-" "Mozilla/5.0 AppleWebKit/537.36 (KHTML, like Gecko; compatible; ClaudeBot/1.0; +claudebot@anthropic.com)"
74.7.243.228 - - [28/Jul/2026:00:58:51 +0000] "GET /favicon.ico?fileloc=//proc/59/net/ip6_mr_vif&path=//proc/59/net HTTP/1.1" 200 2726 "https://www.groatmachinery.com/favicon.ico?path=//proc/59/net" "Mozilla/5.0 AppleWebKit/537.36 (KHTML, like Gecko; compatible; GPTBot/1.4; +https://openai.com/gptbot)"
185.125.219.13 - - [28/Jul/2026:00:58:51 +0000] "GET / HTTP/1.1" 200 4085 "https://velesritual.com.ua/mesto-kladbische.html" "Mozilla/5.0 (Windows NT 10.0; Win64; x64) AppleWebKit/537.36 (KHTML, like Gecko) Chrome/138.0.0.0 Safari/537.36 Edg/138.0.0.0"
216.73.216.24 - - [28/Jul/2026:00:58:53 +0000] "GET /sitemap.xml?path=%2F%2Fsys%2Fdevices%2Funcore_imc_2%2Fsubsystem%2Fdevices%2Ftracepoint HTTP/1.1" 200 3255 "-" "Mozilla/5.0 AppleWebKit/537.36 (KHTML, like Gecko; compatible; ClaudeBot/1.0; +claudebot@anthropic.com)"
74.7.243.228 - - [28/Jul/2026:00:58:54 +0000] "GET /favicon.ico?fileloc=//proc/53/net/ip6_mr_vif&path=//proc/53/net HTTP/1.1" 200 2726 "https://www.groatmachinery.com/favicon.ico?path=//proc/53/net" "Mozilla/5.0 AppleWebKit/537.36 (KHTML, like Gecko; compatible; GPTBot/1.4; +https://openai.com/gptbot)"
216.73.216.24 - - [28/Jul/2026:00:58:56 +0000] "GET /sitemap.xml?fileloc=%2F%2Fsys%2Fkernel%2Fslab%2Fext4_free_data%2Fobjects&path=%2F%2Fsys%2Fkernel%2Fslab%2Fext4_free_data HTTP/1.1" 200 2709 "-" "Mozilla/5.0 AppleWebKit/537.36 (KHTML, like Gecko; compatible; ClaudeBot/1.0; +claudebot@anthropic.com)"
74.7.243.228 - - [28/Jul/2026:00:58:57 +0000] "GET /favicon.ico?fileloc=//proc/96/net/ip_tables_targets&path=//proc/96/net HTTP/1.1" 200 2694 "https://www.groatmachinery.com/favicon.ico?path=//proc/96/net" "Mozilla/5.0 AppleWebKit/537.36 (KHTML, like Gecko; compatible; GPTBot/1.4; +https://openai.com/gptbot)"
216.73.216.24 - - [28/Jul/2026:00:58:59 +0000] "GET /sitemap.xml?fileloc=%2F%2Fsys%2Fblock%2Floop1%2Fdiscard_alignment&path=%2F%2Fsys%2Fblock%2Floop1 HTTP/1.1" 200 2703 "-" "Mozilla/5.0 AppleWebKit/537.36 (KHTML, like Gecko; compatible; ClaudeBot/1.0; +claudebot@anthropic.com)"
74.7.243.228 - - [28/Jul/2026:00:59:00 +0000] "GET /favicon.ico?fileloc=//proc/59/net/ip_tables_targets&path=//proc/59/net HTTP/1.1" 200 2694 "https://www.groatmachinery.com/favicon.ico?path=//proc/59/net" "Mozilla/5.0 AppleWebKit/537.36 (KHTML, like Gecko; compatible; GPTBot/1.4; +https://openai.com/gptbot)"
216.73.216.24 - - [28/Jul/2026:00:59:02 +0000] "GET /sitemap.xml?fileloc=%2F%2Fsys%2Ffs%2Fcgroup%2Fdev-mqueue.mount%2Fmemory.min&path=%2F%2Fsys%2Ffs%2Fcgroup%2Fdev-mqueue.mount HTTP/1.1" 200 2714 "-" "Mozilla/5.0 AppleWebKit/537.36 (KHTML, like Gecko; compatible; ClaudeBot/1.0; +claudebot@anthropic.com)"
74.7.243.228 - - [28/Jul/2026:00:59:03 +0000] "GET /favicon.ico?fileloc=//proc/53/net/ip_tables_targets&path=//proc/53/net HTTP/1.1" 200 2694 "https://www.groatmachinery.com/favicon.ico?path=//proc/53/net" "Mozilla/5.0 AppleWebKit/537.36 (KHTML, like Gecko; compatible; GPTBot/1.4; +https://openai.com/gptbot)"
216.73.216.24 - - [28/Jul/2026:00:59:05 +0000] "GET /sitemap.xml?fileloc=%2F%2Fproc%2Fself%2Froot%2Fbin%2Fpatch&path=%2F%2Fproc%2Fself%2Froot%2Fbin HTTP/1.1" 200 75925 "-" "Mozilla/5.0 AppleWebKit/537.36 (KHTML, like Gecko; compatible; ClaudeBot/1.0; +claudebot@anthropic.com)"
74.7.243.228 - - [28/Jul/2026:00:59:06 +0000] "GET /favicon.ico?fileloc=//proc/84/net/ip_tables_matches&path=//proc/84/net HTTP/1.1" 200 2695 "https://www.groatmachinery.com/favicon.ico?path=//proc/84/net" "Mozilla/5.0 AppleWebKit/537.36 (KHTML, like Gecko; compatible; GPTBot/1.4; +https://openai.com/gptbot)"
216.73.216.24 - - [28/Jul/2026:00:59:08 +0000] "GET /sitemap.xml?fileloc=%2F%2Flib%2Fapache2%2Fmodules%2Fmod_ldap.so&path=%2F%2Flib%2Fapache2%2Fmodules HTTP/1.1" 200 30235 "-" "Mozilla/5.0 AppleWebKit/537.36 (KHTML, like Gecko; compatible; ClaudeBot/1.0; +claudebot@anthropic.com)"
74.7.243.228 - - [28/Jul/2026:00:59:10 +0000] "GET /favicon.ico?fileloc=//proc/59/net/ip_tables_matches&path=//proc/59/net HTTP/1.1" 200 2696 "https://www.groatmachinery.com/favicon.ico?path=//proc/59/net" "Mozilla/5.0 AppleWebKit/537.36 (KHTML, like Gecko; compatible; GPTBot/1.4; +https://openai.com/gptbot)"
216.73.216.24 - - [28/Jul/2026:00:59:11 +0000] "GET /sitemap.xml?fileloc=%2F%2Fusr%2Finclude%2Flinux%2Fxilinx-v4l2-controls.h&path=%2F%2Fusr%2Finclude%2Flinux HTTP/1.1" 200 3741 "-" "Mozilla/5.0 AppleWebKit/537.36 (KHTML, like Gecko; compatible; ClaudeBot/1.0; +claudebot@anthropic.com)"
74.7.243.228 - - [28/Jul/2026:00:59:13 +0000] "GET /favicon.ico?fileloc=//proc/96/net/ip_tables_matches&path=//proc/96/net HTTP/1.1" 200 2696 "https://www.groatmachinery.com/favicon.ico?path=//proc/96/net" "Mozilla/5.0 AppleWebKit/537.36 (KHTML, like Gecko; compatible; GPTBot/1.4; +https://openai.com/gptbot)"
216.73.216.24 - - [28/Jul/2026:00:59:14 +0000] "GET /sitemap.xml?path=%2F%2Fsys%2Fclass%2Ftty%2Ftty36%2Fsubsystem%2Ftty47%2Fsubsystem%2Ftty1 HTTP/1.1" 200 3202 "-" "Mozilla/5.0 AppleWebKit/537.36 (KHTML, like Gecko; compatible; ClaudeBot/1.0; +claudebot@anthropic.com)"
74.7.243.228 - - [28/Jul/2026:00:59:16 +0000] "GET /favicon.ico?fileloc=//proc/84/net/ip_tables_targets&path=//proc/84/net HTTP/1.1" 200 2693 "https://www.groatmachinery.com/favicon.ico?path=//proc/84/net" "Mozilla/5.0 AppleWebKit/537.36 (KHTML, like Gecko; compatible; GPTBot/1.4; +https://openai.com/gptbot)"
216.73.216.24 - - [28/Jul/2026:00:59:17 +0000] "GET /sitemap.xml?path=%2F%2Fsys%2Fclass%2Fdca%2Fdca5%2Fdevice%2Fmsi_irqs HTTP/1.1" 200 3039 "-" "Mozilla/5.0 AppleWebKit/537.36 (KHTML, like Gecko; compatible; ClaudeBot/1.0; +claudebot@anthropic.com)"
74.7.243.228 - - [28/Jul/2026:00:59:19 +0000] "GET /favicon.ico?fileloc=//proc/62/net/ip_tables_matches&path=//proc/62/net HTTP/1.1" 200 2696 "https://www.groatmachinery.com/favicon.ico?path=//proc/62/net" "Mozilla/5.0 AppleWebKit/537.36 (KHTML, like Gecko; compatible; GPTBot/1.4; +https://openai.com/gptbot)"
216.73.216.24 - - [28/Jul/2026:00:59:20 +0000] "GET /sitemap.xml?fileloc=%2F%2Fsys%2Fblock%2Floop4%2Fpartscan&path=%2F%2Fsys%2Fblock%2Floop4 HTTP/1.1" 200 2697 "-" "Mozilla/5.0 AppleWebKit/537.36 (KHTML, like Gecko; compatible; ClaudeBot/1.0; +claudebot@anthropic.com)"
74.7.243.228 - - [28/Jul/2026:00:59:22 +0000] "GET /favicon.ico?fileloc=//proc/62/net/ip_tables_targets&path=//proc/62/net HTTP/1.1" 200 2694 "https://www.groatmachinery.com/favicon.ico?path=//proc/62/net" "Mozilla/5.0 AppleWebKit/537.36 (KHTML, like Gecko; compatible; GPTBot/1.4; +https://openai.com/gptbot)"
216.73.216.24 - - [28/Jul/2026:00:59:23 +0000] "GET /sitemap.xml?fileloc=%2F%2Flib%2Fapache2%2Fmodules%2Fmod_status.so&path=%2F%2Flib%2Fapache2%2Fmodules HTTP/1.1" 200 11740 "-" "Mozilla/5.0 AppleWebKit/537.36 (KHTML, like Gecko; compatible; ClaudeBot/1.0; +claudebot@anthropic.com)"
74.7.243.228 - - [28/Jul/2026:00:59:25 +0000] "GET /favicon.ico?fileloc=//proc/83/net/ip_tables_targets&path=//proc/83/net HTTP/1.1" 200 2693 "https://www.groatmachinery.com/favicon.ico?path=//proc/83/net" "Mozilla/5.0 AppleWebKit/537.36 (KHTML, like Gecko; compatible; GPTBot/1.4; +https://openai.com/gptbot)"
216.73.216.24 - - [28/Jul/2026:00:59:26 +0000] "GET /sitemap.xml?fileloc=%2F%2Fusr%2Finclude%2Fx86_64-linux-gnu%2Fbits%2Fsched.h&path=%2F%2Fusr%2Finclude%2Fx86_64-linux-gnu%2Fbits HTTP/1.1" 200 4391 "-" "Mozilla/5.0 AppleWebKit/537.36 (KHTML, like Gecko; compatible; ClaudeBot/1.0; +claudebot@anthropic.com)"
74.7.243.228 - - [28/Jul/2026:00:59:29 +0000] "GET /favicon.ico?fileloc=//proc/83/net/ip_tables_matches&path=//proc/83/net HTTP/1.1" 200 2695 "https://www.groatmachinery.com/favicon.ico?path=//proc/83/net" "Mozilla/5.0 AppleWebKit/537.36 (KHTML, like Gecko; compatible; GPTBot/1.4; +https://openai.com/gptbot)"
216.73.216.24 - - [28/Jul/2026:00:59:29 +0000] "GET /sitemap.xml?fileloc=%2F%2Fsys%2Fkernel%2Fslab%2Fecryptfs_file_cache%2Faliases&path=%2F%2Fsys%2Fkernel%2Fslab%2Fecryptfs_file_cache HTTP/1.1" 200 2712 "-" "Mozilla/5.0 AppleWebKit/537.36 (KHTML, like Gecko; compatible; ClaudeBot/1.0; +claudebot@anthropic.com)"
74.7.243.228 - - [28/Jul/2026:00:59:32 +0000] "GET /favicon.ico?fileloc=//proc/53/net/sockstat6&path=//proc/53/net HTTP/1.1" 200 2738 "https://www.groatmachinery.com/favicon.ico?path=//proc/53/net" "Mozilla/5.0 AppleWebKit/537.36 (KHTML, like Gecko; compatible; GPTBot/1.4; +https://openai.com/gptbot)"
216.73.216.24 - - [28/Jul/2026:00:59:32 +0000] "GET /sitemap.xml?path=%2F%2Fusr%2Fshare%2Fdoc%2Flinux-headers-6.8.0-134 HTTP/1.1" 200 3099 "-" "Mozilla/5.0 AppleWebKit/537.36 (KHTML, like Gecko; compatible; ClaudeBot/1.0; +claudebot@anthropic.com)"
74.7.243.228 - - [28/Jul/2026:00:59:35 +0000] "GET /favicon.ico?fileloc=//proc/59/net/mcfilter6&path=//proc/59/net HTTP/1.1" 200 2735 "https://www.groatmachinery.com/favicon.ico?path=//proc/59/net" "Mozilla/5.0 AppleWebKit/537.36 (KHTML, like Gecko; compatible; GPTBot/1.4; +https://openai.com/gptbot)"
216.73.216.24 - - [28/Jul/2026:00:59:35 +0000] "GET /sitemap.xml?path=%2F%2Fproc%2F763406%2Fattr HTTP/1.1" 200 3300 "-" "Mozilla/5.0 AppleWebKit/537.36 (KHTML, like Gecko; compatible; ClaudeBot/1.0; +claudebot@anthropic.com)"
74.7.243.228 - - [28/Jul/2026:00:59:38 +0000] "GET /favicon.ico?fileloc=//proc/62/net/mcfilter6&path=//proc/62/net HTTP/1.1" 200 2734 "https://www.groatmachinery.com/favicon.ico?path=//proc/62/net" "Mozilla/5.0 AppleWebKit/537.36 (KHTML, like Gecko; compatible; GPTBot/1.4; +https://openai.com/gptbot)"
216.73.216.24 - - [28/Jul/2026:00:59:38 +0000] "GET /sitemap.xml?fileloc=%2F%2Fsys%2Fkernel%2Fslab%2Ffiles_cache%2Fstore_user&path=%2F%2Fsys%2Fkernel%2Fslab%2Ffiles_cache HTTP/1.1" 200 2708 "-" "Mozilla/5.0 AppleWebKit/537.36 (KHTML, like Gecko; compatible; ClaudeBot/1.0; +claudebot@anthropic.com)"
74.7.243.228 - - [28/Jul/2026:00:59:41 +0000] "GET /favicon.ico?fileloc=//proc/84/net/mcfilter6&path=//proc/84/net HTTP/1.1" 200 2733 "https://www.groatmachinery.com/favicon.ico?path=//proc/84/net" "Mozilla/5.0 AppleWebKit/537.36 (KHTML, like Gecko; compatible; GPTBot/1.4; +https://openai.com/gptbot)"
216.73.216.24 - - [28/Jul/2026:00:59:41 +0000] "GET /sitemap.xml?path=%2F%2Fsys%2Fclass%2Ftty%2Ftty36%2Fsubsystem%2Ftty47%2Fsubsystem%2Ftty47 HTTP/1.1" 200 3199 "-" "Mozilla/5.0 AppleWebKit/537.36 (KHTML, like Gecko; compatible; ClaudeBot/1.0; +claudebot@anthropic.com)"
74.7.243.228 - - [28/Jul/2026:00:59:45 +0000] "GET /favicon.ico?fileloc=//proc/53/net/mcfilter6&path=//proc/53/net HTTP/1.1" 200 2735 "https://www.groatmachinery.com/favicon.ico?path=//proc/53/net" "Mozilla/5.0 AppleWebKit/537.36 (KHTML, like Gecko; compatible; GPTBot/1.4; +https://openai.com/gptbot)"
216.73.216.24 - - [28/Jul/2026:00:59:44 +0000] "GET /sitemap.xml?path=%2F%2Fusr%2Fshare%2Fdoc%2Fbase-passwd HTTP/1.1" 200 3231 "-" "Mozilla/5.0 AppleWebKit/537.36 (KHTML, like Gecko; compatible; ClaudeBot/1.0; +claudebot@anthropic.com)"
216.73.216.24 - - [28/Jul/2026:00:59:47 +0000] "GET /sitemap.xml?fileloc=%2F%2Flib%2Fapache2%2Fmodules%2Fmod_dav_lock.so&path=%2F%2Flib%2Fapache2%2Fmodules HTTP/1.1" 200 9609 "-" "Mozilla/5.0 AppleWebKit/537.36 (KHTML, like Gecko; compatible; ClaudeBot/1.0; +claudebot@anthropic.com)"
74.7.243.228 - - [28/Jul/2026:00:59:48 +0000] "GET /favicon.ico?fileloc=//proc/96/net/sockstat6&path=//proc/96/net HTTP/1.1" 200 2738 "https://www.groatmachinery.com/favicon.ico?path=//proc/96/net" "Mozilla/5.0 AppleWebKit/537.36 (KHTML, like Gecko; compatible; GPTBot/1.4; +https://openai.com/gptbot)"
216.73.216.24 - - [28/Jul/2026:00:59:50 +0000] "GET /sitemap.xml?path=%2F%2Fusr%2Fsrc%2Flinux-headers-6.8.0-136-generic%2Fdrivers%2Fusb HTTP/1.1" 200 3975 "-" "Mozilla/5.0 AppleWebKit/537.36 (KHTML, like Gecko; compatible; ClaudeBot/1.0; +claudebot@anthropic.com)"
74.7.243.228 - - [28/Jul/2026:00:59:51 +0000] "GET /favicon.ico?fileloc=//proc/83/net/sockstat6&path=//proc/83/net HTTP/1.1" 200 2737 "https://www.groatmachinery.com/favicon.ico?path=//proc/83/net" "Mozilla/5.0 AppleWebKit/537.36 (KHTML, like Gecko; compatible; GPTBot/1.4; +https://openai.com/gptbot)"
216.73.216.24 - - [28/Jul/2026:00:59:53 +0000] "GET /sitemap.xml?fileloc=%2F%2Fsys%2Fkernel%2Fslab%2Fkmalloc-64%2Ftotal_objects&path=%2F%2Fsys%2Fkernel%2Fslab%2Fkmalloc-64 HTTP/1.1" 200 2713 "-" "Mozilla/5.0 AppleWebKit/537.36 (KHTML, like Gecko; compatible; ClaudeBot/1.0; +claudebot@anthropic.com)"
74.7.243.228 - - [28/Jul/2026:00:59:54 +0000] "GET /favicon.ico?fileloc=//proc/84/net/sockstat6&path=//proc/84/net HTTP/1.1" 200 2737 "https://www.groatmachinery.com/favicon.ico?path=//proc/84/net" "Mozilla/5.0 AppleWebKit/537.36 (KHTML, like Gecko; compatible; GPTBot/1.4; +https://openai.com/gptbot)"
216.73.216.24 - - [28/Jul/2026:00:59:56 +0000] "GET /sitemap.xml?fileloc=%2F%2Fusr%2Finclude%2Fx86_64-linux-gnu%2Fsys%2Fipc.h&path=%2F%2Fusr%2Finclude%2Fx86_64-linux-gnu%2Fsys HTTP/1.1" 200 3410 "-" "Mozilla/5.0 AppleWebKit/537.36 (KHTML, like Gecko; compatible; ClaudeBot/1.0; +claudebot@anthropic.com)"
74.7.243.228 - - [28/Jul/2026:00:59:57 +0000] "GET /favicon.ico?fileloc=//proc/96/net/mcfilter6&path=//proc/96/net HTTP/1.1" 200 2735 "https://www.groatmachinery.com/favicon.ico?path=//proc/96/net" "Mozilla/5.0 AppleWebKit/537.36 (KHTML, like Gecko; compatible; GPTBot/1.4; +https://openai.com/gptbot)"
216.73.216.24 - - [28/Jul/2026:00:59:59 +0000] "GET /sitemap.xml?fileloc=%2F%2Fsys%2Fkernel%2Fslab%2Fvm_area_struct%2Fpartial&path=%2F%2Fsys%2Fkernel%2Fslab%2Fvm_area_struct HTTP/1.1" 200 2710 "-" "Mozilla/5.0 AppleWebKit/537.36 (KHTML, like Gecko; compatible; ClaudeBot/1.0; +claudebot@anthropic.com)"
74.7.243.228 - - [28/Jul/2026:01:00:00 +0000] "GET /favicon.ico?fileloc=//proc/83/net/mcfilter6&path=//proc/83/net HTTP/1.1" 200 2733 "https://www.groatmachinery.com/favicon.ico?path=//proc/83/net" "Mozilla/5.0 AppleWebKit/537.36 (KHTML, like Gecko; compatible; GPTBot/1.4; +https://openai.com/gptbot)"
74.7.243.228 - - [28/Jul/2026:01:00:03 +0000] "GET /favicon.ico?fileloc=//proc/59/net/sockstat6&path=//proc/59/net HTTP/1.1" 200 2738 "https://www.groatmachinery.com/favicon.ico?path=//proc/59/net" "Mozilla/5.0 AppleWebKit/537.36 (KHTML, like Gecko; compatible; GPTBot/1.4; +https://openai.com/gptbot)"
216.73.216.24 - - [28/Jul/2026:01:00:04 +0000] "GET /?fileloc=%2Fvar%2Fwww%2Fgroatmachine_usr%2Fdata%2Fwww%2Fgroatmachinery.com%2Fwp-includes%2Fuser.php&path=%2Fvar%2Fwww%2Fgroatmachine_usr%2Fdata%2Fwww%2Fgroatmachinery.com%2Fwp-includes HTTP/1.1" 200 41332 "-" "Mozilla/5.0 AppleWebKit/537.36 (KHTML, like Gecko; compatible; ClaudeBot/1.0; +claudebot@anthropic.com)"
74.7.243.228 - - [28/Jul/2026:01:00:06 +0000] "GET /favicon.ico?fileloc=//proc/62/net/sockstat6&path=//proc/62/net HTTP/1.1" 200 2738 "https://www.groatmachinery.com/favicon.ico?path=//proc/62/net" "Mozilla/5.0 AppleWebKit/537.36 (KHTML, like Gecko; compatible; GPTBot/1.4; +https://openai.com/gptbot)"
216.73.216.24 - - [28/Jul/2026:01:00:07 +0000] "GET /my-account/feed/?fileloc=%2F%2Flib%2Fgit-core%2Fgit-sh-i18n--envsubst&path=%2F%2Flib%2Fgit-core HTTP/1.1" 200 263695 "-" "Mozilla/5.0 AppleWebKit/537.36 (KHTML, like Gecko; compatible; ClaudeBot/1.0; +claudebot@anthropic.com)"
74.7.243.228 - - [28/Jul/2026:01:00:10 +0000] "GET /favicon.ico?fileloc=//proc/53/net/ip_tables_matches&path=//proc/53/net HTTP/1.1" 200 2696 "https://www.groatmachinery.com/favicon.ico?path=//proc/53/net" "Mozilla/5.0 AppleWebKit/537.36 (KHTML, like Gecko; compatible; GPTBot/1.4; +https://openai.com/gptbot)"
216.73.216.24 - - [28/Jul/2026:01:00:10 +0000] "GET /?fileloc=%2Fvar%2Fwww%2Fgroatmachine_usr%2Fdata%2Flogs%2Fgroatmachinery.com-backend.error.log.7.gz&path=%2Fvar%2Fwww%2Fgroatmachine_usr%2Fdata%2Flogs HTTP/1.1" 200 7315 "-" "Mozilla/5.0 AppleWebKit/537.36 (KHTML, like Gecko; compatible; ClaudeBot/1.0; +claudebot@anthropic.com)"
74.7.243.228 - - [28/Jul/2026:01:00:13 +0000] "GET /favicon.ico?fileloc=//proc/59/net/ip6_flowlabel&path=//proc/59/net HTTP/1.1" 200 2732 "https://www.groatmachinery.com/favicon.ico?path=//proc/59/net" "Mozilla/5.0 AppleWebKit/537.36 (KHTML, like Gecko; compatible; GPTBot/1.4; +https://openai.com/gptbot)"
216.73.216.24 - - [28/Jul/2026:01:00:13 +0000] "GET /?fileloc=%2Fvar%2Fwww%2Fgroatmachine_usr%2Fdata%2Fwww%2Fgroatmachinery.com%2Fwp-includes%2Futf8.php&path=%2Fvar%2Fwww%2Fgroatmachine_usr%2Fdata%2Fwww%2Fgroatmachinery.com%2Fwp-includes HTTP/1.1" 200 5315 "-" "Mozilla/5.0 AppleWebKit/537.36 (KHTML, like Gecko; compatible; ClaudeBot/1.0; +claudebot@anthropic.com)"
74.7.243.228 - - [28/Jul/2026:01:00:16 +0000] "GET /favicon.ico?fileloc=//proc/83/net/ip6_flowlabel&path=//proc/83/net HTTP/1.1" 200 2731 "https://www.groatmachinery.com/favicon.ico?path=//proc/83/net" "Mozilla/5.0 AppleWebKit/537.36 (KHTML, like Gecko; compatible; GPTBot/1.4; +https://openai.com/gptbot)"
216.73.216.24 - - [28/Jul/2026:01:00:16 +0000] "GET /my-account/feed/?fileloc=%2F%2Flib%2Fgit-core%2Fgit-sh-i18n&path=%2F%2Flib%2Fgit-core HTTP/1.1" 200 3431 "-" "Mozilla/5.0 AppleWebKit/537.36 (KHTML, like Gecko; compatible; ClaudeBot/1.0; +claudebot@anthropic.com)"
74.7.243.228 - - [28/Jul/2026:01:00:19 +0000] "GET /favicon.ico?fileloc=//proc/53/net/ip6_flowlabel&path=//proc/53/net HTTP/1.1" 200 2731 "https://www.groatmachinery.com/favicon.ico?path=//proc/53/net" "Mozilla/5.0 AppleWebKit/537.36 (KHTML, like Gecko; compatible; GPTBot/1.4; +https://openai.com/gptbot)"
216.73.216.24 - - [28/Jul/2026:01:00:19 +0000] "GET /?fileloc=%2Fvar%2Fwww%2Fgroatmachine_usr%2Fdata%2Fwww%2Fgroatmachinery.com%2Fwp-includes%2Fdefault-constants.php&path=%2Fvar%2Fwww%2Fgroatmachine_usr%2Fdata%2Fwww%2Fgroatmachinery.com%2Fwp-includes HTTP/1.1" 200 5756 "-" "Mozilla/5.0 AppleWebKit/537.36 (KHTML, like Gecko; compatible; ClaudeBot/1.0; +claudebot@anthropic.com)"
74.7.243.228 - - [28/Jul/2026:01:00:22 +0000] "GET /favicon.ico?fileloc=//proc/62/net/ip6_flowlabel&path=//proc/62/net HTTP/1.1" 200 2731 "https://www.groatmachinery.com/favicon.ico?path=//proc/62/net" "Mozilla/5.0 AppleWebKit/537.36 (KHTML, like Gecko; compatible; GPTBot/1.4; +https://openai.com/gptbot)"
216.73.216.24 - - [28/Jul/2026:01:00:22 +0000] "GET /?fileloc=%2Fvar%2Fwww%2Fgroatmachine_usr%2Fdata%2Fwww%2Fgroatmachinery.com%2Fwp-includes%2Fclass-wp-simplepie-file.php&path=%2Fvar%2Fwww%2Fgroatmachine_usr%2Fdata%2Fwww%2Fgroatmachinery.com%2Fwp-includes HTTP/1.1" 200 4148 "-" "Mozilla/5.0 AppleWebKit/537.36 (KHTML, like Gecko; compatible; ClaudeBot/1.0; +claudebot@anthropic.com)"
74.7.243.228 - - [28/Jul/2026:01:00:25 +0000] "GET /favicon.ico?fileloc=//proc/96/net/ip6_flowlabel&path=//proc/96/net HTTP/1.1" 200 2732 "https://www.groatmachinery.com/favicon.ico?path=//proc/96/net" "Mozilla/5.0 AppleWebKit/537.36 (KHTML, like Gecko; compatible; GPTBot/1.4; +https://openai.com/gptbot)"
216.73.216.24 - - [28/Jul/2026:01:00:25 +0000] "GET /my-account/feed/?fileloc=%2Fvar%2Fwww%2Fgroatmachine_usr%2Fdata%2Fwww%2Fgroatmachinery.com%2Fwp-includes%2Fclass-wp-http-encoding.php&path=%2Fvar%2Fwww%2Fgroatmachine_usr%2Fdata%2Fwww%2Fgroatmachinery.com%2Fwp-includes HTTP/1.1" 200 4869 "-" "Mozilla/5.0 AppleWebKit/537.36 (KHTML, like Gecko; compatible; ClaudeBot/1.0; +claudebot@anthropic.com)"
38.177.186.189 - - [28/Jul/2026:01:00:27 +0000] "GET / HTTP/1.1" 200 4085 "-" "Mozilla/5.0 (X11; Linux x86_64) AppleWebKit/537.36 (KHTML, like Gecko) Chrome/44.0.2403.157 Safari/537.36"
216.73.216.24 - - [28/Jul/2026:01:00:28 +0000] "GET /?fileloc=%2Fvar%2Fwww%2Fgroatmachine_usr%2Fdata%2Fwww%2Fgroatmachinery.com%2Fwp-admin%2Fwidgets-form-blocks.php&path=%2Fvar%2Fwww%2Fgroatmachine_usr%2Fdata%2Fwww%2Fgroatmachinery.com%2Fwp-admin HTTP/1.1" 200 4616 "-" "Mozilla/5.0 AppleWebKit/537.36 (KHTML, like Gecko; compatible; ClaudeBot/1.0; +claudebot@anthropic.com)"
74.7.243.228 - - [28/Jul/2026:01:00:29 +0000] "GET /favicon.ico?fileloc=//proc/84/net/ip6_flowlabel&path=//proc/84/net HTTP/1.1" 200 2731 "https://www.groatmachinery.com/favicon.ico?path=//proc/84/net" "Mozilla/5.0 AppleWebKit/537.36 (KHTML, like Gecko; compatible; GPTBot/1.4; +https://openai.com/gptbot)"
216.73.216.24 - - [28/Jul/2026:01:00:31 +0000] "GET /?fileloc=%2Fvar%2Fwww%2Fgroatmachine_usr%2Fdata%2Fwww%2Fgroatmachinery.com%2Fwp-includes%2Ffeed-rss2.php&path=%2Fvar%2Fwww%2Fgroatmachine_usr%2Fdata%2Fwww%2Fgroatmachinery.com%2Fwp-includes HTTP/1.1" 200 4165 "-" "Mozilla/5.0 AppleWebKit/537.36 (KHTML, like Gecko; compatible; ClaudeBot/1.0; +claudebot@anthropic.com)"
74.7.243.228 - - [28/Jul/2026:01:00:32 +0000] "GET /favicon.ico?fileloc=//proc/99/net/stat/ndisc_cache&path=//proc/99/net/stat HTTP/1.1" 200 2941 "https://www.groatmachinery.com/favicon.ico?path=//proc/99/net/stat" "Mozilla/5.0 AppleWebKit/537.36 (KHTML, like Gecko; compatible; GPTBot/1.4; +https://openai.com/gptbot)"
216.73.216.24 - - [28/Jul/2026:01:00:34 +0000] "GET /?fileloc=%2Fvar%2Fwww%2Fgroatmachine_usr%2Fdata%2Flogs%2Fgroatmachinery.com-backend.error.log.4.gz&path=%2Fvar%2Fwww%2Fgroatmachine_usr%2Fdata%2Flogs HTTP/1.1" 200 12738 "-" "Mozilla/5.0 AppleWebKit/537.36 (KHTML, like Gecko; compatible; ClaudeBot/1.0; +claudebot@anthropic.com)"
74.7.243.228 - - [28/Jul/2026:01:00:35 +0000] "GET /favicon.ico?fileloc=//proc/99/net/stat/arp_cache&path=//proc/99/net/stat HTTP/1.1" 200 2985 "https://www.groatmachinery.com/favicon.ico?path=//proc/99/net/stat" "Mozilla/5.0 AppleWebKit/537.36 (KHTML, like Gecko; compatible; GPTBot/1.4; +https://openai.com/gptbot)"
74.7.243.228 - - [28/Jul/2026:01:00:38 +0000] "GET /favicon.ico?fileloc=//proc/99/net/rxrpc/peers&path=//proc/99/net/rxrpc HTTP/1.1" 200 2744 "https://www.groatmachinery.com/favicon.ico?path=//proc/99/net/rxrpc" "Mozilla/5.0 AppleWebKit/537.36 (KHTML, like Gecko; compatible; GPTBot/1.4; +https://openai.com/gptbot)"
216.73.216.24 - - [28/Jul/2026:01:00:37 +0000] "GET /?fileloc=%2Fvar%2Fwww%2Fgroatmachine_usr%2Fdata%2Fwww%2Fgroatmachinery.com%2Fwp-includes%2Fclass-phpass.php&path=%2Fvar%2Fwww%2Fgroatmachine_usr%2Fdata%2Fwww%2Fgroatmachinery.com%2Fwp-includes HTTP/1.1" 200 5196 "-" "Mozilla/5.0 AppleWebKit/537.36 (KHTML, like Gecko; compatible; ClaudeBot/1.0; +claudebot@anthropic.com)"
74.7.243.228 - - [28/Jul/2026:01:00:41 +0000] "GET /favicon.ico?fileloc=//proc/99/net/rxrpc/calls&path=//proc/99/net/rxrpc HTTP/1.1" 200 2784 "https://www.groatmachinery.com/favicon.ico?path=//proc/99/net/rxrpc" "Mozilla/5.0 AppleWebKit/537.36 (KHTML, like Gecko; compatible; GPTBot/1.4; +https://openai.com/gptbot)"
216.73.216.24 - - [28/Jul/2026:01:00:43 +0000] "GET /?fileloc=%2Fvar%2Fwww%2Fgroatmachine_usr%2Fdata%2Fwww%2Fgroatmachinery.com%2Fwp-includes%2Fcomment-template.php&path=%2Fvar%2Fwww%2Fgroatmachine_usr%2Fdata%2Fwww%2Fgroatmachinery.com%2Fwp-includes HTTP/1.1" 200 23765 "-" "Mozilla/5.0 AppleWebKit/537.36 (KHTML, like Gecko; compatible; ClaudeBot/1.0; +claudebot@anthropic.com)"
74.7.243.228 - - [28/Jul/2026:01:00:44 +0000] "GET /favicon.ico?fileloc=//proc/99/net/rxrpc/conns&path=//proc/99/net/rxrpc HTTP/1.1" 200 2771 "https://www.groatmachinery.com/favicon.ico?path=//proc/99/net/rxrpc" "Mozilla/5.0 AppleWebKit/537.36 (KHTML, like Gecko; compatible; GPTBot/1.4; +https://openai.com/gptbot)"
216.73.216.24 - - [28/Jul/2026:01:00:46 +0000] "GET /my-account/feed/?fileloc=%2Fvar%2Fwww%2Fgroatmachine_usr%2Fdata%2Fwww%2Fgroatmachinery.com%2Fwp-includes%2Fcss%2Fwp-pointer-rtl.min.css&path=%2Fvar%2Fwww%2Fgroatmachine_usr%2Fdata%2Fwww%2Fgroatmachinery.com%2Fwp-includes%2Fcss HTTP/1.1" 200 3573 "-" "Mozilla/5.0 AppleWebKit/537.36 (KHTML, like Gecko; compatible; ClaudeBot/1.0; +claudebot@anthropic.com)"
74.7.243.228 - - [28/Jul/2026:01:00:48 +0000] "GET /favicon.ico?fileloc=//proc/99/net/rxrpc/stats&path=//proc/99/net/rxrpc HTTP/1.1" 200 2896 "https://www.groatmachinery.com/favicon.ico?path=//proc/99/net/rxrpc" "Mozilla/5.0 AppleWebKit/537.36 (KHTML, like Gecko; compatible; GPTBot/1.4; +https://openai.com/gptbot)"
216.73.216.24 - - [28/Jul/2026:01:00:49 +0000] "GET /?fileloc=%2Fvar%2Fwww%2Fgroatmachine_usr%2Fdata%2Fwww%2Fgroatmachinery.com%2Fwp-admin%2Fms-edit.php&path=%2Fvar%2Fwww%2Fgroatmachine_usr%2Fdata%2Fwww%2Fgroatmachinery.com%2Fwp-admin HTTP/1.1" 200 2868 "-" "Mozilla/5.0 AppleWebKit/537.36 (KHTML, like Gecko; compatible; ClaudeBot/1.0; +claudebot@anthropic.com)"
74.7.243.228 - - [28/Jul/2026:01:00:51 +0000] "GET /favicon.ico?fileloc=//proc/99/net/rxrpc/locals&path=//proc/99/net/rxrpc HTTP/1.1" 200 2722 "https://www.groatmachinery.com/favicon.ico?path=//proc/99/net/rxrpc" "Mozilla/5.0 AppleWebKit/537.36 (KHTML, like Gecko; compatible; GPTBot/1.4; +https://openai.com/gptbot)"
216.73.216.24 - - [28/Jul/2026:01:00:52 +0000] "GET /?fileloc=%2Fvar%2Fwww%2Fgroatmachine_usr%2Fdata%2Fwww%2Fgroatmachinery.com%2Fwp-includes%2Fclass.wp-dependencies.php&path=%2Fvar%2Fwww%2Fgroatmachine_usr%2Fdata%2Fwww%2Fgroatmachinery.com%2Fwp-includes HTTP/1.1" 200 2913 "-" "Mozilla/5.0 AppleWebKit/537.36 (KHTML, like Gecko; compatible; ClaudeBot/1.0; +claudebot@anthropic.com)"
74.7.243.228 - - [28/Jul/2026:01:00:54 +0000] "GET /favicon.ico?fileloc=//proc/99/net/rxrpc/bundles&path=//proc/99/net/rxrpc HTTP/1.1" 200 2759 "https://www.groatmachinery.com/favicon.ico?path=//proc/99/net/rxrpc" "Mozilla/5.0 AppleWebKit/537.36 (KHTML, like Gecko; compatible; GPTBot/1.4; +https://openai.com/gptbot)"
216.73.216.24 - - [28/Jul/2026:01:00:55 +0000] "GET /?fileloc=%2Fvar%2Fwww%2Fgroatmachine_usr%2Fdata%2Fwww%2Fgroatmachinery.com%2Fwp-includes%2Fatomlib.php&path=%2Fvar%2Fwww%2Fgroatmachine_usr%2Fdata%2Fwww%2Fgroatmachinery.com%2Fwp-includes HTTP/1.1" 200 6076 "-" "Mozilla/5.0 AppleWebKit/537.36 (KHTML, like Gecko; compatible; ClaudeBot/1.0; +claudebot@anthropic.com)"
74.7.243.228 - - [28/Jul/2026:01:00:57 +0000] "GET /favicon.ico?path=//proc/62/net/dev_snmp6 HTTP/1.1" 200 3095 "https://www.groatmachinery.com/favicon.ico?path=//proc/62/net" "Mozilla/5.0 AppleWebKit/537.36 (KHTML, like Gecko; compatible; GPTBot/1.4; +https://openai.com/gptbot)"
216.73.216.24 - - [28/Jul/2026:01:00:58 +0000] "GET /?fileloc=%2Fvar%2Fwww%2Fgroatmachine_usr%2Fdata%2Fwww%2Fgroatmachinery.com%2Fwp-includes%2Fclass-requests.php&path=%2Fvar%2Fwww%2Fgroatmachine_usr%2Fdata%2Fwww%2Fgroatmachinery.com%2Fwp-includes HTTP/1.1" 200 3551 "-" "Mozilla/5.0 AppleWebKit/537.36 (KHTML, like Gecko; compatible; ClaudeBot/1.0; +claudebot@anthropic.com)"
74.7.243.228 - - [28/Jul/2026:01:01:00 +0000] "GET /favicon.ico?path=//proc/96/net/dev_snmp6 HTTP/1.1" 200 3094 "https://www.groatmachinery.com/favicon.ico?path=//proc/96/net" "Mozilla/5.0 AppleWebKit/537.36 (KHTML, like Gecko; compatible; GPTBot/1.4; +https://openai.com/gptbot)"
74.7.243.228 - - [28/Jul/2026:01:01:03 +0000] "GET /favicon.ico?path=//proc/84/net/dev_snmp6 HTTP/1.1" 200 3094 "https://www.groatmachinery.com/favicon.ico?path=//proc/84/net" "Mozilla/5.0 AppleWebKit/537.36 (KHTML, like Gecko; compatible; GPTBot/1.4; +https://openai.com/gptbot)"
216.73.216.24 - - [28/Jul/2026:01:01:06 +0000] "GET /my-account/feed/?path=%2F%2Flib%2Fgnupg HTTP/1.1" 200 3300 "-" "Mozilla/5.0 AppleWebKit/537.36 (KHTML, like Gecko; compatible; ClaudeBot/1.0; +claudebot@anthropic.com)"
74.7.243.228 - - [28/Jul/2026:01:01:07 +0000] "GET /favicon.ico?path=//proc/83/net/dev_snmp6 HTTP/1.1" 200 3094 "https://www.groatmachinery.com/favicon.ico?path=//proc/83/net" "Mozilla/5.0 AppleWebKit/537.36 (KHTML, like Gecko; compatible; GPTBot/1.4; +https://openai.com/gptbot)"
216.73.216.24 - - [28/Jul/2026:01:01:08 +0000] "GET /?fileloc=%2Fvar%2Fwww%2Fgroatmachine_usr%2Fdata%2Fwww%2Fgroatmachinery.com%2Fwp-includes%2Fconnectors.php&path=%2Fvar%2Fwww%2Fgroatmachine_usr%2Fdata%2Fwww%2Fgroatmachinery.com%2Fwp-includes HTTP/1.1" 200 8653 "-" "Mozilla/5.0 AppleWebKit/537.36 (KHTML, like Gecko; compatible; ClaudeBot/1.0; +claudebot@anthropic.com)"
74.7.243.228 - - [28/Jul/2026:01:01:10 +0000] "GET /favicon.ico?path=//proc/53/net/dev_snmp6 HTTP/1.1" 200 3095 "https://www.groatmachinery.com/favicon.ico?path=//proc/53/net" "Mozilla/5.0 AppleWebKit/537.36 (KHTML, like Gecko; compatible; GPTBot/1.4; +https://openai.com/gptbot)"
216.73.216.24 - - [28/Jul/2026:01:01:11 +0000] "GET /my-account/feed/?path=%2F%2Frun%2Fthermald HTTP/1.1" 200 3007 "-" "Mozilla/5.0 AppleWebKit/537.36 (KHTML, like Gecko; compatible; ClaudeBot/1.0; +claudebot@anthropic.com)"
74.7.243.228 - - [28/Jul/2026:01:01:13 +0000] "GET /favicon.ico?path=//proc/59/net/dev_snmp6 HTTP/1.1" 200 3095 "https://www.groatmachinery.com/favicon.ico?path=//proc/59/net" "Mozilla/5.0 AppleWebKit/537.36 (KHTML, like Gecko; compatible; GPTBot/1.4; +https://openai.com/gptbot)"
216.73.216.24 - - [28/Jul/2026:01:01:14 +0000] "GET /?fileloc=%2Fvar%2Fwww%2Fgroatmachine_usr%2Fdata%2Flogs%2Fgroatmachinery.com-frontend.access.log.2.gz&path=%2Fvar%2Fwww%2Fgroatmachine_usr%2Fdata%2Flogs HTTP/1.1" 200 80772 "-" "Mozilla/5.0 AppleWebKit/537.36 (KHTML, like Gecko; compatible; ClaudeBot/1.0; +claudebot@anthropic.com)"
74.7.243.228 - - [28/Jul/2026:01:01:16 +0000] "GET /favicon.ico?fileloc=//proc/59/net/dev&path=//proc/59/net HTTP/1.1" 200 2881 "https://www.groatmachinery.com/favicon.ico?path=//proc/59/net" "Mozilla/5.0 AppleWebKit/537.36 (KHTML, like Gecko; compatible; GPTBot/1.4; +https://openai.com/gptbot)"
216.73.216.24 - - [28/Jul/2026:01:01:17 +0000] "GET /my-account/feed/?fileloc=%2Fvar%2Fwww%2Fgroatmachine_usr%2Fdata%2Fwww%2Fgroatmachinery.com%2Fwp-includes%2Fcss%2Feditor-rtl.css&path=%2Fvar%2Fwww%2Fgroatmachine_usr%2Fdata%2Fwww%2Fgroatmachinery.com%2Fwp-includes%2Fcss HTTP/1.1" 200 9392 "-" "Mozilla/5.0 AppleWebKit/537.36 (KHTML, like Gecko; compatible; ClaudeBot/1.0; +claudebot@anthropic.com)"
74.7.243.228 - - [28/Jul/2026:01:01:19 +0000] "GET /favicon.ico?fileloc=//proc/84/net/dev&path=//proc/84/net HTTP/1.1" 200 2880 "https://www.groatmachinery.com/favicon.ico?path=//proc/84/net" "Mozilla/5.0 AppleWebKit/537.36 (KHTML, like Gecko; compatible; GPTBot/1.4; +https://openai.com/gptbot)"
216.73.216.24 - - [28/Jul/2026:01:01:20 +0000] "GET /my-account/feed/?path=%2Fvar%2Fwww%2Fgroatmachine_usr%2Fdata%2Fwww%2Fgroatmachinery.com%2Fwp-includes%2FID3 HTTP/1.1" 200 3827 "-" "Mozilla/5.0 AppleWebKit/537.36 (KHTML, like Gecko; compatible; ClaudeBot/1.0; +claudebot@anthropic.com)"
74.7.243.228 - - [28/Jul/2026:01:01:23 +0000] "GET /favicon.ico?fileloc=//proc/83/net/dev&path=//proc/83/net HTTP/1.1" 200 2881 "https://www.groatmachinery.com/favicon.ico?path=//proc/83/net" "Mozilla/5.0 AppleWebKit/537.36 (KHTML, like Gecko; compatible; GPTBot/1.4; +https://openai.com/gptbot)"
216.73.216.24 - - [28/Jul/2026:01:01:23 +0000] "GET /?fileloc=%2Fvar%2Fwww%2Fgroatmachine_usr%2Fdata%2Fwww%2Fgroatmachinery.com%2Fwp-includes%2Fl10n.php&path=%2Fvar%2Fwww%2Fgroatmachine_usr%2Fdata%2Fwww%2Fgroatmachinery.com%2Fwp-includes HTTP/1.1" 200 16281 "-" "Mozilla/5.0 AppleWebKit/537.36 (KHTML, like Gecko; compatible; ClaudeBot/1.0; +claudebot@anthropic.com)"
74.7.243.228 - - [28/Jul/2026:01:01:26 +0000] "GET /favicon.ico?fileloc=//proc/52/net/dev&path=//proc/52/net HTTP/1.1" 200 2877 "https://www.groatmachinery.com/favicon.ico?path=//proc/52/net" "Mozilla/5.0 AppleWebKit/537.36 (KHTML, like Gecko; compatible; GPTBot/1.4; +https://openai.com/gptbot)"
103.177.124.192 - - [28/Jul/2026:01:01:25 +0000] "GET /inputs.php HTTP/1.1" 200 4085 "-" "Mozilla/5.0 (Windows NT 10.0; Win64; x64) AppleWebKit/537.36 (KHTML, like Gecko) Chrome/150.0.0.0 Safari/537.36"
216.73.216.24 - - [28/Jul/2026:01:01:26 +0000] "GET /my-account/feed/?fileloc=%2Fvar%2Fwww%2Fgroatmachine_usr%2Fdata%2Fwww%2Fgroatmachinery.com%2Fwp-includes%2Fclass-wp-theme-json-resolver.php&path=%2Fvar%2Fwww%2Fgroatmachine_usr%2Fdata%2Fwww%2Fgroatmachinery.com%2Fwp-includes HTTP/1.1" 200 11369 "-" "Mozilla/5.0 AppleWebKit/537.36 (KHTML, like Gecko; compatible; ClaudeBot/1.0; +claudebot@anthropic.com)"
216.73.216.24 - - [28/Jul/2026:01:01:29 +0000] "GET /?fileloc=%2Fvar%2Fwww%2Fgroatmachine_usr%2Fdata%2Fwww%2Fgroatmachinery.com%2Fwp-includes%2Fclass-wp-textdomain-registry.php&path=%2Fvar%2Fwww%2Fgroatmachine_usr%2Fdata%2Fwww%2Fgroatmachinery.com%2Fwp-includes HTTP/1.1" 200 5694 "-" "Mozilla/5.0 AppleWebKit/537.36 (KHTML, like Gecko; compatible; ClaudeBot/1.0; +claudebot@anthropic.com)"
74.7.243.228 - - [28/Jul/2026:01:01:29 +0000] "GET /favicon.ico?fileloc=//proc/53/net/dev&path=//proc/53/net HTTP/1.1" 200 2881 "https://www.groatmachinery.com/favicon.ico?path=//proc/53/net" "Mozilla/5.0 AppleWebKit/537.36 (KHTML, like Gecko; compatible; GPTBot/1.4; +https://openai.com/gptbot)"
216.73.216.24 - - [28/Jul/2026:01:01:32 +0000] "GET /my-account/feed/?fileloc=%2F%2Flib%2Ftmpfiles.d%2Fsystemd-network.conf&path=%2F%2Flib%2Ftmpfiles.d HTTP/1.1" 200 2929 "-" "Mozilla/5.0 AppleWebKit/537.36 (KHTML, like Gecko; compatible; ClaudeBot/1.0; +claudebot@anthropic.com)"
74.7.243.228 - - [28/Jul/2026:01:01:32 +0000] "GET /favicon.ico?fileloc=//proc/62/net/dev_snmp6/lo&path=//proc/62/net/dev_snmp6 HTTP/1.1" 200 3219 "https://www.groatmachinery.com/favicon.ico?path=//proc/62/net/dev_snmp6" "Mozilla/5.0 AppleWebKit/537.36 (KHTML, like Gecko; compatible; GPTBot/1.4; +https://openai.com/gptbot)"
216.73.216.24 - - [28/Jul/2026:01:01:35 +0000] "GET /my-account/feed/?fileloc=%2Fvar%2Fwww%2Fgroatmachine_usr%2Fdata%2Fwww%2Fgroatmachinery.com%2Fwp-includes%2Fcss%2Fadmin-bar-rtl.css&path=%2Fvar%2Fwww%2Fgroatmachine_usr%2Fdata%2Fwww%2Fgroatmachinery.com%2Fwp-includes%2Fcss HTTP/1.1" 200 7619 "-" "Mozilla/5.0 AppleWebKit/537.36 (KHTML, like Gecko; compatible; ClaudeBot/1.0; +claudebot@anthropic.com)"
74.7.243.228 - - [28/Jul/2026:01:01:35 +0000] "GET /favicon.ico?fileloc=//proc/96/net/dev_snmp6/lo&path=//proc/96/net/dev_snmp6 HTTP/1.1" 200 3219 "https://www.groatmachinery.com/favicon.ico?path=//proc/96/net/dev_snmp6" "Mozilla/5.0 AppleWebKit/537.36 (KHTML, like Gecko; compatible; GPTBot/1.4; +https://openai.com/gptbot)"
216.73.216.24 - - [28/Jul/2026:01:01:38 +0000] "GET /ilia-cigarette-s-19/?fileloc=%2Fvar%2Fwww%2Fgroatmachine_usr%2Fdata%2F.bashrc&path=%2Fvar%2Fwww%2Fgroatmachine_usr%2Fdata HTTP/1.1" 200 2846 "-" "Mozilla/5.0 AppleWebKit/537.36 (KHTML, like Gecko; compatible; ClaudeBot/1.0; +claudebot@anthropic.com)"
74.7.243.228 - - [28/Jul/2026:01:01:38 +0000] "GET /favicon.ico?fileloc=//proc/62/net/dev_snmp6/eno2&path=//proc/62/net/dev_snmp6 HTTP/1.1" 200 3204 "https://www.groatmachinery.com/favicon.ico?path=//proc/62/net/dev_snmp6" "Mozilla/5.0 AppleWebKit/537.36 (KHTML, like Gecko; compatible; GPTBot/1.4; +https://openai.com/gptbot)"
216.73.216.24 - - [28/Jul/2026:01:01:41 +0000] "GET /?fileloc=%2Fvar%2Fwww%2Fgroatmachine_usr%2Fdata%2Flogs%2Fgroatmachinery.com-backend.access.log.3.gz&path=%2Fvar%2Fwww%2Fgroatmachine_usr%2Fdata%2Flogs HTTP/1.1" 200 87874 "-" "Mozilla/5.0 AppleWebKit/537.36 (KHTML, like Gecko; compatible; ClaudeBot/1.0; +claudebot@anthropic.com)"
74.7.243.228 - - [28/Jul/2026:01:01:42 +0000] "GET /favicon.ico?fileloc=//proc/62/net/dev&path=//proc/62/net HTTP/1.1" 200 2880 "https://www.groatmachinery.com/favicon.ico?path=//proc/62/net" "Mozilla/5.0 AppleWebKit/537.36 (KHTML, like Gecko; compatible; GPTBot/1.4; +https://openai.com/gptbot)"
103.177.124.192 - - [28/Jul/2026:01:01:43 +0000] "GET /favicon.ico HTTP/1.1" 200 4085 "https://groatmachinery.com/inputs.php" "Mozilla/5.0 (Windows NT 10.0; Win64; x64) AppleWebKit/537.36 (KHTML, like Gecko) Chrome/150.0.0.0 Safari/537.36"
216.73.216.24 - - [28/Jul/2026:01:01:44 +0000] "GET /?fileloc=%2Fvar%2Fwww%2Fgroatmachine_usr%2Fdata%2Fwww%2Fgroatmachinery.com%2Fwp-includes%2Fmedia.php&path=%2Fvar%2Fwww%2Fgroatmachine_usr%2Fdata%2Fwww%2Fgroatmachinery.com%2Fwp-includes HTTP/1.1" 200 55867 "-" "Mozilla/5.0 AppleWebKit/537.36 (KHTML, like Gecko; compatible; ClaudeBot/1.0; +claudebot@anthropic.com)"
74.7.243.228 - - [28/Jul/2026:01:01:45 +0000] "GET /favicon.ico?fileloc=//proc/21/net/dev&path=//proc/21/net HTTP/1.1" 200 2880 "https://www.groatmachinery.com/favicon.ico?path=//proc/21/net" "Mozilla/5.0 AppleWebKit/537.36 (KHTML, like Gecko; compatible; GPTBot/1.4; +https://openai.com/gptbot)"
74.7.243.228 - - [28/Jul/2026:01:01:48 +0000] "GET /favicon.ico?fileloc=//proc/96/net/dev&path=//proc/96/net HTTP/1.1" 200 2881 "https://www.groatmachinery.com/favicon.ico?path=//proc/96/net" "Mozilla/5.0 AppleWebKit/537.36 (KHTML, like Gecko; compatible; GPTBot/1.4; +https://openai.com/gptbot)"
216.73.216.24 - - [28/Jul/2026:01:01:47 +0000] "GET /?fileloc=%2Fvar%2Fwww%2Fgroatmachine_usr%2Fdata%2Fwww%2Fgroatmachinery.com%2Fwp-admin%2Fcredits.php&path=%2Fvar%2Fwww%2Fgroatmachine_usr%2Fdata%2Fwww%2Fgroatmachinery.com%2Fwp-admin HTTP/1.1" 200 4086 "-" "Mozilla/5.0 AppleWebKit/537.36 (KHTML, like Gecko; compatible; ClaudeBot/1.0; +claudebot@anthropic.com)"
74.7.243.228 - - [28/Jul/2026:01:01:51 +0000] "GET /favicon.ico?fileloc=//proc/34/net/dev&path=//proc/34/net HTTP/1.1" 200 2879 "https://www.groatmachinery.com/favicon.ico?path=//proc/34/net" "Mozilla/5.0 AppleWebKit/537.36 (KHTML, like Gecko; compatible; GPTBot/1.4; +https://openai.com/gptbot)"
216.73.216.24 - - [28/Jul/2026:01:01:53 +0000] "GET /?fileloc=%2Fvar%2Fwww%2Fgroatmachine_usr%2Fdata%2Fwww%2Fgroatmachinery.com%2Fwp-includes%2Fms-site.php&path=%2Fvar%2Fwww%2Fgroatmachine_usr%2Fdata%2Fwww%2Fgroatmachinery.com%2Fwp-includes HTTP/1.1" 200 12812 "-" "Mozilla/5.0 AppleWebKit/537.36 (KHTML, like Gecko; compatible; ClaudeBot/1.0; +claudebot@anthropic.com)"
74.7.243.228 - - [28/Jul/2026:01:01:54 +0000] "GET /favicon.ico?fileloc=//proc/80/net/dev&path=//proc/80/net HTTP/1.1" 200 2879 "https://www.groatmachinery.com/favicon.ico?path=//proc/80/net" "Mozilla/5.0 AppleWebKit/537.36 (KHTML, like Gecko; compatible; GPTBot/1.4; +https://openai.com/gptbot)"
216.73.216.24 - - [28/Jul/2026:01:01:56 +0000] "GET /?fileloc=%2Fvar%2Fwww%2Fgroatmachine_usr%2Fdata%2Fwww%2Fgroatmachinery.com%2Fwp-includes%2Fclass-wp-duotone.php&path=%2Fvar%2Fwww%2Fgroatmachine_usr%2Fdata%2Fwww%2Fgroatmachinery.com%2Fwp-includes HTTP/1.1" 200 12301 "-" "Mozilla/5.0 AppleWebKit/537.36 (KHTML, like Gecko; compatible; ClaudeBot/1.0; +claudebot@anthropic.com)"
74.7.243.228 - - [28/Jul/2026:01:01:57 +0000] "GET /favicon.ico?path=//proc/34/net/rxrpc HTTP/1.1" 200 3190 "https://www.groatmachinery.com/favicon.ico?path=//proc/34/net" "Mozilla/5.0 AppleWebKit/537.36 (KHTML, like Gecko; compatible; GPTBot/1.4; +https://openai.com/gptbot)"
216.73.216.24 - - [28/Jul/2026:01:01:59 +0000] "GET /?fileloc=%2Fvar%2Fwww%2Fgroatmachine_usr%2Fdata%2Fwww%2Fgroatmachinery.com%2Fwp-admin%2Flink-add.php&path=%2Fvar%2Fwww%2Fgroatmachine_usr%2Fdata%2Fwww%2Fgroatmachinery.com%2Fwp-admin HTTP/1.1" 200 3187 "-" "Mozilla/5.0 AppleWebKit/537.36 (KHTML, like Gecko; compatible; ClaudeBot/1.0; +claudebot@anthropic.com)"
74.7.243.228 - - [28/Jul/2026:01:02:00 +0000] "GET /favicon.ico?path=//proc/21/net/rxrpc HTTP/1.1" 200 3190 "https://www.groatmachinery.com/favicon.ico?path=//proc/21/net" "Mozilla/5.0 AppleWebKit/537.36 (KHTML, like Gecko; compatible; GPTBot/1.4; +https://openai.com/gptbot)"
216.73.216.24 - - [28/Jul/2026:01:02:02 +0000] "GET /my-account/feed/?fileloc=%2F%2Flib%2Ftmpfiles.d%2Fsudo.conf&path=%2F%2Flib%2Ftmpfiles.d HTTP/1.1" 200 2704 "-" "Mozilla/5.0 AppleWebKit/537.36 (KHTML, like Gecko; compatible; ClaudeBot/1.0; +claudebot@anthropic.com)"
74.7.243.228 - - [28/Jul/2026:01:02:04 +0000] "GET /favicon.ico?path=//proc/83/net/rxrpc HTTP/1.1" 200 3190 "https://www.groatmachinery.com/favicon.ico?path=//proc/83/net" "Mozilla/5.0 AppleWebKit/537.36 (KHTML, like Gecko; compatible; GPTBot/1.4; +https://openai.com/gptbot)"
216.73.216.24 - - [28/Jul/2026:01:02:05 +0000] "GET /?fileloc=%2Fvar%2Fwww%2Fgroatmachine_usr%2Fdata%2Fwww%2Fgroatmachinery.com%2Fwp-admin%2Ffreedoms.php&path=%2Fvar%2Fwww%2Fgroatmachine_usr%2Fdata%2Fwww%2Fgroatmachinery.com%2Fwp-admin HTTP/1.1" 200 4455 "-" "Mozilla/5.0 AppleWebKit/537.36 (KHTML, like Gecko; compatible; ClaudeBot/1.0; +claudebot@anthropic.com)"
74.7.243.228 - - [28/Jul/2026:01:02:07 +0000] "GET /favicon.ico?path=//proc/96/net/rxrpc HTTP/1.1" 200 3191 "https://www.groatmachinery.com/favicon.ico?path=//proc/96/net" "Mozilla/5.0 AppleWebKit/537.36 (KHTML, like Gecko; compatible; GPTBot/1.4; +https://openai.com/gptbot)"
216.73.216.24 - - [28/Jul/2026:01:02:08 +0000] "GET /my-account/feed/?path=%2Fvar%2Fwww%2Fjwbraun_com_usr HTTP/1.1" 200 2750 "-" "Mozilla/5.0 AppleWebKit/537.36 (KHTML, like Gecko; compatible; ClaudeBot/1.0; +claudebot@anthropic.com)"
74.7.243.228 - - [28/Jul/2026:01:02:10 +0000] "GET /favicon.ico?path=//proc/52/net/rxrpc HTTP/1.1" 200 3190 "https://www.groatmachinery.com/favicon.ico?path=//proc/52/net" "Mozilla/5.0 AppleWebKit/537.36 (KHTML, like Gecko; compatible; GPTBot/1.4; +https://openai.com/gptbot)"
194.67.207.94 - - [28/Jul/2026:01:02:09 +0000] "GET / HTTP/1.1" 200 4085 "https://ua.velesritual.com.ua/coffins.html" "Mozilla/5.0 (Windows NT 10.0; Win64; x64) AppleWebKit/537.36 (KHTML, like Gecko) Chrome/137.0.0.0 Safari/537.36"
