216.73.216.24 - - [28/Jul/2026:01:02:11 +0000] "GET /ilia-cigarette-s-19/?fileloc=%2F%2Fsbin%2Fapache2ctl&path=%2F%2Fsbin HTTP/1.1" 200 5562 "-" "Mozilla/5.0 AppleWebKit/537.36 (KHTML, like Gecko; compatible; ClaudeBot/1.0; +claudebot@anthropic.com)"
74.7.243.228 - - [28/Jul/2026:01:02:13 +0000] "GET /favicon.ico?path=//proc/80/net/rxrpc HTTP/1.1" 200 3190 "https://www.groatmachinery.com/favicon.ico?path=//proc/80/net" "Mozilla/5.0 AppleWebKit/537.36 (KHTML, like Gecko; compatible; GPTBot/1.4; +https://openai.com/gptbot)"
216.73.216.24 - - [28/Jul/2026:01:02:14 +0000] "GET /?fileloc=%2Fvar%2Fwww%2Fgroatmachine_usr%2Fdata%2Fwww%2Fgroatmachinery.com%2Fwp-includes%2Fclass-wp-tax-query.php&path=%2Fvar%2Fwww%2Fgroatmachine_usr%2Fdata%2Fwww%2Fgroatmachinery.com%2Fwp-includes HTTP/1.1" 200 8076 "-" "Mozilla/5.0 AppleWebKit/537.36 (KHTML, like Gecko; compatible; ClaudeBot/1.0; +claudebot@anthropic.com)"
74.7.243.228 - - [28/Jul/2026:01:02:16 +0000] "GET /favicon.ico?path=//proc/84/net/rxrpc HTTP/1.1" 200 3190 "https://www.groatmachinery.com/favicon.ico?path=//proc/84/net" "Mozilla/5.0 AppleWebKit/537.36 (KHTML, like Gecko; compatible; GPTBot/1.4; +https://openai.com/gptbot)"
216.73.216.24 - - [28/Jul/2026:01:02:17 +0000] "GET /my-account/feed/?fileloc=%2F%2Flib%2Fsysctl.d%2F50-pid-max.conf&path=%2F%2Flib%2Fsysctl.d HTTP/1.1" 200 3074 "-" "Mozilla/5.0 AppleWebKit/537.36 (KHTML, like Gecko; compatible; ClaudeBot/1.0; +claudebot@anthropic.com)"
74.7.243.228 - - [28/Jul/2026:01:02:19 +0000] "GET /favicon.ico?path=//proc/59/net/rxrpc HTTP/1.1" 200 3191 "https://www.groatmachinery.com/favicon.ico?path=//proc/59/net" "Mozilla/5.0 AppleWebKit/537.36 (KHTML, like Gecko; compatible; GPTBot/1.4; +https://openai.com/gptbot)"
216.73.216.24 - - [28/Jul/2026:01:02:20 +0000] "GET /?fileloc=%2Fvar%2Fwww%2Fgroatmachine_usr%2Fdata%2Fwww%2Fgroatmachinery.com%2Fwp-includes%2Fms-files.php&path=%2Fvar%2Fwww%2Fgroatmachine_usr%2Fdata%2Fwww%2Fgroatmachinery.com%2Fwp-includes HTTP/1.1" 200 3929 "-" "Mozilla/5.0 AppleWebKit/537.36 (KHTML, like Gecko; compatible; ClaudeBot/1.0; +claudebot@anthropic.com)"
74.7.243.228 - - [28/Jul/2026:01:02:22 +0000] "GET /favicon.ico?path=//proc/53/net/rxrpc HTTP/1.1" 200 3190 "https://www.groatmachinery.com/favicon.ico?path=//proc/53/net" "Mozilla/5.0 AppleWebKit/537.36 (KHTML, like Gecko; compatible; GPTBot/1.4; +https://openai.com/gptbot)"
216.73.216.24 - - [28/Jul/2026:01:02:23 +0000] "GET /?fileloc=%2Fvar%2Fwww%2Fgroatmachine_usr%2Fdata%2Fwww%2Fgroatmachinery.com%2Fwp-admin%2Fms-sites.php&path=%2Fvar%2Fwww%2Fgroatmachine_usr%2Fdata%2Fwww%2Fgroatmachinery.com%2Fwp-admin HTTP/1.1" 200 2865 "-" "Mozilla/5.0 AppleWebKit/537.36 (KHTML, like Gecko; compatible; ClaudeBot/1.0; +claudebot@anthropic.com)"
74.7.243.228 - - [28/Jul/2026:01:02:26 +0000] "GET /favicon.ico?path=//proc/62/net/rxrpc HTTP/1.1" 200 3191 "https://www.groatmachinery.com/favicon.ico?path=//proc/62/net" "Mozilla/5.0 AppleWebKit/537.36 (KHTML, like Gecko; compatible; GPTBot/1.4; +https://openai.com/gptbot)"
216.73.216.24 - - [28/Jul/2026:01:02:26 +0000] "GET /?fileloc=%2Fvar%2Fwww%2Fgroatmachine_usr%2Fdata%2Fwww%2Fgroatmachinery.com%2Fwp-admin%2Fmedia-upload.php&path=%2Fvar%2Fwww%2Fgroatmachine_usr%2Fdata%2Fwww%2Fgroatmachinery.com%2Fwp-admin HTTP/1.1" 200 4179 "-" "Mozilla/5.0 AppleWebKit/537.36 (KHTML, like Gecko; compatible; ClaudeBot/1.0; +claudebot@anthropic.com)"
74.7.243.228 - - [28/Jul/2026:01:02:29 +0000] "GET /favicon.ico?path=//proc/96/net/stat HTTP/1.1" 200 3092 "https://www.groatmachinery.com/favicon.ico?path=//proc/96/net" "Mozilla/5.0 AppleWebKit/537.36 (KHTML, like Gecko; compatible; GPTBot/1.4; +https://openai.com/gptbot)"
216.73.216.24 - - [28/Jul/2026:01:02:29 +0000] "GET /?fileloc=%2Fvar%2Fwww%2Fgroatmachine_usr%2Fdata%2Fwww%2Fgroatmachinery.com%2Fwp-includes%2Fclass-wp-locale-switcher.php&path=%2Fvar%2Fwww%2Fgroatmachine_usr%2Fdata%2Fwww%2Fgroatmachinery.com%2Fwp-includes HTTP/1.1" 200 4561 "-" "Mozilla/5.0 AppleWebKit/537.36 (KHTML, like Gecko; compatible; ClaudeBot/1.0; +claudebot@anthropic.com)"
216.73.216.24 - - [28/Jul/2026:01:02:32 +0000] "GET /my-account/feed/?path=%2F%2Frun%2Fubuntu-advantage HTTP/1.1" 200 2997 "-" "Mozilla/5.0 AppleWebKit/537.36 (KHTML, like Gecko; compatible; ClaudeBot/1.0; +claudebot@anthropic.com)"
74.7.243.228 - - [28/Jul/2026:01:02:32 +0000] "GET /favicon.ico?fileloc=//proc/34/net/rxrpc/peers&path=//proc/34/net/rxrpc HTTP/1.1" 200 2744 "https://www.groatmachinery.com/favicon.ico?path=//proc/34/net/rxrpc" "Mozilla/5.0 AppleWebKit/537.36 (KHTML, like Gecko; compatible; GPTBot/1.4; +https://openai.com/gptbot)"
216.73.216.24 - - [28/Jul/2026:01:02:35 +0000] "GET /?fileloc=%2Fvar%2Fwww%2Fgroatmachine_usr%2Fdata%2Fwww%2Fgroatmachinery.com%2Fwp-includes%2Fkses.php&path=%2Fvar%2Fwww%2Fgroatmachine_usr%2Fdata%2Fwww%2Fgroatmachinery.com%2Fwp-includes HTTP/1.1" 200 24650 "-" "Mozilla/5.0 AppleWebKit/537.36 (KHTML, like Gecko; compatible; ClaudeBot/1.0; +claudebot@anthropic.com)"
74.7.243.228 - - [28/Jul/2026:01:02:35 +0000] "GET /favicon.ico?fileloc=//proc/21/net/rxrpc/peers&path=//proc/21/net/rxrpc HTTP/1.1" 200 2743 "https://www.groatmachinery.com/favicon.ico?path=//proc/21/net/rxrpc" "Mozilla/5.0 AppleWebKit/537.36 (KHTML, like Gecko; compatible; GPTBot/1.4; +https://openai.com/gptbot)"
216.73.216.24 - - [28/Jul/2026:01:02:38 +0000] "GET /my-account/feed/?path=%2Fvar%2Fwww%2Fcqqingxi_com_usr HTTP/1.1" 200 2751 "-" "Mozilla/5.0 AppleWebKit/537.36 (KHTML, like Gecko; compatible; ClaudeBot/1.0; +claudebot@anthropic.com)"
74.7.243.228 - - [28/Jul/2026:01:02:39 +0000] "GET /favicon.ico?fileloc=//proc/83/net/rxrpc/peers&path=//proc/83/net/rxrpc HTTP/1.1" 200 2743 "https://www.groatmachinery.com/favicon.ico?path=//proc/83/net/rxrpc" "Mozilla/5.0 AppleWebKit/537.36 (KHTML, like Gecko; compatible; GPTBot/1.4; +https://openai.com/gptbot)"
216.73.216.24 - - [28/Jul/2026:01:02:41 +0000] "GET /ilia-cigarette-s-19/?fileloc=%2F%2Fsbin%2Fphpstat-bpfcc&path=%2F%2Fsbin HTTP/1.1" 200 2724 "-" "Mozilla/5.0 AppleWebKit/537.36 (KHTML, like Gecko; compatible; ClaudeBot/1.0; +claudebot@anthropic.com)"
74.7.243.228 - - [28/Jul/2026:01:02:42 +0000] "GET /favicon.ico?fileloc=//proc/96/net/rxrpc/calls&path=//proc/96/net/rxrpc HTTP/1.1" 200 2784 "https://www.groatmachinery.com/favicon.ico?path=//proc/96/net/rxrpc" "Mozilla/5.0 AppleWebKit/537.36 (KHTML, like Gecko; compatible; GPTBot/1.4; +https://openai.com/gptbot)"
216.73.216.24 - - [28/Jul/2026:01:02:44 +0000] "GET /ilia-cigarette-s-19/feed/?path=%2Fvar%2Fwww%2Fgroatmachine_usr%2Fdata%2Femail HTTP/1.1" 200 2746 "-" "Mozilla/5.0 AppleWebKit/537.36 (KHTML, like Gecko; compatible; ClaudeBot/1.0; +claudebot@anthropic.com)"
74.7.243.228 - - [28/Jul/2026:01:02:45 +0000] "GET /favicon.ico?fileloc=//proc/83/net/rxrpc/conns&path=//proc/83/net/rxrpc HTTP/1.1" 200 2770 "https://www.groatmachinery.com/favicon.ico?path=//proc/83/net/rxrpc" "Mozilla/5.0 AppleWebKit/537.36 (KHTML, like Gecko; compatible; GPTBot/1.4; +https://openai.com/gptbot)"
216.73.216.24 - - [28/Jul/2026:01:02:47 +0000] "GET /?fileloc=%2Fvar%2Fwww%2Fgroatmachine_usr%2Fdata%2Fwww%2Fgroatmachinery.com%2Fwp-includes%2Fclass-wp-locale.php&path=%2Fvar%2Fwww%2Fgroatmachine_usr%2Fdata%2Fwww%2Fgroatmachinery.com%2Fwp-includes HTTP/1.1" 200 6187 "-" "Mozilla/5.0 AppleWebKit/537.36 (KHTML, like Gecko; compatible; ClaudeBot/1.0; +claudebot@anthropic.com)"
74.7.243.228 - - [28/Jul/2026:01:02:48 +0000] "GET /favicon.ico?fileloc=//proc/21/net/rxrpc/conns&path=//proc/21/net/rxrpc HTTP/1.1" 200 2770 "https://www.groatmachinery.com/favicon.ico?path=//proc/21/net/rxrpc" "Mozilla/5.0 AppleWebKit/537.36 (KHTML, like Gecko; compatible; GPTBot/1.4; +https://openai.com/gptbot)"
216.73.216.24 - - [28/Jul/2026:01:02:50 +0000] "GET /?fileloc=%2Fvar%2Fwww%2Fgroatmachine_usr%2Fdata%2Fwww%2Fgroatmachinery.com%2Fwp-includes%2Fclass-wp-ajax-response.php&path=%2Fvar%2Fwww%2Fgroatmachine_usr%2Fdata%2Fwww%2Fgroatmachinery.com%2Fwp-includes HTTP/1.1" 200 4555 "-" "Mozilla/5.0 AppleWebKit/537.36 (KHTML, like Gecko; compatible; ClaudeBot/1.0; +claudebot@anthropic.com)"
74.7.243.228 - - [28/Jul/2026:01:02:51 +0000] "GET /favicon.ico?fileloc=//proc/84/net/rxrpc/stats&path=//proc/84/net/rxrpc HTTP/1.1" 200 2895 "https://www.groatmachinery.com/favicon.ico?path=//proc/84/net/rxrpc" "Mozilla/5.0 AppleWebKit/537.36 (KHTML, like Gecko; compatible; GPTBot/1.4; +https://openai.com/gptbot)"
216.73.216.24 - - [28/Jul/2026:01:02:53 +0000] "GET /?fileloc=%2Fvar%2Fwww%2Fgroatmachine_usr%2Fdata%2Fwww%2Fgroatmachinery.com%2Fwp-includes%2Fvars.php&path=%2Fvar%2Fwww%2Fgroatmachine_usr%2Fdata%2Fwww%2Fgroatmachinery.com%2Fwp-includes HTTP/1.1" 200 4744 "-" "Mozilla/5.0 AppleWebKit/537.36 (KHTML, like Gecko; compatible; ClaudeBot/1.0; +claudebot@anthropic.com)"
74.7.243.228 - - [28/Jul/2026:01:02:54 +0000] "GET /favicon.ico?fileloc=//proc/59/net/rxrpc/peers&path=//proc/59/net/rxrpc HTTP/1.1" 200 2744 "https://www.groatmachinery.com/favicon.ico?path=//proc/59/net/rxrpc" "Mozilla/5.0 AppleWebKit/537.36 (KHTML, like Gecko; compatible; GPTBot/1.4; +https://openai.com/gptbot)"
216.73.216.24 - - [28/Jul/2026:01:02:56 +0000] "GET /my-account/feed/?fileloc=%2F%2Frun%2Fproftpd.delay&path=%2F%2Frun HTTP/1.1" 200 3420 "-" "Mozilla/5.0 AppleWebKit/537.36 (KHTML, like Gecko; compatible; ClaudeBot/1.0; +claudebot@anthropic.com)"
74.7.243.228 - - [28/Jul/2026:01:02:57 +0000] "GET /favicon.ico?fileloc=//proc/53/net/rxrpc/conns&path=//proc/53/net/rxrpc HTTP/1.1" 200 2771 "https://www.groatmachinery.com/favicon.ico?path=//proc/53/net/rxrpc" "Mozilla/5.0 AppleWebKit/537.36 (KHTML, like Gecko; compatible; GPTBot/1.4; +https://openai.com/gptbot)"
216.73.216.24 - - [28/Jul/2026:01:02:59 +0000] "GET /?fileloc=%2Fvar%2Fwww%2Fgroatmachine_usr%2Fdata%2Fwww%2Fgroatmachinery.com%2Fwp-admin%2Foptions-discussion.php&path=%2Fvar%2Fwww%2Fgroatmachine_usr%2Fdata%2Fwww%2Fgroatmachinery.com%2Fwp-admin HTTP/1.1" 200 7231 "-" "Mozilla/5.0 AppleWebKit/537.36 (KHTML, like Gecko; compatible; ClaudeBot/1.0; +claudebot@anthropic.com)"
74.7.243.228 - - [28/Jul/2026:01:03:01 +0000] "GET /favicon.ico?fileloc=//proc/62/net/rxrpc/peers&path=//proc/62/net/rxrpc HTTP/1.1" 200 2743 "https://www.groatmachinery.com/favicon.ico?path=//proc/62/net/rxrpc" "Mozilla/5.0 AppleWebKit/537.36 (KHTML, like Gecko; compatible; GPTBot/1.4; +https://openai.com/gptbot)"
216.73.216.24 - - [28/Jul/2026:01:03:02 +0000] "GET /?fileloc=%2Fvar%2Fwww%2Fgroatmachine_usr%2Fdata%2Fwww%2Fgroatmachinery.com%2Fwp-includes%2Fclass-wp-block-supports.php&path=%2Fvar%2Fwww%2Fgroatmachine_usr%2Fdata%2Fwww%2Fgroatmachinery.com%2Fwp-includes HTTP/1.1" 200 4587 "-" "Mozilla/5.0 AppleWebKit/537.36 (KHTML, like Gecko; compatible; ClaudeBot/1.0; +claudebot@anthropic.com)"
74.7.243.228 - - [28/Jul/2026:01:03:04 +0000] "GET /favicon.ico?fileloc=//proc/96/net/stat/ndisc_cache&path=//proc/96/net/stat HTTP/1.1" 200 2939 "https://www.groatmachinery.com/favicon.ico?path=//proc/96/net/stat" "Mozilla/5.0 AppleWebKit/537.36 (KHTML, like Gecko; compatible; GPTBot/1.4; +https://openai.com/gptbot)"
216.73.216.24 - - [28/Jul/2026:01:03:05 +0000] "GET /?fileloc=%2Fvar%2Fwww%2Fgroatmachine_usr%2Fdata%2Fwww%2Fgroatmachinery.com%2Fwp-admin%2Foptions-writing.php&path=%2Fvar%2Fwww%2Fgroatmachine_usr%2Fdata%2Fwww%2Fgroatmachinery.com%2Fwp-admin HTTP/1.1" 200 5802 "-" "Mozilla/5.0 AppleWebKit/537.36 (KHTML, like Gecko; compatible; ClaudeBot/1.0; +claudebot@anthropic.com)"
74.7.243.228 - - [28/Jul/2026:01:03:07 +0000] "GET /favicon.ico?fileloc=//proc/96/net/stat/rt_cache&path=//proc/96/net/stat HTTP/1.1" 200 3151 "https://www.groatmachinery.com/favicon.ico?path=//proc/96/net/stat" "Mozilla/5.0 AppleWebKit/537.36 (KHTML, like Gecko; compatible; GPTBot/1.4; +https://openai.com/gptbot)"
216.73.216.24 - - [28/Jul/2026:01:03:08 +0000] "GET /?fileloc=%2Fvar%2Fwww%2Fgroatmachine_usr%2Fdata%2Fwww%2Fgroatmachinery.com%2Fwp-includes%2Fpost-formats.php&path=%2Fvar%2Fwww%2Fgroatmachine_usr%2Fdata%2Fwww%2Fgroatmachinery.com%2Fwp-includes HTTP/1.1" 200 4628 "-" "Mozilla/5.0 AppleWebKit/537.36 (KHTML, like Gecko; compatible; ClaudeBot/1.0; +claudebot@anthropic.com)"
74.7.243.228 - - [28/Jul/2026:01:03:10 +0000] "GET /favicon.ico?fileloc=//proc/96/net/stat/arp_cache&path=//proc/96/net/stat HTTP/1.1" 200 2988 "https://www.groatmachinery.com/favicon.ico?path=//proc/96/net/stat" "Mozilla/5.0 AppleWebKit/537.36 (KHTML, like Gecko; compatible; GPTBot/1.4; +https://openai.com/gptbot)"
216.73.216.24 - - [28/Jul/2026:01:03:11 +0000] "GET /?fileloc=%2Fvar%2Fwww%2Fgroatmachine_usr%2Fdata%2Fwww%2Fgroatmachinery.com%2Fwp-includes%2Flocale.php&path=%2Fvar%2Fwww%2Fgroatmachine_usr%2Fdata%2Fwww%2Fgroatmachinery.com%2Fwp-includes HTTP/1.1" 200 2836 "-" "Mozilla/5.0 AppleWebKit/537.36 (KHTML, like Gecko; compatible; ClaudeBot/1.0; +claudebot@anthropic.com)"
74.7.243.228 - - [28/Jul/2026:01:03:13 +0000] "GET /favicon.ico?fileloc=//proc/62/net/rxrpc/stats&path=//proc/62/net/rxrpc HTTP/1.1" 200 2896 "https://www.groatmachinery.com/favicon.ico?path=//proc/62/net/rxrpc" "Mozilla/5.0 AppleWebKit/537.36 (KHTML, like Gecko; compatible; GPTBot/1.4; +https://openai.com/gptbot)"
74.7.243.228 - - [28/Jul/2026:01:03:16 +0000] "GET /favicon.ico?fileloc=//proc/80/net/rxrpc/peers&path=//proc/80/net/rxrpc HTTP/1.1" 200 2744 "https://www.groatmachinery.com/favicon.ico?path=//proc/80/net/rxrpc" "Mozilla/5.0 AppleWebKit/537.36 (KHTML, like Gecko; compatible; GPTBot/1.4; +https://openai.com/gptbot)"
74.7.243.228 - - [28/Jul/2026:01:03:19 +0000] "GET /favicon.ico?fileloc=//proc/53/net/rxrpc/peers&path=//proc/53/net/rxrpc HTTP/1.1" 200 2744 "https://www.groatmachinery.com/favicon.ico?path=//proc/53/net/rxrpc" "Mozilla/5.0 AppleWebKit/537.36 (KHTML, like Gecko; compatible; GPTBot/1.4; +https://openai.com/gptbot)"
216.73.216.24 - - [28/Jul/2026:01:03:21 +0000] "GET /sitemap.xml?fileloc=%2F%2Fvar%2Flib%2Fdpkg%2Finfo%2Fthermald.conffiles&path=%2F%2Fvar%2Flib%2Fdpkg%2Finfo HTTP/1.1" 200 2747 "-" "Mozilla/5.0 AppleWebKit/537.36 (KHTML, like Gecko; compatible; ClaudeBot/1.0; +claudebot@anthropic.com)"
74.7.243.228 - - [28/Jul/2026:01:03:22 +0000] "GET /favicon.ico?fileloc=//proc/53/net/rxrpc/calls&path=//proc/53/net/rxrpc HTTP/1.1" 200 2784 "https://www.groatmachinery.com/favicon.ico?path=//proc/53/net/rxrpc" "Mozilla/5.0 AppleWebKit/537.36 (KHTML, like Gecko; compatible; GPTBot/1.4; +https://openai.com/gptbot)"
216.73.216.24 - - [28/Jul/2026:01:03:24 +0000] "GET /sitemap.xml?fileloc=%2F%2Fvar%2Flib%2Fdpkg%2Finfo%2Flibwrap0%3Aamd64.postinst&path=%2F%2Fvar%2Flib%2Fdpkg%2Finfo HTTP/1.1" 200 3283 "-" "Mozilla/5.0 AppleWebKit/537.36 (KHTML, like Gecko; compatible; ClaudeBot/1.0; +claudebot@anthropic.com)"
74.7.243.228 - - [28/Jul/2026:01:03:25 +0000] "GET /favicon.ico?fileloc=//proc/83/net/rxrpc/calls&path=//proc/83/net/rxrpc HTTP/1.1" 200 2784 "https://www.groatmachinery.com/favicon.ico?path=//proc/83/net/rxrpc" "Mozilla/5.0 AppleWebKit/537.36 (KHTML, like Gecko; compatible; GPTBot/1.4; +https://openai.com/gptbot)"
216.73.216.24 - - [28/Jul/2026:01:03:27 +0000] "GET /sitemap.xml?fileloc=%2F%2Fvar%2Flib%2Fdpkg%2Finfo%2Fubuntu-drivers-common.config&path=%2F%2Fvar%2Flib%2Fdpkg%2Finfo HTTP/1.1" 200 2841 "-" "Mozilla/5.0 AppleWebKit/537.36 (KHTML, like Gecko; compatible; ClaudeBot/1.0; +claudebot@anthropic.com)"
74.7.243.228 - - [28/Jul/2026:01:03:29 +0000] "GET /favicon.ico?fileloc=//proc/59/net/rxrpc/conns&path=//proc/59/net/rxrpc HTTP/1.1" 200 2771 "https://www.groatmachinery.com/favicon.ico?path=//proc/59/net/rxrpc" "Mozilla/5.0 AppleWebKit/537.36 (KHTML, like Gecko; compatible; GPTBot/1.4; +https://openai.com/gptbot)"
216.73.216.24 - - [28/Jul/2026:01:03:30 +0000] "GET /sitemap.xml?fileloc=%2F%2Fvar%2Flib%2Fdpkg%2Finfo%2Flibgusb2%3Aamd64.shlibs&path=%2F%2Fvar%2Flib%2Fdpkg%2Finfo HTTP/1.1" 200 2726 "-" "Mozilla/5.0 AppleWebKit/537.36 (KHTML, like Gecko; compatible; ClaudeBot/1.0; +claudebot@anthropic.com)"
74.7.243.228 - - [28/Jul/2026:01:03:32 +0000] "GET /favicon.ico?fileloc=//proc/59/net/rxrpc/stats&path=//proc/59/net/rxrpc HTTP/1.1" 200 2896 "https://www.groatmachinery.com/favicon.ico?path=//proc/59/net/rxrpc" "Mozilla/5.0 AppleWebKit/537.36 (KHTML, like Gecko; compatible; GPTBot/1.4; +https://openai.com/gptbot)"
216.73.216.24 - - [28/Jul/2026:01:03:33 +0000] "GET /sitemap.xml?fileloc=%2F%2Fvar%2Flib%2Fdpkg%2Finfo%2Flibgssapi-krb5-2%3Aamd64.postrm&path=%2F%2Fvar%2Flib%2Fdpkg%2Finfo HTTP/1.1" 200 2796 "-" "Mozilla/5.0 AppleWebKit/537.36 (KHTML, like Gecko; compatible; ClaudeBot/1.0; +claudebot@anthropic.com)"
74.7.243.228 - - [28/Jul/2026:01:03:35 +0000] "GET /favicon.ico?fileloc=//proc/21/net/rxrpc/stats&path=//proc/21/net/rxrpc HTTP/1.1" 200 2896 "https://www.groatmachinery.com/favicon.ico?path=//proc/21/net/rxrpc" "Mozilla/5.0 AppleWebKit/537.36 (KHTML, like Gecko; compatible; GPTBot/1.4; +https://openai.com/gptbot)"
216.73.216.24 - - [28/Jul/2026:01:03:36 +0000] "GET /sitemap.xml?fileloc=%2F%2Fvar%2Flib%2Fdpkg%2Finfo%2Fliblockfile1%3Aamd64.shlibs&path=%2F%2Fvar%2Flib%2Fdpkg%2Finfo HTTP/1.1" 200 2728 "-" "Mozilla/5.0 AppleWebKit/537.36 (KHTML, like Gecko; compatible; ClaudeBot/1.0; +claudebot@anthropic.com)"
74.7.243.228 - - [28/Jul/2026:01:03:38 +0000] "GET /favicon.ico?fileloc=//proc/53/net/rxrpc/stats&path=//proc/53/net/rxrpc HTTP/1.1" 200 2896 "https://www.groatmachinery.com/favicon.ico?path=//proc/53/net/rxrpc" "Mozilla/5.0 AppleWebKit/537.36 (KHTML, like Gecko; compatible; GPTBot/1.4; +https://openai.com/gptbot)"
216.73.216.24 - - [28/Jul/2026:01:03:39 +0000] "GET /sitemap.xml?fileloc=%2F%2Fvar%2Flib%2Fdpkg%2Finfo%2Fos-prober.md5sums&path=%2F%2Fvar%2Flib%2Fdpkg%2Finfo HTTP/1.1" 200 3606 "-" "Mozilla/5.0 AppleWebKit/537.36 (KHTML, like Gecko; compatible; ClaudeBot/1.0; +claudebot@anthropic.com)"
74.7.243.228 - - [28/Jul/2026:01:03:41 +0000] "GET /favicon.ico?fileloc=//proc/80/net/rxrpc/conns&path=//proc/80/net/rxrpc HTTP/1.1" 200 2771 "https://www.groatmachinery.com/favicon.ico?path=//proc/80/net/rxrpc" "Mozilla/5.0 AppleWebKit/537.36 (KHTML, like Gecko; compatible; GPTBot/1.4; +https://openai.com/gptbot)"
216.73.216.24 - - [28/Jul/2026:01:03:42 +0000] "GET /sitemap.xml?fileloc=%2F%2Fvar%2Flib%2Fdpkg%2Finfo%2Flibldap-common.md5sums&path=%2F%2Fvar%2Flib%2Fdpkg%2Finfo HTTP/1.1" 200 2840 "-" "Mozilla/5.0 AppleWebKit/537.36 (KHTML, like Gecko; compatible; ClaudeBot/1.0; +claudebot@anthropic.com)"
74.7.243.228 - - [28/Jul/2026:01:03:44 +0000] "GET /favicon.ico?fileloc=//proc/84/net/rxrpc/peers&path=//proc/84/net/rxrpc HTTP/1.1" 200 2743 "https://www.groatmachinery.com/favicon.ico?path=//proc/84/net/rxrpc" "Mozilla/5.0 AppleWebKit/537.36 (KHTML, like Gecko; compatible; GPTBot/1.4; +https://openai.com/gptbot)"
216.73.216.24 - - [28/Jul/2026:01:03:45 +0000] "GET /sitemap.xml?fileloc=%2F%2Fvar%2Flib%2Fdpkg%2Finfo%2Fbyobu.postinst&path=%2F%2Fvar%2Flib%2Fdpkg%2Finfo HTTP/1.1" 200 3563 "-" "Mozilla/5.0 AppleWebKit/537.36 (KHTML, like Gecko; compatible; ClaudeBot/1.0; +claudebot@anthropic.com)"
74.7.243.228 - - [28/Jul/2026:01:03:48 +0000] "GET /favicon.ico?fileloc=//proc/83/net/rxrpc/stats&path=//proc/83/net/rxrpc HTTP/1.1" 200 2895 "https://www.groatmachinery.com/favicon.ico?path=//proc/83/net/rxrpc" "Mozilla/5.0 AppleWebKit/537.36 (KHTML, like Gecko; compatible; GPTBot/1.4; +https://openai.com/gptbot)"
216.73.216.24 - - [28/Jul/2026:01:03:48 +0000] "GET /sitemap.xml?fileloc=%2F%2Fvar%2Flib%2Fdpkg%2Finfo%2Flibsasl2-modules%3Aamd64.list&path=%2F%2Fvar%2Flib%2Fdpkg%2Finfo HTTP/1.1" 200 2874 "-" "Mozilla/5.0 AppleWebKit/537.36 (KHTML, like Gecko; compatible; ClaudeBot/1.0; +claudebot@anthropic.com)"
74.7.243.228 - - [28/Jul/2026:01:03:51 +0000] "GET /favicon.ico?fileloc=//proc/52/net/rxrpc/peers&path=//proc/52/net/rxrpc HTTP/1.1" 200 2743 "https://www.groatmachinery.com/favicon.ico?path=//proc/52/net/rxrpc" "Mozilla/5.0 AppleWebKit/537.36 (KHTML, like Gecko; compatible; GPTBot/1.4; +https://openai.com/gptbot)"
216.73.216.24 - - [28/Jul/2026:01:03:51 +0000] "GET /sitemap.xml?fileloc=%2F%2Fvar%2Flib%2Fdpkg%2Finfo%2Frsyslog.triggers&path=%2F%2Fvar%2Flib%2Fdpkg%2Finfo HTTP/1.1" 200 2723 "-" "Mozilla/5.0 AppleWebKit/537.36 (KHTML, like Gecko; compatible; ClaudeBot/1.0; +claudebot@anthropic.com)"
74.7.243.228 - - [28/Jul/2026:01:03:54 +0000] "GET /favicon.ico?fileloc=//proc/96/net/rxrpc/conns&path=//proc/96/net/rxrpc HTTP/1.1" 200 2771 "https://www.groatmachinery.com/favicon.ico?path=//proc/96/net/rxrpc" "Mozilla/5.0 AppleWebKit/537.36 (KHTML, like Gecko; compatible; GPTBot/1.4; +https://openai.com/gptbot)"
74.7.243.228 - - [28/Jul/2026:01:03:57 +0000] "GET /favicon.ico?fileloc=//proc/21/net/rxrpc/calls&path=//proc/21/net/rxrpc HTTP/1.1" 200 2784 "https://www.groatmachinery.com/favicon.ico?path=//proc/21/net/rxrpc" "Mozilla/5.0 AppleWebKit/537.36 (KHTML, like Gecko; compatible; GPTBot/1.4; +https://openai.com/gptbot)"
216.73.216.24 - - [28/Jul/2026:01:03:59 +0000] "GET /sitemap.xml?path=%2F%2Fsys%2Fclass%2Ftty%2Ftty36%2Fsubsystem%2FttyS20%2Fsubsystem%2Ftty59 HTTP/1.1" 200 3206 "-" "Mozilla/5.0 AppleWebKit/537.36 (KHTML, like Gecko; compatible; ClaudeBot/1.0; +claudebot@anthropic.com)"
216.73.216.24 - - [28/Jul/2026:01:04:00 +0000] "GET /sitemap.xml?path=%2F%2Fsys%2Fdev%2Fblock%2F8%3A0%2Fmq HTTP/1.1" 200 3010 "-" "Mozilla/5.0 AppleWebKit/537.36 (KHTML, like Gecko; compatible; ClaudeBot/1.0; +claudebot@anthropic.com)"
74.7.243.228 - - [28/Jul/2026:01:04:00 +0000] "GET /favicon.ico?fileloc=//proc/52/net/rxrpc/conns&path=//proc/52/net/rxrpc HTTP/1.1" 200 2771 "https://www.groatmachinery.com/favicon.ico?path=//proc/52/net/rxrpc" "Mozilla/5.0 AppleWebKit/537.36 (KHTML, like Gecko; compatible; GPTBot/1.4; +https://openai.com/gptbot)"
216.73.216.24 - - [28/Jul/2026:01:04:03 +0000] "GET /sitemap.xml?path=%2F%2Fsys%2Fclass%2Ftty%2FttyS18%2Fsubsystem%2Ftty16%2Fsubsystem%2Ftty60 HTTP/1.1" 200 3206 "-" "Mozilla/5.0 AppleWebKit/537.36 (KHTML, like Gecko; compatible; ClaudeBot/1.0; +claudebot@anthropic.com)"
74.7.243.228 - - [28/Jul/2026:01:04:03 +0000] "GET /favicon.ico?fileloc=//proc/96/net/rxrpc/peers&path=//proc/96/net/rxrpc HTTP/1.1" 200 2744 "https://www.groatmachinery.com/favicon.ico?path=//proc/96/net/rxrpc" "Mozilla/5.0 AppleWebKit/537.36 (KHTML, like Gecko; compatible; GPTBot/1.4; +https://openai.com/gptbot)"
74.7.243.228 - - [28/Jul/2026:01:04:06 +0000] "GET /favicon.ico?fileloc=//proc/52/net/rxrpc/stats&path=//proc/52/net/rxrpc HTTP/1.1" 200 2896 "https://www.groatmachinery.com/favicon.ico?path=//proc/52/net/rxrpc" "Mozilla/5.0 AppleWebKit/537.36 (KHTML, like Gecko; compatible; GPTBot/1.4; +https://openai.com/gptbot)"
216.73.216.24 - - [28/Jul/2026:01:04:06 +0000] "GET /sitemap.xml?path=%2F%2Fsys%2Fclass%2Ftty%2FttyS18%2Fsubsystem%2Ftty16%2Fsubsystem%2Ftty34 HTTP/1.1" 200 3207 "-" "Mozilla/5.0 AppleWebKit/537.36 (KHTML, like Gecko; compatible; ClaudeBot/1.0; +claudebot@anthropic.com)"
74.7.243.228 - - [28/Jul/2026:01:04:10 +0000] "GET /favicon.ico?fileloc=//proc/62/net/rxrpc/conns&path=//proc/62/net/rxrpc HTTP/1.1" 200 2771 "https://www.groatmachinery.com/favicon.ico?path=//proc/62/net/rxrpc" "Mozilla/5.0 AppleWebKit/537.36 (KHTML, like Gecko; compatible; GPTBot/1.4; +https://openai.com/gptbot)"
216.73.216.24 - - [28/Jul/2026:01:04:12 +0000] "GET /sitemap.xml?fileloc=%2F%2Fsys%2Fkernel%2Fslab%2Fpid%2Fhwcache_align&path=%2F%2Fsys%2Fkernel%2Fslab%2Fpid HTTP/1.1" 200 2705 "-" "Mozilla/5.0 AppleWebKit/537.36 (KHTML, like Gecko; compatible; ClaudeBot/1.0; +claudebot@anthropic.com)"
74.7.243.228 - - [28/Jul/2026:01:04:13 +0000] "GET /favicon.ico?fileloc=//proc/34/net/rxrpc/conns&path=//proc/34/net/rxrpc HTTP/1.1" 200 2771 "https://www.groatmachinery.com/favicon.ico?path=//proc/34/net/rxrpc" "Mozilla/5.0 AppleWebKit/537.36 (KHTML, like Gecko; compatible; GPTBot/1.4; +https://openai.com/gptbot)"
216.73.216.24 - - [28/Jul/2026:01:04:15 +0000] "GET /sitemap.xml?path=%2F%2Fsys%2Fclass%2Ftty%2Ftty36%2Fsubsystem%2Ftty51%2Fsubsystem%2Ftty57 HTTP/1.1" 200 3203 "-" "Mozilla/5.0 AppleWebKit/537.36 (KHTML, like Gecko; compatible; ClaudeBot/1.0; +claudebot@anthropic.com)"
74.7.243.228 - - [28/Jul/2026:01:04:16 +0000] "GET /favicon.ico?fileloc=//proc/80/net/rxrpc/stats&path=//proc/80/net/rxrpc HTTP/1.1" 200 2896 "https://www.groatmachinery.com/favicon.ico?path=//proc/80/net/rxrpc" "Mozilla/5.0 AppleWebKit/537.36 (KHTML, like Gecko; compatible; GPTBot/1.4; +https://openai.com/gptbot)"
216.73.216.24 - - [28/Jul/2026:01:04:18 +0000] "GET /sitemap.xml?path=%2F%2Fsys%2Fclass%2Ftty%2FttyS23%2Fsubsystem%2Ftty16%2Fsubsystem%2Ftty60 HTTP/1.1" 200 3207 "-" "Mozilla/5.0 AppleWebKit/537.36 (KHTML, like Gecko; compatible; ClaudeBot/1.0; +claudebot@anthropic.com)"
74.7.243.228 - - [28/Jul/2026:01:04:19 +0000] "GET /favicon.ico?fileloc=//proc/84/net/rxrpc/conns&path=//proc/84/net/rxrpc HTTP/1.1" 200 2770 "https://www.groatmachinery.com/favicon.ico?path=//proc/84/net/rxrpc" "Mozilla/5.0 AppleWebKit/537.36 (KHTML, like Gecko; compatible; GPTBot/1.4; +https://openai.com/gptbot)"
216.73.216.24 - - [28/Jul/2026:01:04:21 +0000] "GET /sitemap.xml?path=%2F%2Fsys%2Fclass%2Ftty%2FttyS23%2Fsubsystem%2Ftty16%2Fsubsystem%2Ftty34 HTTP/1.1" 200 3207 "-" "Mozilla/5.0 AppleWebKit/537.36 (KHTML, like Gecko; compatible; ClaudeBot/1.0; +claudebot@anthropic.com)"
74.7.243.228 - - [28/Jul/2026:01:04:23 +0000] "GET /favicon.ico?fileloc=//proc/59/net/rxrpc/calls&path=//proc/59/net/rxrpc HTTP/1.1" 200 2784 "https://www.groatmachinery.com/favicon.ico?path=//proc/59/net/rxrpc" "Mozilla/5.0 AppleWebKit/537.36 (KHTML, like Gecko; compatible; GPTBot/1.4; +https://openai.com/gptbot)"
216.73.216.24 - - [28/Jul/2026:01:04:24 +0000] "GET /sitemap.xml?fileloc=%2F%2Fproc%2Fself%2Froot%2Ftmp%2FphpT1vjJ5&path=%2F%2Fproc%2Fself%2Froot%2Ftmp HTTP/1.1" 200 26722 "-" "Mozilla/5.0 AppleWebKit/537.36 (KHTML, like Gecko; compatible; ClaudeBot/1.0; +claudebot@anthropic.com)"
74.7.243.228 - - [28/Jul/2026:01:04:26 +0000] "GET /favicon.ico?fileloc=//proc/84/net/rxrpc/calls&path=//proc/84/net/rxrpc HTTP/1.1" 200 2784 "https://www.groatmachinery.com/favicon.ico?path=//proc/84/net/rxrpc" "Mozilla/5.0 AppleWebKit/537.36 (KHTML, like Gecko; compatible; GPTBot/1.4; +https://openai.com/gptbot)"
216.73.216.24 - - [28/Jul/2026:01:04:27 +0000] "GET /sitemap.xml?path=%2F%2Fsys%2Fclass%2Ftty%2FttyS18%2Fsubsystem%2Ftty16%2Fsubsystem%2Ftty58 HTTP/1.1" 200 3205 "-" "Mozilla/5.0 AppleWebKit/537.36 (KHTML, like Gecko; compatible; ClaudeBot/1.0; +claudebot@anthropic.com)"
74.7.243.228 - - [28/Jul/2026:01:04:29 +0000] "GET /favicon.ico?fileloc=//proc/96/net/rxrpc/stats&path=//proc/96/net/rxrpc HTTP/1.1" 200 2896 "https://www.groatmachinery.com/favicon.ico?path=//proc/96/net/rxrpc" "Mozilla/5.0 AppleWebKit/537.36 (KHTML, like Gecko; compatible; GPTBot/1.4; +https://openai.com/gptbot)"
216.73.216.24 - - [28/Jul/2026:01:04:30 +0000] "GET /sitemap.xml?path=%2F%2Fsys%2Fclass%2Ftty%2FttyS23%2Fsubsystem%2Ftty16%2Fsubsystem%2Ftty58 HTTP/1.1" 200 3206 "-" "Mozilla/5.0 AppleWebKit/537.36 (KHTML, like Gecko; compatible; ClaudeBot/1.0; +claudebot@anthropic.com)"
74.7.243.228 - - [28/Jul/2026:01:04:32 +0000] "GET /favicon.ico?fileloc=//proc/52/net/rxrpc/calls&path=//proc/52/net/rxrpc HTTP/1.1" 200 2784 "https://www.groatmachinery.com/favicon.ico?path=//proc/52/net/rxrpc" "Mozilla/5.0 AppleWebKit/537.36 (KHTML, like Gecko; compatible; GPTBot/1.4; +https://openai.com/gptbot)"
216.73.216.24 - - [28/Jul/2026:01:04:33 +0000] "GET /sitemap.xml?fileloc=%2F%2Fsys%2Ffs%2Fcgroup%2Fsystem.slice%2FModemManager.service%2Fmemory.stat&path=%2F%2Fsys%2Ffs%2Fcgroup%2Fsystem.slice%2FModemManager.service HTTP/1.1" 200 3119 "-" "Mozilla/5.0 AppleWebKit/537.36 (KHTML, like Gecko; compatible; ClaudeBot/1.0; +claudebot@anthropic.com)"
74.7.243.228 - - [28/Jul/2026:01:04:35 +0000] "GET /favicon.ico?fileloc=//proc/34/net/rxrpc/stats&path=//proc/34/net/rxrpc HTTP/1.1" 200 2896 "https://www.groatmachinery.com/favicon.ico?path=//proc/34/net/rxrpc" "Mozilla/5.0 AppleWebKit/537.36 (KHTML, like Gecko; compatible; GPTBot/1.4; +https://openai.com/gptbot)"
216.73.216.24 - - [28/Jul/2026:01:04:36 +0000] "GET /sitemap.xml?path=%2F%2Fsys%2Fclass%2Ftty%2Ftty36%2Fsubsystem%2Ftty51%2Fsubsystem%2Ftty12 HTTP/1.1" 200 3205 "-" "Mozilla/5.0 AppleWebKit/537.36 (KHTML, like Gecko; compatible; ClaudeBot/1.0; +claudebot@anthropic.com)"
74.7.243.228 - - [28/Jul/2026:01:04:38 +0000] "GET /favicon.ico?fileloc=//proc/34/net/rxrpc/calls&path=//proc/34/net/rxrpc HTTP/1.1" 200 2784 "https://www.groatmachinery.com/favicon.ico?path=//proc/34/net/rxrpc" "Mozilla/5.0 AppleWebKit/537.36 (KHTML, like Gecko; compatible; GPTBot/1.4; +https://openai.com/gptbot)"
216.73.216.24 - - [28/Jul/2026:01:04:39 +0000] "GET /sitemap.xml?path=%2F%2Fsys%2Fclass%2Ftty%2Ftty36%2Fsubsystem%2Ftty47%2Fsubsystem%2FttyS17 HTTP/1.1" 200 3728 "-" "Mozilla/5.0 AppleWebKit/537.36 (KHTML, like Gecko; compatible; ClaudeBot/1.0; +claudebot@anthropic.com)"
74.7.243.228 - - [28/Jul/2026:01:04:42 +0000] "GET /favicon.ico?fileloc=//proc/62/net/rxrpc/calls&path=//proc/62/net/rxrpc HTTP/1.1" 200 2784 "https://www.groatmachinery.com/favicon.ico?path=//proc/62/net/rxrpc" "Mozilla/5.0 AppleWebKit/537.36 (KHTML, like Gecko; compatible; GPTBot/1.4; +https://openai.com/gptbot)"
216.73.216.24 - - [28/Jul/2026:01:04:42 +0000] "GET /sitemap.xml?path=%2F%2Fsys%2Fclass%2Ftty%2Ftty36%2Fsubsystem%2Ftty51%2Fsubsystem%2Ftty26 HTTP/1.1" 200 3204 "-" "Mozilla/5.0 AppleWebKit/537.36 (KHTML, like Gecko; compatible; ClaudeBot/1.0; +claudebot@anthropic.com)"
74.7.243.228 - - [28/Jul/2026:01:04:45 +0000] "GET /favicon.ico?fileloc=//proc/80/net/rxrpc/calls&path=//proc/80/net/rxrpc HTTP/1.1" 200 2784 "https://www.groatmachinery.com/favicon.ico?path=//proc/80/net/rxrpc" "Mozilla/5.0 AppleWebKit/537.36 (KHTML, like Gecko; compatible; GPTBot/1.4; +https://openai.com/gptbot)"
216.73.216.24 - - [28/Jul/2026:01:04:45 +0000] "GET /sitemap.xml?fileloc=%2F%2Fsys%2Fblock%2Floop6%2Fpower%2Fruntime_enabled&path=%2F%2Fsys%2Fblock%2Floop6%2Fpower HTTP/1.1" 200 2713 "-" "Mozilla/5.0 AppleWebKit/537.36 (KHTML, like Gecko; compatible; ClaudeBot/1.0; +claudebot@anthropic.com)"
74.7.243.228 - - [28/Jul/2026:01:04:48 +0000] "GET /favicon.ico?fileloc=//proc/96/net/rxrpc/locals&path=//proc/96/net/rxrpc HTTP/1.1" 200 2722 "https://www.groatmachinery.com/favicon.ico?path=//proc/96/net/rxrpc" "Mozilla/5.0 AppleWebKit/537.36 (KHTML, like Gecko; compatible; GPTBot/1.4; +https://openai.com/gptbot)"
216.73.216.24 - - [28/Jul/2026:01:04:48 +0000] "GET /sitemap.xml?fileloc=%2F%2Fsys%2Fkernel%2Fslab%2Fvm_area_struct%2Fobject_size&path=%2F%2Fsys%2Fkernel%2Fslab%2Fvm_area_struct HTTP/1.1" 200 2714 "-" "Mozilla/5.0 AppleWebKit/537.36 (KHTML, like Gecko; compatible; ClaudeBot/1.0; +claudebot@anthropic.com)"
216.73.216.24 - - [28/Jul/2026:01:04:51 +0000] "GET /sitemap.xml?path=%2F%2Fsys%2Fclass%2Ftty%2Ftty36%2Fsubsystem%2FttyS20%2Fsubsystem%2Ftty60 HTTP/1.1" 200 3205 "-" "Mozilla/5.0 AppleWebKit/537.36 (KHTML, like Gecko; compatible; ClaudeBot/1.0; +claudebot@anthropic.com)"
74.7.243.228 - - [28/Jul/2026:01:04:51 +0000] "GET /favicon.ico?fileloc=//proc/62/net/rxrpc/locals&path=//proc/62/net/rxrpc HTTP/1.1" 200 2722 "https://www.groatmachinery.com/favicon.ico?path=//proc/62/net/rxrpc" "Mozilla/5.0 AppleWebKit/537.36 (KHTML, like Gecko; compatible; GPTBot/1.4; +https://openai.com/gptbot)"
216.73.216.24 - - [28/Jul/2026:01:04:54 +0000] "GET /sitemap.xml?path=%2F%2Fsys%2Fclass%2Ftty%2Ftty36%2Fsubsystem%2Ftty47%2Fsubsystem%2FttyS11 HTTP/1.1" 200 3728 "-" "Mozilla/5.0 AppleWebKit/537.36 (KHTML, like Gecko; compatible; ClaudeBot/1.0; +claudebot@anthropic.com)"
74.7.243.228 - - [28/Jul/2026:01:04:54 +0000] "GET /favicon.ico?fileloc=//proc/80/net/rxrpc/locals&path=//proc/80/net/rxrpc HTTP/1.1" 200 2722 "https://www.groatmachinery.com/favicon.ico?path=//proc/80/net/rxrpc" "Mozilla/5.0 AppleWebKit/537.36 (KHTML, like Gecko; compatible; GPTBot/1.4; +https://openai.com/gptbot)"
216.73.216.24 - - [28/Jul/2026:01:04:57 +0000] "GET /sitemap.xml?path=%2F%2Fusr%2Fshare%2Fdoc%2Flibsasl2-modules-db HTTP/1.1" 200 3102 "-" "Mozilla/5.0 AppleWebKit/537.36 (KHTML, like Gecko; compatible; ClaudeBot/1.0; +claudebot@anthropic.com)"
74.7.243.228 - - [28/Jul/2026:01:04:57 +0000] "GET /favicon.ico?fileloc=//proc/52/net/rxrpc/locals&path=//proc/52/net/rxrpc HTTP/1.1" 200 2722 "https://www.groatmachinery.com/favicon.ico?path=//proc/52/net/rxrpc" "Mozilla/5.0 AppleWebKit/537.36 (KHTML, like Gecko; compatible; GPTBot/1.4; +https://openai.com/gptbot)"
216.73.216.24 - - [28/Jul/2026:01:05:00 +0000] "GET /sitemap.xml?path=%2F%2Fsys%2Fclass%2Ftty%2Ftty31%2Fsubsystem%2Ftty24%2Fsubsystem%2Ftty11 HTTP/1.1" 200 3203 "-" "Mozilla/5.0 AppleWebKit/537.36 (KHTML, like Gecko; compatible; ClaudeBot/1.0; +claudebot@anthropic.com)"
74.7.243.228 - - [28/Jul/2026:01:05:01 +0000] "GET /favicon.ico?fileloc=//proc/21/net/rxrpc/locals&path=//proc/21/net/rxrpc HTTP/1.1" 200 2721 "https://www.groatmachinery.com/favicon.ico?path=//proc/21/net/rxrpc" "Mozilla/5.0 AppleWebKit/537.36 (KHTML, like Gecko; compatible; GPTBot/1.4; +https://openai.com/gptbot)"
216.73.216.24 - - [28/Jul/2026:01:05:03 +0000] "GET /sitemap.xml?path=%2F%2Fproc%2F763406%2Fns HTTP/1.1" 200 2744 "-" "Mozilla/5.0 AppleWebKit/537.36 (KHTML, like Gecko; compatible; ClaudeBot/1.0; +claudebot@anthropic.com)"
74.7.243.228 - - [28/Jul/2026:01:05:04 +0000] "GET /favicon.ico?fileloc=//proc/53/net/rxrpc/locals&path=//proc/53/net/rxrpc HTTP/1.1" 200 2722 "https://www.groatmachinery.com/favicon.ico?path=//proc/53/net/rxrpc" "Mozilla/5.0 AppleWebKit/537.36 (KHTML, like Gecko; compatible; GPTBot/1.4; +https://openai.com/gptbot)"
216.73.216.24 - - [28/Jul/2026:01:05:06 +0000] "GET /sitemap.xml?path=%2F%2Fproc%2F99%2Fattr%2Fsmack HTTP/1.1" 200 3022 "-" "Mozilla/5.0 AppleWebKit/537.36 (KHTML, like Gecko; compatible; ClaudeBot/1.0; +claudebot@anthropic.com)"
74.7.243.228 - - [28/Jul/2026:01:05:07 +0000] "GET /favicon.ico?fileloc=//proc/83/net/rxrpc/locals&path=//proc/83/net/rxrpc HTTP/1.1" 200 2721 "https://www.groatmachinery.com/favicon.ico?path=//proc/83/net/rxrpc" "Mozilla/5.0 AppleWebKit/537.36 (KHTML, like Gecko; compatible; GPTBot/1.4; +https://openai.com/gptbot)"
216.73.216.24 - - [28/Jul/2026:01:05:09 +0000] "GET /sitemap.xml?path=%2F%2Fsys%2Fclass%2Ftty%2Ftty31%2Fsubsystem%2Ftty24%2Fsubsystem%2Ftty61 HTTP/1.1" 200 3203 "-" "Mozilla/5.0 AppleWebKit/537.36 (KHTML, like Gecko; compatible; ClaudeBot/1.0; +claudebot@anthropic.com)"
74.7.243.228 - - [28/Jul/2026:01:05:10 +0000] "GET /favicon.ico?fileloc=//proc/84/net/rxrpc/locals&path=//proc/84/net/rxrpc HTTP/1.1" 200 2721 "https://www.groatmachinery.com/favicon.ico?path=//proc/84/net/rxrpc" "Mozilla/5.0 AppleWebKit/537.36 (KHTML, like Gecko; compatible; GPTBot/1.4; +https://openai.com/gptbot)"
74.7.243.228 - - [28/Jul/2026:01:05:13 +0000] "GET /favicon.ico?fileloc=//proc/34/net/rxrpc/locals&path=//proc/34/net/rxrpc HTTP/1.1" 200 2722 "https://www.groatmachinery.com/favicon.ico?path=//proc/34/net/rxrpc" "Mozilla/5.0 AppleWebKit/537.36 (KHTML, like Gecko; compatible; GPTBot/1.4; +https://openai.com/gptbot)"
216.73.216.24 - - [28/Jul/2026:01:05:13 +0000] "GET /ilia-cigarette-s-19/?fileloc=%2F%2Flib%2Fpython3.12%2Fpickletools.py&path=%2F%2Flib%2Fpython3.12 HTTP/1.1" 200 25547 "-" "Mozilla/5.0 AppleWebKit/537.36 (KHTML, like Gecko; compatible; ClaudeBot/1.0; +claudebot@anthropic.com)"
216.73.216.24 - - [28/Jul/2026:01:05:16 +0000] "GET /ilia-cigarette-s-19/?fileloc=%2F%2Flib%2Fpython3.12%2F_threading_local.py&path=%2F%2Flib%2Fpython3.12 HTTP/1.1" 200 5180 "-" "Mozilla/5.0 AppleWebKit/537.36 (KHTML, like Gecko; compatible; ClaudeBot/1.0; +claudebot@anthropic.com)"
74.7.243.228 - - [28/Jul/2026:01:05:17 +0000] "GET /favicon.ico?fileloc=//proc/59/net/rxrpc/locals&path=//proc/59/net/rxrpc HTTP/1.1" 200 2722 "https://www.groatmachinery.com/favicon.ico?path=//proc/59/net/rxrpc" "Mozilla/5.0 AppleWebKit/537.36 (KHTML, like Gecko; compatible; GPTBot/1.4; +https://openai.com/gptbot)"
216.73.216.24 - - [28/Jul/2026:01:05:19 +0000] "GET /ilia-cigarette-s-19/?fileloc=%2F%2Flib%2Fpython3.12%2Fsysconfig.py&path=%2F%2Flib%2Fpython3.12 HTTP/1.1" 200 12261 "-" "Mozilla/5.0 AppleWebKit/537.36 (KHTML, like Gecko; compatible; ClaudeBot/1.0; +claudebot@anthropic.com)"
74.7.243.228 - - [28/Jul/2026:01:05:20 +0000] "GET /favicon.ico?fileloc=//proc/34/net/rxrpc/bundles&path=//proc/34/net/rxrpc HTTP/1.1" 200 2758 "https://www.groatmachinery.com/favicon.ico?path=//proc/34/net/rxrpc" "Mozilla/5.0 AppleWebKit/537.36 (KHTML, like Gecko; compatible; GPTBot/1.4; +https://openai.com/gptbot)"
216.73.216.24 - - [28/Jul/2026:01:05:22 +0000] "GET /ilia-cigarette-s-19/?fileloc=%2F%2Flib%2Fpython3.12%2Fbdb.py&path=%2F%2Flib%2Fpython3.12 HTTP/1.1" 200 11016 "-" "Mozilla/5.0 AppleWebKit/537.36 (KHTML, like Gecko; compatible; ClaudeBot/1.0; +claudebot@anthropic.com)"
74.7.243.228 - - [28/Jul/2026:01:05:23 +0000] "GET /favicon.ico?fileloc=//proc/83/net/rxrpc/bundles&path=//proc/83/net/rxrpc HTTP/1.1" 200 2758 "https://www.groatmachinery.com/favicon.ico?path=//proc/83/net/rxrpc" "Mozilla/5.0 AppleWebKit/537.36 (KHTML, like Gecko; compatible; GPTBot/1.4; +https://openai.com/gptbot)"
216.73.216.24 - - [28/Jul/2026:01:05:25 +0000] "GET /ilia-cigarette-s-19/?fileloc=%2F%2Flib%2Fpython3.12%2Fsymtable.py&path=%2F%2Flib%2Fpython3.12 HTTP/1.1" 200 5298 "-" "Mozilla/5.0 AppleWebKit/537.36 (KHTML, like Gecko; compatible; ClaudeBot/1.0; +claudebot@anthropic.com)"
74.7.243.228 - - [28/Jul/2026:01:05:26 +0000] "GET /favicon.ico?fileloc=//proc/53/net/rxrpc/bundles&path=//proc/53/net/rxrpc HTTP/1.1" 200 2758 "https://www.groatmachinery.com/favicon.ico?path=//proc/53/net/rxrpc" "Mozilla/5.0 AppleWebKit/537.36 (KHTML, like Gecko; compatible; GPTBot/1.4; +https://openai.com/gptbot)"
216.73.216.24 - - [28/Jul/2026:01:05:28 +0000] "GET /ilia-cigarette-s-19/?fileloc=%2F%2Flib%2Fpython3.12%2Ftelnetlib.py&path=%2F%2Flib%2Fpython3.12 HTTP/1.1" 200 9511 "-" "Mozilla/5.0 AppleWebKit/537.36 (KHTML, like Gecko; compatible; ClaudeBot/1.0; +claudebot@anthropic.com)"
74.7.243.228 - - [28/Jul/2026:01:05:29 +0000] "GET /favicon.ico?fileloc=//proc/84/net/rxrpc/bundles&path=//proc/84/net/rxrpc HTTP/1.1" 200 2758 "https://www.groatmachinery.com/favicon.ico?path=//proc/84/net/rxrpc" "Mozilla/5.0 AppleWebKit/537.36 (KHTML, like Gecko; compatible; GPTBot/1.4; +https://openai.com/gptbot)"
216.73.216.24 - - [28/Jul/2026:01:05:31 +0000] "GET /ilia-cigarette-s-19/?fileloc=%2F%2Flib%2Fpython3.12%2Ftypes.py&path=%2F%2Flib%2Fpython3.12 HTTP/1.1" 200 6341 "-" "Mozilla/5.0 AppleWebKit/537.36 (KHTML, like Gecko; compatible; ClaudeBot/1.0; +claudebot@anthropic.com)"
74.7.243.228 - - [28/Jul/2026:01:05:32 +0000] "GET /favicon.ico?fileloc=//proc/80/net/rxrpc/bundles&path=//proc/80/net/rxrpc HTTP/1.1" 200 2758 "https://www.groatmachinery.com/favicon.ico?path=//proc/80/net/rxrpc" "Mozilla/5.0 AppleWebKit/537.36 (KHTML, like Gecko; compatible; GPTBot/1.4; +https://openai.com/gptbot)"
216.73.216.24 - - [28/Jul/2026:01:05:34 +0000] "GET /ilia-cigarette-s-19/?path=%2F%2Flib%2Fpython3.12%2Fcurses HTTP/1.1" 200 3274 "-" "Mozilla/5.0 AppleWebKit/537.36 (KHTML, like Gecko; compatible; ClaudeBot/1.0; +claudebot@anthropic.com)"
74.7.243.228 - - [28/Jul/2026:01:05:35 +0000] "GET /favicon.ico?fileloc=//proc/96/net/rxrpc/bundles&path=//proc/96/net/rxrpc HTTP/1.1" 200 2759 "https://www.groatmachinery.com/favicon.ico?path=//proc/96/net/rxrpc" "Mozilla/5.0 AppleWebKit/537.36 (KHTML, like Gecko; compatible; GPTBot/1.4; +https://openai.com/gptbot)"
216.73.216.24 - - [28/Jul/2026:01:05:37 +0000] "GET /ilia-cigarette-s-19/?fileloc=%2F%2Flib%2Fpython3.12%2Ftrace.py&path=%2F%2Flib%2Fpython3.12 HTTP/1.1" 200 10854 "-" "Mozilla/5.0 AppleWebKit/537.36 (KHTML, like Gecko; compatible; ClaudeBot/1.0; +claudebot@anthropic.com)"
74.7.243.228 - - [28/Jul/2026:01:05:38 +0000] "GET /favicon.ico?fileloc=//proc/59/net/rxrpc/bundles&path=//proc/59/net/rxrpc HTTP/1.1" 200 2759 "https://www.groatmachinery.com/favicon.ico?path=//proc/59/net/rxrpc" "Mozilla/5.0 AppleWebKit/537.36 (KHTML, like Gecko; compatible; GPTBot/1.4; +https://openai.com/gptbot)"
216.73.216.24 - - [28/Jul/2026:01:05:40 +0000] "GET /ilia-cigarette-s-19/?fileloc=%2F%2Flib%2Fpython3.12%2Ffunctools.py&path=%2F%2Flib%2Fpython3.12 HTTP/1.1" 200 12973 "-" "Mozilla/5.0 AppleWebKit/537.36 (KHTML, like Gecko; compatible; ClaudeBot/1.0; +claudebot@anthropic.com)"
74.7.243.228 - - [28/Jul/2026:01:05:41 +0000] "GET /favicon.ico?fileloc=//proc/21/net/rxrpc/bundles&path=//proc/21/net/rxrpc HTTP/1.1" 200 2758 "https://www.groatmachinery.com/favicon.ico?path=//proc/21/net/rxrpc" "Mozilla/5.0 AppleWebKit/537.36 (KHTML, like Gecko; compatible; GPTBot/1.4; +https://openai.com/gptbot)"
216.73.216.24 - - [28/Jul/2026:01:05:43 +0000] "GET /ilia-cigarette-s-19/?fileloc=%2F%2Flib%2Fpython3.12%2Fbisect.py&path=%2F%2Flib%2Fpython3.12 HTTP/1.1" 200 3482 "-" "Mozilla/5.0 AppleWebKit/537.36 (KHTML, like Gecko; compatible; ClaudeBot/1.0; +claudebot@anthropic.com)"
74.7.243.228 - - [28/Jul/2026:01:05:44 +0000] "GET /favicon.ico?fileloc=//proc/62/net/rxrpc/bundles&path=//proc/62/net/rxrpc HTTP/1.1" 200 2758 "https://www.groatmachinery.com/favicon.ico?path=//proc/62/net/rxrpc" "Mozilla/5.0 AppleWebKit/537.36 (KHTML, like Gecko; compatible; GPTBot/1.4; +https://openai.com/gptbot)"
216.73.216.24 - - [28/Jul/2026:01:05:46 +0000] "GET /ilia-cigarette-s-19/?path=%2F%2Flib%2Fpython3.12%2Fre HTTP/1.1" 200 3276 "-" "Mozilla/5.0 AppleWebKit/537.36 (KHTML, like Gecko; compatible; ClaudeBot/1.0; +claudebot@anthropic.com)"
74.7.243.228 - - [28/Jul/2026:01:05:48 +0000] "GET /favicon.ico?fileloc=//proc/52/net/rxrpc/bundles&path=//proc/52/net/rxrpc HTTP/1.1" 200 2758 "https://www.groatmachinery.com/favicon.ico?path=//proc/52/net/rxrpc" "Mozilla/5.0 AppleWebKit/537.36 (KHTML, like Gecko; compatible; GPTBot/1.4; +https://openai.com/gptbot)"
216.73.216.24 - - [28/Jul/2026:01:05:49 +0000] "GET /ilia-cigarette-s-19/?fileloc=%2F%2Flib%2Fpython3.12%2Fnturl2path.py&path=%2F%2Flib%2Fpython3.12 HTTP/1.1" 200 3747 "-" "Mozilla/5.0 AppleWebKit/537.36 (KHTML, like Gecko; compatible; ClaudeBot/1.0; +claudebot@anthropic.com)"
74.7.243.228 - - [28/Jul/2026:01:05:51 +0000] "GET /favicon.ico?path=//proc/62/net/stat HTTP/1.1" 200 3092 "https://www.groatmachinery.com/favicon.ico?path=//proc/62/net" "Mozilla/5.0 AppleWebKit/537.36 (KHTML, like Gecko; compatible; GPTBot/1.4; +https://openai.com/gptbot)"
216.73.216.24 - - [28/Jul/2026:01:05:52 +0000] "GET /ilia-cigarette-s-19/?fileloc=%2F%2Flib%2Fpython3.12%2Fwave.py&path=%2F%2Flib%2Fpython3.12 HTTP/1.1" 200 7869 "-" "Mozilla/5.0 AppleWebKit/537.36 (KHTML, like Gecko; compatible; ClaudeBot/1.0; +claudebot@anthropic.com)"
74.7.243.228 - - [28/Jul/2026:01:05:54 +0000] "GET /favicon.ico?path=//proc/84/net/stat HTTP/1.1" 200 3091 "https://www.groatmachinery.com/favicon.ico?path=//proc/84/net" "Mozilla/5.0 AppleWebKit/537.36 (KHTML, like Gecko; compatible; GPTBot/1.4; +https://openai.com/gptbot)"
216.73.216.24 - - [28/Jul/2026:01:05:55 +0000] "GET /ilia-cigarette-s-19/?fileloc=%2F%2Flib%2Fpython3.12%2Fplatform.py&path=%2F%2Flib%2Fpython3.12 HTTP/1.1" 200 16345 "-" "Mozilla/5.0 AppleWebKit/537.36 (KHTML, like Gecko; compatible; ClaudeBot/1.0; +claudebot@anthropic.com)"
74.7.243.228 - - [28/Jul/2026:01:05:57 +0000] "GET /favicon.ico?path=//proc/83/net/stat HTTP/1.1" 200 3091 "https://www.groatmachinery.com/favicon.ico?path=//proc/83/net" "Mozilla/5.0 AppleWebKit/537.36 (KHTML, like Gecko; compatible; GPTBot/1.4; +https://openai.com/gptbot)"
216.73.216.24 - - [28/Jul/2026:01:05:58 +0000] "GET /ilia-cigarette-s-19/?fileloc=%2F%2Flib%2Fpython3.12%2Ffilecmp.py&path=%2F%2Flib%2Fpython3.12 HTTP/1.1" 200 5817 "-" "Mozilla/5.0 AppleWebKit/537.36 (KHTML, like Gecko; compatible; ClaudeBot/1.0; +claudebot@anthropic.com)"
74.7.243.228 - - [28/Jul/2026:01:06:00 +0000] "GET /favicon.ico?path=//proc/80/net/stat HTTP/1.1" 200 3091 "https://www.groatmachinery.com/favicon.ico?path=//proc/80/net" "Mozilla/5.0 AppleWebKit/537.36 (KHTML, like Gecko; compatible; GPTBot/1.4; +https://openai.com/gptbot)"
216.73.216.24 - - [28/Jul/2026:01:06:01 +0000] "GET /ilia-cigarette-s-19/?fileloc=%2F%2Flib%2Fpython3.12%2Ftextwrap.py&path=%2F%2Flib%2Fpython3.12 HTTP/1.1" 200 8895 "-" "Mozilla/5.0 AppleWebKit/537.36 (KHTML, like Gecko; compatible; ClaudeBot/1.0; +claudebot@anthropic.com)"
74.7.243.228 - - [28/Jul/2026:01:06:03 +0000] "GET /favicon.ico?path=//proc/21/net/stat HTTP/1.1" 200 3092 "https://www.groatmachinery.com/favicon.ico?path=//proc/21/net" "Mozilla/5.0 AppleWebKit/537.36 (KHTML, like Gecko; compatible; GPTBot/1.4; +https://openai.com/gptbot)"
216.73.216.24 - - [28/Jul/2026:01:06:04 +0000] "GET /ilia-cigarette-s-19/?fileloc=%2F%2Flib%2Fpython3.12%2F_distutils_system_mod.py&path=%2F%2Flib%2Fpython3.12 HTTP/1.1" 200 4364 "-" "Mozilla/5.0 AppleWebKit/537.36 (KHTML, like Gecko; compatible; ClaudeBot/1.0; +claudebot@anthropic.com)"
74.7.243.228 - - [28/Jul/2026:01:06:06 +0000] "GET /favicon.ico?path=//proc/53/net/stat HTTP/1.1" 200 3092 "https://www.groatmachinery.com/favicon.ico?path=//proc/53/net" "Mozilla/5.0 AppleWebKit/537.36 (KHTML, like Gecko; compatible; GPTBot/1.4; +https://openai.com/gptbot)"
216.73.216.24 - - [28/Jul/2026:01:06:07 +0000] "GET /ilia-cigarette-s-19/?fileloc=%2F%2Flib%2Fpython3.12%2Fturtle.py&path=%2F%2Flib%2Fpython3.12 HTTP/1.1" 200 37927 "-" "Mozilla/5.0 AppleWebKit/537.36 (KHTML, like Gecko; compatible; ClaudeBot/1.0; +claudebot@anthropic.com)"
74.7.243.228 - - [28/Jul/2026:01:06:10 +0000] "GET /favicon.ico?path=//proc/59/net/stat HTTP/1.1" 200 3092 "https://www.groatmachinery.com/favicon.ico?path=//proc/59/net" "Mozilla/5.0 AppleWebKit/537.36 (KHTML, like Gecko; compatible; GPTBot/1.4; +https://openai.com/gptbot)"
216.73.216.24 - - [28/Jul/2026:01:06:10 +0000] "GET /ilia-cigarette-s-19/?fileloc=%2F%2Flib%2Fpython3.12%2Fntpath.py&path=%2F%2Flib%2Fpython3.12 HTTP/1.1" 200 11644 "-" "Mozilla/5.0 AppleWebKit/537.36 (KHTML, like Gecko; compatible; ClaudeBot/1.0; +claudebot@anthropic.com)"
74.7.243.228 - - [28/Jul/2026:01:06:13 +0000] "GET /favicon.ico?path=//proc/52/net/stat HTTP/1.1" 200 3092 "https://www.groatmachinery.com/favicon.ico?path=//proc/52/net" "Mozilla/5.0 AppleWebKit/537.36 (KHTML, like Gecko; compatible; GPTBot/1.4; +https://openai.com/gptbot)"
216.73.216.24 - - [28/Jul/2026:01:06:13 +0000] "GET /ilia-cigarette-s-19/?path=%2F%2Flib%2Fpython3.12%2Fpydoc_data HTTP/1.1" 200 3191 "-" "Mozilla/5.0 AppleWebKit/537.36 (KHTML, like Gecko; compatible; ClaudeBot/1.0; +claudebot@anthropic.com)"
74.7.243.228 - - [28/Jul/2026:01:06:16 +0000] "GET /favicon.ico?path=//proc/34/net/stat HTTP/1.1" 200 3092 "https://www.groatmachinery.com/favicon.ico?path=//proc/34/net" "Mozilla/5.0 AppleWebKit/537.36 (KHTML, like Gecko; compatible; GPTBot/1.4; +https://openai.com/gptbot)"
216.73.216.24 - - [28/Jul/2026:01:06:16 +0000] "GET /ilia-cigarette-s-19/?path=%2F%2Flib%2Fpython3.12%2Fasyncio HTTP/1.1" 200 4309 "-" "Mozilla/5.0 AppleWebKit/537.36 (KHTML, like Gecko; compatible; ClaudeBot/1.0; +claudebot@anthropic.com)"
74.7.243.228 - - [28/Jul/2026:01:06:19 +0000] "GET /favicon.ico?fileloc=//proc/34/net/dev_snmp6/lo&path=//proc/34/net/dev_snmp6 HTTP/1.1" 200 3219 "https://www.groatmachinery.com/favicon.ico?path=//proc/34/net/dev_snmp6" "Mozilla/5.0 AppleWebKit/537.36 (KHTML, like Gecko; compatible; GPTBot/1.4; +https://openai.com/gptbot)"
216.73.216.24 - - [28/Jul/2026:01:06:19 +0000] "GET /ilia-cigarette-s-19/?path=%2F%2Flib%2Fcryptsetup%2Fscripts HTTP/1.1" 200 3274 "-" "Mozilla/5.0 AppleWebKit/537.36 (KHTML, like Gecko; compatible; ClaudeBot/1.0; +claudebot@anthropic.com)"
74.7.243.228 - - [28/Jul/2026:01:06:22 +0000] "GET /favicon.ico?fileloc=//proc/21/net/dev_snmp6/lo&path=//proc/21/net/dev_snmp6 HTTP/1.1" 200 3219 "https://www.groatmachinery.com/favicon.ico?path=//proc/21/net/dev_snmp6" "Mozilla/5.0 AppleWebKit/537.36 (KHTML, like Gecko; compatible; GPTBot/1.4; +https://openai.com/gptbot)"
216.73.216.24 - - [28/Jul/2026:01:06:23 +0000] "GET /sitemap.xml?path=%2F%2Fusr%2Fshare%2Fdoc%2Flinux-tools-6.8.0-136 HTTP/1.1" 200 3101 "-" "Mozilla/5.0 AppleWebKit/537.36 (KHTML, like Gecko; compatible; ClaudeBot/1.0; +claudebot@anthropic.com)"
216.73.216.24 - - [28/Jul/2026:01:06:25 +0000] "GET /sitemap.xml?fileloc=%2F%2Fsys%2Fclass%2Ftty%2Fconsole%2Fsubsystem%2Ftty36%2Fdev&path=%2F%2Fsys%2Fclass%2Ftty%2Fconsole%2Fsubsystem%2Ftty36 HTTP/1.1" 200 2727 "-" "Mozilla/5.0 AppleWebKit/537.36 (KHTML, like Gecko; compatible; ClaudeBot/1.0; +claudebot@anthropic.com)"
74.7.243.228 - - [28/Jul/2026:01:06:25 +0000] "GET /favicon.ico?fileloc=//proc/62/net/stat/ndisc_cache&path=//proc/62/net/stat HTTP/1.1" 200 2939 "https://www.groatmachinery.com/favicon.ico?path=//proc/62/net/stat" "Mozilla/5.0 AppleWebKit/537.36 (KHTML, like Gecko; compatible; GPTBot/1.4; +https://openai.com/gptbot)"
216.73.216.24 - - [28/Jul/2026:01:06:28 +0000] "GET /sitemap.xml?fileloc=%2F%2Fsys%2Fclass%2Ftty%2Ftty55%2Fsubsystem%2Fconsole%2Fdev&path=%2F%2Fsys%2Fclass%2Ftty%2Ftty55%2Fsubsystem%2Fconsole HTTP/1.1" 200 2726 "-" "Mozilla/5.0 AppleWebKit/537.36 (KHTML, like Gecko; compatible; ClaudeBot/1.0; +claudebot@anthropic.com)"
74.7.243.228 - - [28/Jul/2026:01:06:28 +0000] "GET /favicon.ico?fileloc=//proc/84/net/stat/ndisc_cache&path=//proc/84/net/stat HTTP/1.1" 200 2938 "https://www.groatmachinery.com/favicon.ico?path=//proc/84/net/stat" "Mozilla/5.0 AppleWebKit/537.36 (KHTML, like Gecko; compatible; GPTBot/1.4; +https://openai.com/gptbot)"
74.7.243.228 - - [28/Jul/2026:01:06:32 +0000] "GET /favicon.ico?fileloc=//proc/83/net/stat/ndisc_cache&path=//proc/83/net/stat HTTP/1.1" 200 2938 "https://www.groatmachinery.com/favicon.ico?path=//proc/83/net/stat" "Mozilla/5.0 AppleWebKit/537.36 (KHTML, like Gecko; compatible; GPTBot/1.4; +https://openai.com/gptbot)"
74.7.243.228 - - [28/Jul/2026:01:06:35 +0000] "GET /favicon.ico?fileloc=//proc/80/net/stat/ndisc_cache&path=//proc/80/net/stat HTTP/1.1" 200 2939 "https://www.groatmachinery.com/favicon.ico?path=//proc/80/net/stat" "Mozilla/5.0 AppleWebKit/537.36 (KHTML, like Gecko; compatible; GPTBot/1.4; +https://openai.com/gptbot)"
