216.73.216.24 - - [28/Jul/2026:00:08:59 +0000] "GET /ilia-oil-s-71/?fileloc=%2F%2Fsbin%2Fera_invalidate&path=%2F%2Fsbin HTTP/1.1" 200 464568 "-" "Mozilla/5.0 AppleWebKit/537.36 (KHTML, like Gecko; compatible; ClaudeBot/1.0; +claudebot@anthropic.com)"
74.7.243.228 - - [28/Jul/2026:00:09:01 +0000] "GET /favicon.ico?fileloc=//proc/56/net/udplite&path=//proc/56/net HTTP/1.1" 200 2767 "https://www.groatmachinery.com/favicon.ico?path=//proc/56/net" "Mozilla/5.0 AppleWebKit/537.36 (KHTML, like Gecko; compatible; GPTBot/1.4; +https://openai.com/gptbot)"
216.73.216.24 - - [28/Jul/2026:00:09:02 +0000] "GET /ilia-oil-s-71/feed/?fileloc=%2F%2Fbin%2Fnc&path=%2F%2Fbin HTTP/1.1" 200 16253 "-" "Mozilla/5.0 AppleWebKit/537.36 (KHTML, like Gecko; compatible; ClaudeBot/1.0; +claudebot@anthropic.com)"
74.7.243.228 - - [28/Jul/2026:00:09:04 +0000] "GET /favicon.ico?fileloc=//proc/51/net/udplite&path=//proc/51/net HTTP/1.1" 200 2767 "https://www.groatmachinery.com/favicon.ico?path=//proc/51/net" "Mozilla/5.0 AppleWebKit/537.36 (KHTML, like Gecko; compatible; GPTBot/1.4; +https://openai.com/gptbot)"
216.73.216.24 - - [28/Jul/2026:00:09:05 +0000] "GET /qusefod/assets/js/frontend/account-i18n.min.js?fileloc=%2F%2Fbin%2Frmdir&path=%2F%2Fbin HTTP/1.1" 200 18076 "-" "Mozilla/5.0 AppleWebKit/537.36 (KHTML, like Gecko; compatible; ClaudeBot/1.0; +claudebot@anthropic.com)"
74.7.243.228 - - [28/Jul/2026:00:09:07 +0000] "GET /favicon.ico?fileloc=//proc/23/net/udplite&path=//proc/23/net HTTP/1.1" 200 2767 "https://www.groatmachinery.com/favicon.ico?path=//proc/23/net" "Mozilla/5.0 AppleWebKit/537.36 (KHTML, like Gecko; compatible; GPTBot/1.4; +https://openai.com/gptbot)"
216.73.216.24 - - [28/Jul/2026:00:09:08 +0000] "GET /ilia-oil-s-71/feed/?fileloc=%2F%2Fsbin%2Fbiolatency-bpfcc&path=%2F%2Fsbin HTTP/1.1" 200 6219 "-" "Mozilla/5.0 AppleWebKit/537.36 (KHTML, like Gecko; compatible; ClaudeBot/1.0; +claudebot@anthropic.com)"
74.7.243.228 - - [28/Jul/2026:00:09:10 +0000] "GET /favicon.ico?fileloc=//proc/82/net/udplite&path=//proc/82/net HTTP/1.1" 200 2767 "https://www.groatmachinery.com/favicon.ico?path=//proc/82/net" "Mozilla/5.0 AppleWebKit/537.36 (KHTML, like Gecko; compatible; GPTBot/1.4; +https://openai.com/gptbot)"
216.73.216.24 - - [28/Jul/2026:00:09:11 +0000] "GET /ilia-oil-s-71/feed/?fileloc=%2F%2Fsbin%2Fzramctl&path=%2F%2Fsbin HTTP/1.1" 200 20687 "-" "Mozilla/5.0 AppleWebKit/537.36 (KHTML, like Gecko; compatible; ClaudeBot/1.0; +claudebot@anthropic.com)"
74.7.243.228 - - [28/Jul/2026:00:09:14 +0000] "GET /favicon.ico?fileloc=//proc/51/net/netlink&path=//proc/51/net HTTP/1.1" 200 3178 "https://www.groatmachinery.com/favicon.ico?path=//proc/51/net" "Mozilla/5.0 AppleWebKit/537.36 (KHTML, like Gecko; compatible; GPTBot/1.4; +https://openai.com/gptbot)"
216.73.216.24 - - [28/Jul/2026:00:09:14 +0000] "GET /qusefod/assets/js/frontend/account-i18n.min.js?fileloc=%2F%2Fsbin%2Fuuidd&path=%2F%2Fsbin HTTP/1.1" 200 11465 "-" "Mozilla/5.0 AppleWebKit/537.36 (KHTML, like Gecko; compatible; ClaudeBot/1.0; +claudebot@anthropic.com)"
74.7.243.228 - - [28/Jul/2026:00:09:17 +0000] "GET /favicon.ico?fileloc=//proc/82/net/wireless&path=//proc/82/net HTTP/1.1" 200 2789 "https://www.groatmachinery.com/favicon.ico?path=//proc/82/net" "Mozilla/5.0 AppleWebKit/537.36 (KHTML, like Gecko; compatible; GPTBot/1.4; +https://openai.com/gptbot)"
216.73.216.24 - - [28/Jul/2026:00:09:17 +0000] "GET /qusefod/assets/js/frontend/account-i18n.min.js?fileloc=%2F%2Fsbin%2Fopensnoop.bt&path=%2F%2Fsbin HTTP/1.1" 200 3146 "-" "Mozilla/5.0 AppleWebKit/537.36 (KHTML, like Gecko; compatible; ClaudeBot/1.0; +claudebot@anthropic.com)"
74.7.243.228 - - [28/Jul/2026:00:09:20 +0000] "GET /favicon.ico?fileloc=//proc/51/net/wireless&path=//proc/51/net HTTP/1.1" 200 2790 "https://www.groatmachinery.com/favicon.ico?path=//proc/51/net" "Mozilla/5.0 AppleWebKit/537.36 (KHTML, like Gecko; compatible; GPTBot/1.4; +https://openai.com/gptbot)"
216.73.216.24 - - [28/Jul/2026:00:09:20 +0000] "GET /ilia-oil-s-71/feed/?fileloc=%2F%2Fbin%2Fgpgv&path=%2F%2Fbin HTTP/1.1" 200 134654 "-" "Mozilla/5.0 AppleWebKit/537.36 (KHTML, like Gecko; compatible; ClaudeBot/1.0; +claudebot@anthropic.com)"
74.7.243.228 - - [28/Jul/2026:00:09:23 +0000] "GET /favicon.ico?fileloc=//proc/82/net/netlink&path=//proc/82/net HTTP/1.1" 200 3176 "https://www.groatmachinery.com/favicon.ico?path=//proc/82/net" "Mozilla/5.0 AppleWebKit/537.36 (KHTML, like Gecko; compatible; GPTBot/1.4; +https://openai.com/gptbot)"
216.73.216.24 - - [28/Jul/2026:00:09:23 +0000] "GET /qusefod/assets/js/frontend/account-i18n.min.js?fileloc=%2F%2Fsbin%2Fe2scrub&path=%2F%2Fsbin HTTP/1.1" 200 5905 "-" "Mozilla/5.0 AppleWebKit/537.36 (KHTML, like Gecko; compatible; ClaudeBot/1.0; +claudebot@anthropic.com)"
74.7.243.228 - - [28/Jul/2026:00:09:26 +0000] "GET /favicon.ico?fileloc=//proc/23/net/softnet_stat&path=//proc/23/net HTTP/1.1" 200 2880 "https://www.groatmachinery.com/favicon.ico?path=//proc/23/net" "Mozilla/5.0 AppleWebKit/537.36 (KHTML, like Gecko; compatible; GPTBot/1.4; +https://openai.com/gptbot)"
216.73.216.24 - - [28/Jul/2026:00:09:26 +0000] "GET /ilia-oil-s-71/?fileloc=%2F%2Fetc%2Frpc&path=%2F%2Fetc HTTP/1.1" 200 3144 "-" "Mozilla/5.0 AppleWebKit/537.36 (KHTML, like Gecko; compatible; ClaudeBot/1.0; +claudebot@anthropic.com)"
74.7.243.228 - - [28/Jul/2026:00:09:29 +0000] "GET /favicon.ico?fileloc=//proc/56/net/sockstat&path=//proc/56/net HTTP/1.1" 200 2782 "https://www.groatmachinery.com/favicon.ico?path=//proc/56/net" "Mozilla/5.0 AppleWebKit/537.36 (KHTML, like Gecko; compatible; GPTBot/1.4; +https://openai.com/gptbot)"
216.73.216.24 - - [28/Jul/2026:00:09:29 +0000] "GET /ilia-oil-s-71/feed/?fileloc=%2F%2Fbin%2FMail&path=%2F%2Fbin HTTP/1.1" 200 45856 "-" "Mozilla/5.0 AppleWebKit/537.36 (KHTML, like Gecko; compatible; ClaudeBot/1.0; +claudebot@anthropic.com)"
216.73.216.24 - - [28/Jul/2026:00:09:32 +0000] "GET /qusefod/assets/js/frontend/account-i18n.min.js?fileloc=%2F%2Fbin%2Fsha1sum&path=%2F%2Fbin HTTP/1.1" 200 16244 "-" "Mozilla/5.0 AppleWebKit/537.36 (KHTML, like Gecko; compatible; ClaudeBot/1.0; +claudebot@anthropic.com)"
74.7.243.228 - - [28/Jul/2026:00:09:32 +0000] "GET /favicon.ico?fileloc=//proc/56/net/wireless&path=//proc/56/net HTTP/1.1" 200 2790 "https://www.groatmachinery.com/favicon.ico?path=//proc/56/net" "Mozilla/5.0 AppleWebKit/537.36 (KHTML, like Gecko; compatible; GPTBot/1.4; +https://openai.com/gptbot)"
74.7.243.228 - - [28/Jul/2026:00:09:36 +0000] "GET /favicon.ico?fileloc=//proc/23/net/mcfilter&path=//proc/23/net HTTP/1.1" 200 2720 "https://www.groatmachinery.com/favicon.ico?path=//proc/23/net" "Mozilla/5.0 AppleWebKit/537.36 (KHTML, like Gecko; compatible; GPTBot/1.4; +https://openai.com/gptbot)"
216.73.216.24 - - [28/Jul/2026:00:09:35 +0000] "GET /ilia-oil-s-71/?fileloc=%2F%2Fsbin%2Fpvck&path=%2F%2Fsbin HTTP/1.1" 200 872410 "-" "Mozilla/5.0 AppleWebKit/537.36 (KHTML, like Gecko; compatible; ClaudeBot/1.0; +claudebot@anthropic.com)"
216.73.216.24 - - [28/Jul/2026:00:09:38 +0000] "GET /ilia-oil-s-71/feed/?fileloc=%2F%2Fsbin%2Fxtables-legacy-multi&path=%2F%2Fsbin HTTP/1.1" 200 33639 "-" "Mozilla/5.0 AppleWebKit/537.36 (KHTML, like Gecko; compatible; ClaudeBot/1.0; +claudebot@anthropic.com)"
74.7.243.228 - - [28/Jul/2026:00:09:39 +0000] "GET /favicon.ico?fileloc=//proc/23/net/netlink&path=//proc/23/net HTTP/1.1" 200 3177 "https://www.groatmachinery.com/favicon.ico?path=//proc/23/net" "Mozilla/5.0 AppleWebKit/537.36 (KHTML, like Gecko; compatible; GPTBot/1.4; +https://openai.com/gptbot)"
216.73.216.24 - - [28/Jul/2026:00:09:41 +0000] "GET /ilia-oil-s-71/feed/?fileloc=%2F%2Fbin%2Fip&path=%2F%2Fbin HTTP/1.1" 200 291812 "-" "Mozilla/5.0 AppleWebKit/537.36 (KHTML, like Gecko; compatible; ClaudeBot/1.0; +claudebot@anthropic.com)"
74.7.243.228 - - [28/Jul/2026:00:09:42 +0000] "GET /favicon.ico?fileloc=//proc/23/net/wireless&path=//proc/23/net HTTP/1.1" 200 2790 "https://www.groatmachinery.com/favicon.ico?path=//proc/23/net" "Mozilla/5.0 AppleWebKit/537.36 (KHTML, like Gecko; compatible; GPTBot/1.4; +https://openai.com/gptbot)"
216.73.216.24 - - [28/Jul/2026:00:09:44 +0000] "GET /ilia-oil-s-71/feed/?fileloc=%2F%2Fbin%2Fshowconsolefont&path=%2F%2Fbin HTTP/1.1" 200 8839 "-" "Mozilla/5.0 AppleWebKit/537.36 (KHTML, like Gecko; compatible; ClaudeBot/1.0; +claudebot@anthropic.com)"
74.7.243.228 - - [28/Jul/2026:00:09:45 +0000] "GET /favicon.ico?fileloc=//proc/23/net/sockstat&path=//proc/23/net HTTP/1.1" 200 2783 "https://www.groatmachinery.com/favicon.ico?path=//proc/23/net" "Mozilla/5.0 AppleWebKit/537.36 (KHTML, like Gecko; compatible; GPTBot/1.4; +https://openai.com/gptbot)"
216.73.216.24 - - [28/Jul/2026:00:09:47 +0000] "GET /qusefod/assets/js/frontend/account-i18n.min.js?fileloc=%2F%2Fsbin%2Fcpgr&path=%2F%2Fsbin HTTP/1.1" 200 17562 "-" "Mozilla/5.0 AppleWebKit/537.36 (KHTML, like Gecko; compatible; ClaudeBot/1.0; +claudebot@anthropic.com)"
74.7.243.228 - - [28/Jul/2026:00:09:48 +0000] "GET /favicon.ico?fileloc=//proc/51/net/softnet_stat&path=//proc/51/net HTTP/1.1" 200 2880 "https://www.groatmachinery.com/favicon.ico?path=//proc/51/net" "Mozilla/5.0 AppleWebKit/537.36 (KHTML, like Gecko; compatible; GPTBot/1.4; +https://openai.com/gptbot)"
216.73.216.24 - - [28/Jul/2026:00:09:50 +0000] "GET /ilia-oil-s-71/feed/?fileloc=%2F%2Fbin%2Fperl&path=%2F%2Fbin HTTP/1.1" 200 1170443 "-" "Mozilla/5.0 AppleWebKit/537.36 (KHTML, like Gecko; compatible; ClaudeBot/1.0; +claudebot@anthropic.com)"
74.7.243.228 - - [28/Jul/2026:00:09:51 +0000] "GET /favicon.ico?fileloc=//proc/82/net/mcfilter&path=//proc/82/net HTTP/1.1" 200 2720 "https://www.groatmachinery.com/favicon.ico?path=//proc/82/net" "Mozilla/5.0 AppleWebKit/537.36 (KHTML, like Gecko; compatible; GPTBot/1.4; +https://openai.com/gptbot)"
216.73.216.24 - - [28/Jul/2026:00:09:53 +0000] "GET /ilia-oil-s-71/feed/?fileloc=%2F%2Fbin%2Fapt-key&path=%2F%2Fbin HTTP/1.1" 200 11720 "-" "Mozilla/5.0 AppleWebKit/537.36 (KHTML, like Gecko; compatible; ClaudeBot/1.0; +claudebot@anthropic.com)"
74.7.243.228 - - [28/Jul/2026:00:09:54 +0000] "GET /favicon.ico?fileloc=//proc/56/net/netlink&path=//proc/56/net HTTP/1.1" 200 3177 "https://www.groatmachinery.com/favicon.ico?path=//proc/56/net" "Mozilla/5.0 AppleWebKit/537.36 (KHTML, like Gecko; compatible; GPTBot/1.4; +https://openai.com/gptbot)"
216.73.216.24 - - [28/Jul/2026:00:09:56 +0000] "GET /qusefod/assets/js/frontend/account-i18n.min.js?fileloc=%2F%2Fbin%2Fdebconf-communicate&path=%2F%2Fbin HTTP/1.1" 200 3031 "-" "Mozilla/5.0 AppleWebKit/537.36 (KHTML, like Gecko; compatible; ClaudeBot/1.0; +claudebot@anthropic.com)"
74.7.243.228 - - [28/Jul/2026:00:09:58 +0000] "GET /favicon.ico?fileloc=//proc/51/net/fib_triestat&path=//proc/51/net HTTP/1.1" 200 2947 "https://www.groatmachinery.com/favicon.ico?path=//proc/51/net" "Mozilla/5.0 AppleWebKit/537.36 (KHTML, like Gecko; compatible; GPTBot/1.4; +https://openai.com/gptbot)"
216.73.216.24 - - [28/Jul/2026:00:09:59 +0000] "GET /ilia-oil-s-71/?fileloc=%2F%2Fsbin%2Fvgconvert&path=%2F%2Fsbin HTTP/1.1" 200 872413 "-" "Mozilla/5.0 AppleWebKit/537.36 (KHTML, like Gecko; compatible; ClaudeBot/1.0; +claudebot@anthropic.com)"
74.7.243.228 - - [28/Jul/2026:00:10:01 +0000] "GET /favicon.ico?fileloc=//proc/23/net/netstat&path=//proc/23/net HTTP/1.1" 200 4418 "https://www.groatmachinery.com/favicon.ico?path=//proc/23/net" "Mozilla/5.0 AppleWebKit/537.36 (KHTML, like Gecko; compatible; GPTBot/1.4; +https://openai.com/gptbot)"
216.73.216.24 - - [28/Jul/2026:00:10:02 +0000] "GET /ilia-oil-s-71/feed/?fileloc=%2F%2Fsbin%2Fugc&path=%2F%2Fsbin HTTP/1.1" 200 5474 "-" "Mozilla/5.0 AppleWebKit/537.36 (KHTML, like Gecko; compatible; ClaudeBot/1.0; +claudebot@anthropic.com)"
74.7.243.228 - - [28/Jul/2026:00:10:04 +0000] "GET /favicon.ico?fileloc=//proc/51/net/mcfilter&path=//proc/51/net HTTP/1.1" 200 2720 "https://www.groatmachinery.com/favicon.ico?path=//proc/51/net" "Mozilla/5.0 AppleWebKit/537.36 (KHTML, like Gecko; compatible; GPTBot/1.4; +https://openai.com/gptbot)"
216.73.216.24 - - [28/Jul/2026:00:10:05 +0000] "GET /ilia-oil-s-71/feed/?fileloc=%2F%2Fsbin%2Fext4dist-bpfcc&path=%2F%2Fsbin HTTP/1.1" 200 5061 "-" "Mozilla/5.0 AppleWebKit/537.36 (KHTML, like Gecko; compatible; ClaudeBot/1.0; +claudebot@anthropic.com)"
74.7.243.228 - - [28/Jul/2026:00:10:07 +0000] "GET /favicon.ico?fileloc=//proc/51/net/netstat&path=//proc/51/net HTTP/1.1" 200 4420 "https://www.groatmachinery.com/favicon.ico?path=//proc/51/net" "Mozilla/5.0 AppleWebKit/537.36 (KHTML, like Gecko; compatible; GPTBot/1.4; +https://openai.com/gptbot)"
216.73.216.24 - - [28/Jul/2026:00:10:08 +0000] "GET /ilia-oil-s-71/feed/?fileloc=%2F%2Frun%2Ffastpanel2-nginx.pid&path=%2F%2Frun HTTP/1.1" 200 2684 "-" "Mozilla/5.0 AppleWebKit/537.36 (KHTML, like Gecko; compatible; ClaudeBot/1.0; +claudebot@anthropic.com)"
74.7.243.228 - - [28/Jul/2026:00:10:10 +0000] "GET /favicon.ico?fileloc=//proc/51/net/sockstat&path=//proc/51/net HTTP/1.1" 200 2783 "https://www.groatmachinery.com/favicon.ico?path=//proc/51/net" "Mozilla/5.0 AppleWebKit/537.36 (KHTML, like Gecko; compatible; GPTBot/1.4; +https://openai.com/gptbot)"
216.73.216.24 - - [28/Jul/2026:00:10:11 +0000] "GET /ilia-oil-s-71/feed/?fileloc=%2F%2Fbin%2Fcut&path=%2F%2Fbin HTTP/1.1" 200 16638 "-" "Mozilla/5.0 AppleWebKit/537.36 (KHTML, like Gecko; compatible; ClaudeBot/1.0; +claudebot@anthropic.com)"
74.7.243.228 - - [28/Jul/2026:00:10:13 +0000] "GET /favicon.ico?fileloc=//proc/56/net/fib_triestat&path=//proc/56/net HTTP/1.1" 200 2948 "https://www.groatmachinery.com/favicon.ico?path=//proc/56/net" "Mozilla/5.0 AppleWebKit/537.36 (KHTML, like Gecko; compatible; GPTBot/1.4; +https://openai.com/gptbot)"
216.73.216.24 - - [28/Jul/2026:00:10:14 +0000] "GET /qusefod/assets/js/frontend/account-i18n.min.js?fileloc=%2F%2Fbin%2Fgrub-editenv&path=%2F%2Fbin HTTP/1.1" 200 140819 "-" "Mozilla/5.0 AppleWebKit/537.36 (KHTML, like Gecko; compatible; ClaudeBot/1.0; +claudebot@anthropic.com)"
74.7.243.228 - - [28/Jul/2026:00:10:17 +0000] "GET /favicon.ico?fileloc=//proc/56/net/softnet_stat&path=//proc/56/net HTTP/1.1" 200 2877 "https://www.groatmachinery.com/favicon.ico?path=//proc/56/net" "Mozilla/5.0 AppleWebKit/537.36 (KHTML, like Gecko; compatible; GPTBot/1.4; +https://openai.com/gptbot)"
216.73.216.24 - - [28/Jul/2026:00:10:17 +0000] "GET /ilia-oil-s-71/feed/?fileloc=%2F%2Fbin%2Fsg_timestamp&path=%2F%2Fbin HTTP/1.1" 200 8535 "-" "Mozilla/5.0 AppleWebKit/537.36 (KHTML, like Gecko; compatible; ClaudeBot/1.0; +claudebot@anthropic.com)"
74.7.243.228 - - [28/Jul/2026:00:10:20 +0000] "GET /favicon.ico?fileloc=//proc/82/net/sockstat&path=//proc/82/net HTTP/1.1" 200 2782 "https://www.groatmachinery.com/favicon.ico?path=//proc/82/net" "Mozilla/5.0 AppleWebKit/537.36 (KHTML, like Gecko; compatible; GPTBot/1.4; +https://openai.com/gptbot)"
216.73.216.24 - - [28/Jul/2026:00:10:20 +0000] "GET /qusefod/assets/js/frontend/account-i18n.min.js?fileloc=%2F%2Fbin%2Frun-one-constantly&path=%2F%2Fbin HTTP/1.1" 200 4354 "-" "Mozilla/5.0 AppleWebKit/537.36 (KHTML, like Gecko; compatible; ClaudeBot/1.0; +claudebot@anthropic.com)"
74.7.243.228 - - [28/Jul/2026:00:10:23 +0000] "GET /favicon.ico?fileloc=//proc/82/net/fib_triestat&path=//proc/82/net HTTP/1.1" 200 2947 "https://www.groatmachinery.com/favicon.ico?path=//proc/82/net" "Mozilla/5.0 AppleWebKit/537.36 (KHTML, like Gecko; compatible; GPTBot/1.4; +https://openai.com/gptbot)"
216.73.216.24 - - [28/Jul/2026:00:10:24 +0000] "GET /sitemap.xml?path=%2F%2Fsys%2Fclass%2Ftty%2FttyS24%2Fsubsystem%2FttyS29 HTTP/1.1" 200 3714 "-" "Mozilla/5.0 AppleWebKit/537.36 (KHTML, like Gecko; compatible; ClaudeBot/1.0; +claudebot@anthropic.com)"
114.119.131.245 - - [28/Jul/2026:00:10:24 +0000] "GET /beehiiv-privacy-policy/?path=/var/www/groatmachine_usr/data/php-bin HTTP/1.1" 200 2749 "https://groatmachinery.com/beehiiv-privacy-policy/?path=/var/www/groatmachine_usr/data" "Mozilla/5.0 (Linux; Android 7.0;) AppleWebKit/537.36 (HTML, like Gecko) Mobile Safari/537.36 (compatible; PetalBot;+https://webmaster.petalsearch.com/site/petalbot)"
3.219.81.66 - - [28/Jul/2026:00:10:24 +0000] "GET / HTTP/1.1" 200 4085 "-" "Mozilla/5.0 AppleWebKit/537.36 (KHTML, like Gecko; compatible; Amazonbot/0.1; +https://developer.amazon.com/support/amazonbot) Chrome/119.0.6045.214 Safari/537.36"
74.7.243.228 - - [28/Jul/2026:00:10:26 +0000] "GET /favicon.ico?fileloc=//proc/56/net/netstat&path=//proc/56/net HTTP/1.1" 200 4428 "https://www.groatmachinery.com/favicon.ico?path=//proc/56/net" "Mozilla/5.0 AppleWebKit/537.36 (KHTML, like Gecko; compatible; GPTBot/1.4; +https://openai.com/gptbot)"
216.73.216.24 - - [28/Jul/2026:00:10:26 +0000] "GET /sitemap.xml?fileloc=%2F%2Flib%2Fgit-core%2Fgit-credential-cache&path=%2F%2Flib%2Fgit-core HTTP/1.1" 200 1729348 "-" "Mozilla/5.0 AppleWebKit/537.36 (KHTML, like Gecko; compatible; ClaudeBot/1.0; +claudebot@anthropic.com)"
74.7.243.228 - - [28/Jul/2026:00:10:29 +0000] "GET /favicon.ico?fileloc=//proc/56/net/mcfilter&path=//proc/56/net HTTP/1.1" 200 2721 "https://www.groatmachinery.com/favicon.ico?path=//proc/56/net" "Mozilla/5.0 AppleWebKit/537.36 (KHTML, like Gecko; compatible; GPTBot/1.4; +https://openai.com/gptbot)"
74.7.243.228 - - [28/Jul/2026:00:10:32 +0000] "GET /favicon.ico?fileloc=//proc/82/net/netstat&path=//proc/82/net HTTP/1.1" 200 4421 "https://www.groatmachinery.com/favicon.ico?path=//proc/82/net" "Mozilla/5.0 AppleWebKit/537.36 (KHTML, like Gecko; compatible; GPTBot/1.4; +https://openai.com/gptbot)"
216.73.216.24 - - [28/Jul/2026:00:10:32 +0000] "GET /sitemap.xml?path=%2F%2Fsys%2Fclass%2Ftty%2FttyS27%2Fsubsystem%2FttyS28 HTTP/1.1" 200 3715 "-" "Mozilla/5.0 AppleWebKit/537.36 (KHTML, like Gecko; compatible; ClaudeBot/1.0; +claudebot@anthropic.com)"
74.7.243.228 - - [28/Jul/2026:00:10:35 +0000] "GET /favicon.ico?fileloc=//proc/82/net/softnet_stat&path=//proc/82/net HTTP/1.1" 200 2877 "https://www.groatmachinery.com/favicon.ico?path=//proc/82/net" "Mozilla/5.0 AppleWebKit/537.36 (KHTML, like Gecko; compatible; GPTBot/1.4; +https://openai.com/gptbot)"
216.73.216.24 - - [28/Jul/2026:00:10:35 +0000] "GET /sitemap.xml?path=%2F%2Fsys%2Fclass%2Ftty%2Ftty21%2Fsubsystem%2FttyS30 HTTP/1.1" 200 3713 "-" "Mozilla/5.0 AppleWebKit/537.36 (KHTML, like Gecko; compatible; ClaudeBot/1.0; +claudebot@anthropic.com)"
74.7.243.228 - - [28/Jul/2026:00:10:38 +0000] "GET /favicon.ico?fileloc=//proc/23/net/fib_triestat&path=//proc/23/net HTTP/1.1" 200 2949 "https://www.groatmachinery.com/favicon.ico?path=//proc/23/net" "Mozilla/5.0 AppleWebKit/537.36 (KHTML, like Gecko; compatible; GPTBot/1.4; +https://openai.com/gptbot)"
216.73.216.24 - - [28/Jul/2026:00:10:38 +0000] "GET /sitemap.xml?path=%2F%2Fsys%2Fclass%2Ftty%2FttyS26%2Fsubsystem%2FttyS30 HTTP/1.1" 200 3715 "-" "Mozilla/5.0 AppleWebKit/537.36 (KHTML, like Gecko; compatible; ClaudeBot/1.0; +claudebot@anthropic.com)"
216.73.216.24 - - [28/Jul/2026:00:10:41 +0000] "GET /sitemap.xml?path=%2F%2Fsys%2Fclass%2Ftty%2FttyS20%2Fsubsystem%2FttyS29 HTTP/1.1" 200 3713 "-" "Mozilla/5.0 AppleWebKit/537.36 (KHTML, like Gecko; compatible; ClaudeBot/1.0; +claudebot@anthropic.com)"
74.7.243.228 - - [28/Jul/2026:00:10:42 +0000] "GET /favicon.ico?fileloc=//proc/56/net/xfrm_stat&path=//proc/56/net HTTP/1.1" 200 2882 "https://www.groatmachinery.com/favicon.ico?path=//proc/56/net" "Mozilla/5.0 AppleWebKit/537.36 (KHTML, like Gecko; compatible; GPTBot/1.4; +https://openai.com/gptbot)"
216.73.216.24 - - [28/Jul/2026:00:10:44 +0000] "GET /sitemap.xml?path=%2F%2Fsys%2Fclass%2Ftty%2FttyS10%2Fsubsystem%2Ftty51 HTTP/1.1" 200 3188 "-" "Mozilla/5.0 AppleWebKit/537.36 (KHTML, like Gecko; compatible; ClaudeBot/1.0; +claudebot@anthropic.com)"
74.7.243.228 - - [28/Jul/2026:00:10:45 +0000] "GET /favicon.ico?fileloc=//proc/51/net/dev_mcast&path=//proc/51/net HTTP/1.1" 200 2751 "https://www.groatmachinery.com/favicon.ico?path=//proc/51/net" "Mozilla/5.0 AppleWebKit/537.36 (KHTML, like Gecko; compatible; GPTBot/1.4; +https://openai.com/gptbot)"
216.73.216.24 - - [28/Jul/2026:00:10:47 +0000] "GET /sitemap.xml?path=%2F%2Fsys%2Fclass%2Ftty%2FttyS27%2Fsubsystem%2FttyS31 HTTP/1.1" 200 3717 "-" "Mozilla/5.0 AppleWebKit/537.36 (KHTML, like Gecko; compatible; ClaudeBot/1.0; +claudebot@anthropic.com)"
74.7.243.228 - - [28/Jul/2026:00:10:48 +0000] "GET /favicon.ico?fileloc=//proc/51/net/xfrm_stat&path=//proc/51/net HTTP/1.1" 200 2882 "https://www.groatmachinery.com/favicon.ico?path=//proc/51/net" "Mozilla/5.0 AppleWebKit/537.36 (KHTML, like Gecko; compatible; GPTBot/1.4; +https://openai.com/gptbot)"
216.73.216.24 - - [28/Jul/2026:00:10:50 +0000] "GET /sitemap.xml?path=%2F%2Fsys%2Fclass%2Ftty%2Ftty21%2Fsubsystem%2FttyS29 HTTP/1.1" 200 3714 "-" "Mozilla/5.0 AppleWebKit/537.36 (KHTML, like Gecko; compatible; ClaudeBot/1.0; +claudebot@anthropic.com)"
74.7.243.228 - - [28/Jul/2026:00:10:51 +0000] "GET /favicon.ico?fileloc=//proc/82/net/xfrm_stat&path=//proc/82/net HTTP/1.1" 200 2882 "https://www.groatmachinery.com/favicon.ico?path=//proc/82/net" "Mozilla/5.0 AppleWebKit/537.36 (KHTML, like Gecko; compatible; GPTBot/1.4; +https://openai.com/gptbot)"
216.73.216.24 - - [28/Jul/2026:00:10:53 +0000] "GET /sitemap.xml?path=%2F%2Fsys%2Fclass%2Ftty%2FttyS26%2Fsubsystem%2FttyS29 HTTP/1.1" 200 3715 "-" "Mozilla/5.0 AppleWebKit/537.36 (KHTML, like Gecko; compatible; ClaudeBot/1.0; +claudebot@anthropic.com)"
74.7.243.228 - - [28/Jul/2026:00:10:54 +0000] "GET /favicon.ico?fileloc=//proc/82/net/dev_mcast&path=//proc/82/net HTTP/1.1" 200 2751 "https://www.groatmachinery.com/favicon.ico?path=//proc/82/net" "Mozilla/5.0 AppleWebKit/537.36 (KHTML, like Gecko; compatible; GPTBot/1.4; +https://openai.com/gptbot)"
216.73.216.24 - - [28/Jul/2026:00:10:56 +0000] "GET /sitemap.xml?path=%2F%2Fsys%2Fclass%2Ftty%2FttyS27%2Fsubsystem%2FttyS22 HTTP/1.1" 200 3715 "-" "Mozilla/5.0 AppleWebKit/537.36 (KHTML, like Gecko; compatible; ClaudeBot/1.0; +claudebot@anthropic.com)"
74.7.243.228 - - [28/Jul/2026:00:10:57 +0000] "GET /favicon.ico?fileloc=//proc/23/net/xfrm_stat&path=//proc/23/net HTTP/1.1" 200 2883 "https://www.groatmachinery.com/favicon.ico?path=//proc/23/net" "Mozilla/5.0 AppleWebKit/537.36 (KHTML, like Gecko; compatible; GPTBot/1.4; +https://openai.com/gptbot)"
216.73.216.24 - - [28/Jul/2026:00:10:59 +0000] "GET /sitemap.xml?path=%2F%2Fsys%2Fclass%2Ftty%2FttyS11%2Fsubsystem%2FttyS30 HTTP/1.1" 200 3715 "-" "Mozilla/5.0 AppleWebKit/537.36 (KHTML, like Gecko; compatible; ClaudeBot/1.0; +claudebot@anthropic.com)"
74.7.243.228 - - [28/Jul/2026:00:11:00 +0000] "GET /favicon.ico?fileloc=//proc/56/net/dev_mcast&path=//proc/56/net HTTP/1.1" 200 2752 "https://www.groatmachinery.com/favicon.ico?path=//proc/56/net" "Mozilla/5.0 AppleWebKit/537.36 (KHTML, like Gecko; compatible; GPTBot/1.4; +https://openai.com/gptbot)"
216.73.216.24 - - [28/Jul/2026:00:11:02 +0000] "GET /sitemap.xml?path=%2F%2Fsys%2Fclass%2Ftty%2FttyS16%2Fsubsystem%2Ftty51 HTTP/1.1" 200 3188 "-" "Mozilla/5.0 AppleWebKit/537.36 (KHTML, like Gecko; compatible; ClaudeBot/1.0; +claudebot@anthropic.com)"
74.7.243.228 - - [28/Jul/2026:00:11:04 +0000] "GET /favicon.ico?fileloc=//proc/23/net/dev_mcast&path=//proc/23/net HTTP/1.1" 200 2751 "https://www.groatmachinery.com/favicon.ico?path=//proc/23/net" "Mozilla/5.0 AppleWebKit/537.36 (KHTML, like Gecko; compatible; GPTBot/1.4; +https://openai.com/gptbot)"
216.73.216.24 - - [28/Jul/2026:00:11:05 +0000] "GET /sitemap.xml?path=%2F%2Fproc%2F1638826%2Fmap_files HTTP/1.1" 200 2750 "-" "Mozilla/5.0 AppleWebKit/537.36 (KHTML, like Gecko; compatible; ClaudeBot/1.0; +claudebot@anthropic.com)"
74.7.243.228 - - [28/Jul/2026:00:11:07 +0000] "GET /favicon.ico?fileloc=//proc/51/net/ip_tables_names&path=//proc/51/net HTTP/1.1" 200 2694 "https://www.groatmachinery.com/favicon.ico?path=//proc/51/net" "Mozilla/5.0 AppleWebKit/537.36 (KHTML, like Gecko; compatible; GPTBot/1.4; +https://openai.com/gptbot)"
216.73.216.24 - - [28/Jul/2026:00:11:08 +0000] "GET /sitemap.xml?path=%2F%2Fsys%2Fclass%2Ftty%2FttyS11%2Fsubsystem%2FttyS29 HTTP/1.1" 200 3717 "-" "Mozilla/5.0 AppleWebKit/537.36 (KHTML, like Gecko; compatible; ClaudeBot/1.0; +claudebot@anthropic.com)"
74.7.243.228 - - [28/Jul/2026:00:11:10 +0000] "GET /favicon.ico?fileloc=//proc/56/net/ip_tables_names&path=//proc/56/net HTTP/1.1" 200 2695 "https://www.groatmachinery.com/favicon.ico?path=//proc/56/net" "Mozilla/5.0 AppleWebKit/537.36 (KHTML, like Gecko; compatible; GPTBot/1.4; +https://openai.com/gptbot)"
216.73.216.24 - - [28/Jul/2026:00:11:11 +0000] "GET /sitemap.xml?path=%2F%2Fsys%2Fclass%2Ftty%2FttyS10%2Fsubsystem%2FttyS1 HTTP/1.1" 200 3752 "-" "Mozilla/5.0 AppleWebKit/537.36 (KHTML, like Gecko; compatible; ClaudeBot/1.0; +claudebot@anthropic.com)"
74.7.243.228 - - [28/Jul/2026:00:11:13 +0000] "GET /favicon.ico?fileloc=//proc/23/net/ip_tables_names&path=//proc/23/net HTTP/1.1" 200 2694 "https://www.groatmachinery.com/favicon.ico?path=//proc/23/net" "Mozilla/5.0 AppleWebKit/537.36 (KHTML, like Gecko; compatible; GPTBot/1.4; +https://openai.com/gptbot)"
216.73.216.24 - - [28/Jul/2026:00:11:14 +0000] "GET /sitemap.xml?path=%2F%2Fsys%2Fclass%2Ftty%2FttyS10%2Fsubsystem%2FttyS9 HTTP/1.1" 200 3713 "-" "Mozilla/5.0 AppleWebKit/537.36 (KHTML, like Gecko; compatible; ClaudeBot/1.0; +claudebot@anthropic.com)"
74.7.243.228 - - [28/Jul/2026:00:11:16 +0000] "GET /favicon.ico?fileloc=//proc/82/net/ip_tables_names&path=//proc/82/net HTTP/1.1" 200 2694 "https://www.groatmachinery.com/favicon.ico?path=//proc/82/net" "Mozilla/5.0 AppleWebKit/537.36 (KHTML, like Gecko; compatible; GPTBot/1.4; +https://openai.com/gptbot)"
216.73.216.24 - - [28/Jul/2026:00:11:17 +0000] "GET /sitemap.xml?path=%2F%2Fsys%2Fclass%2Ftty%2FttyS24%2Fsubsystem%2FttyS28 HTTP/1.1" 200 3714 "-" "Mozilla/5.0 AppleWebKit/537.36 (KHTML, like Gecko; compatible; ClaudeBot/1.0; +claudebot@anthropic.com)"
74.7.243.228 - - [28/Jul/2026:00:11:20 +0000] "GET /favicon.ico?fileloc=//proc/82/net/arp&path=//proc/82/net HTTP/1.1" 200 3081 "https://www.groatmachinery.com/favicon.ico?path=//proc/82/net" "Mozilla/5.0 AppleWebKit/537.36 (KHTML, like Gecko; compatible; GPTBot/1.4; +https://openai.com/gptbot)"
216.73.216.24 - - [28/Jul/2026:00:11:20 +0000] "GET /sitemap.xml?path=%2F%2Fsys%2Fclass%2Ftty%2FttyS20%2Fsubsystem%2FttyS28 HTTP/1.1" 200 3713 "-" "Mozilla/5.0 AppleWebKit/537.36 (KHTML, like Gecko; compatible; ClaudeBot/1.0; +claudebot@anthropic.com)"
74.7.243.228 - - [28/Jul/2026:00:11:22 +0000] "GET /favicon.ico?fileloc=//proc/82/net/hci&path=//proc/82/net HTTP/1.1" 200 2721 "https://www.groatmachinery.com/favicon.ico?path=//proc/82/net" "Mozilla/5.0 AppleWebKit/537.36 (KHTML, like Gecko; compatible; GPTBot/1.4; +https://openai.com/gptbot)"
216.73.216.24 - - [28/Jul/2026:00:11:23 +0000] "GET /sitemap.xml?path=%2F%2Fsys%2Fclass%2Ftty%2FttyS16%2Fsubsystem%2FttyS1 HTTP/1.1" 200 3751 "-" "Mozilla/5.0 AppleWebKit/537.36 (KHTML, like Gecko; compatible; ClaudeBot/1.0; +claudebot@anthropic.com)"
74.7.243.228 - - [28/Jul/2026:00:11:25 +0000] "GET /favicon.ico?fileloc=//proc/56/net/hci&path=//proc/56/net HTTP/1.1" 200 2722 "https://www.groatmachinery.com/favicon.ico?path=//proc/56/net" "Mozilla/5.0 AppleWebKit/537.36 (KHTML, like Gecko; compatible; GPTBot/1.4; +https://openai.com/gptbot)"
216.73.216.24 - - [28/Jul/2026:00:11:26 +0000] "GET /sitemap.xml?path=%2F%2Fsys%2Fclass%2Ftty%2FttyS24%2Fsubsystem%2FttyS31 HTTP/1.1" 200 3716 "-" "Mozilla/5.0 AppleWebKit/537.36 (KHTML, like Gecko; compatible; ClaudeBot/1.0; +claudebot@anthropic.com)"
74.7.243.228 - - [28/Jul/2026:00:11:28 +0000] "GET /favicon.ico?fileloc=//proc/82/net/tcp&path=//proc/82/net HTTP/1.1" 200 31530 "https://www.groatmachinery.com/favicon.ico?path=//proc/82/net" "Mozilla/5.0 AppleWebKit/537.36 (KHTML, like Gecko; compatible; GPTBot/1.4; +https://openai.com/gptbot)"
216.73.216.24 - - [28/Jul/2026:00:11:29 +0000] "GET /sitemap.xml?path=%2F%2Fsys%2Fclass%2Ftty%2FttyS16%2Fsubsystem%2FttyS9 HTTP/1.1" 200 3713 "-" "Mozilla/5.0 AppleWebKit/537.36 (KHTML, like Gecko; compatible; ClaudeBot/1.0; +claudebot@anthropic.com)"
74.7.243.228 - - [28/Jul/2026:00:11:31 +0000] "GET /favicon.ico?fileloc=//proc/51/net/hci&path=//proc/51/net HTTP/1.1" 200 2722 "https://www.groatmachinery.com/favicon.ico?path=//proc/51/net" "Mozilla/5.0 AppleWebKit/537.36 (KHTML, like Gecko; compatible; GPTBot/1.4; +https://openai.com/gptbot)"
216.73.216.24 - - [28/Jul/2026:00:11:32 +0000] "GET /sitemap.xml?path=%2F%2Fsys%2Fclass%2Ftty%2FttyS26%2Fsubsystem%2FttyS28 HTTP/1.1" 200 3714 "-" "Mozilla/5.0 AppleWebKit/537.36 (KHTML, like Gecko; compatible; ClaudeBot/1.0; +claudebot@anthropic.com)"
74.7.243.228 - - [28/Jul/2026:00:11:35 +0000] "GET /favicon.ico?fileloc=//proc/56/net/arp&path=//proc/56/net HTTP/1.1" 200 3082 "https://www.groatmachinery.com/favicon.ico?path=//proc/56/net" "Mozilla/5.0 AppleWebKit/537.36 (KHTML, like Gecko; compatible; GPTBot/1.4; +https://openai.com/gptbot)"
216.73.216.24 - - [28/Jul/2026:00:11:35 +0000] "GET /sitemap.xml?path=%2F%2Fsys%2Fclass%2Ftty%2FttyS24%2Fsubsystem%2FttyS22 HTTP/1.1" 200 3714 "-" "Mozilla/5.0 AppleWebKit/537.36 (KHTML, like Gecko; compatible; ClaudeBot/1.0; +claudebot@anthropic.com)"
40.77.167.123 - - [28/Jul/2026:00:11:36 +0000] "GET /special/01590868774 HTTP/1.1" 200 27297 "-" "Mozilla/5.0 AppleWebKit/537.36 (KHTML, like Gecko; compatible; bingbot/2.0; +http://www.bing.com/bingbot.htm) Chrome/116.0.1938.76 Safari/537.36"
74.7.243.228 - - [28/Jul/2026:00:11:38 +0000] "GET /favicon.ico?fileloc=//proc/23/net/tcp&path=//proc/23/net HTTP/1.1" 200 31261 "https://www.groatmachinery.com/favicon.ico?path=//proc/23/net" "Mozilla/5.0 AppleWebKit/537.36 (KHTML, like Gecko; compatible; GPTBot/1.4; +https://openai.com/gptbot)"
216.73.216.24 - - [28/Jul/2026:00:11:38 +0000] "GET /sitemap.xml?path=%2F%2Fvar%2Flib%2Fsnapd%2Ffirstboot HTTP/1.1" 200 2754 "-" "Mozilla/5.0 AppleWebKit/537.36 (KHTML, like Gecko; compatible; ClaudeBot/1.0; +claudebot@anthropic.com)"
74.7.243.228 - - [28/Jul/2026:00:11:41 +0000] "GET /favicon.ico?fileloc=//proc/56/net/tcp&path=//proc/56/net HTTP/1.1" 200 31062 "https://www.groatmachinery.com/favicon.ico?path=//proc/56/net" "Mozilla/5.0 AppleWebKit/537.36 (KHTML, like Gecko; compatible; GPTBot/1.4; +https://openai.com/gptbot)"
216.73.216.24 - - [28/Jul/2026:00:11:41 +0000] "GET /sitemap.xml?path=%2F%2Fsys%2Fclass%2Ftty%2FttyS20%2Fsubsystem%2FttyS31 HTTP/1.1" 200 3715 "-" "Mozilla/5.0 AppleWebKit/537.36 (KHTML, like Gecko; compatible; ClaudeBot/1.0; +claudebot@anthropic.com)"
74.7.243.228 - - [28/Jul/2026:00:11:44 +0000] "GET /favicon.ico?fileloc=//proc/51/net/arp&path=//proc/51/net HTTP/1.1" 200 3082 "https://www.groatmachinery.com/favicon.ico?path=//proc/51/net" "Mozilla/5.0 AppleWebKit/537.36 (KHTML, like Gecko; compatible; GPTBot/1.4; +https://openai.com/gptbot)"
216.73.216.24 - - [28/Jul/2026:00:11:44 +0000] "GET /sitemap.xml?path=%2F%2Fsys%2Fclass%2Ftty%2Ftty21%2Fsubsystem%2FttyS28 HTTP/1.1" 200 3714 "-" "Mozilla/5.0 AppleWebKit/537.36 (KHTML, like Gecko; compatible; ClaudeBot/1.0; +claudebot@anthropic.com)"
74.7.243.228 - - [28/Jul/2026:00:11:47 +0000] "GET /favicon.ico?fileloc=//proc/51/net/tcp&path=//proc/51/net HTTP/1.1" 200 31041 "https://www.groatmachinery.com/favicon.ico?path=//proc/51/net" "Mozilla/5.0 AppleWebKit/537.36 (KHTML, like Gecko; compatible; GPTBot/1.4; +https://openai.com/gptbot)"
216.73.216.24 - - [28/Jul/2026:00:11:47 +0000] "GET /sitemap.xml?path=%2F%2Fsys%2Fclass%2Ftty%2FttyS20%2Fsubsystem%2FttyS22 HTTP/1.1" 200 3713 "-" "Mozilla/5.0 AppleWebKit/537.36 (KHTML, like Gecko; compatible; ClaudeBot/1.0; +claudebot@anthropic.com)"
216.73.216.24 - - [28/Jul/2026:00:11:50 +0000] "GET /sitemap.xml?path=%2F%2Fsys%2Fclass%2Ftty%2FttyS26%2Fsubsystem%2FttyS31 HTTP/1.1" 200 3716 "-" "Mozilla/5.0 AppleWebKit/537.36 (KHTML, like Gecko; compatible; ClaudeBot/1.0; +claudebot@anthropic.com)"
74.7.243.228 - - [28/Jul/2026:00:11:51 +0000] "GET /favicon.ico?fileloc=//proc/23/net/hci&path=//proc/23/net HTTP/1.1" 200 2722 "https://www.groatmachinery.com/favicon.ico?path=//proc/23/net" "Mozilla/5.0 AppleWebKit/537.36 (KHTML, like Gecko; compatible; GPTBot/1.4; +https://openai.com/gptbot)"
216.73.216.24 - - [28/Jul/2026:00:11:53 +0000] "GET /sitemap.xml?path=%2F%2Fsys%2Fclass%2Ftty%2FttyS10%2Fsubsystem%2FttyS30 HTTP/1.1" 200 3712 "-" "Mozilla/5.0 AppleWebKit/537.36 (KHTML, like Gecko; compatible; ClaudeBot/1.0; +claudebot@anthropic.com)"
74.7.243.228 - - [28/Jul/2026:00:11:54 +0000] "GET /favicon.ico?fileloc=//proc/23/net/arp&path=//proc/23/net HTTP/1.1" 200 3082 "https://www.groatmachinery.com/favicon.ico?path=//proc/23/net" "Mozilla/5.0 AppleWebKit/537.36 (KHTML, like Gecko; compatible; GPTBot/1.4; +https://openai.com/gptbot)"
216.73.216.24 - - [28/Jul/2026:00:11:56 +0000] "GET /sitemap.xml?path=%2F%2Fsys%2Fclass%2Ftty%2FttyS26%2Fsubsystem%2FttyS22 HTTP/1.1" 200 3714 "-" "Mozilla/5.0 AppleWebKit/537.36 (KHTML, like Gecko; compatible; ClaudeBot/1.0; +claudebot@anthropic.com)"
74.7.243.228 - - [28/Jul/2026:00:11:57 +0000] "GET /favicon.ico?fileloc=//proc/82/net/l2cap&path=//proc/82/net HTTP/1.1" 200 2723 "https://www.groatmachinery.com/favicon.ico?path=//proc/82/net" "Mozilla/5.0 AppleWebKit/537.36 (KHTML, like Gecko; compatible; GPTBot/1.4; +https://openai.com/gptbot)"
216.73.216.24 - - [28/Jul/2026:00:11:59 +0000] "GET /sitemap.xml?path=%2F%2Fsys%2Fclass%2Ftty%2FttyS11%2Fsubsystem%2FttyS28 HTTP/1.1" 200 3716 "-" "Mozilla/5.0 AppleWebKit/537.36 (KHTML, like Gecko; compatible; ClaudeBot/1.0; +claudebot@anthropic.com)"
74.7.243.228 - - [28/Jul/2026:00:12:00 +0000] "GET /favicon.ico?fileloc=//proc/56/net/tcp6&path=//proc/56/net HTTP/1.1" 200 3025 "https://www.groatmachinery.com/favicon.ico?path=//proc/56/net" "Mozilla/5.0 AppleWebKit/537.36 (KHTML, like Gecko; compatible; GPTBot/1.4; +https://openai.com/gptbot)"
216.73.216.24 - - [28/Jul/2026:00:12:02 +0000] "GET /sitemap.xml?path=%2F%2Fsys%2Fclass%2Ftty%2Ftty21%2Fsubsystem%2FttyS31 HTTP/1.1" 200 3712 "-" "Mozilla/5.0 AppleWebKit/537.36 (KHTML, like Gecko; compatible; ClaudeBot/1.0; +claudebot@anthropic.com)"
74.7.243.228 - - [28/Jul/2026:00:12:03 +0000] "GET /favicon.ico?fileloc=//proc/51/net/sco&path=//proc/51/net HTTP/1.1" 200 2723 "https://www.groatmachinery.com/favicon.ico?path=//proc/51/net" "Mozilla/5.0 AppleWebKit/537.36 (KHTML, like Gecko; compatible; GPTBot/1.4; +https://openai.com/gptbot)"
216.73.216.24 - - [28/Jul/2026:00:12:05 +0000] "GET /sitemap.xml?path=%2F%2Fsys%2Fclass%2Ftty%2FttyS10%2Fsubsystem%2FttyS29 HTTP/1.1" 200 3716 "-" "Mozilla/5.0 AppleWebKit/537.36 (KHTML, like Gecko; compatible; ClaudeBot/1.0; +claudebot@anthropic.com)"
74.7.243.228 - - [28/Jul/2026:00:12:07 +0000] "GET /favicon.ico?fileloc=//proc/56/net/sco&path=//proc/56/net HTTP/1.1" 200 2723 "https://www.groatmachinery.com/favicon.ico?path=//proc/56/net" "Mozilla/5.0 AppleWebKit/537.36 (KHTML, like Gecko; compatible; GPTBot/1.4; +https://openai.com/gptbot)"
216.73.216.24 - - [28/Jul/2026:00:12:08 +0000] "GET /sitemap.xml?path=%2F%2Fsys%2Fclass%2Ftty%2FttyS16%2Fsubsystem%2FttyS30 HTTP/1.1" 200 3715 "-" "Mozilla/5.0 AppleWebKit/537.36 (KHTML, like Gecko; compatible; ClaudeBot/1.0; +claudebot@anthropic.com)"
74.7.243.228 - - [28/Jul/2026:00:12:10 +0000] "GET /favicon.ico?fileloc=//proc/56/net/raw&path=//proc/56/net HTTP/1.1" 200 2762 "https://www.groatmachinery.com/favicon.ico?path=//proc/56/net" "Mozilla/5.0 AppleWebKit/537.36 (KHTML, like Gecko; compatible; GPTBot/1.4; +https://openai.com/gptbot)"
216.73.216.24 - - [28/Jul/2026:00:12:11 +0000] "GET /sitemap.xml?path=%2F%2Fsys%2Fclass%2Ftty%2Ftty21%2Fsubsystem%2FttyS22 HTTP/1.1" 200 3714 "-" "Mozilla/5.0 AppleWebKit/537.36 (KHTML, like Gecko; compatible; ClaudeBot/1.0; +claudebot@anthropic.com)"
74.7.243.228 - - [28/Jul/2026:00:12:13 +0000] "GET /favicon.ico?fileloc=//proc/56/net/udp&path=//proc/56/net HTTP/1.1" 200 10992 "https://www.groatmachinery.com/favicon.ico?path=//proc/56/net" "Mozilla/5.0 AppleWebKit/537.36 (KHTML, like Gecko; compatible; GPTBot/1.4; +https://openai.com/gptbot)"
216.73.216.24 - - [28/Jul/2026:00:12:14 +0000] "GET /sitemap.xml?path=%2F%2Fsys%2Fclass%2Ftty%2FttyS27%2Fsubsystem%2Ftty13 HTTP/1.1" 200 3189 "-" "Mozilla/5.0 AppleWebKit/537.36 (KHTML, like Gecko; compatible; ClaudeBot/1.0; +claudebot@anthropic.com)"
74.7.243.228 - - [28/Jul/2026:00:12:16 +0000] "GET /favicon.ico?fileloc=//proc/23/net/udp&path=//proc/23/net HTTP/1.1" 200 11005 "https://www.groatmachinery.com/favicon.ico?path=//proc/23/net" "Mozilla/5.0 AppleWebKit/537.36 (KHTML, like Gecko; compatible; GPTBot/1.4; +https://openai.com/gptbot)"
216.73.216.24 - - [28/Jul/2026:00:12:17 +0000] "GET /sitemap.xml?path=%2F%2Fsys%2Fclass%2Ftty%2FttyS11%2Fsubsystem%2FttyS31 HTTP/1.1" 200 3715 "-" "Mozilla/5.0 AppleWebKit/537.36 (KHTML, like Gecko; compatible; ClaudeBot/1.0; +claudebot@anthropic.com)"
74.7.243.228 - - [28/Jul/2026:00:12:19 +0000] "GET /favicon.ico?fileloc=//proc/23/net/sco&path=//proc/23/net HTTP/1.1" 200 2722 "https://www.groatmachinery.com/favicon.ico?path=//proc/23/net" "Mozilla/5.0 AppleWebKit/537.36 (KHTML, like Gecko; compatible; GPTBot/1.4; +https://openai.com/gptbot)"
216.73.216.24 - - [28/Jul/2026:00:12:20 +0000] "GET /sitemap.xml?path=%2F%2Fsys%2Fclass%2Ftty%2FttyS11%2Fsubsystem%2FttyS22 HTTP/1.1" 200 3716 "-" "Mozilla/5.0 AppleWebKit/537.36 (KHTML, like Gecko; compatible; ClaudeBot/1.0; +claudebot@anthropic.com)"
74.7.243.228 - - [28/Jul/2026:00:12:22 +0000] "GET /favicon.ico?fileloc=//proc/51/net/udp&path=//proc/51/net HTTP/1.1" 200 10916 "https://www.groatmachinery.com/favicon.ico?path=//proc/51/net" "Mozilla/5.0 AppleWebKit/537.36 (KHTML, like Gecko; compatible; GPTBot/1.4; +https://openai.com/gptbot)"
216.73.216.24 - - [28/Jul/2026:00:12:23 +0000] "GET /sitemap.xml?path=%2F%2Fsys%2Fclass%2Ftty%2FttyS16%2Fsubsystem%2FttyS29 HTTP/1.1" 200 3716 "-" "Mozilla/5.0 AppleWebKit/537.36 (KHTML, like Gecko; compatible; ClaudeBot/1.0; +claudebot@anthropic.com)"
74.7.243.228 - - [28/Jul/2026:00:12:25 +0000] "GET /favicon.ico?fileloc=//proc/51/net/raw&path=//proc/51/net HTTP/1.1" 200 2761 "https://www.groatmachinery.com/favicon.ico?path=//proc/51/net" "Mozilla/5.0 AppleWebKit/537.36 (KHTML, like Gecko; compatible; GPTBot/1.4; +https://openai.com/gptbot)"
216.73.216.24 - - [28/Jul/2026:00:12:26 +0000] "GET /sitemap.xml?path=%2F%2Fsys%2Fclass%2Ftty%2FttyS27%2Fsubsystem%2FttyS6 HTTP/1.1" 200 3713 "-" "Mozilla/5.0 AppleWebKit/537.36 (KHTML, like Gecko; compatible; ClaudeBot/1.0; +claudebot@anthropic.com)"
74.7.243.228 - - [28/Jul/2026:00:12:28 +0000] "GET /favicon.ico?fileloc=//proc/82/net/sco&path=//proc/82/net HTTP/1.1" 200 2721 "https://www.groatmachinery.com/favicon.ico?path=//proc/82/net" "Mozilla/5.0 AppleWebKit/537.36 (KHTML, like Gecko; compatible; GPTBot/1.4; +https://openai.com/gptbot)"
216.73.216.24 - - [28/Jul/2026:00:12:29 +0000] "GET /sitemap.xml?path=%2F%2Fsys%2Fclass%2Ftty%2FttyS10%2Fsubsystem%2Ftty11%2Fsubsystem HTTP/1.1" 200 5289 "-" "Mozilla/5.0 AppleWebKit/537.36 (KHTML, like Gecko; compatible; ClaudeBot/1.0; +claudebot@anthropic.com)"
114.119.135.229 - - [28/Jul/2026:00:12:29 +0000] "GET /beehiiv-premium-only-subscription/?path=/var/www/groatmachine_usr/data/www/groatmachinery.com/wp-admin HTTP/1.1" 200 6636 "https://groatmachinery.com/beehiiv-premium-only-subscription/" "Mozilla/5.0 (Linux; Android 7.0;) AppleWebKit/537.36 (HTML, like Gecko) Mobile Safari/537.36 (compatible; PetalBot;+https://webmaster.petalsearch.com/site/petalbot)"
74.7.243.228 - - [28/Jul/2026:00:12:31 +0000] "GET /favicon.ico?fileloc=//proc/82/net/raw&path=//proc/82/net HTTP/1.1" 200 2761 "https://www.groatmachinery.com/favicon.ico?path=//proc/82/net" "Mozilla/5.0 AppleWebKit/537.36 (KHTML, like Gecko; compatible; GPTBot/1.4; +https://openai.com/gptbot)"
216.73.216.24 - - [28/Jul/2026:00:12:32 +0000] "GET /sitemap.xml?path=%2F%2Fsys%2Fclass%2Ftty%2FttyS10%2Fsubsystem%2FttyS28 HTTP/1.1" 200 3716 "-" "Mozilla/5.0 AppleWebKit/537.36 (KHTML, like Gecko; compatible; ClaudeBot/1.0; +claudebot@anthropic.com)"
74.7.243.228 - - [28/Jul/2026:00:12:34 +0000] "GET /favicon.ico?fileloc=//proc/82/net/udp&path=//proc/82/net HTTP/1.1" 200 10879 "https://www.groatmachinery.com/favicon.ico?path=//proc/82/net" "Mozilla/5.0 AppleWebKit/537.36 (KHTML, like Gecko; compatible; GPTBot/1.4; +https://openai.com/gptbot)"
216.73.216.24 - - [28/Jul/2026:00:12:35 +0000] "GET /sitemap.xml?path=%2F%2Fsys%2Fclass%2Ftty%2FttyS24%2Fsubsystem%2Ftty13 HTTP/1.1" 200 3188 "-" "Mozilla/5.0 AppleWebKit/537.36 (KHTML, like Gecko; compatible; ClaudeBot/1.0; +claudebot@anthropic.com)"
74.7.243.228 - - [28/Jul/2026:00:12:38 +0000] "GET /favicon.ico?fileloc=//proc/23/net/raw&path=//proc/23/net HTTP/1.1" 200 2761 "https://www.groatmachinery.com/favicon.ico?path=//proc/23/net" "Mozilla/5.0 AppleWebKit/537.36 (KHTML, like Gecko; compatible; GPTBot/1.4; +https://openai.com/gptbot)"
216.73.216.24 - - [28/Jul/2026:00:12:38 +0000] "GET /sitemap.xml?path=%2F%2Fsys%2Fclass%2Ftty%2FttyS16%2Fsubsystem%2Ftty11%2Fsubsystem HTTP/1.1" 200 5289 "-" "Mozilla/5.0 AppleWebKit/537.36 (KHTML, like Gecko; compatible; ClaudeBot/1.0; +claudebot@anthropic.com)"
74.7.243.228 - - [28/Jul/2026:00:12:41 +0000] "GET /favicon.ico?fileloc=//proc/51/net/tcp6&path=//proc/51/net HTTP/1.1" 200 3049 "https://www.groatmachinery.com/favicon.ico?path=//proc/51/net" "Mozilla/5.0 AppleWebKit/537.36 (KHTML, like Gecko; compatible; GPTBot/1.4; +https://openai.com/gptbot)"
216.73.216.24 - - [28/Jul/2026:00:12:41 +0000] "GET /sitemap.xml?path=%2F%2Fsys%2Fclass%2Ftty%2FttyS20%2Fsubsystem%2Ftty13 HTTP/1.1" 200 3187 "-" "Mozilla/5.0 AppleWebKit/537.36 (KHTML, like Gecko; compatible; ClaudeBot/1.0; +claudebot@anthropic.com)"
74.7.243.228 - - [28/Jul/2026:00:12:44 +0000] "GET /favicon.ico?fileloc=//proc/82/net/icmp6&path=//proc/82/net HTTP/1.1" 200 2766 "https://www.groatmachinery.com/favicon.ico?path=//proc/82/net" "Mozilla/5.0 AppleWebKit/537.36 (KHTML, like Gecko; compatible; GPTBot/1.4; +https://openai.com/gptbot)"
216.73.216.24 - - [28/Jul/2026:00:12:44 +0000] "GET /sitemap.xml?path=%2F%2Fsys%2Fclass%2Ftty%2FttyS10%2Fsubsystem%2FttyS31 HTTP/1.1" 200 3716 "-" "Mozilla/5.0 AppleWebKit/537.36 (KHTML, like Gecko; compatible; ClaudeBot/1.0; +claudebot@anthropic.com)"
74.7.243.228 - - [28/Jul/2026:00:12:47 +0000] "GET /favicon.ico?fileloc=//proc/23/net/raw6&path=//proc/23/net HTTP/1.1" 200 2811 "https://www.groatmachinery.com/favicon.ico?path=//proc/23/net" "Mozilla/5.0 AppleWebKit/537.36 (KHTML, like Gecko; compatible; GPTBot/1.4; +https://openai.com/gptbot)"
216.73.216.24 - - [28/Jul/2026:00:12:47 +0000] "GET /sitemap.xml?path=%2F%2Fsys%2Fdevices%2Fmsr%2Fsubsystem%2Fdevices%2Fsoftware%2Fsubsystem HTTP/1.1" 200 3240 "-" "Mozilla/5.0 AppleWebKit/537.36 (KHTML, like Gecko; compatible; ClaudeBot/1.0; +claudebot@anthropic.com)"
74.7.243.228 - - [28/Jul/2026:00:12:50 +0000] "GET /favicon.ico?fileloc=//proc/82/net/igmp6&path=//proc/82/net HTTP/1.1" 200 2762 "https://www.groatmachinery.com/favicon.ico?path=//proc/82/net" "Mozilla/5.0 AppleWebKit/537.36 (KHTML, like Gecko; compatible; GPTBot/1.4; +https://openai.com/gptbot)"
216.73.216.24 - - [28/Jul/2026:00:12:50 +0000] "GET /sitemap.xml?path=%2F%2Fsys%2Fclass%2Ftty%2Ftty21%2Fsubsystem%2Ftty13 HTTP/1.1" 200 3187 "-" "Mozilla/5.0 AppleWebKit/537.36 (KHTML, like Gecko; compatible; ClaudeBot/1.0; +claudebot@anthropic.com)"
74.7.243.228 - - [28/Jul/2026:00:12:53 +0000] "GET /favicon.ico?fileloc=//proc/51/net/udp6&path=//proc/51/net HTTP/1.1" 200 2765 "https://www.groatmachinery.com/favicon.ico?path=//proc/51/net" "Mozilla/5.0 AppleWebKit/537.36 (KHTML, like Gecko; compatible; GPTBot/1.4; +https://openai.com/gptbot)"
216.73.216.24 - - [28/Jul/2026:00:12:53 +0000] "GET /sitemap.xml?path=%2F%2Fsys%2Fclass%2Ftty%2FttyS16%2Fsubsystem%2FttyS28 HTTP/1.1" 200 3716 "-" "Mozilla/5.0 AppleWebKit/537.36 (KHTML, like Gecko; compatible; ClaudeBot/1.0; +claudebot@anthropic.com)"
74.7.243.228 - - [28/Jul/2026:00:12:56 +0000] "GET /favicon.ico?fileloc=//proc/82/net/udp6&path=//proc/82/net HTTP/1.1" 200 2765 "https://www.groatmachinery.com/favicon.ico?path=//proc/82/net" "Mozilla/5.0 AppleWebKit/537.36 (KHTML, like Gecko; compatible; GPTBot/1.4; +https://openai.com/gptbot)"
216.73.216.24 - - [28/Jul/2026:00:12:56 +0000] "GET /sitemap.xml?path=%2F%2Fsys%2Fclass%2Ftty%2FttyS10%2Fsubsystem%2FttyS22 HTTP/1.1" 200 3716 "-" "Mozilla/5.0 AppleWebKit/537.36 (KHTML, like Gecko; compatible; ClaudeBot/1.0; +claudebot@anthropic.com)"
74.7.243.228 - - [28/Jul/2026:00:12:59 +0000] "GET /favicon.ico?fileloc=//proc/23/net/udp6&path=//proc/23/net HTTP/1.1" 200 2766 "https://www.groatmachinery.com/favicon.ico?path=//proc/23/net" "Mozilla/5.0 AppleWebKit/537.36 (KHTML, like Gecko; compatible; GPTBot/1.4; +https://openai.com/gptbot)"
216.73.216.24 - - [28/Jul/2026:00:13:00 +0000] "GET /sitemap.xml?fileloc=%2F%2Fsys%2Fclass%2Ftty%2FttyS16%2Fsubsystem%2FttyS26%2Firq&path=%2F%2Fsys%2Fclass%2Ftty%2FttyS16%2Fsubsystem%2FttyS26 HTTP/1.1" 200 2722 "-" "Mozilla/5.0 AppleWebKit/537.36 (KHTML, like Gecko; compatible; ClaudeBot/1.0; +claudebot@anthropic.com)"
74.7.243.228 - - [28/Jul/2026:00:13:03 +0000] "GET /favicon.ico?fileloc=//proc/51/net/igmp6&path=//proc/51/net HTTP/1.1" 200 2763 "https://www.groatmachinery.com/favicon.ico?path=//proc/51/net" "Mozilla/5.0 AppleWebKit/537.36 (KHTML, like Gecko; compatible; GPTBot/1.4; +https://openai.com/gptbot)"
216.73.216.24 - - [28/Jul/2026:00:13:03 +0000] "GET /sitemap.xml?fileloc=%2F%2Fsys%2Fclass%2Ftty%2FttyS26%2Fsubsystem%2FttyS16%2Firq&path=%2F%2Fsys%2Fclass%2Ftty%2FttyS26%2Fsubsystem%2FttyS16 HTTP/1.1" 200 2722 "-" "Mozilla/5.0 AppleWebKit/537.36 (KHTML, like Gecko; compatible; ClaudeBot/1.0; +claudebot@anthropic.com)"
74.7.243.228 - - [28/Jul/2026:00:13:06 +0000] "GET /favicon.ico?fileloc=//proc/82/net/raw6&path=//proc/82/net HTTP/1.1" 200 2811 "https://www.groatmachinery.com/favicon.ico?path=//proc/82/net" "Mozilla/5.0 AppleWebKit/537.36 (KHTML, like Gecko; compatible; GPTBot/1.4; +https://openai.com/gptbot)"
216.73.216.24 - - [28/Jul/2026:00:13:06 +0000] "GET /sitemap.xml?fileloc=%2F%2Fsys%2Fclass%2Ftty%2FttyS26%2Fsubsystem%2FttyS23%2Fport&path=%2F%2Fsys%2Fclass%2Ftty%2FttyS26%2Fsubsystem%2FttyS23 HTTP/1.1" 200 2725 "-" "Mozilla/5.0 AppleWebKit/537.36 (KHTML, like Gecko; compatible; ClaudeBot/1.0; +claudebot@anthropic.com)"
74.7.243.228 - - [28/Jul/2026:00:13:09 +0000] "GET /favicon.ico?fileloc=//proc/56/net/igmp6&path=//proc/56/net HTTP/1.1" 200 2764 "https://www.groatmachinery.com/favicon.ico?path=//proc/56/net" "Mozilla/5.0 AppleWebKit/537.36 (KHTML, like Gecko; compatible; GPTBot/1.4; +https://openai.com/gptbot)"
74.7.243.228 - - [28/Jul/2026:00:13:12 +0000] "GET /favicon.ico?fileloc=//proc/23/net/snmp6&path=//proc/23/net HTTP/1.1" 200 3385 "https://www.groatmachinery.com/favicon.ico?path=//proc/23/net" "Mozilla/5.0 AppleWebKit/537.36 (KHTML, like Gecko; compatible; GPTBot/1.4; +https://openai.com/gptbot)"
216.73.216.24 - - [28/Jul/2026:00:13:09 +0000] "GET /sitemap.xml?fileloc=%2F%2Fsys%2Fclass%2Ftty%2FttyS16%2Fsubsystem%2FttyS24%2Fport&path=%2F%2Fsys%2Fclass%2Ftty%2FttyS16%2Fsubsystem%2FttyS24 HTTP/1.1" 200 2726 "-" "Mozilla/5.0 AppleWebKit/537.36 (KHTML, like Gecko; compatible; ClaudeBot/1.0; +claudebot@anthropic.com)"
216.73.216.24 - - [28/Jul/2026:00:13:15 +0000] "GET /sitemap.xml?fileloc=%2F%2Fsys%2Fkernel%2Fslab%2Fkmalloc-rnd-07-64%2Fslabs&path=%2F%2Fsys%2Fkernel%2Fslab%2Fkmalloc-rnd-07-64 HTTP/1.1" 200 2711 "-" "Mozilla/5.0 AppleWebKit/537.36 (KHTML, like Gecko; compatible; ClaudeBot/1.0; +claudebot@anthropic.com)"
74.7.243.228 - - [28/Jul/2026:00:13:15 +0000] "GET /favicon.ico?fileloc=//proc/82/net/tcp6&path=//proc/82/net HTTP/1.1" 200 2938 "https://www.groatmachinery.com/favicon.ico?path=//proc/82/net" "Mozilla/5.0 AppleWebKit/537.36 (KHTML, like Gecko; compatible; GPTBot/1.4; +https://openai.com/gptbot)"
216.73.216.24 - - [28/Jul/2026:00:13:18 +0000] "GET /sitemap.xml?fileloc=%2F%2Fsys%2Fclass%2Ftty%2FttyS24%2Fsubsystem%2FttyS16%2Fport&path=%2F%2Fsys%2Fclass%2Ftty%2FttyS24%2Fsubsystem%2FttyS16 HTTP/1.1" 200 2726 "-" "Mozilla/5.0 AppleWebKit/537.36 (KHTML, like Gecko; compatible; ClaudeBot/1.0; +claudebot@anthropic.com)"
74.7.243.228 - - [28/Jul/2026:00:13:19 +0000] "GET /favicon.ico?fileloc=//proc/82/net/snmp6&path=//proc/82/net HTTP/1.1" 200 3385 "https://www.groatmachinery.com/favicon.ico?path=//proc/82/net" "Mozilla/5.0 AppleWebKit/537.36 (KHTML, like Gecko; compatible; GPTBot/1.4; +https://openai.com/gptbot)"
216.73.216.24 - - [28/Jul/2026:00:13:21 +0000] "GET /sitemap.xml?fileloc=%2F%2Fsys%2Fclass%2Ftty%2FttyS16%2Fsubsystem%2FttyS24%2Firq&path=%2F%2Fsys%2Fclass%2Ftty%2FttyS16%2Fsubsystem%2FttyS24 HTTP/1.1" 200 2723 "-" "Mozilla/5.0 AppleWebKit/537.36 (KHTML, like Gecko; compatible; ClaudeBot/1.0; +claudebot@anthropic.com)"
74.7.243.228 - - [28/Jul/2026:00:13:22 +0000] "GET /favicon.ico?fileloc=//proc/51/net/snmp6&path=//proc/51/net HTTP/1.1" 200 3383 "https://www.groatmachinery.com/favicon.ico?path=//proc/51/net" "Mozilla/5.0 AppleWebKit/537.36 (KHTML, like Gecko; compatible; GPTBot/1.4; +https://openai.com/gptbot)"
216.73.216.24 - - [28/Jul/2026:00:13:24 +0000] "GET /sitemap.xml?fileloc=%2F%2Fsys%2Fclass%2Ftty%2FttyS26%2Fsubsystem%2FttyS23%2Firq&path=%2F%2Fsys%2Fclass%2Ftty%2FttyS26%2Fsubsystem%2FttyS23 HTTP/1.1" 200 2722 "-" "Mozilla/5.0 AppleWebKit/537.36 (KHTML, like Gecko; compatible; ClaudeBot/1.0; +claudebot@anthropic.com)"
74.7.243.228 - - [28/Jul/2026:00:13:25 +0000] "GET /favicon.ico?fileloc=//proc/23/net/igmp6&path=//proc/23/net HTTP/1.1" 200 2763 "https://www.groatmachinery.com/favicon.ico?path=//proc/23/net" "Mozilla/5.0 AppleWebKit/537.36 (KHTML, like Gecko; compatible; GPTBot/1.4; +https://openai.com/gptbot)"
216.73.216.24 - - [28/Jul/2026:00:13:27 +0000] "GET /sitemap.xml?fileloc=%2F%2Fsys%2Fclass%2Ftty%2FttyS24%2Fsubsystem%2FttyS16%2Firq&path=%2F%2Fsys%2Fclass%2Ftty%2FttyS24%2Fsubsystem%2FttyS16 HTTP/1.1" 200 2723 "-" "Mozilla/5.0 AppleWebKit/537.36 (KHTML, like Gecko; compatible; ClaudeBot/1.0; +claudebot@anthropic.com)"
