216.73.216.24 - - [28/Jul/2026:00:53:10 +0000] "GET /sitemap.xml?fileloc=%2F%2Fsys%2Fclass%2Ftty%2Ftty27%2Fsubsystem%2FttyS13%2Fflags&path=%2F%2Fsys%2Fclass%2Ftty%2Ftty27%2Fsubsystem%2FttyS13 HTTP/1.1" 200 2726 "-" "Mozilla/5.0 AppleWebKit/537.36 (KHTML, like Gecko; compatible; ClaudeBot/1.0; +claudebot@anthropic.com)"
74.7.243.228 - - [28/Jul/2026:00:53:11 +0000] "GET /favicon.ico?fileloc=//proc/59/net/snmp6&path=//proc/59/net HTTP/1.1" 200 3383 "https://www.groatmachinery.com/favicon.ico?path=//proc/59/net" "Mozilla/5.0 AppleWebKit/537.36 (KHTML, like Gecko; compatible; GPTBot/1.4; +https://openai.com/gptbot)"
216.73.216.24 - - [28/Jul/2026:00:53:13 +0000] "GET /sitemap.xml?fileloc=%2F%2Fsys%2Fkernel%2Fslab%2Ffanotify_path_event%2Forder&path=%2F%2Fsys%2Fkernel%2Fslab%2Ffanotify_path_event HTTP/1.1" 200 2711 "-" "Mozilla/5.0 AppleWebKit/537.36 (KHTML, like Gecko; compatible; ClaudeBot/1.0; +claudebot@anthropic.com)"
74.7.243.228 - - [28/Jul/2026:00:53:14 +0000] "GET /favicon.ico?fileloc=//proc/83/net/l2cap&path=//proc/83/net HTTP/1.1" 200 2723 "https://www.groatmachinery.com/favicon.ico?path=//proc/83/net" "Mozilla/5.0 AppleWebKit/537.36 (KHTML, like Gecko; compatible; GPTBot/1.4; +https://openai.com/gptbot)"
216.73.216.24 - - [28/Jul/2026:00:53:16 +0000] "GET /sitemap.xml?fileloc=%2F%2Fsys%2Fkernel%2Fslab%2Ffanotify_path_event%2Fctor&path=%2F%2Fsys%2Fkernel%2Fslab%2Ffanotify_path_event HTTP/1.1" 200 2712 "-" "Mozilla/5.0 AppleWebKit/537.36 (KHTML, like Gecko; compatible; ClaudeBot/1.0; +claudebot@anthropic.com)"
74.7.243.228 - - [28/Jul/2026:00:53:17 +0000] "GET /favicon.ico?fileloc=//proc/62/net/udp6&path=//proc/62/net HTTP/1.1" 200 2766 "https://www.groatmachinery.com/favicon.ico?path=//proc/62/net" "Mozilla/5.0 AppleWebKit/537.36 (KHTML, like Gecko; compatible; GPTBot/1.4; +https://openai.com/gptbot)"
216.73.216.24 - - [28/Jul/2026:00:53:19 +0000] "GET /sitemap.xml?fileloc=%2F%2Fproc%2F110%2Fmaps&path=%2F%2Fproc%2F110 HTTP/1.1" 200 2681 "-" "Mozilla/5.0 AppleWebKit/537.36 (KHTML, like Gecko; compatible; ClaudeBot/1.0; +claudebot@anthropic.com)"
74.7.243.228 - - [28/Jul/2026:00:53:20 +0000] "GET /favicon.ico?fileloc=//proc/83/net/igmp6&path=//proc/83/net HTTP/1.1" 200 2763 "https://www.groatmachinery.com/favicon.ico?path=//proc/83/net" "Mozilla/5.0 AppleWebKit/537.36 (KHTML, like Gecko; compatible; GPTBot/1.4; +https://openai.com/gptbot)"
216.73.216.24 - - [28/Jul/2026:00:53:22 +0000] "GET /sitemap.xml?fileloc=%2F%2Fsys%2Fclass%2Ftty%2Ftty27%2Fsubsystem%2FttyS10%2Fflags&path=%2F%2Fsys%2Fclass%2Ftty%2Ftty27%2Fsubsystem%2FttyS10 HTTP/1.1" 200 2726 "-" "Mozilla/5.0 AppleWebKit/537.36 (KHTML, like Gecko; compatible; ClaudeBot/1.0; +claudebot@anthropic.com)"
74.7.243.228 - - [28/Jul/2026:00:53:24 +0000] "GET /favicon.ico?fileloc=//proc/84/net/snmp6&path=//proc/84/net HTTP/1.1" 200 3380 "https://www.groatmachinery.com/favicon.ico?path=//proc/84/net" "Mozilla/5.0 AppleWebKit/537.36 (KHTML, like Gecko; compatible; GPTBot/1.4; +https://openai.com/gptbot)"
216.73.216.24 - - [28/Jul/2026:00:53:25 +0000] "GET /sitemap.xml?fileloc=%2F%2Fsys%2Fclass%2Ftty%2Ftty27%2Fsubsystem%2FttyS13%2Ftype&path=%2F%2Fsys%2Fclass%2Ftty%2Ftty27%2Fsubsystem%2FttyS13 HTTP/1.1" 200 2723 "-" "Mozilla/5.0 AppleWebKit/537.36 (KHTML, like Gecko; compatible; ClaudeBot/1.0; +claudebot@anthropic.com)"
74.7.243.228 - - [28/Jul/2026:00:53:27 +0000] "GET /favicon.ico?fileloc=//proc/59/net/l2cap&path=//proc/59/net HTTP/1.1" 200 2725 "https://www.groatmachinery.com/favicon.ico?path=//proc/59/net" "Mozilla/5.0 AppleWebKit/537.36 (KHTML, like Gecko; compatible; GPTBot/1.4; +https://openai.com/gptbot)"
216.73.216.24 - - [28/Jul/2026:00:53:28 +0000] "GET /sitemap.xml?fileloc=%2F%2Fproc%2F71%2Ftask%2F71%2Fksm_stat&path=%2F%2Fproc%2F71%2Ftask%2F71 HTTP/1.1" 200 2696 "-" "Mozilla/5.0 AppleWebKit/537.36 (KHTML, like Gecko; compatible; ClaudeBot/1.0; +claudebot@anthropic.com)"
74.7.243.228 - - [28/Jul/2026:00:53:30 +0000] "GET /favicon.ico?fileloc=//proc/59/net/igmp6&path=//proc/59/net HTTP/1.1" 200 2764 "https://www.groatmachinery.com/favicon.ico?path=//proc/59/net" "Mozilla/5.0 AppleWebKit/537.36 (KHTML, like Gecko; compatible; GPTBot/1.4; +https://openai.com/gptbot)"
216.73.216.24 - - [28/Jul/2026:00:53:31 +0000] "GET /sitemap.xml?fileloc=%2F%2Fsys%2Fclass%2Ftty%2Ftty27%2Fsubsystem%2FttyS10%2Ftype&path=%2F%2Fsys%2Fclass%2Ftty%2Ftty27%2Fsubsystem%2FttyS10 HTTP/1.1" 200 2722 "-" "Mozilla/5.0 AppleWebKit/537.36 (KHTML, like Gecko; compatible; ClaudeBot/1.0; +claudebot@anthropic.com)"
74.7.243.228 - - [28/Jul/2026:00:53:33 +0000] "GET /favicon.ico?fileloc=//proc/83/net/tcp6&path=//proc/83/net HTTP/1.1" 200 3059 "https://www.groatmachinery.com/favicon.ico?path=//proc/83/net" "Mozilla/5.0 AppleWebKit/537.36 (KHTML, like Gecko; compatible; GPTBot/1.4; +https://openai.com/gptbot)"
216.73.216.24 - - [28/Jul/2026:00:53:34 +0000] "GET /sitemap.xml?fileloc=%2F%2Fsys%2Fclass%2Ftty%2Ftty27%2Fsubsystem%2FttyS13%2Fconsole&path=%2F%2Fsys%2Fclass%2Ftty%2Ftty27%2Fsubsystem%2FttyS13 HTTP/1.1" 200 2727 "-" "Mozilla/5.0 AppleWebKit/537.36 (KHTML, like Gecko; compatible; ClaudeBot/1.0; +claudebot@anthropic.com)"
74.7.243.228 - - [28/Jul/2026:00:53:36 +0000] "GET /favicon.ico?fileloc=//proc/83/net/snmp6&path=//proc/83/net HTTP/1.1" 200 3380 "https://www.groatmachinery.com/favicon.ico?path=//proc/83/net" "Mozilla/5.0 AppleWebKit/537.36 (KHTML, like Gecko; compatible; GPTBot/1.4; +https://openai.com/gptbot)"
216.73.216.24 - - [28/Jul/2026:00:53:37 +0000] "GET /sitemap.xml?fileloc=%2F%2Fsys%2Fclass%2Ftty%2Fconsole%2Fsubsystem%2Ftty34%2Fsubsystem%2FttyS13%2Fiomem_base&path=%2F%2Fsys%2Fclass%2Ftty%2Fconsole%2Fsubsystem%2Ftty34%2Fsubsystem%2FttyS13 HTTP/1.1" 200 2750 "-" "Mozilla/5.0 AppleWebKit/537.36 (KHTML, like Gecko; compatible; ClaudeBot/1.0; +claudebot@anthropic.com)"
74.7.243.228 - - [28/Jul/2026:00:53:40 +0000] "GET /favicon.ico?fileloc=//proc/62/net/raw6&path=//proc/62/net HTTP/1.1" 200 2811 "https://www.groatmachinery.com/favicon.ico?path=//proc/62/net" "Mozilla/5.0 AppleWebKit/537.36 (KHTML, like Gecko; compatible; GPTBot/1.4; +https://openai.com/gptbot)"
216.73.216.24 - - [28/Jul/2026:00:53:41 +0000] "GET /sitemap.xml?fileloc=%2F%2Fsys%2Fclass%2Ftty%2Fconsole%2Fsubsystem%2Ftty58%2Fsubsystem%2FttyS13%2Fiomem_base&path=%2F%2Fsys%2Fclass%2Ftty%2Fconsole%2Fsubsystem%2Ftty58%2Fsubsystem%2FttyS13 HTTP/1.1" 200 2749 "-" "Mozilla/5.0 AppleWebKit/537.36 (KHTML, like Gecko; compatible; ClaudeBot/1.0; +claudebot@anthropic.com)"
74.7.243.228 - - [28/Jul/2026:00:53:43 +0000] "GET /favicon.ico?fileloc=//proc/96/net/snmp6&path=//proc/96/net HTTP/1.1" 200 3383 "https://www.groatmachinery.com/favicon.ico?path=//proc/96/net" "Mozilla/5.0 AppleWebKit/537.36 (KHTML, like Gecko; compatible; GPTBot/1.4; +https://openai.com/gptbot)"
216.73.216.24 - - [28/Jul/2026:00:53:45 +0000] "GET /sitemap.xml?fileloc=%2F%2Fsys%2Fclass%2Ftty%2FttyS23%2Fsubsystem%2Ftty18%2Fuevent&path=%2F%2Fsys%2Fclass%2Ftty%2FttyS23%2Fsubsystem%2Ftty18 HTTP/1.1" 200 2750 "-" "Mozilla/5.0 AppleWebKit/537.36 (KHTML, like Gecko; compatible; ClaudeBot/1.0; +claudebot@anthropic.com)"
74.7.243.228 - - [28/Jul/2026:00:53:46 +0000] "GET /favicon.ico?fileloc=//proc/59/net/udp6&path=//proc/59/net HTTP/1.1" 200 2766 "https://www.groatmachinery.com/favicon.ico?path=//proc/59/net" "Mozilla/5.0 AppleWebKit/537.36 (KHTML, like Gecko; compatible; GPTBot/1.4; +https://openai.com/gptbot)"
216.73.216.24 - - [28/Jul/2026:00:53:48 +0000] "GET /sitemap.xml?fileloc=%2F%2Fsys%2Fkernel%2Fslab%2F%3A0000032%2Fobjects&path=%2F%2Fsys%2Fkernel%2Fslab%2F%3A0000032 HTTP/1.1" 200 2705 "-" "Mozilla/5.0 AppleWebKit/537.36 (KHTML, like Gecko; compatible; ClaudeBot/1.0; +claudebot@anthropic.com)"
74.7.243.228 - - [28/Jul/2026:00:53:49 +0000] "GET /favicon.ico?fileloc=//proc/62/net/snmp6&path=//proc/62/net HTTP/1.1" 200 3382 "https://www.groatmachinery.com/favicon.ico?path=//proc/62/net" "Mozilla/5.0 AppleWebKit/537.36 (KHTML, like Gecko; compatible; GPTBot/1.4; +https://openai.com/gptbot)"
216.73.216.24 - - [28/Jul/2026:00:53:51 +0000] "GET /sitemap.xml?fileloc=%2F%2Fsys%2Fclass%2Ftty%2Ftty27%2Fsubsystem%2FttyS10%2Fiomem_base&path=%2F%2Fsys%2Fclass%2Ftty%2Ftty27%2Fsubsystem%2FttyS10 HTTP/1.1" 200 2731 "-" "Mozilla/5.0 AppleWebKit/537.36 (KHTML, like Gecko; compatible; ClaudeBot/1.0; +claudebot@anthropic.com)"
74.7.243.228 - - [28/Jul/2026:00:53:52 +0000] "GET /favicon.ico?fileloc=//proc/83/net/icmp6&path=//proc/83/net HTTP/1.1" 200 2766 "https://www.groatmachinery.com/favicon.ico?path=//proc/83/net" "Mozilla/5.0 AppleWebKit/537.36 (KHTML, like Gecko; compatible; GPTBot/1.4; +https://openai.com/gptbot)"
216.73.216.24 - - [28/Jul/2026:00:53:54 +0000] "GET /sitemap.xml?fileloc=%2F%2Fsys%2Fmodule%2Flibata%2Fparameters%2Facpi_gtf_filter&path=%2F%2Fsys%2Fmodule%2Flibata%2Fparameters HTTP/1.1" 200 2714 "-" "Mozilla/5.0 AppleWebKit/537.36 (KHTML, like Gecko; compatible; ClaudeBot/1.0; +claudebot@anthropic.com)"
74.7.243.228 - - [28/Jul/2026:00:53:55 +0000] "GET /favicon.ico?fileloc=//proc/84/net/igmp6&path=//proc/84/net HTTP/1.1" 200 2763 "https://www.groatmachinery.com/favicon.ico?path=//proc/84/net" "Mozilla/5.0 AppleWebKit/537.36 (KHTML, like Gecko; compatible; GPTBot/1.4; +https://openai.com/gptbot)"
216.73.216.24 - - [28/Jul/2026:00:53:57 +0000] "GET /sitemap.xml?fileloc=%2F%2Fsys%2Fclass%2Ftty%2Fptmx%2Fsubsystem%2Ftty34%2Fuevent&path=%2F%2Fsys%2Fclass%2Ftty%2Fptmx%2Fsubsystem%2Ftty34 HTTP/1.1" 200 2749 "-" "Mozilla/5.0 AppleWebKit/537.36 (KHTML, like Gecko; compatible; ClaudeBot/1.0; +claudebot@anthropic.com)"
74.7.243.228 - - [28/Jul/2026:00:53:59 +0000] "GET /favicon.ico?fileloc=//proc/96/net/igmp6&path=//proc/96/net HTTP/1.1" 200 2763 "https://www.groatmachinery.com/favicon.ico?path=//proc/96/net" "Mozilla/5.0 AppleWebKit/537.36 (KHTML, like Gecko; compatible; GPTBot/1.4; +https://openai.com/gptbot)"
216.73.216.24 - - [28/Jul/2026:00:54:00 +0000] "GET /sitemap.xml?fileloc=%2F%2Fproc%2F110%2Fstatm&path=%2F%2Fproc%2F110 HTTP/1.1" 200 2686 "-" "Mozilla/5.0 AppleWebKit/537.36 (KHTML, like Gecko; compatible; ClaudeBot/1.0; +claudebot@anthropic.com)"
74.7.243.228 - - [28/Jul/2026:00:54:02 +0000] "GET /favicon.ico?fileloc=//proc/96/net/l2cap&path=//proc/96/net HTTP/1.1" 200 2725 "https://www.groatmachinery.com/favicon.ico?path=//proc/96/net" "Mozilla/5.0 AppleWebKit/537.36 (KHTML, like Gecko; compatible; GPTBot/1.4; +https://openai.com/gptbot)"
216.73.216.24 - - [28/Jul/2026:00:54:03 +0000] "GET /sitemap.xml?fileloc=%2F%2Fsys%2Fclass%2Ftty%2Fptmx%2Fsubsystem%2Ftty58%2Fuevent&path=%2F%2Fsys%2Fclass%2Ftty%2Fptmx%2Fsubsystem%2Ftty58 HTTP/1.1" 200 2749 "-" "Mozilla/5.0 AppleWebKit/537.36 (KHTML, like Gecko; compatible; ClaudeBot/1.0; +claudebot@anthropic.com)"
74.7.243.228 - - [28/Jul/2026:00:54:05 +0000] "GET /favicon.ico?fileloc=//proc/53/net/udp6&path=//proc/53/net HTTP/1.1" 200 2766 "https://www.groatmachinery.com/favicon.ico?path=//proc/53/net" "Mozilla/5.0 AppleWebKit/537.36 (KHTML, like Gecko; compatible; GPTBot/1.4; +https://openai.com/gptbot)"
216.73.216.24 - - [28/Jul/2026:00:54:06 +0000] "GET /sitemap.xml?fileloc=%2F%2Fsys%2Fkernel%2Fslab%2Fkmalloc-rnd-06-96%2Fcpu_partial&path=%2F%2Fsys%2Fkernel%2Fslab%2Fkmalloc-rnd-06-96 HTTP/1.1" 200 2717 "-" "Mozilla/5.0 AppleWebKit/537.36 (KHTML, like Gecko; compatible; ClaudeBot/1.0; +claudebot@anthropic.com)"
74.7.243.228 - - [28/Jul/2026:00:54:08 +0000] "GET /favicon.ico?fileloc=//proc/84/net/l2cap&path=//proc/84/net HTTP/1.1" 200 2723 "https://www.groatmachinery.com/favicon.ico?path=//proc/84/net" "Mozilla/5.0 AppleWebKit/537.36 (KHTML, like Gecko; compatible; GPTBot/1.4; +https://openai.com/gptbot)"
216.73.216.24 - - [28/Jul/2026:00:54:09 +0000] "GET /sitemap.xml?fileloc=%2F%2Fsys%2Fclass%2Ftty%2Ftty27%2Fsubsystem%2FttyS13%2Fline&path=%2F%2Fsys%2Fclass%2Ftty%2Ftty27%2Fsubsystem%2FttyS13 HTTP/1.1" 200 2724 "-" "Mozilla/5.0 AppleWebKit/537.36 (KHTML, like Gecko; compatible; ClaudeBot/1.0; +claudebot@anthropic.com)"
74.7.243.228 - - [28/Jul/2026:00:54:11 +0000] "GET /favicon.ico?fileloc=//proc/62/net/igmp6&path=//proc/62/net HTTP/1.1" 200 2763 "https://www.groatmachinery.com/favicon.ico?path=//proc/62/net" "Mozilla/5.0 AppleWebKit/537.36 (KHTML, like Gecko; compatible; GPTBot/1.4; +https://openai.com/gptbot)"
216.73.216.24 - - [28/Jul/2026:00:54:12 +0000] "GET /sitemap.xml?fileloc=%2F%2Fsys%2Fkernel%2Fslab%2Fkmalloc-rnd-06-16%2Falign&path=%2F%2Fsys%2Fkernel%2Fslab%2Fkmalloc-rnd-06-16 HTTP/1.1" 200 2712 "-" "Mozilla/5.0 AppleWebKit/537.36 (KHTML, like Gecko; compatible; ClaudeBot/1.0; +claudebot@anthropic.com)"
74.7.243.228 - - [28/Jul/2026:00:54:15 +0000] "GET /favicon.ico?fileloc=//proc/53/net/tcp6&path=//proc/53/net HTTP/1.1" 200 2994 "https://www.groatmachinery.com/favicon.ico?path=//proc/53/net" "Mozilla/5.0 AppleWebKit/537.36 (KHTML, like Gecko; compatible; GPTBot/1.4; +https://openai.com/gptbot)"
216.73.216.24 - - [28/Jul/2026:00:54:15 +0000] "GET /sitemap.xml?fileloc=%2F%2Fsys%2Fclass%2Ftty%2FttyS18%2Fsubsystem%2Ftty34%2Fuevent&path=%2F%2Fsys%2Fclass%2Ftty%2FttyS18%2Fsubsystem%2Ftty34 HTTP/1.1" 200 2751 "-" "Mozilla/5.0 AppleWebKit/537.36 (KHTML, like Gecko; compatible; ClaudeBot/1.0; +claudebot@anthropic.com)"
74.7.243.228 - - [28/Jul/2026:00:54:18 +0000] "GET /favicon.ico?fileloc=//proc/84/net/tcp6&path=//proc/84/net HTTP/1.1" 200 2994 "https://www.groatmachinery.com/favicon.ico?path=//proc/84/net" "Mozilla/5.0 AppleWebKit/537.36 (KHTML, like Gecko; compatible; GPTBot/1.4; +https://openai.com/gptbot)"
216.73.216.24 - - [28/Jul/2026:00:54:18 +0000] "GET /sitemap.xml?fileloc=%2F%2Frun%2Fudev%2Fdata%2Fc10%3A234&path=%2F%2Frun%2Fudev%2Fdata HTTP/1.1" 200 2692 "-" "Mozilla/5.0 AppleWebKit/537.36 (KHTML, like Gecko; compatible; ClaudeBot/1.0; +claudebot@anthropic.com)"
74.7.243.228 - - [28/Jul/2026:00:54:21 +0000] "GET /favicon.ico?fileloc=//proc/96/net/icmp6&path=//proc/96/net HTTP/1.1" 200 2767 "https://www.groatmachinery.com/favicon.ico?path=//proc/96/net" "Mozilla/5.0 AppleWebKit/537.36 (KHTML, like Gecko; compatible; GPTBot/1.4; +https://openai.com/gptbot)"
216.73.216.24 - - [28/Jul/2026:00:54:21 +0000] "GET /sitemap.xml?fileloc=%2F%2Fsys%2Fclass%2Ftty%2FttyS18%2Fsubsystem%2Ftty59%2Fuevent&path=%2F%2Fsys%2Fclass%2Ftty%2FttyS18%2Fsubsystem%2Ftty59 HTTP/1.1" 200 2750 "-" "Mozilla/5.0 AppleWebKit/537.36 (KHTML, like Gecko; compatible; ClaudeBot/1.0; +claudebot@anthropic.com)"
74.7.243.228 - - [28/Jul/2026:00:54:24 +0000] "GET /favicon.ico?fileloc=//proc/62/net/icmp6&path=//proc/62/net HTTP/1.1" 200 2766 "https://www.groatmachinery.com/favicon.ico?path=//proc/62/net" "Mozilla/5.0 AppleWebKit/537.36 (KHTML, like Gecko; compatible; GPTBot/1.4; +https://openai.com/gptbot)"
216.73.216.24 - - [28/Jul/2026:00:54:24 +0000] "GET /sitemap.xml?fileloc=%2F%2Fproc%2F102%2Fnet%2Funix&path=%2F%2Fproc%2F102%2Fnet HTTP/1.1" 200 5260 "-" "Mozilla/5.0 AppleWebKit/537.36 (KHTML, like Gecko; compatible; ClaudeBot/1.0; +claudebot@anthropic.com)"
216.73.216.24 - - [28/Jul/2026:00:54:27 +0000] "GET /sitemap.xml?fileloc=%2F%2Fsys%2Fclass%2Ftty%2FttyS18%2Fsubsystem%2Ftty58%2Fuevent&path=%2F%2Fsys%2Fclass%2Ftty%2FttyS18%2Fsubsystem%2Ftty58 HTTP/1.1" 200 2748 "-" "Mozilla/5.0 AppleWebKit/537.36 (KHTML, like Gecko; compatible; ClaudeBot/1.0; +claudebot@anthropic.com)"
74.7.243.228 - - [28/Jul/2026:00:54:27 +0000] "GET /favicon.ico?fileloc=//proc/59/net/raw6&path=//proc/59/net HTTP/1.1" 200 2811 "https://www.groatmachinery.com/favicon.ico?path=//proc/59/net" "Mozilla/5.0 AppleWebKit/537.36 (KHTML, like Gecko; compatible; GPTBot/1.4; +https://openai.com/gptbot)"
216.73.216.24 - - [28/Jul/2026:00:54:30 +0000] "GET /sitemap.xml?fileloc=%2F%2Fsys%2Fclass%2Ftty%2FttyS23%2Fsubsystem%2Ftty34%2Fuevent&path=%2F%2Fsys%2Fclass%2Ftty%2FttyS23%2Fsubsystem%2Ftty34 HTTP/1.1" 200 2750 "-" "Mozilla/5.0 AppleWebKit/537.36 (KHTML, like Gecko; compatible; ClaudeBot/1.0; +claudebot@anthropic.com)"
74.7.243.228 - - [28/Jul/2026:00:54:30 +0000] "GET /favicon.ico?fileloc=//proc/96/net/udp6&path=//proc/96/net HTTP/1.1" 200 2766 "https://www.groatmachinery.com/favicon.ico?path=//proc/96/net" "Mozilla/5.0 AppleWebKit/537.36 (KHTML, like Gecko; compatible; GPTBot/1.4; +https://openai.com/gptbot)"
74.7.243.228 - - [28/Jul/2026:00:54:33 +0000] "GET /favicon.ico?fileloc=//proc/83/net/udp6&path=//proc/83/net HTTP/1.1" 200 2765 "https://www.groatmachinery.com/favicon.ico?path=//proc/83/net" "Mozilla/5.0 AppleWebKit/537.36 (KHTML, like Gecko; compatible; GPTBot/1.4; +https://openai.com/gptbot)"
216.73.216.24 - - [28/Jul/2026:00:54:34 +0000] "GET /my-account/feed/?path=%2F%2Frun%2Fsetrans HTTP/1.1" 200 2734 "-" "Mozilla/5.0 AppleWebKit/537.36 (KHTML, like Gecko; compatible; ClaudeBot/1.0; +claudebot@anthropic.com)"
74.7.243.228 - - [28/Jul/2026:00:54:37 +0000] "GET /favicon.ico?fileloc=//proc/59/net/tcp6&path=//proc/59/net HTTP/1.1" 200 3024 "https://www.groatmachinery.com/favicon.ico?path=//proc/59/net" "Mozilla/5.0 AppleWebKit/537.36 (KHTML, like Gecko; compatible; GPTBot/1.4; +https://openai.com/gptbot)"
216.73.216.24 - - [28/Jul/2026:00:54:36 +0000] "GET /?path=%2Fvar%2Fwww%2Fgroatmachine_usr%2Fdata%2Fwww%2Fgroatmachinery.com%2Fwp-includes%2Fblock-bindings HTTP/1.1" 200 3262 "-" "Mozilla/5.0 AppleWebKit/537.36 (KHTML, like Gecko; compatible; ClaudeBot/1.0; +claudebot@anthropic.com)"
216.73.216.24 - - [28/Jul/2026:00:54:39 +0000] "GET /shop-pods/feed/?path=%2Fvar%2Fwww%2Fgroatmachine_usr%2Fdata HTTP/1.1" 200 3338 "-" "Mozilla/5.0 AppleWebKit/537.36 (KHTML, like Gecko; compatible; ClaudeBot/1.0; +claudebot@anthropic.com)"
74.7.243.228 - - [28/Jul/2026:00:54:40 +0000] "GET /favicon.ico?fileloc=//proc/53/net/snmp6&path=//proc/53/net HTTP/1.1" 200 3382 "https://www.groatmachinery.com/favicon.ico?path=//proc/53/net" "Mozilla/5.0 AppleWebKit/537.36 (KHTML, like Gecko; compatible; GPTBot/1.4; +https://openai.com/gptbot)"
74.7.243.228 - - [28/Jul/2026:00:54:43 +0000] "GET /favicon.ico?fileloc=//proc/59/net/icmp6&path=//proc/59/net HTTP/1.1" 200 2767 "https://www.groatmachinery.com/favicon.ico?path=//proc/59/net" "Mozilla/5.0 AppleWebKit/537.36 (KHTML, like Gecko; compatible; GPTBot/1.4; +https://openai.com/gptbot)"
216.73.216.24 - - [28/Jul/2026:00:54:42 +0000] "GET /my-account/feed/?fileloc=%2F%2Flib%2Fgit-core%2Fgit-cherry-pick&path=%2F%2Flib%2Fgit-core HTTP/1.1" 200 1729345 "-" "Mozilla/5.0 AppleWebKit/537.36 (KHTML, like Gecko; compatible; ClaudeBot/1.0; +claudebot@anthropic.com)"
74.7.243.228 - - [28/Jul/2026:00:54:46 +0000] "GET /favicon.ico?fileloc=//proc/84/net/udp6&path=//proc/84/net HTTP/1.1" 200 2765 "https://www.groatmachinery.com/favicon.ico?path=//proc/84/net" "Mozilla/5.0 AppleWebKit/537.36 (KHTML, like Gecko; compatible; GPTBot/1.4; +https://openai.com/gptbot)"
216.73.216.24 - - [28/Jul/2026:00:54:48 +0000] "GET /my-account/feed/?path=%2F%2Frun%2Flock HTTP/1.1" 200 3061 "-" "Mozilla/5.0 AppleWebKit/537.36 (KHTML, like Gecko; compatible; ClaudeBot/1.0; +claudebot@anthropic.com)"
74.7.243.228 - - [28/Jul/2026:00:54:49 +0000] "GET /favicon.ico?fileloc=//proc/84/net/icmp6&path=//proc/84/net HTTP/1.1" 200 2766 "https://www.groatmachinery.com/favicon.ico?path=//proc/84/net" "Mozilla/5.0 AppleWebKit/537.36 (KHTML, like Gecko; compatible; GPTBot/1.4; +https://openai.com/gptbot)"
216.73.216.24 - - [28/Jul/2026:00:54:51 +0000] "GET /my-account/feed/?path=%2F%2Frun%2Flog HTTP/1.1" 200 2989 "-" "Mozilla/5.0 AppleWebKit/537.36 (KHTML, like Gecko; compatible; ClaudeBot/1.0; +claudebot@anthropic.com)"
74.7.243.228 - - [28/Jul/2026:00:54:53 +0000] "GET /favicon.ico?fileloc=//proc/84/net/raw6&path=//proc/84/net HTTP/1.1" 200 2811 "https://www.groatmachinery.com/favicon.ico?path=//proc/84/net" "Mozilla/5.0 AppleWebKit/537.36 (KHTML, like Gecko; compatible; GPTBot/1.4; +https://openai.com/gptbot)"
74.7.243.228 - - [28/Jul/2026:00:54:56 +0000] "GET /favicon.ico?fileloc=//proc/53/net/igmp6&path=//proc/53/net HTTP/1.1" 200 2763 "https://www.groatmachinery.com/favicon.ico?path=//proc/53/net" "Mozilla/5.0 AppleWebKit/537.36 (KHTML, like Gecko; compatible; GPTBot/1.4; +https://openai.com/gptbot)"
216.73.216.24 - - [28/Jul/2026:00:54:55 +0000] "GET /my-account/feed/?fileloc=%2F%2Flib%2Fgit-core%2Fgit-sparse-checkout&path=%2F%2Flib%2Fgit-core HTTP/1.1" 200 1729347 "-" "Mozilla/5.0 AppleWebKit/537.36 (KHTML, like Gecko; compatible; ClaudeBot/1.0; +claudebot@anthropic.com)"
74.7.243.228 - - [28/Jul/2026:00:54:59 +0000] "GET /favicon.ico?fileloc=//proc/83/net/raw6&path=//proc/83/net HTTP/1.1" 200 2811 "https://www.groatmachinery.com/favicon.ico?path=//proc/83/net" "Mozilla/5.0 AppleWebKit/537.36 (KHTML, like Gecko; compatible; GPTBot/1.4; +https://openai.com/gptbot)"
74.7.243.228 - - [28/Jul/2026:00:55:02 +0000] "GET /favicon.ico?fileloc=//proc/83/net/if_inet6&path=//proc/83/net HTTP/1.1" 200 2736 "https://www.groatmachinery.com/favicon.ico?path=//proc/83/net" "Mozilla/5.0 AppleWebKit/537.36 (KHTML, like Gecko; compatible; GPTBot/1.4; +https://openai.com/gptbot)"
216.73.216.24 - - [28/Jul/2026:00:55:01 +0000] "GET /my-account/feed/?fileloc=%2F%2Flib%2Fgit-core%2Fgit-ls-tree&path=%2F%2Flib%2Fgit-core HTTP/1.1" 200 1729343 "-" "Mozilla/5.0 AppleWebKit/537.36 (KHTML, like Gecko; compatible; ClaudeBot/1.0; +claudebot@anthropic.com)"
74.7.243.228 - - [28/Jul/2026:00:55:05 +0000] "GET /favicon.ico?fileloc=//proc/84/net/if_inet6&path=//proc/84/net HTTP/1.1" 200 2737 "https://www.groatmachinery.com/favicon.ico?path=//proc/84/net" "Mozilla/5.0 AppleWebKit/537.36 (KHTML, like Gecko; compatible; GPTBot/1.4; +https://openai.com/gptbot)"
216.73.216.24 - - [28/Jul/2026:00:55:04 +0000] "GET /my-account/feed/?fileloc=%2F%2Flib%2Fgit-core%2Fgit-am&path=%2F%2Flib%2Fgit-core HTTP/1.1" 200 1729342 "-" "Mozilla/5.0 AppleWebKit/537.36 (KHTML, like Gecko; compatible; ClaudeBot/1.0; +claudebot@anthropic.com)"
74.7.243.228 - - [28/Jul/2026:00:55:08 +0000] "GET /favicon.ico?fileloc=//proc/53/net/if_inet6&path=//proc/53/net HTTP/1.1" 200 2737 "https://www.groatmachinery.com/favicon.ico?path=//proc/53/net" "Mozilla/5.0 AppleWebKit/537.36 (KHTML, like Gecko; compatible; GPTBot/1.4; +https://openai.com/gptbot)"
216.73.216.24 - - [28/Jul/2026:00:55:10 +0000] "GET /my-account/feed/?path=%2F%2Fvar%2Fopt HTTP/1.1" 200 2732 "-" "Mozilla/5.0 AppleWebKit/537.36 (KHTML, like Gecko; compatible; ClaudeBot/1.0; +claudebot@anthropic.com)"
74.7.243.228 - - [28/Jul/2026:00:55:12 +0000] "GET /favicon.ico?fileloc=//proc/59/net/if_inet6&path=//proc/59/net HTTP/1.1" 200 2737 "https://www.groatmachinery.com/favicon.ico?path=//proc/59/net" "Mozilla/5.0 AppleWebKit/537.36 (KHTML, like Gecko; compatible; GPTBot/1.4; +https://openai.com/gptbot)"
216.73.216.24 - - [28/Jul/2026:00:55:13 +0000] "GET /my-account/feed/?path=%2F%2Flib%2Finitramfs-tools HTTP/1.1" 200 2994 "-" "Mozilla/5.0 AppleWebKit/537.36 (KHTML, like Gecko; compatible; ClaudeBot/1.0; +claudebot@anthropic.com)"
74.7.243.228 - - [28/Jul/2026:00:55:16 +0000] "GET /favicon.ico?fileloc=//proc/62/net/rt6_stats&path=//proc/62/net HTTP/1.1" 200 2707 "https://www.groatmachinery.com/favicon.ico?path=//proc/62/net" "Mozilla/5.0 AppleWebKit/537.36 (KHTML, like Gecko; compatible; GPTBot/1.4; +https://openai.com/gptbot)"
216.73.216.24 - - [28/Jul/2026:00:55:17 +0000] "GET /sitemap.xml?fileloc=%2F%2Fsys%2Fkernel%2Fslab%2Fbio-136%2Fslabs&path=%2F%2Fsys%2Fkernel%2Fslab%2Fbio-136 HTTP/1.1" 200 2701 "-" "Mozilla/5.0 AppleWebKit/537.36 (KHTML, like Gecko; compatible; ClaudeBot/1.0; +claudebot@anthropic.com)"
74.7.243.228 - - [28/Jul/2026:00:55:19 +0000] "GET /favicon.ico?fileloc=//proc/96/net/ipv6_route&path=//proc/96/net HTTP/1.1" 200 2798 "https://www.groatmachinery.com/favicon.ico?path=//proc/96/net" "Mozilla/5.0 AppleWebKit/537.36 (KHTML, like Gecko; compatible; GPTBot/1.4; +https://openai.com/gptbot)"
216.73.216.24 - - [28/Jul/2026:00:55:20 +0000] "GET /sitemap.xml?fileloc=%2F%2Fsys%2Fkernel%2Fslab%2Fext4_groupinfo_4k%2Fobjs_per_slab&path=%2F%2Fsys%2Fkernel%2Fslab%2Fext4_groupinfo_4k HTTP/1.1" 200 2717 "-" "Mozilla/5.0 AppleWebKit/537.36 (KHTML, like Gecko; compatible; ClaudeBot/1.0; +claudebot@anthropic.com)"
74.7.243.228 - - [28/Jul/2026:00:55:23 +0000] "GET /favicon.ico?fileloc=//proc/53/net/l2cap&path=//proc/53/net HTTP/1.1" 200 2724 "https://www.groatmachinery.com/favicon.ico?path=//proc/53/net" "Mozilla/5.0 AppleWebKit/537.36 (KHTML, like Gecko; compatible; GPTBot/1.4; +https://openai.com/gptbot)"
216.73.216.24 - - [28/Jul/2026:00:55:23 +0000] "GET /sitemap.xml?fileloc=%2F%2Fsys%2Ffs%2Fcgroup%2Fsystem.slice%2Fsystemd-journald.service%2Fcgroup.max.depth&path=%2F%2Fsys%2Ffs%2Fcgroup%2Fsystem.slice%2Fsystemd-journald.service HTTP/1.1" 200 2731 "-" "Mozilla/5.0 AppleWebKit/537.36 (KHTML, like Gecko; compatible; ClaudeBot/1.0; +claudebot@anthropic.com)"
74.7.243.228 - - [28/Jul/2026:00:55:26 +0000] "GET /favicon.ico?fileloc=//proc/53/net/icmp6&path=//proc/53/net HTTP/1.1" 200 2766 "https://www.groatmachinery.com/favicon.ico?path=//proc/53/net" "Mozilla/5.0 AppleWebKit/537.36 (KHTML, like Gecko; compatible; GPTBot/1.4; +https://openai.com/gptbot)"
216.73.216.24 - - [28/Jul/2026:00:55:26 +0000] "GET /sitemap.xml?fileloc=%2F%2Fproc%2F263%2Ftimens_offsets&path=%2F%2Fproc%2F263 HTTP/1.1" 200 2709 "-" "Mozilla/5.0 AppleWebKit/537.36 (KHTML, like Gecko; compatible; ClaudeBot/1.0; +claudebot@anthropic.com)"
74.7.243.228 - - [28/Jul/2026:00:55:29 +0000] "GET /favicon.ico?fileloc=//proc/96/net/rt6_stats&path=//proc/96/net HTTP/1.1" 200 2708 "https://www.groatmachinery.com/favicon.ico?path=//proc/96/net" "Mozilla/5.0 AppleWebKit/537.36 (KHTML, like Gecko; compatible; GPTBot/1.4; +https://openai.com/gptbot)"
216.73.216.24 - - [28/Jul/2026:00:55:29 +0000] "GET /sitemap.xml?fileloc=%2F%2Fvar%2Flib%2Fdpkg%2Finfo%2Fpython3-debconf.prerm&path=%2F%2Fvar%2Flib%2Fdpkg%2Finfo HTTP/1.1" 200 2956 "-" "Mozilla/5.0 AppleWebKit/537.36 (KHTML, like Gecko; compatible; ClaudeBot/1.0; +claudebot@anthropic.com)"
74.7.243.228 - - [28/Jul/2026:00:55:32 +0000] "GET /favicon.ico?fileloc=//proc/96/net/if_inet6&path=//proc/96/net HTTP/1.1" 200 2737 "https://www.groatmachinery.com/favicon.ico?path=//proc/96/net" "Mozilla/5.0 AppleWebKit/537.36 (KHTML, like Gecko; compatible; GPTBot/1.4; +https://openai.com/gptbot)"
216.73.216.24 - - [28/Jul/2026:00:55:32 +0000] "GET /sitemap.xml?path=%2Fvar%2Fwww%2Fgroatmachine_usr%2Fdata%2Fwww%2Fgroatmachinery.com%2Fwp-content%2Fuploads%2F2026%2F07 HTTP/1.1" 200 2799 "-" "Mozilla/5.0 AppleWebKit/537.36 (KHTML, like Gecko; compatible; ClaudeBot/1.0; +claudebot@anthropic.com)"
74.7.243.228 - - [28/Jul/2026:00:55:35 +0000] "GET /favicon.ico?fileloc=//proc/62/net/if_inet6&path=//proc/62/net HTTP/1.1" 200 2737 "https://www.groatmachinery.com/favicon.ico?path=//proc/62/net" "Mozilla/5.0 AppleWebKit/537.36 (KHTML, like Gecko; compatible; GPTBot/1.4; +https://openai.com/gptbot)"
216.73.216.24 - - [28/Jul/2026:00:55:35 +0000] "GET /sitemap.xml?fileloc=%2F%2Fsys%2Fkernel%2Fslab%2Fbtrfs_trans_handle%2Freclaim_account&path=%2F%2Fsys%2Fkernel%2Fslab%2Fbtrfs_trans_handle HTTP/1.1" 200 2718 "-" "Mozilla/5.0 AppleWebKit/537.36 (KHTML, like Gecko; compatible; ClaudeBot/1.0; +claudebot@anthropic.com)"
74.7.243.228 - - [28/Jul/2026:00:55:38 +0000] "GET /favicon.ico?fileloc=//proc/62/net/ipv6_route&path=//proc/62/net HTTP/1.1" 200 2798 "https://www.groatmachinery.com/favicon.ico?path=//proc/62/net" "Mozilla/5.0 AppleWebKit/537.36 (KHTML, like Gecko; compatible; GPTBot/1.4; +https://openai.com/gptbot)"
216.73.216.24 - - [28/Jul/2026:00:55:38 +0000] "GET /sitemap.xml?fileloc=%2F%2Fproc%2F83%2Ftimens_offsets&path=%2F%2Fproc%2F83 HTTP/1.1" 200 2708 "-" "Mozilla/5.0 AppleWebKit/537.36 (KHTML, like Gecko; compatible; ClaudeBot/1.0; +claudebot@anthropic.com)"
74.7.243.228 - - [28/Jul/2026:00:55:41 +0000] "GET /favicon.ico?fileloc=//proc/96/net/ip6_mr_cache&path=//proc/96/net HTTP/1.1" 200 2733 "https://www.groatmachinery.com/favicon.ico?path=//proc/96/net" "Mozilla/5.0 AppleWebKit/537.36 (KHTML, like Gecko; compatible; GPTBot/1.4; +https://openai.com/gptbot)"
216.73.216.24 - - [28/Jul/2026:00:55:41 +0000] "GET /sitemap.xml?fileloc=%2F%2Fsys%2Ffs%2Fcgroup%2Fsystem.slice%2Fsystemd-journald.service%2Fcgroup.kill&path=%2F%2Fsys%2Ffs%2Fcgroup%2Fsystem.slice%2Fsystemd-journald.service HTTP/1.1" 200 2725 "-" "Mozilla/5.0 AppleWebKit/537.36 (KHTML, like Gecko; compatible; ClaudeBot/1.0; +claudebot@anthropic.com)"
74.7.243.228 - - [28/Jul/2026:00:55:44 +0000] "GET /favicon.ico?fileloc=//proc/62/net/ip6_mr_cache&path=//proc/62/net HTTP/1.1" 200 2732 "https://www.groatmachinery.com/favicon.ico?path=//proc/62/net" "Mozilla/5.0 AppleWebKit/537.36 (KHTML, like Gecko; compatible; GPTBot/1.4; +https://openai.com/gptbot)"
74.7.243.228 - - [28/Jul/2026:00:55:47 +0000] "GET /favicon.ico?fileloc=//proc/84/net/udplite6&path=//proc/84/net HTTP/1.1" 200 2768 "https://www.groatmachinery.com/favicon.ico?path=//proc/84/net" "Mozilla/5.0 AppleWebKit/537.36 (KHTML, like Gecko; compatible; GPTBot/1.4; +https://openai.com/gptbot)"
216.73.216.24 - - [28/Jul/2026:00:55:47 +0000] "GET /my-account/feed/?path=%2F%2Frun%2Fuser%2F0 HTTP/1.1" 200 2738 "-" "Mozilla/5.0 AppleWebKit/537.36 (KHTML, like Gecko; compatible; ClaudeBot/1.0; +claudebot@anthropic.com)"
216.73.216.24 - - [28/Jul/2026:00:55:49 +0000] "GET /?path=%2Fvar%2Fwww%2Fgroatmachine_usr%2Fdata%2Fwww%2Fgroatmachinery.com%2Fwp-includes%2Fsitemaps HTTP/1.1" 200 3401 "-" "Mozilla/5.0 AppleWebKit/537.36 (KHTML, like Gecko; compatible; ClaudeBot/1.0; +claudebot@anthropic.com)"
74.7.243.228 - - [28/Jul/2026:00:55:51 +0000] "GET /favicon.ico?fileloc=//proc/84/net/anycast6&path=//proc/84/net HTTP/1.1" 200 2691 "https://www.groatmachinery.com/favicon.ico?path=//proc/84/net" "Mozilla/5.0 AppleWebKit/537.36 (KHTML, like Gecko; compatible; GPTBot/1.4; +https://openai.com/gptbot)"
74.7.243.228 - - [28/Jul/2026:00:55:54 +0000] "GET /favicon.ico?fileloc=//proc/59/net/anycast6&path=//proc/59/net HTTP/1.1" 200 2692 "https://www.groatmachinery.com/favicon.ico?path=//proc/59/net" "Mozilla/5.0 AppleWebKit/537.36 (KHTML, like Gecko; compatible; GPTBot/1.4; +https://openai.com/gptbot)"
216.73.216.24 - - [28/Jul/2026:00:55:52 +0000] "GET /my-account/feed/?fileloc=%2F%2Flib%2Fgit-core%2Fgit-for-each-ref&path=%2F%2Flib%2Fgit-core HTTP/1.1" 200 1729347 "-" "Mozilla/5.0 AppleWebKit/537.36 (KHTML, like Gecko; compatible; ClaudeBot/1.0; +claudebot@anthropic.com)"
74.7.243.228 - - [28/Jul/2026:00:55:57 +0000] "GET /favicon.ico?fileloc=//proc/83/net/udplite6&path=//proc/83/net HTTP/1.1" 200 2768 "https://www.groatmachinery.com/favicon.ico?path=//proc/83/net" "Mozilla/5.0 AppleWebKit/537.36 (KHTML, like Gecko; compatible; GPTBot/1.4; +https://openai.com/gptbot)"
74.7.243.228 - - [28/Jul/2026:00:56:00 +0000] "GET /favicon.ico?fileloc=//proc/83/net/anycast6&path=//proc/83/net HTTP/1.1" 200 2691 "https://www.groatmachinery.com/favicon.ico?path=//proc/83/net" "Mozilla/5.0 AppleWebKit/537.36 (KHTML, like Gecko; compatible; GPTBot/1.4; +https://openai.com/gptbot)"
216.73.216.24 - - [28/Jul/2026:00:55:58 +0000] "GET /my-account/feed/?path=%2F%2Flib%2Fmultipath HTTP/1.1" 200 3709 "-" "Mozilla/5.0 AppleWebKit/537.36 (KHTML, like Gecko; compatible; ClaudeBot/1.0; +claudebot@anthropic.com)"
74.7.243.228 - - [28/Jul/2026:00:56:03 +0000] "GET /favicon.ico?fileloc=//proc/62/net/anycast6&path=//proc/62/net HTTP/1.1" 200 2692 "https://www.groatmachinery.com/favicon.ico?path=//proc/62/net" "Mozilla/5.0 AppleWebKit/537.36 (KHTML, like Gecko; compatible; GPTBot/1.4; +https://openai.com/gptbot)"
216.73.216.24 - - [28/Jul/2026:00:56:04 +0000] "GET /ilia-cigarette-s-19/?path=%2F%2Fsys HTTP/1.1" 200 3303 "-" "Mozilla/5.0 AppleWebKit/537.36 (KHTML, like Gecko; compatible; ClaudeBot/1.0; +claudebot@anthropic.com)"
74.7.243.228 - - [28/Jul/2026:00:56:06 +0000] "GET /favicon.ico?fileloc=//proc/53/net/anycast6&path=//proc/53/net HTTP/1.1" 200 2692 "https://www.groatmachinery.com/favicon.ico?path=//proc/53/net" "Mozilla/5.0 AppleWebKit/537.36 (KHTML, like Gecko; compatible; GPTBot/1.4; +https://openai.com/gptbot)"
216.73.216.24 - - [28/Jul/2026:00:56:07 +0000] "GET /my-account/feed/?fileloc=%2F%2Flib%2Fgit-core%2Fgit-maintenance&path=%2F%2Flib%2Fgit-core HTTP/1.1" 200 1729348 "-" "Mozilla/5.0 AppleWebKit/537.36 (KHTML, like Gecko; compatible; ClaudeBot/1.0; +claudebot@anthropic.com)"
74.7.243.228 - - [28/Jul/2026:00:56:09 +0000] "GET /favicon.ico?fileloc=//proc/62/net/udplite6&path=//proc/62/net HTTP/1.1" 200 2769 "https://www.groatmachinery.com/favicon.ico?path=//proc/62/net" "Mozilla/5.0 AppleWebKit/537.36 (KHTML, like Gecko; compatible; GPTBot/1.4; +https://openai.com/gptbot)"
74.7.243.228 - - [28/Jul/2026:00:56:12 +0000] "GET /favicon.ico?fileloc=//proc/96/net/anycast6&path=//proc/96/net HTTP/1.1" 200 2692 "https://www.groatmachinery.com/favicon.ico?path=//proc/96/net" "Mozilla/5.0 AppleWebKit/537.36 (KHTML, like Gecko; compatible; GPTBot/1.4; +https://openai.com/gptbot)"
216.73.216.24 - - [28/Jul/2026:00:56:13 +0000] "GET /my-account/feed/?fileloc=%2F%2Flib%2Fgit-core%2Fgit-remote-ftp&path=%2F%2Flib%2Fgit-core HTTP/1.1" 200 323395 "-" "Mozilla/5.0 AppleWebKit/537.36 (KHTML, like Gecko; compatible; ClaudeBot/1.0; +claudebot@anthropic.com)"
74.7.243.228 - - [28/Jul/2026:00:56:15 +0000] "GET /favicon.ico?fileloc=//proc/59/net/udplite6&path=//proc/59/net HTTP/1.1" 200 2769 "https://www.groatmachinery.com/favicon.ico?path=//proc/59/net" "Mozilla/5.0 AppleWebKit/537.36 (KHTML, like Gecko; compatible; GPTBot/1.4; +https://openai.com/gptbot)"
216.73.216.24 - - [28/Jul/2026:00:56:16 +0000] "GET /my-account/feed/?path=%2F%2Flib%2Flinux-boot-probes HTTP/1.1" 200 3090 "-" "Mozilla/5.0 AppleWebKit/537.36 (KHTML, like Gecko; compatible; ClaudeBot/1.0; +claudebot@anthropic.com)"
74.7.243.228 - - [28/Jul/2026:00:56:19 +0000] "GET /favicon.ico?fileloc=//proc/53/net/udplite6&path=//proc/53/net HTTP/1.1" 200 2769 "https://www.groatmachinery.com/favicon.ico?path=//proc/53/net" "Mozilla/5.0 AppleWebKit/537.36 (KHTML, like Gecko; compatible; GPTBot/1.4; +https://openai.com/gptbot)"
216.73.216.24 - - [28/Jul/2026:00:56:19 +0000] "GET /my-account/feed/?path=%2F%2Frun%2Fudev HTTP/1.1" 200 3164 "-" "Mozilla/5.0 AppleWebKit/537.36 (KHTML, like Gecko; compatible; ClaudeBot/1.0; +claudebot@anthropic.com)"
74.7.243.228 - - [28/Jul/2026:00:56:22 +0000] "GET /favicon.ico?fileloc=//proc/96/net/udplite6&path=//proc/96/net HTTP/1.1" 200 2769 "https://www.groatmachinery.com/favicon.ico?path=//proc/96/net" "Mozilla/5.0 AppleWebKit/537.36 (KHTML, like Gecko; compatible; GPTBot/1.4; +https://openai.com/gptbot)"
216.73.216.24 - - [28/Jul/2026:00:56:22 +0000] "GET /my-account/feed/?path=%2F%2Fvar%2Fspool HTTP/1.1" 200 3116 "-" "Mozilla/5.0 AppleWebKit/537.36 (KHTML, like Gecko; compatible; ClaudeBot/1.0; +claudebot@anthropic.com)"
74.7.243.228 - - [28/Jul/2026:00:56:25 +0000] "GET /favicon.ico?fileloc=//proc/83/net/rt_acct&path=//proc/83/net HTTP/1.1" 200 2731 "https://www.groatmachinery.com/favicon.ico?path=//proc/83/net" "Mozilla/5.0 AppleWebKit/537.36 (KHTML, like Gecko; compatible; GPTBot/1.4; +https://openai.com/gptbot)"
216.73.216.24 - - [28/Jul/2026:00:56:25 +0000] "GET /ilia-cigarette-s-19/?fileloc=%2F%2Fsbin%2Fjavaobjnew-bpfcc&path=%2F%2Fsbin HTTP/1.1" 200 2728 "-" "Mozilla/5.0 AppleWebKit/537.36 (KHTML, like Gecko; compatible; ClaudeBot/1.0; +claudebot@anthropic.com)"
38.177.186.189 - - [28/Jul/2026:00:56:25 +0000] "GET / HTTP/1.1" 200 4085 "-" "Mozilla/5.0 (X11; Linux x86_64) AppleWebKit/537.36 (KHTML, like Gecko) Chrome/44.0.2403.157 Safari/537.36"
74.7.243.228 - - [28/Jul/2026:00:56:28 +0000] "GET /favicon.ico?fileloc=//proc/59/net/rt_acct&path=//proc/59/net HTTP/1.1" 200 2732 "https://www.groatmachinery.com/favicon.ico?path=//proc/59/net" "Mozilla/5.0 AppleWebKit/537.36 (KHTML, like Gecko; compatible; GPTBot/1.4; +https://openai.com/gptbot)"
216.73.216.24 - - [28/Jul/2026:00:56:28 +0000] "GET /my-account/feed/?path=%2F%2Flib%2Fklibc HTTP/1.1" 200 2984 "-" "Mozilla/5.0 AppleWebKit/537.36 (KHTML, like Gecko; compatible; ClaudeBot/1.0; +claudebot@anthropic.com)"
74.7.243.228 - - [28/Jul/2026:00:56:31 +0000] "GET /favicon.ico?fileloc=//proc/53/net/rt_acct&path=//proc/53/net HTTP/1.1" 200 2732 "https://www.groatmachinery.com/favicon.ico?path=//proc/53/net" "Mozilla/5.0 AppleWebKit/537.36 (KHTML, like Gecko; compatible; GPTBot/1.4; +https://openai.com/gptbot)"
216.73.216.24 - - [28/Jul/2026:00:56:31 +0000] "GET /my-account/feed/?path=%2F%2Flib%2Fmodules%2F6.8.0-134-generic%2Fkernel HTTP/1.1" 200 3450 "-" "Mozilla/5.0 AppleWebKit/537.36 (KHTML, like Gecko; compatible; ClaudeBot/1.0; +claudebot@anthropic.com)"
74.7.243.228 - - [28/Jul/2026:00:56:34 +0000] "GET /favicon.ico?fileloc=//proc/96/net/rt_acct&path=//proc/96/net HTTP/1.1" 200 2732 "https://www.groatmachinery.com/favicon.ico?path=//proc/96/net" "Mozilla/5.0 AppleWebKit/537.36 (KHTML, like Gecko; compatible; GPTBot/1.4; +https://openai.com/gptbot)"
216.73.216.24 - - [28/Jul/2026:00:56:34 +0000] "GET /?path=%2Fvar%2Fwww%2Fluxylv_onlin_usr HTTP/1.1" 200 2750 "-" "Mozilla/5.0 AppleWebKit/537.36 (KHTML, like Gecko; compatible; ClaudeBot/1.0; +claudebot@anthropic.com)"
216.73.216.24 - - [28/Jul/2026:00:56:37 +0000] "GET /?path=%2Fvar%2Fwww%2Fsalemioche_o_usr HTTP/1.1" 200 2749 "-" "Mozilla/5.0 AppleWebKit/537.36 (KHTML, like Gecko; compatible; ClaudeBot/1.0; +claudebot@anthropic.com)"
74.7.243.228 - - [28/Jul/2026:00:56:37 +0000] "GET /favicon.ico?fileloc=//proc/84/net/rt_acct&path=//proc/84/net HTTP/1.1" 200 2731 "https://www.groatmachinery.com/favicon.ico?path=//proc/84/net" "Mozilla/5.0 AppleWebKit/537.36 (KHTML, like Gecko; compatible; GPTBot/1.4; +https://openai.com/gptbot)"
74.7.243.228 - - [28/Jul/2026:00:56:41 +0000] "GET /favicon.ico?fileloc=//proc/62/net/rt_acct&path=//proc/62/net HTTP/1.1" 200 2731 "https://www.groatmachinery.com/favicon.ico?path=//proc/62/net" "Mozilla/5.0 AppleWebKit/537.36 (KHTML, like Gecko; compatible; GPTBot/1.4; +https://openai.com/gptbot)"
216.73.216.24 - - [28/Jul/2026:00:56:40 +0000] "GET /my-account/feed/?fileloc=%2F%2Flib%2Fgit-core%2Fgit-prune&path=%2F%2Flib%2Fgit-core HTTP/1.1" 200 1296853 "-" "Mozilla/5.0 AppleWebKit/537.36 (KHTML, like Gecko; compatible; ClaudeBot/1.0; +claudebot@anthropic.com)"
74.7.243.228 - - [28/Jul/2026:00:56:44 +0000] "GET /favicon.ico?fileloc=//proc/84/net/ip_mr_cache&path=//proc/84/net HTTP/1.1" 200 2730 "https://www.groatmachinery.com/favicon.ico?path=//proc/84/net" "Mozilla/5.0 AppleWebKit/537.36 (KHTML, like Gecko; compatible; GPTBot/1.4; +https://openai.com/gptbot)"
74.7.243.228 - - [28/Jul/2026:00:56:47 +0000] "GET /favicon.ico?fileloc=//proc/62/net/ip_mr_cache&path=//proc/62/net HTTP/1.1" 200 2731 "https://www.groatmachinery.com/favicon.ico?path=//proc/62/net" "Mozilla/5.0 AppleWebKit/537.36 (KHTML, like Gecko; compatible; GPTBot/1.4; +https://openai.com/gptbot)"
74.7.243.228 - - [28/Jul/2026:00:56:50 +0000] "GET /favicon.ico?fileloc=//proc/59/net/ip_mr_cache&path=//proc/59/net HTTP/1.1" 200 2731 "https://www.groatmachinery.com/favicon.ico?path=//proc/59/net" "Mozilla/5.0 AppleWebKit/537.36 (KHTML, like Gecko; compatible; GPTBot/1.4; +https://openai.com/gptbot)"
74.7.243.228 - - [28/Jul/2026:00:56:53 +0000] "GET /favicon.ico?fileloc=//proc/53/net/ip_mr_cache&path=//proc/53/net HTTP/1.1" 200 2731 "https://www.groatmachinery.com/favicon.ico?path=//proc/53/net" "Mozilla/5.0 AppleWebKit/537.36 (KHTML, like Gecko; compatible; GPTBot/1.4; +https://openai.com/gptbot)"
74.7.243.228 - - [28/Jul/2026:00:56:57 +0000] "GET /favicon.ico?fileloc=//proc/96/net/ip_mr_cache&path=//proc/96/net HTTP/1.1" 200 2731 "https://www.groatmachinery.com/favicon.ico?path=//proc/96/net" "Mozilla/5.0 AppleWebKit/537.36 (KHTML, like Gecko; compatible; GPTBot/1.4; +https://openai.com/gptbot)"
74.7.243.228 - - [28/Jul/2026:00:57:00 +0000] "GET /favicon.ico?fileloc=//proc/83/net/ip_mr_cache&path=//proc/83/net HTTP/1.1" 200 2730 "https://www.groatmachinery.com/favicon.ico?path=//proc/83/net" "Mozilla/5.0 AppleWebKit/537.36 (KHTML, like Gecko; compatible; GPTBot/1.4; +https://openai.com/gptbot)"
74.7.243.228 - - [28/Jul/2026:00:57:03 +0000] "GET /favicon.ico?fileloc=//proc/84/net/rt6_stats&path=//proc/84/net HTTP/1.1" 200 2707 "https://www.groatmachinery.com/favicon.ico?path=//proc/84/net" "Mozilla/5.0 AppleWebKit/537.36 (KHTML, like Gecko; compatible; GPTBot/1.4; +https://openai.com/gptbot)"
74.7.243.228 - - [28/Jul/2026:00:57:06 +0000] "GET /favicon.ico?fileloc=//proc/59/net/rt6_stats&path=//proc/59/net HTTP/1.1" 200 2708 "https://www.groatmachinery.com/favicon.ico?path=//proc/59/net" "Mozilla/5.0 AppleWebKit/537.36 (KHTML, like Gecko; compatible; GPTBot/1.4; +https://openai.com/gptbot)"
74.7.243.228 - - [28/Jul/2026:00:57:09 +0000] "GET /favicon.ico?fileloc=//proc/53/net/rt6_stats&path=//proc/53/net HTTP/1.1" 200 2707 "https://www.groatmachinery.com/favicon.ico?path=//proc/53/net" "Mozilla/5.0 AppleWebKit/537.36 (KHTML, like Gecko; compatible; GPTBot/1.4; +https://openai.com/gptbot)"
216.73.216.24 - - [28/Jul/2026:00:57:10 +0000] "GET /sitemap.xml?path=%2F%2Fsys%2Fclass%2Ftty%2Fconsole%2Fsubsystem%2Ftty59%2Fpower HTTP/1.1" 200 3380 "-" "Mozilla/5.0 AppleWebKit/537.36 (KHTML, like Gecko; compatible; ClaudeBot/1.0; +claudebot@anthropic.com)"
74.7.243.228 - - [28/Jul/2026:00:57:12 +0000] "GET /favicon.ico?fileloc=//proc/83/net/rt6_stats&path=//proc/83/net HTTP/1.1" 200 2707 "https://www.groatmachinery.com/favicon.ico?path=//proc/83/net" "Mozilla/5.0 AppleWebKit/537.36 (KHTML, like Gecko; compatible; GPTBot/1.4; +https://openai.com/gptbot)"
216.73.216.24 - - [28/Jul/2026:00:57:12 +0000] "GET /sitemap.xml?path=%2F%2Fsys%2Fclass%2Ftty%2Fconsole%2Fsubsystem%2Ftty23%2Fpower HTTP/1.1" 200 3379 "-" "Mozilla/5.0 AppleWebKit/537.36 (KHTML, like Gecko; compatible; ClaudeBot/1.0; +claudebot@anthropic.com)"
74.7.243.228 - - [28/Jul/2026:00:57:15 +0000] "GET /favicon.ico?fileloc=//proc/84/net/ipv6_route&path=//proc/84/net HTTP/1.1" 200 2797 "https://www.groatmachinery.com/favicon.ico?path=//proc/84/net" "Mozilla/5.0 AppleWebKit/537.36 (KHTML, like Gecko; compatible; GPTBot/1.4; +https://openai.com/gptbot)"
216.73.216.24 - - [28/Jul/2026:00:57:15 +0000] "GET /sitemap.xml?path=%2F%2Fsys%2Fclass%2Ftty%2Ftty24%2Fsubsystem%2Ftty51 HTTP/1.1" 200 3188 "-" "Mozilla/5.0 AppleWebKit/537.36 (KHTML, like Gecko; compatible; ClaudeBot/1.0; +claudebot@anthropic.com)"
74.7.243.228 - - [28/Jul/2026:00:57:18 +0000] "GET /favicon.ico?fileloc=//proc/83/net/ipv6_route&path=//proc/83/net HTTP/1.1" 200 2797 "https://www.groatmachinery.com/favicon.ico?path=//proc/83/net" "Mozilla/5.0 AppleWebKit/537.36 (KHTML, like Gecko; compatible; GPTBot/1.4; +https://openai.com/gptbot)"
216.73.216.24 - - [28/Jul/2026:00:57:18 +0000] "GET /sitemap.xml?path=%2F%2Fsys%2Fclass%2Fmisc%2Fkvm%2Fsubsystem%2Fvga_arbiter HTTP/1.1" 200 3194 "-" "Mozilla/5.0 AppleWebKit/537.36 (KHTML, like Gecko; compatible; ClaudeBot/1.0; +claudebot@anthropic.com)"
216.73.216.24 - - [28/Jul/2026:00:57:21 +0000] "GET /sitemap.xml?path=%2F%2Fusr%2Fshare%2Frsyslog HTTP/1.1" 200 3029 "-" "Mozilla/5.0 AppleWebKit/537.36 (KHTML, like Gecko; compatible; ClaudeBot/1.0; +claudebot@anthropic.com)"
74.7.243.228 - - [28/Jul/2026:00:57:22 +0000] "GET /favicon.ico?fileloc=//proc/59/net/ipv6_route&path=//proc/59/net HTTP/1.1" 200 2798 "https://www.groatmachinery.com/favicon.ico?path=//proc/59/net" "Mozilla/5.0 AppleWebKit/537.36 (KHTML, like Gecko; compatible; GPTBot/1.4; +https://openai.com/gptbot)"
216.73.216.24 - - [28/Jul/2026:00:57:24 +0000] "GET /sitemap.xml?path=%2F%2Fsys%2Fclass%2Ftty%2Ftty27%2Fsubsystem%2FttyS28 HTTP/1.1" 200 3714 "-" "Mozilla/5.0 AppleWebKit/537.36 (KHTML, like Gecko; compatible; ClaudeBot/1.0; +claudebot@anthropic.com)"
74.7.243.228 - - [28/Jul/2026:00:57:25 +0000] "GET /favicon.ico?fileloc=//proc/53/net/ipv6_route&path=//proc/53/net HTTP/1.1" 200 2798 "https://www.groatmachinery.com/favicon.ico?path=//proc/53/net" "Mozilla/5.0 AppleWebKit/537.36 (KHTML, like Gecko; compatible; GPTBot/1.4; +https://openai.com/gptbot)"
216.73.216.24 - - [28/Jul/2026:00:57:27 +0000] "GET /sitemap.xml?path=%2F%2Fsys%2Fclass%2Ftty%2Ftty15%2Fsubsystem%2Ftty15%2Fsubsystem HTTP/1.1" 200 5268 "-" "Mozilla/5.0 AppleWebKit/537.36 (KHTML, like Gecko; compatible; ClaudeBot/1.0; +claudebot@anthropic.com)"
74.7.243.228 - - [28/Jul/2026:00:57:28 +0000] "GET /favicon.ico?fileloc=//proc/83/net/ip6_mr_cache&path=//proc/83/net HTTP/1.1" 200 2732 "https://www.groatmachinery.com/favicon.ico?path=//proc/83/net" "Mozilla/5.0 AppleWebKit/537.36 (KHTML, like Gecko; compatible; GPTBot/1.4; +https://openai.com/gptbot)"
216.73.216.24 - - [28/Jul/2026:00:57:30 +0000] "GET /sitemap.xml?path=%2F%2Fsys%2Fclass%2Ftty%2Ftty27%2Fsubsystem%2Ftty10%2Fsubsystem HTTP/1.1" 200 5286 "-" "Mozilla/5.0 AppleWebKit/537.36 (KHTML, like Gecko; compatible; ClaudeBot/1.0; +claudebot@anthropic.com)"
74.7.243.228 - - [28/Jul/2026:00:57:31 +0000] "GET /favicon.ico?fileloc=//proc/59/net/ip6_mr_cache&path=//proc/59/net HTTP/1.1" 200 2733 "https://www.groatmachinery.com/favicon.ico?path=//proc/59/net" "Mozilla/5.0 AppleWebKit/537.36 (KHTML, like Gecko; compatible; GPTBot/1.4; +https://openai.com/gptbot)"
74.7.243.228 - - [28/Jul/2026:00:57:35 +0000] "GET /favicon.ico?fileloc=//proc/53/net/ip6_mr_cache&path=//proc/53/net HTTP/1.1" 200 2733 "https://www.groatmachinery.com/favicon.ico?path=//proc/53/net" "Mozilla/5.0 AppleWebKit/537.36 (KHTML, like Gecko; compatible; GPTBot/1.4; +https://openai.com/gptbot)"
216.73.216.24 - - [28/Jul/2026:00:57:33 +0000] "GET /sitemap.xml?path=%2F%2Fsys%2Fclass%2Ftty%2FttyS18%2Fsubsystem%2Ftty35%2Fsubsystem HTTP/1.1" 200 5287 "-" "Mozilla/5.0 AppleWebKit/537.36 (KHTML, like Gecko; compatible; ClaudeBot/1.0; +claudebot@anthropic.com)"
216.73.216.24 - - [28/Jul/2026:00:57:36 +0000] "GET /sitemap.xml?path=%2F%2Fsys%2Fclass%2Ftty%2Fptmx%2Fsubsystem%2Ftty10 HTTP/1.1" 200 3185 "-" "Mozilla/5.0 AppleWebKit/537.36 (KHTML, like Gecko; compatible; ClaudeBot/1.0; +claudebot@anthropic.com)"
74.7.243.228 - - [28/Jul/2026:00:57:38 +0000] "GET /favicon.ico?fileloc=//proc/84/net/ip6_mr_cache&path=//proc/84/net HTTP/1.1" 200 2732 "https://www.groatmachinery.com/favicon.ico?path=//proc/84/net" "Mozilla/5.0 AppleWebKit/537.36 (KHTML, like Gecko; compatible; GPTBot/1.4; +https://openai.com/gptbot)"
216.73.216.24 - - [28/Jul/2026:00:57:39 +0000] "GET /sitemap.xml?path=%2F%2Fusr%2Fshare%2Ffastpanel2 HTTP/1.1" 200 3001 "-" "Mozilla/5.0 AppleWebKit/537.36 (KHTML, like Gecko; compatible; ClaudeBot/1.0; +claudebot@anthropic.com)"
74.7.243.228 - - [28/Jul/2026:00:57:41 +0000] "GET /favicon.ico?fileloc=//proc/84/net/connector&path=//proc/84/net HTTP/1.1" 200 2709 "https://www.groatmachinery.com/favicon.ico?path=//proc/84/net" "Mozilla/5.0 AppleWebKit/537.36 (KHTML, like Gecko; compatible; GPTBot/1.4; +https://openai.com/gptbot)"
216.73.216.24 - - [28/Jul/2026:00:57:42 +0000] "GET /sitemap.xml?path=%2F%2Fsys%2Fclass%2Ftty%2Ftty15%2Fsubsystem%2FttyS5%2Fsubsystem HTTP/1.1" 200 5280 "-" "Mozilla/5.0 AppleWebKit/537.36 (KHTML, like Gecko; compatible; ClaudeBot/1.0; +claudebot@anthropic.com)"
74.7.243.228 - - [28/Jul/2026:00:57:44 +0000] "GET /favicon.ico?fileloc=//proc/53/net/connector&path=//proc/53/net HTTP/1.1" 200 2710 "https://www.groatmachinery.com/favicon.ico?path=//proc/53/net" "Mozilla/5.0 AppleWebKit/537.36 (KHTML, like Gecko; compatible; GPTBot/1.4; +https://openai.com/gptbot)"
216.73.216.24 - - [28/Jul/2026:00:57:45 +0000] "GET /sitemap.xml?path=%2F%2Fsys%2Fclass%2Ftty%2FttyS23%2Fsubsystem%2Ftty35%2Fsubsystem HTTP/1.1" 200 5286 "-" "Mozilla/5.0 AppleWebKit/537.36 (KHTML, like Gecko; compatible; ClaudeBot/1.0; +claudebot@anthropic.com)"
74.7.243.228 - - [28/Jul/2026:00:57:48 +0000] "GET /favicon.ico?fileloc=//proc/83/net/connector&path=//proc/83/net HTTP/1.1" 200 2709 "https://www.groatmachinery.com/favicon.ico?path=//proc/83/net" "Mozilla/5.0 AppleWebKit/537.36 (KHTML, like Gecko; compatible; GPTBot/1.4; +https://openai.com/gptbot)"
216.73.216.24 - - [28/Jul/2026:00:57:48 +0000] "GET /sitemap.xml?path=%2F%2Fsys%2Fclass%2Ftty%2Fptmx%2Fsubsystem%2Ftty56 HTTP/1.1" 200 3186 "-" "Mozilla/5.0 AppleWebKit/537.36 (KHTML, like Gecko; compatible; ClaudeBot/1.0; +claudebot@anthropic.com)"
74.7.243.228 - - [28/Jul/2026:00:57:51 +0000] "GET /favicon.ico?fileloc=//proc/96/net/connector&path=//proc/96/net HTTP/1.1" 200 2710 "https://www.groatmachinery.com/favicon.ico?path=//proc/96/net" "Mozilla/5.0 AppleWebKit/537.36 (KHTML, like Gecko; compatible; GPTBot/1.4; +https://openai.com/gptbot)"
216.73.216.24 - - [28/Jul/2026:00:57:51 +0000] "GET /sitemap.xml?path=%2F%2Fsys%2Fclass%2Ftty%2Fptmx%2Fsubsystem%2FttyS7 HTTP/1.1" 200 3706 "-" "Mozilla/5.0 AppleWebKit/537.36 (KHTML, like Gecko; compatible; ClaudeBot/1.0; +claudebot@anthropic.com)"
74.7.243.228 - - [28/Jul/2026:00:57:54 +0000] "GET /favicon.ico?fileloc=//proc/59/net/connector&path=//proc/59/net HTTP/1.1" 200 2710 "https://www.groatmachinery.com/favicon.ico?path=//proc/59/net" "Mozilla/5.0 AppleWebKit/537.36 (KHTML, like Gecko; compatible; GPTBot/1.4; +https://openai.com/gptbot)"
216.73.216.24 - - [28/Jul/2026:00:57:54 +0000] "GET /sitemap.xml?path=%2F%2Fsys%2Fclass%2Ftty%2Ftty55%2Fsubsystem%2FttyS28%2Fsubsystem HTTP/1.1" 200 5286 "-" "Mozilla/5.0 AppleWebKit/537.36 (KHTML, like Gecko; compatible; ClaudeBot/1.0; +claudebot@anthropic.com)"
74.7.243.228 - - [28/Jul/2026:00:57:57 +0000] "GET /favicon.ico?fileloc=//proc/62/net/connector&path=//proc/62/net HTTP/1.1" 200 2710 "https://www.groatmachinery.com/favicon.ico?path=//proc/62/net" "Mozilla/5.0 AppleWebKit/537.36 (KHTML, like Gecko; compatible; GPTBot/1.4; +https://openai.com/gptbot)"
216.73.216.24 - - [28/Jul/2026:00:57:57 +0000] "GET /sitemap.xml?path=%2F%2Fsys%2Fdevices%2Funcore_imc_2%2Fsubsystem%2Fdevices%2Funcore_ubox HTTP/1.1" 200 3334 "-" "Mozilla/5.0 AppleWebKit/537.36 (KHTML, like Gecko; compatible; ClaudeBot/1.0; +claudebot@anthropic.com)"
74.7.243.228 - - [28/Jul/2026:00:58:00 +0000] "GET /favicon.ico?fileloc=//proc/62/net/ip6_mr_vif&path=//proc/62/net HTTP/1.1" 200 2726 "https://www.groatmachinery.com/favicon.ico?path=//proc/62/net" "Mozilla/5.0 AppleWebKit/537.36 (KHTML, like Gecko; compatible; GPTBot/1.4; +https://openai.com/gptbot)"
