74.7.243.228 - - [28/Jul/2026:00:04:26 +0000] "GET /favicon.ico?fileloc=//proc/88/net/mcfilter6&path=//proc/88/net HTTP/1.1" 200 2733 "https://www.groatmachinery.com/favicon.ico?path=//proc/88/net" "Mozilla/5.0 AppleWebKit/537.36 (KHTML, like Gecko; compatible; GPTBot/1.4; +https://openai.com/gptbot)"
216.73.216.24 - - [28/Jul/2026:00:04:28 +0000] "GET /sitemap.xml?path=%2F%2Fproc%2F1638836%2Ftask HTTP/1.1" 200 3090 "-" "Mozilla/5.0 AppleWebKit/537.36 (KHTML, like Gecko; compatible; ClaudeBot/1.0; +claudebot@anthropic.com)"
74.7.243.228 - - [28/Jul/2026:00:04:29 +0000] "GET /favicon.ico?fileloc=//proc/78/net/sockstat6&path=//proc/78/net HTTP/1.1" 200 2738 "https://www.groatmachinery.com/favicon.ico?path=//proc/78/net" "Mozilla/5.0 AppleWebKit/537.36 (KHTML, like Gecko; compatible; GPTBot/1.4; +https://openai.com/gptbot)"
216.73.216.24 - - [28/Jul/2026:00:04:31 +0000] "GET /sitemap.xml?path=%2F%2Fproc%2F14%2Fmap_files HTTP/1.1" 200 2746 "-" "Mozilla/5.0 AppleWebKit/537.36 (KHTML, like Gecko; compatible; ClaudeBot/1.0; +claudebot@anthropic.com)"
74.7.243.228 - - [28/Jul/2026:00:04:32 +0000] "GET /favicon.ico?fileloc=//proc/32/net/mcfilter6&path=//proc/32/net HTTP/1.1" 200 2735 "https://www.groatmachinery.com/favicon.ico?path=//proc/32/net" "Mozilla/5.0 AppleWebKit/537.36 (KHTML, like Gecko; compatible; GPTBot/1.4; +https://openai.com/gptbot)"
74.7.243.228 - - [28/Jul/2026:00:04:35 +0000] "GET /favicon.ico?fileloc=//proc/32/net/sockstat6&path=//proc/32/net HTTP/1.1" 200 2738 "https://www.groatmachinery.com/favicon.ico?path=//proc/32/net" "Mozilla/5.0 AppleWebKit/537.36 (KHTML, like Gecko; compatible; GPTBot/1.4; +https://openai.com/gptbot)"
74.7.243.228 - - [28/Jul/2026:00:04:39 +0000] "GET /favicon.ico?fileloc=//proc/92/net/sockstat6&path=//proc/92/net HTTP/1.1" 200 2738 "https://www.groatmachinery.com/favicon.ico?path=//proc/92/net" "Mozilla/5.0 AppleWebKit/537.36 (KHTML, like Gecko; compatible; GPTBot/1.4; +https://openai.com/gptbot)"
216.73.216.24 - - [28/Jul/2026:00:04:40 +0000] "GET /sitemap.xml?path=%2F%2Flib%2Fsnapd HTTP/1.1" 200 4064 "-" "Mozilla/5.0 AppleWebKit/537.36 (KHTML, like Gecko; compatible; ClaudeBot/1.0; +claudebot@anthropic.com)"
74.7.243.228 - - [28/Jul/2026:00:04:42 +0000] "GET /favicon.ico?fileloc=//proc/14/net/mcfilter6&path=//proc/14/net HTTP/1.1" 200 2735 "https://www.groatmachinery.com/favicon.ico?path=//proc/14/net" "Mozilla/5.0 AppleWebKit/537.36 (KHTML, like Gecko; compatible; GPTBot/1.4; +https://openai.com/gptbot)"
216.73.216.24 - - [28/Jul/2026:00:04:43 +0000] "GET /sitemap.xml?path=%2F%2Fproc%2F762694 HTTP/1.1" 200 4729 "-" "Mozilla/5.0 AppleWebKit/537.36 (KHTML, like Gecko; compatible; ClaudeBot/1.0; +claudebot@anthropic.com)"
74.7.243.228 - - [28/Jul/2026:00:04:45 +0000] "GET /favicon.ico?fileloc=//proc/76/net/mcfilter6&path=//proc/76/net HTTP/1.1" 200 2735 "https://www.groatmachinery.com/favicon.ico?path=//proc/76/net" "Mozilla/5.0 AppleWebKit/537.36 (KHTML, like Gecko; compatible; GPTBot/1.4; +https://openai.com/gptbot)"
216.73.216.24 - - [28/Jul/2026:00:04:46 +0000] "GET /sitemap.xml?path=%2F%2Fproc%2Fself%2Froot%2Fhome HTTP/1.1" 200 2751 "-" "Mozilla/5.0 AppleWebKit/537.36 (KHTML, like Gecko; compatible; ClaudeBot/1.0; +claudebot@anthropic.com)"
74.7.243.228 - - [28/Jul/2026:00:04:48 +0000] "GET /favicon.ico?fileloc=//proc/78/net/mcfilter6&path=//proc/78/net HTTP/1.1" 200 2734 "https://www.groatmachinery.com/favicon.ico?path=//proc/78/net" "Mozilla/5.0 AppleWebKit/537.36 (KHTML, like Gecko; compatible; GPTBot/1.4; +https://openai.com/gptbot)"
216.73.216.24 - - [28/Jul/2026:00:04:49 +0000] "GET /sitemap.xml?path=%2F%2Flib%2Fbyobu%2Finclude%2F__pycache__ HTTP/1.1" 200 3104 "-" "Mozilla/5.0 AppleWebKit/537.36 (KHTML, like Gecko; compatible; ClaudeBot/1.0; +claudebot@anthropic.com)"
74.7.243.228 - - [28/Jul/2026:00:04:51 +0000] "GET /favicon.ico?fileloc=//proc/14/net/sockstat6&path=//proc/14/net HTTP/1.1" 200 2737 "https://www.groatmachinery.com/favicon.ico?path=//proc/14/net" "Mozilla/5.0 AppleWebKit/537.36 (KHTML, like Gecko; compatible; GPTBot/1.4; +https://openai.com/gptbot)"
216.73.216.24 - - [28/Jul/2026:00:04:52 +0000] "GET /sitemap.xml?path=%2F%2Fsys%2Fclass%2Ftty%2FttyS10%2Fdevice%2Ftty HTTP/1.1" 200 3017 "-" "Mozilla/5.0 AppleWebKit/537.36 (KHTML, like Gecko; compatible; ClaudeBot/1.0; +claudebot@anthropic.com)"
74.7.243.228 - - [28/Jul/2026:00:04:54 +0000] "GET /favicon.ico?fileloc=//proc/88/net/ip_tables_targets&path=//proc/88/net HTTP/1.1" 200 2693 "https://www.groatmachinery.com/favicon.ico?path=//proc/88/net" "Mozilla/5.0 AppleWebKit/537.36 (KHTML, like Gecko; compatible; GPTBot/1.4; +https://openai.com/gptbot)"
216.73.216.24 - - [28/Jul/2026:00:04:55 +0000] "GET /sitemap.xml?path=%2F%2Fsys%2Fclass%2Ftty%2Ftty21%2Fsubsystem%2Ftty HTTP/1.1" 200 3179 "-" "Mozilla/5.0 AppleWebKit/537.36 (KHTML, like Gecko; compatible; ClaudeBot/1.0; +claudebot@anthropic.com)"
74.7.243.228 - - [28/Jul/2026:00:04:57 +0000] "GET /favicon.ico?fileloc=//proc/88/net/ip_tables_matches&path=//proc/88/net HTTP/1.1" 200 2695 "https://www.groatmachinery.com/favicon.ico?path=//proc/88/net" "Mozilla/5.0 AppleWebKit/537.36 (KHTML, like Gecko; compatible; GPTBot/1.4; +https://openai.com/gptbot)"
216.73.216.24 - - [28/Jul/2026:00:04:58 +0000] "GET /sitemap.xml?path=%2Fvar%2Flog%2Fexim4 HTTP/1.1" 200 2741 "-" "Mozilla/5.0 AppleWebKit/537.36 (KHTML, like Gecko; compatible; ClaudeBot/1.0; +claudebot@anthropic.com)"
74.7.243.228 - - [28/Jul/2026:00:05:00 +0000] "GET /favicon.ico?fileloc=//proc/88/net/ip6_flowlabel&path=//proc/88/net HTTP/1.1" 200 2730 "https://www.groatmachinery.com/favicon.ico?path=//proc/88/net" "Mozilla/5.0 AppleWebKit/537.36 (KHTML, like Gecko; compatible; GPTBot/1.4; +https://openai.com/gptbot)"
216.73.216.24 - - [28/Jul/2026:00:05:01 +0000] "GET /sitemap.xml?path=%2F%2Fsys%2Fclass%2Ftty%2Ftty3%2Fpower HTTP/1.1" 200 3339 "-" "Mozilla/5.0 AppleWebKit/537.36 (KHTML, like Gecko; compatible; ClaudeBot/1.0; +claudebot@anthropic.com)"
74.7.243.228 - - [28/Jul/2026:00:05:04 +0000] "GET /favicon.ico?fileloc=//proc/78/net/ip_tables_matches&path=//proc/78/net HTTP/1.1" 200 2696 "https://www.groatmachinery.com/favicon.ico?path=//proc/78/net" "Mozilla/5.0 AppleWebKit/537.36 (KHTML, like Gecko; compatible; GPTBot/1.4; +https://openai.com/gptbot)"
216.73.216.24 - - [28/Jul/2026:00:05:04 +0000] "GET /sitemap.xml?path=%2Fvar%2Frun%2Fexim4 HTTP/1.1" 200 2741 "-" "Mozilla/5.0 AppleWebKit/537.36 (KHTML, like Gecko; compatible; ClaudeBot/1.0; +claudebot@anthropic.com)"
74.7.243.228 - - [28/Jul/2026:00:05:07 +0000] "GET /favicon.ico?fileloc=//proc/76/net/ip_tables_matches&path=//proc/76/net HTTP/1.1" 200 2696 "https://www.groatmachinery.com/favicon.ico?path=//proc/76/net" "Mozilla/5.0 AppleWebKit/537.36 (KHTML, like Gecko; compatible; GPTBot/1.4; +https://openai.com/gptbot)"
216.73.216.24 - - [28/Jul/2026:00:05:07 +0000] "GET /sitemap.xml?path=%2F%2Fsys%2Fclass%2Ftty%2FttyS16%2Fdevice%2Ftty HTTP/1.1" 200 3018 "-" "Mozilla/5.0 AppleWebKit/537.36 (KHTML, like Gecko; compatible; ClaudeBot/1.0; +claudebot@anthropic.com)"
74.7.243.228 - - [28/Jul/2026:00:05:10 +0000] "GET /favicon.ico?fileloc=//proc/32/net/ip_tables_matches&path=//proc/32/net HTTP/1.1" 200 2696 "https://www.groatmachinery.com/favicon.ico?path=//proc/32/net" "Mozilla/5.0 AppleWebKit/537.36 (KHTML, like Gecko; compatible; GPTBot/1.4; +https://openai.com/gptbot)"
216.73.216.24 - - [28/Jul/2026:00:05:10 +0000] "GET /sitemap.xml?path=%2F%2Fsys%2Fclass%2Ftty%2FttyS24%2Fsubsystem%2Ftty2 HTTP/1.1" 200 3186 "-" "Mozilla/5.0 AppleWebKit/537.36 (KHTML, like Gecko; compatible; ClaudeBot/1.0; +claudebot@anthropic.com)"
74.7.243.228 - - [28/Jul/2026:00:05:13 +0000] "GET /favicon.ico?fileloc=//proc/75/net/ip_tables_matches&path=//proc/75/net HTTP/1.1" 200 2696 "https://www.groatmachinery.com/favicon.ico?path=//proc/75/net" "Mozilla/5.0 AppleWebKit/537.36 (KHTML, like Gecko; compatible; GPTBot/1.4; +https://openai.com/gptbot)"
216.73.216.24 - - [28/Jul/2026:00:05:13 +0000] "GET /sitemap.xml?path=%2F%2Fsys%2Fclass%2Ftty%2FttyS20%2Fsubsystem%2Ftty2 HTTP/1.1" 200 3185 "-" "Mozilla/5.0 AppleWebKit/537.36 (KHTML, like Gecko; compatible; ClaudeBot/1.0; +claudebot@anthropic.com)"
74.7.243.228 - - [28/Jul/2026:00:05:16 +0000] "GET /favicon.ico?fileloc=//proc/32/net/ip_tables_targets&path=//proc/32/net HTTP/1.1" 200 2693 "https://www.groatmachinery.com/favicon.ico?path=//proc/32/net" "Mozilla/5.0 AppleWebKit/537.36 (KHTML, like Gecko; compatible; GPTBot/1.4; +https://openai.com/gptbot)"
216.73.216.24 - - [28/Jul/2026:00:05:16 +0000] "GET /sitemap.xml?path=%2F%2Fsys%2Fclass%2Ftty%2FttyS26%2Fsubsystem%2Ftty2 HTTP/1.1" 200 3186 "-" "Mozilla/5.0 AppleWebKit/537.36 (KHTML, like Gecko; compatible; ClaudeBot/1.0; +claudebot@anthropic.com)"
74.7.243.228 - - [28/Jul/2026:00:05:19 +0000] "GET /favicon.ico?fileloc=//proc/14/net/ip_tables_matches&path=//proc/14/net HTTP/1.1" 200 2696 "https://www.groatmachinery.com/favicon.ico?path=//proc/14/net" "Mozilla/5.0 AppleWebKit/537.36 (KHTML, like Gecko; compatible; GPTBot/1.4; +https://openai.com/gptbot)"
216.73.216.24 - - [28/Jul/2026:00:05:19 +0000] "GET /sitemap.xml?path=%2F%2Fsys%2Fclass%2Ftty%2FttyS10%2Fsubsystem%2Ftty HTTP/1.1" 200 3181 "-" "Mozilla/5.0 AppleWebKit/537.36 (KHTML, like Gecko; compatible; ClaudeBot/1.0; +claudebot@anthropic.com)"
74.7.243.228 - - [28/Jul/2026:00:05:22 +0000] "GET /favicon.ico?fileloc=//proc/78/net/ip6_flowlabel&path=//proc/78/net HTTP/1.1" 200 2732 "https://www.groatmachinery.com/favicon.ico?path=//proc/78/net" "Mozilla/5.0 AppleWebKit/537.36 (KHTML, like Gecko; compatible; GPTBot/1.4; +https://openai.com/gptbot)"
216.73.216.24 - - [28/Jul/2026:00:05:22 +0000] "GET /sitemap.xml?path=%2F%2Fsys%2Fkernel%2Fslab%2Frequest_sock_TCP HTTP/1.1" 200 4057 "-" "Mozilla/5.0 AppleWebKit/537.36 (KHTML, like Gecko; compatible; ClaudeBot/1.0; +claudebot@anthropic.com)"
74.7.243.228 - - [28/Jul/2026:00:05:25 +0000] "GET /favicon.ico?fileloc=//proc/14/net/ip6_flowlabel&path=//proc/14/net HTTP/1.1" 200 2731 "https://www.groatmachinery.com/favicon.ico?path=//proc/14/net" "Mozilla/5.0 AppleWebKit/537.36 (KHTML, like Gecko; compatible; GPTBot/1.4; +https://openai.com/gptbot)"
216.73.216.24 - - [28/Jul/2026:00:05:25 +0000] "GET /sitemap.xml?path=%2Fvar%2Fwww%2Fhttpd-cert HTTP/1.1" 200 2746 "-" "Mozilla/5.0 AppleWebKit/537.36 (KHTML, like Gecko; compatible; ClaudeBot/1.0; +claudebot@anthropic.com)"
74.7.243.228 - - [28/Jul/2026:00:05:28 +0000] "GET /favicon.ico?fileloc=//proc/76/net/ip6_flowlabel&path=//proc/76/net HTTP/1.1" 200 2732 "https://www.groatmachinery.com/favicon.ico?path=//proc/76/net" "Mozilla/5.0 AppleWebKit/537.36 (KHTML, like Gecko; compatible; GPTBot/1.4; +https://openai.com/gptbot)"
216.73.216.24 - - [28/Jul/2026:00:05:28 +0000] "GET /sitemap.xml?path=%2F%2Fsys%2Fclass%2Ftty%2FttyS16%2Fsubsystem%2Ftty HTTP/1.1" 200 3181 "-" "Mozilla/5.0 AppleWebKit/537.36 (KHTML, like Gecko; compatible; ClaudeBot/1.0; +claudebot@anthropic.com)"
74.7.243.228 - - [28/Jul/2026:00:05:32 +0000] "GET /favicon.ico?fileloc=//proc/92/net/ip6_flowlabel&path=//proc/92/net HTTP/1.1" 200 2731 "https://www.groatmachinery.com/favicon.ico?path=//proc/92/net" "Mozilla/5.0 AppleWebKit/537.36 (KHTML, like Gecko; compatible; GPTBot/1.4; +https://openai.com/gptbot)"
216.73.216.24 - - [28/Jul/2026:00:05:31 +0000] "GET /sitemap.xml?path=%2F%2Fsys%2Fclass%2Ftty%2FttyS11%2Fsubsystem%2Ftty2 HTTP/1.1" 200 3186 "-" "Mozilla/5.0 AppleWebKit/537.36 (KHTML, like Gecko; compatible; ClaudeBot/1.0; +claudebot@anthropic.com)"
74.7.243.228 - - [28/Jul/2026:00:05:35 +0000] "GET /favicon.ico?fileloc=//proc/75/net/ip6_flowlabel&path=//proc/75/net HTTP/1.1" 200 2732 "https://www.groatmachinery.com/favicon.ico?path=//proc/75/net" "Mozilla/5.0 AppleWebKit/537.36 (KHTML, like Gecko; compatible; GPTBot/1.4; +https://openai.com/gptbot)"
216.73.216.24 - - [28/Jul/2026:00:05:34 +0000] "GET /sitemap.xml?path=%2F%2Fproc%2F71%2Fns HTTP/1.1" 200 2740 "-" "Mozilla/5.0 AppleWebKit/537.36 (KHTML, like Gecko; compatible; ClaudeBot/1.0; +claudebot@anthropic.com)"
74.7.243.228 - - [28/Jul/2026:00:05:38 +0000] "GET /favicon.ico?fileloc=//proc/32/net/ip6_flowlabel&path=//proc/32/net HTTP/1.1" 200 2731 "https://www.groatmachinery.com/favicon.ico?path=//proc/32/net" "Mozilla/5.0 AppleWebKit/537.36 (KHTML, like Gecko; compatible; GPTBot/1.4; +https://openai.com/gptbot)"
216.73.216.24 - - [28/Jul/2026:00:05:37 +0000] "GET /sitemap.xml?fileloc=%2F%2Fusr%2Finclude%2Fsyslog.h&path=%2F%2Fusr%2Finclude HTTP/1.1" 200 2701 "-" "Mozilla/5.0 AppleWebKit/537.36 (KHTML, like Gecko; compatible; ClaudeBot/1.0; +claudebot@anthropic.com)"
216.73.216.24 - - [28/Jul/2026:00:05:40 +0000] "GET /sitemap.xml?path=%2F%2Fsys%2Fclass%2Fdca%2Fdca0%2Frequester1%2Fsubsystem%2Fdca3 HTTP/1.1" 200 3196 "-" "Mozilla/5.0 AppleWebKit/537.36 (KHTML, like Gecko; compatible; ClaudeBot/1.0; +claudebot@anthropic.com)"
74.7.243.228 - - [28/Jul/2026:00:05:41 +0000] "GET /favicon.ico?path=//proc/76/net/netfilter HTTP/1.1" 200 3023 "https://www.groatmachinery.com/favicon.ico?path=//proc/76/net" "Mozilla/5.0 AppleWebKit/537.36 (KHTML, like Gecko; compatible; GPTBot/1.4; +https://openai.com/gptbot)"
74.7.243.228 - - [28/Jul/2026:00:05:44 +0000] "GET /favicon.ico?path=//proc/88/net/dev_snmp6 HTTP/1.1" 200 3094 "https://www.groatmachinery.com/favicon.ico?path=//proc/88/net" "Mozilla/5.0 AppleWebKit/537.36 (KHTML, like Gecko; compatible; GPTBot/1.4; +https://openai.com/gptbot)"
216.73.216.24 - - [28/Jul/2026:00:05:44 +0000] "GET /sitemap.xml?path=%2F%2Flib%2Fdovecot HTTP/1.1" 200 5344 "-" "Mozilla/5.0 AppleWebKit/537.36 (KHTML, like Gecko; compatible; ClaudeBot/1.0; +claudebot@anthropic.com)"
216.73.216.24 - - [28/Jul/2026:00:05:46 +0000] "GET /sitemap.xml?fileloc=%2F%2Flib%2Fpython3.12%2FEXTERNALLY-MANAGED&path=%2F%2Flib%2Fpython3.12 HTTP/1.1" 200 3001 "-" "Mozilla/5.0 AppleWebKit/537.36 (KHTML, like Gecko; compatible; ClaudeBot/1.0; +claudebot@anthropic.com)"
74.7.243.228 - - [28/Jul/2026:00:05:47 +0000] "GET /favicon.ico?path=//proc/76/net/dev_snmp6 HTTP/1.1" 200 3095 "https://www.groatmachinery.com/favicon.ico?path=//proc/76/net" "Mozilla/5.0 AppleWebKit/537.36 (KHTML, like Gecko; compatible; GPTBot/1.4; +https://openai.com/gptbot)"
216.73.216.24 - - [28/Jul/2026:00:05:49 +0000] "GET /sitemap.xml?path=%2Fvar%2Frun%2Fblkid HTTP/1.1" 200 3015 "-" "Mozilla/5.0 AppleWebKit/537.36 (KHTML, like Gecko; compatible; ClaudeBot/1.0; +claudebot@anthropic.com)"
74.7.243.228 - - [28/Jul/2026:00:05:50 +0000] "GET /favicon.ico?path=//proc/14/net/dev_snmp6 HTTP/1.1" 200 3095 "https://www.groatmachinery.com/favicon.ico?path=//proc/14/net" "Mozilla/5.0 AppleWebKit/537.36 (KHTML, like Gecko; compatible; GPTBot/1.4; +https://openai.com/gptbot)"
74.7.243.228 - - [28/Jul/2026:00:05:54 +0000] "GET /favicon.ico?path=//proc/32/net/dev_snmp6 HTTP/1.1" 200 3095 "https://www.groatmachinery.com/favicon.ico?path=//proc/32/net" "Mozilla/5.0 AppleWebKit/537.36 (KHTML, like Gecko; compatible; GPTBot/1.4; +https://openai.com/gptbot)"
216.73.216.24 - - [28/Jul/2026:00:05:56 +0000] "GET /qusefod/assets/js/frontend/account-i18n.min.js?fileloc=%2F%2Fsbin%2Fexim_msgdate&path=%2F%2Fsbin HTTP/1.1" 200 8760 "-" "Mozilla/5.0 AppleWebKit/537.36 (KHTML, like Gecko; compatible; ClaudeBot/1.0; +claudebot@anthropic.com)"
74.7.243.228 - - [28/Jul/2026:00:05:57 +0000] "GET /favicon.ico?path=//proc/92/net/dev_snmp6 HTTP/1.1" 200 3095 "https://www.groatmachinery.com/favicon.ico?path=//proc/92/net" "Mozilla/5.0 AppleWebKit/537.36 (KHTML, like Gecko; compatible; GPTBot/1.4; +https://openai.com/gptbot)"
216.73.216.24 - - [28/Jul/2026:00:05:57 +0000] "GET /qusefod/assets/js/frontend/account-i18n.min.js?fileloc=%2Fvar%2Fwww%2Fgroatmachine_usr%2Fdata%2Fwww%2Fgroatmachinery.com%2Fwp-includes%2Ffinaheh-template.php&path=%2Fvar%2Fwww%2Fgroatmachine_usr%2Fdata%2Fwww%2Fgroatmachinery.com%2Fwp-includes HTTP/1.1" 200 8131 "-" "Mozilla/5.0 AppleWebKit/537.36 (KHTML, like Gecko; compatible; ClaudeBot/1.0; +claudebot@anthropic.com)"
74.7.243.228 - - [28/Jul/2026:00:06:00 +0000] "GET /favicon.ico?path=//proc/78/net/dev_snmp6 HTTP/1.1" 200 3096 "https://www.groatmachinery.com/favicon.ico?path=//proc/78/net" "Mozilla/5.0 AppleWebKit/537.36 (KHTML, like Gecko; compatible; GPTBot/1.4; +https://openai.com/gptbot)"
216.73.216.24 - - [28/Jul/2026:00:06:00 +0000] "GET /qusefod/assets/js/frontend/account-i18n.min.js?fileloc=%2F%2Fbin%2Fnetworkctl&path=%2F%2Fbin HTTP/1.1" 200 43146 "-" "Mozilla/5.0 AppleWebKit/537.36 (KHTML, like Gecko; compatible; ClaudeBot/1.0; +claudebot@anthropic.com)"
74.7.243.228 - - [28/Jul/2026:00:06:03 +0000] "GET /favicon.ico?path=//proc/75/net/dev_snmp6 HTTP/1.1" 200 3095 "https://www.groatmachinery.com/favicon.ico?path=//proc/75/net" "Mozilla/5.0 AppleWebKit/537.36 (KHTML, like Gecko; compatible; GPTBot/1.4; +https://openai.com/gptbot)"
216.73.216.24 - - [28/Jul/2026:00:06:03 +0000] "GET /ilia-oil-s-71/feed/?fileloc=%2F%2Fbin%2Fpygettext3&path=%2F%2Fbin HTTP/1.1" 200 10326 "-" "Mozilla/5.0 AppleWebKit/537.36 (KHTML, like Gecko; compatible; ClaudeBot/1.0; +claudebot@anthropic.com)"
74.7.243.228 - - [28/Jul/2026:00:06:06 +0000] "GET /favicon.ico?path=//proc/56/net HTTP/1.1" 200 4679 "https://www.groatmachinery.com/favicon.ico?path=//proc/56" "Mozilla/5.0 AppleWebKit/537.36 (KHTML, like Gecko; compatible; GPTBot/1.4; +https://openai.com/gptbot)"
216.73.216.24 - - [28/Jul/2026:00:06:06 +0000] "GET /ilia-oil-s-71/feed/?fileloc=%2F%2Fbin%2Fjson_pp&path=%2F%2Fbin HTTP/1.1" 200 4589 "-" "Mozilla/5.0 AppleWebKit/537.36 (KHTML, like Gecko; compatible; ClaudeBot/1.0; +claudebot@anthropic.com)"
74.7.243.228 - - [28/Jul/2026:00:06:09 +0000] "GET /favicon.ico?path=//proc/82/net HTTP/1.1" 200 4678 "https://www.groatmachinery.com/favicon.ico?path=//proc/82" "Mozilla/5.0 AppleWebKit/537.36 (KHTML, like Gecko; compatible; GPTBot/1.4; +https://openai.com/gptbot)"
216.73.216.24 - - [28/Jul/2026:00:06:09 +0000] "GET /qusefod/assets/js/frontend/account-i18n.min.js?fileloc=%2F%2Fsbin%2Fphpcalls-bpfcc&path=%2F%2Fsbin HTTP/1.1" 200 2725 "-" "Mozilla/5.0 AppleWebKit/537.36 (KHTML, like Gecko; compatible; ClaudeBot/1.0; +claudebot@anthropic.com)"
74.7.243.228 - - [28/Jul/2026:00:06:12 +0000] "GET /favicon.ico?path=//proc/51/net HTTP/1.1" 200 4679 "https://www.groatmachinery.com/favicon.ico?path=//proc/51" "Mozilla/5.0 AppleWebKit/537.36 (KHTML, like Gecko; compatible; GPTBot/1.4; +https://openai.com/gptbot)"
216.73.216.24 - - [28/Jul/2026:00:06:12 +0000] "GET /ilia-oil-s-71/?fileloc=%2F%2Fetc%2Fmodules&path=%2F%2Fetc HTTP/1.1" 200 2791 "-" "Mozilla/5.0 AppleWebKit/537.36 (KHTML, like Gecko; compatible; ClaudeBot/1.0; +claudebot@anthropic.com)"
114.119.135.229 - - [28/Jul/2026:00:06:14 +0000] "GET /beehiiv-privacy-policy/?path=/var/www/groatmachine_usr/data/www/groatmachinery.com HTTP/1.1" 200 4085 "https://groatmachinery.com/beehiiv-privacy-policy/" "Mozilla/5.0 (Linux; Android 7.0;) AppleWebKit/537.36 (HTML, like Gecko) Mobile Safari/537.36 (compatible; PetalBot;+https://webmaster.petalsearch.com/site/petalbot)"
74.7.243.228 - - [28/Jul/2026:00:06:15 +0000] "GET /favicon.ico?fileloc=//proc/76/net/netfilter/nf_log&path=//proc/76/net/netfilter HTTP/1.1" 200 2743 "https://www.groatmachinery.com/favicon.ico?path=//proc/76/net/netfilter" "Mozilla/5.0 AppleWebKit/537.36 (KHTML, like Gecko; compatible; GPTBot/1.4; +https://openai.com/gptbot)"
216.73.216.24 - - [28/Jul/2026:00:06:15 +0000] "GET /ilia-oil-s-71/feed/?fileloc=%2F%2Fsbin%2Fgetpcaps&path=%2F%2Fsbin HTTP/1.1" 200 5843 "-" "Mozilla/5.0 AppleWebKit/537.36 (KHTML, like Gecko; compatible; ClaudeBot/1.0; +claudebot@anthropic.com)"
74.7.243.228 - - [28/Jul/2026:00:06:19 +0000] "GET /favicon.ico?fileloc=//proc/88/net/dev_snmp6/lo&path=//proc/88/net/dev_snmp6 HTTP/1.1" 200 3219 "https://www.groatmachinery.com/favicon.ico?path=//proc/88/net/dev_snmp6" "Mozilla/5.0 AppleWebKit/537.36 (KHTML, like Gecko; compatible; GPTBot/1.4; +https://openai.com/gptbot)"
216.73.216.24 - - [28/Jul/2026:00:06:18 +0000] "GET /qusefod/assets/js/frontend/account-i18n.min.js?fileloc=%2Fvar%2Fwww%2Fgroatmachine_usr%2Fdata%2Fwww%2Fgroatmachinery.com%2Fwp-includes%2Fcron.php&path=%2Fvar%2Fwww%2Fgroatmachine_usr%2Fdata%2Fwww%2Fgroatmachinery.com%2Fwp-includes HTTP/1.1" 200 11350 "-" "Mozilla/5.0 AppleWebKit/537.36 (KHTML, like Gecko; compatible; ClaudeBot/1.0; +claudebot@anthropic.com)"
216.73.216.24 - - [28/Jul/2026:00:06:21 +0000] "GET /ilia-oil-s-71/?fileloc=%2F%2Fsbin%2Frunuser&path=%2F%2Fsbin HTTP/1.1" 200 21589 "-" "Mozilla/5.0 AppleWebKit/537.36 (KHTML, like Gecko; compatible; ClaudeBot/1.0; +claudebot@anthropic.com)"
74.7.243.228 - - [28/Jul/2026:00:06:22 +0000] "GET /favicon.ico?fileloc=//proc/76/net/dev_snmp6/lo&path=//proc/76/net/dev_snmp6 HTTP/1.1" 200 3219 "https://www.groatmachinery.com/favicon.ico?path=//proc/76/net/dev_snmp6" "Mozilla/5.0 AppleWebKit/537.36 (KHTML, like Gecko; compatible; GPTBot/1.4; +https://openai.com/gptbot)"
216.73.216.24 - - [28/Jul/2026:00:06:24 +0000] "GET /ilia-oil-s-71/?path=%2F%2Fetc%2Fcron.daily HTTP/1.1" 200 3346 "-" "Mozilla/5.0 AppleWebKit/537.36 (KHTML, like Gecko; compatible; ClaudeBot/1.0; +claudebot@anthropic.com)"
74.7.243.228 - - [28/Jul/2026:00:06:25 +0000] "GET /favicon.ico?path=//proc/23/net HTTP/1.1" 200 4679 "https://www.groatmachinery.com/favicon.ico?path=//proc/23" "Mozilla/5.0 AppleWebKit/537.36 (KHTML, like Gecko; compatible; GPTBot/1.4; +https://openai.com/gptbot)"
216.73.216.24 - - [28/Jul/2026:00:06:27 +0000] "GET /qusefod/assets/js/frontend/account-i18n.min.js?fileloc=%2F%2Fsbin%2Fadd-shell&path=%2F%2Fsbin HTTP/1.1" 200 3202 "-" "Mozilla/5.0 AppleWebKit/537.36 (KHTML, like Gecko; compatible; ClaudeBot/1.0; +claudebot@anthropic.com)"
74.7.243.228 - - [28/Jul/2026:00:06:28 +0000] "GET /favicon.ico?path=//proc/88/net/rxrpc HTTP/1.1" 200 3190 "https://www.groatmachinery.com/favicon.ico?path=//proc/88/net" "Mozilla/5.0 AppleWebKit/537.36 (KHTML, like Gecko; compatible; GPTBot/1.4; +https://openai.com/gptbot)"
216.73.216.24 - - [28/Jul/2026:00:06:30 +0000] "GET /qusefod/assets/js/frontend/account-i18n.min.js?fileloc=%2Fvar%2Fwww%2Fgroatmachine_usr%2Fdata%2Fwww%2Fgroatmachinery.com%2Fwp-admin%2Frevision.php&path=%2Fvar%2Fwww%2Fgroatmachine_usr%2Fdata%2Fwww%2Fgroatmachinery.com%2Fwp-admin HTTP/1.1" 200 4794 "-" "Mozilla/5.0 AppleWebKit/537.36 (KHTML, like Gecko; compatible; ClaudeBot/1.0; +claudebot@anthropic.com)"
74.7.243.228 - - [28/Jul/2026:00:06:31 +0000] "GET /favicon.ico?fileloc=//proc/88/net/dev&path=//proc/88/net HTTP/1.1" 200 2878 "https://www.groatmachinery.com/favicon.ico?path=//proc/88/net" "Mozilla/5.0 AppleWebKit/537.36 (KHTML, like Gecko; compatible; GPTBot/1.4; +https://openai.com/gptbot)"
216.73.216.24 - - [28/Jul/2026:00:06:33 +0000] "GET /ilia-oil-s-71/feed/?fileloc=%2F%2Fsbin%2Fchcpu&path=%2F%2Fsbin HTTP/1.1" 200 11592 "-" "Mozilla/5.0 AppleWebKit/537.36 (KHTML, like Gecko; compatible; ClaudeBot/1.0; +claudebot@anthropic.com)"
74.7.243.228 - - [28/Jul/2026:00:06:34 +0000] "GET /favicon.ico?path=//proc/88/net/stat HTTP/1.1" 200 3091 "https://www.groatmachinery.com/favicon.ico?path=//proc/88/net" "Mozilla/5.0 AppleWebKit/537.36 (KHTML, like Gecko; compatible; GPTBot/1.4; +https://openai.com/gptbot)"
216.73.216.24 - - [28/Jul/2026:00:06:36 +0000] "GET /ilia-oil-s-71/?fileloc=%2F%2Fsbin%2Fe4crypt&path=%2F%2Fsbin HTTP/1.1" 200 10429 "-" "Mozilla/5.0 AppleWebKit/537.36 (KHTML, like Gecko; compatible; ClaudeBot/1.0; +claudebot@anthropic.com)"
74.7.243.228 - - [28/Jul/2026:00:06:37 +0000] "GET /favicon.ico?fileloc=//proc/76/net/dev&path=//proc/76/net HTTP/1.1" 200 2879 "https://www.groatmachinery.com/favicon.ico?path=//proc/76/net" "Mozilla/5.0 AppleWebKit/537.36 (KHTML, like Gecko; compatible; GPTBot/1.4; +https://openai.com/gptbot)"
216.73.216.24 - - [28/Jul/2026:00:06:39 +0000] "GET /ilia-oil-s-71/feed/?fileloc=%2F%2Fsbin%2Fcapable.bt&path=%2F%2Fsbin HTTP/1.1" 200 3538 "-" "Mozilla/5.0 AppleWebKit/537.36 (KHTML, like Gecko; compatible; ClaudeBot/1.0; +claudebot@anthropic.com)"
74.7.243.228 - - [28/Jul/2026:00:06:40 +0000] "GET /favicon.ico?fileloc=//proc/56/net/fib_trie&path=//proc/56/net HTTP/1.1" 200 7425 "https://www.groatmachinery.com/favicon.ico?path=//proc/56/net" "Mozilla/5.0 AppleWebKit/537.36 (KHTML, like Gecko; compatible; GPTBot/1.4; +https://openai.com/gptbot)"
216.73.216.24 - - [28/Jul/2026:00:06:42 +0000] "GET /qusefod/assets/js/frontend/account-i18n.min.js?fileloc=%2Fvar%2Fwww%2Fgroatmachine_usr%2Fdata%2Fwww%2Fgroatmachinery.com%2Fwp-includes%2Fpost-template.php&path=%2Fvar%2Fwww%2Fgroatmachine_usr%2Fdata%2Fwww%2Fgroatmachinery.com%2Fwp-includes HTTP/1.1" 200 19615 "-" "Mozilla/5.0 AppleWebKit/537.36 (KHTML, like Gecko; compatible; ClaudeBot/1.0; +claudebot@anthropic.com)"
74.7.243.228 - - [28/Jul/2026:00:06:44 +0000] "GET /favicon.ico?fileloc=//proc/82/net/unix&path=//proc/82/net HTTP/1.1" 200 5297 "https://www.groatmachinery.com/favicon.ico?path=//proc/82/net" "Mozilla/5.0 AppleWebKit/537.36 (KHTML, like Gecko; compatible; GPTBot/1.4; +https://openai.com/gptbot)"
216.73.216.24 - - [28/Jul/2026:00:06:45 +0000] "GET /ilia-oil-s-71/feed/?fileloc=%2F%2Fbin%2Fcmp&path=%2F%2Fbin HTTP/1.1" 200 18476 "-" "Mozilla/5.0 AppleWebKit/537.36 (KHTML, like Gecko; compatible; ClaudeBot/1.0; +claudebot@anthropic.com)"
74.7.243.228 - - [28/Jul/2026:00:06:47 +0000] "GET /favicon.ico?fileloc=//proc/51/net/igmp&path=//proc/51/net HTTP/1.1" 200 2772 "https://www.groatmachinery.com/favicon.ico?path=//proc/51/net" "Mozilla/5.0 AppleWebKit/537.36 (KHTML, like Gecko; compatible; GPTBot/1.4; +https://openai.com/gptbot)"
216.73.216.24 - - [28/Jul/2026:00:06:48 +0000] "GET /ilia-oil-s-71/feed/?fileloc=%2F%2Fsbin%2Finit&path=%2F%2Fsbin HTTP/1.1" 200 34237 "-" "Mozilla/5.0 AppleWebKit/537.36 (KHTML, like Gecko; compatible; ClaudeBot/1.0; +claudebot@anthropic.com)"
74.7.243.228 - - [28/Jul/2026:00:06:50 +0000] "GET /favicon.ico?fileloc=//proc/51/net/unix&path=//proc/51/net HTTP/1.1" 200 5294 "https://www.groatmachinery.com/favicon.ico?path=//proc/51/net" "Mozilla/5.0 AppleWebKit/537.36 (KHTML, like Gecko; compatible; GPTBot/1.4; +https://openai.com/gptbot)"
216.73.216.24 - - [28/Jul/2026:00:06:51 +0000] "GET /qusefod/assets/js/frontend/account-i18n.min.js?path=%2Fvar%2Fwww%2Fgroatmachine_usr%2Fdata%2Fwww%2Fgroatmachinery.com%2Fwp-includes%2Fpomo HTTP/1.1" 200 3331 "-" "Mozilla/5.0 AppleWebKit/537.36 (KHTML, like Gecko; compatible; ClaudeBot/1.0; +claudebot@anthropic.com)"
74.7.243.228 - - [28/Jul/2026:00:06:53 +0000] "GET /favicon.ico?fileloc=//proc/82/net/tls_stat&path=//proc/82/net HTTP/1.1" 200 2777 "https://www.groatmachinery.com/favicon.ico?path=//proc/82/net" "Mozilla/5.0 AppleWebKit/537.36 (KHTML, like Gecko; compatible; GPTBot/1.4; +https://openai.com/gptbot)"
216.73.216.24 - - [28/Jul/2026:00:06:54 +0000] "GET /ilia-oil-s-71/feed/?path=%2F%2Frun%2Fubuntu-advantage HTTP/1.1" 200 2997 "-" "Mozilla/5.0 AppleWebKit/537.36 (KHTML, like Gecko; compatible; ClaudeBot/1.0; +claudebot@anthropic.com)"
74.7.243.228 - - [28/Jul/2026:00:06:56 +0000] "GET /favicon.ico?fileloc=//proc/51/net/ptype&path=//proc/51/net HTTP/1.1" 200 2751 "https://www.groatmachinery.com/favicon.ico?path=//proc/51/net" "Mozilla/5.0 AppleWebKit/537.36 (KHTML, like Gecko; compatible; GPTBot/1.4; +https://openai.com/gptbot)"
216.73.216.24 - - [28/Jul/2026:00:06:57 +0000] "GET /qusefod/assets/js/frontend/account-i18n.min.js?fileloc=%2Fvar%2Fwww%2Fgroatmachine_usr%2Fdata%2Fwww%2Fgroatmachinery.com%2Fwp-includes%2Fclass-smtp.php&path=%2Fvar%2Fwww%2Fgroatmachine_usr%2Fdata%2Fwww%2Fgroatmachinery.com%2Fwp-includes HTTP/1.1" 200 2935 "-" "Mozilla/5.0 AppleWebKit/537.36 (KHTML, like Gecko; compatible; ClaudeBot/1.0; +claudebot@anthropic.com)"
74.7.243.228 - - [28/Jul/2026:00:06:59 +0000] "GET /favicon.ico?fileloc=//proc/51/net/rt_cache&path=//proc/51/net HTTP/1.1" 200 2781 "https://www.groatmachinery.com/favicon.ico?path=//proc/51/net" "Mozilla/5.0 AppleWebKit/537.36 (KHTML, like Gecko; compatible; GPTBot/1.4; +https://openai.com/gptbot)"
216.73.216.24 - - [28/Jul/2026:00:07:00 +0000] "GET /ilia-oil-s-71/feed/?fileloc=%2F%2Fbin%2Fb2sum&path=%2F%2Fbin HTTP/1.1" 200 20196 "-" "Mozilla/5.0 AppleWebKit/537.36 (KHTML, like Gecko; compatible; ClaudeBot/1.0; +claudebot@anthropic.com)"
74.7.243.228 - - [28/Jul/2026:00:07:03 +0000] "GET /favicon.ico?fileloc=//proc/23/net/igmp&path=//proc/23/net HTTP/1.1" 200 2772 "https://www.groatmachinery.com/favicon.ico?path=//proc/23/net" "Mozilla/5.0 AppleWebKit/537.36 (KHTML, like Gecko; compatible; GPTBot/1.4; +https://openai.com/gptbot)"
216.73.216.24 - - [28/Jul/2026:00:07:03 +0000] "GET /qusefod/assets/js/frontend/account-i18n.min.js?fileloc=%2Fvar%2Fwww%2Fgroatmachine_usr%2Fdata%2Fwww%2Fgroatmachinery.com%2Fwp-admin%2Fmoderation.php&path=%2Fvar%2Fwww%2Fgroatmachine_usr%2Fdata%2Fwww%2Fgroatmachinery.com%2Fwp-admin HTTP/1.1" 200 2889 "-" "Mozilla/5.0 AppleWebKit/537.36 (KHTML, like Gecko; compatible; ClaudeBot/1.0; +claudebot@anthropic.com)"
74.7.243.228 - - [28/Jul/2026:00:07:06 +0000] "GET /favicon.ico?fileloc=//proc/23/net/rt_cache&path=//proc/23/net HTTP/1.1" 200 2781 "https://www.groatmachinery.com/favicon.ico?path=//proc/23/net" "Mozilla/5.0 AppleWebKit/537.36 (KHTML, like Gecko; compatible; GPTBot/1.4; +https://openai.com/gptbot)"
216.73.216.24 - - [28/Jul/2026:00:07:06 +0000] "GET /qusefod/assets/js/frontend/account-i18n.min.js?fileloc=%2F%2Fbin%2Funshare&path=%2F%2Fbin HTTP/1.1" 200 14918 "-" "Mozilla/5.0 AppleWebKit/537.36 (KHTML, like Gecko; compatible; ClaudeBot/1.0; +claudebot@anthropic.com)"
74.7.243.228 - - [28/Jul/2026:00:07:09 +0000] "GET /favicon.ico?fileloc=//proc/82/net/packet&path=//proc/82/net HTTP/1.1" 200 2758 "https://www.groatmachinery.com/favicon.ico?path=//proc/82/net" "Mozilla/5.0 AppleWebKit/537.36 (KHTML, like Gecko; compatible; GPTBot/1.4; +https://openai.com/gptbot)"
216.73.216.24 - - [28/Jul/2026:00:07:09 +0000] "GET /ilia-oil-s-71/?fileloc=%2F%2Fsbin%2Fveritysetup&path=%2F%2Fsbin HTTP/1.1" 200 14592 "-" "Mozilla/5.0 AppleWebKit/537.36 (KHTML, like Gecko; compatible; ClaudeBot/1.0; +claudebot@anthropic.com)"
74.7.243.228 - - [28/Jul/2026:00:07:12 +0000] "GET /favicon.ico?fileloc=//proc/23/net/fib_trie&path=//proc/23/net HTTP/1.1" 200 7425 "https://www.groatmachinery.com/favicon.ico?path=//proc/23/net" "Mozilla/5.0 AppleWebKit/537.36 (KHTML, like Gecko; compatible; GPTBot/1.4; +https://openai.com/gptbot)"
216.73.216.24 - - [28/Jul/2026:00:07:12 +0000] "GET /qusefod/assets/js/frontend/account-i18n.min.js?path=%2F%2Frun%2Fubuntu-advantage HTTP/1.1" 200 2997 "-" "Mozilla/5.0 AppleWebKit/537.36 (KHTML, like Gecko; compatible; ClaudeBot/1.0; +claudebot@anthropic.com)"
74.7.243.228 - - [28/Jul/2026:00:07:15 +0000] "GET /favicon.ico?fileloc=//proc/51/net/icmp&path=//proc/51/net HTTP/1.1" 200 2764 "https://www.groatmachinery.com/favicon.ico?path=//proc/51/net" "Mozilla/5.0 AppleWebKit/537.36 (KHTML, like Gecko; compatible; GPTBot/1.4; +https://openai.com/gptbot)"
216.73.216.24 - - [28/Jul/2026:00:07:15 +0000] "GET /ilia-oil-s-71/feed/?fileloc=%2F%2Fsbin%2Fgroupmod&path=%2F%2Fsbin HTTP/1.1" 200 25194 "-" "Mozilla/5.0 AppleWebKit/537.36 (KHTML, like Gecko; compatible; ClaudeBot/1.0; +claudebot@anthropic.com)"
74.7.243.228 - - [28/Jul/2026:00:07:19 +0000] "GET /favicon.ico?fileloc=//proc/51/net/packet&path=//proc/51/net HTTP/1.1" 200 2759 "https://www.groatmachinery.com/favicon.ico?path=//proc/51/net" "Mozilla/5.0 AppleWebKit/537.36 (KHTML, like Gecko; compatible; GPTBot/1.4; +https://openai.com/gptbot)"
216.73.216.24 - - [28/Jul/2026:00:07:18 +0000] "GET /qusefod/assets/js/frontend/account-i18n.min.js?fileloc=%2Fvar%2Fwww%2Fgroatmachine_usr%2Fdata%2Fwww%2Fgroatmachinery.com%2Fwp-includes%2Fclass-phpmailer.php&path=%2Fvar%2Fwww%2Fgroatmachine_usr%2Fdata%2Fwww%2Fgroatmachinery.com%2Fwp-includes HTTP/1.1" 200 2989 "-" "Mozilla/5.0 AppleWebKit/537.36 (KHTML, like Gecko; compatible; ClaudeBot/1.0; +claudebot@anthropic.com)"
74.7.243.228 - - [28/Jul/2026:00:07:22 +0000] "GET /favicon.ico?fileloc=//proc/56/net/igmp&path=//proc/56/net HTTP/1.1" 200 2773 "https://www.groatmachinery.com/favicon.ico?path=//proc/56/net" "Mozilla/5.0 AppleWebKit/537.36 (KHTML, like Gecko; compatible; GPTBot/1.4; +https://openai.com/gptbot)"
74.7.243.228 - - [28/Jul/2026:00:07:25 +0000] "GET /favicon.ico?fileloc=//proc/82/net/icmp&path=//proc/82/net HTTP/1.1" 200 2764 "https://www.groatmachinery.com/favicon.ico?path=//proc/82/net" "Mozilla/5.0 AppleWebKit/537.36 (KHTML, like Gecko; compatible; GPTBot/1.4; +https://openai.com/gptbot)"
216.73.216.24 - - [28/Jul/2026:00:07:25 +0000] "GET /ilia-oil-s-71/feed/?fileloc=%2F%2Fbin%2Fpy3clean&path=%2F%2Fbin HTTP/1.1" 200 5494 "-" "Mozilla/5.0 AppleWebKit/537.36 (KHTML, like Gecko; compatible; ClaudeBot/1.0; +claudebot@anthropic.com)"
216.73.216.24 - - [28/Jul/2026:00:07:26 +0000] "GET /ilia-oil-s-71/?fileloc=%2F%2Fsbin%2Feximstats&path=%2F%2Fsbin HTTP/1.1" 200 43162 "-" "Mozilla/5.0 AppleWebKit/537.36 (KHTML, like Gecko; compatible; ClaudeBot/1.0; +claudebot@anthropic.com)"
74.7.243.228 - - [28/Jul/2026:00:07:28 +0000] "GET /favicon.ico?fileloc=//proc/51/net/snmp&path=//proc/51/net HTTP/1.1" 200 3420 "https://www.groatmachinery.com/favicon.ico?path=//proc/51/net" "Mozilla/5.0 AppleWebKit/537.36 (KHTML, like Gecko; compatible; GPTBot/1.4; +https://openai.com/gptbot)"
216.73.216.24 - - [28/Jul/2026:00:07:29 +0000] "GET /qusefod/assets/js/frontend/account-i18n.min.js?fileloc=%2F%2Fsbin%2Fgrub-set-default&path=%2F%2Fsbin HTTP/1.1" 200 4275 "-" "Mozilla/5.0 AppleWebKit/537.36 (KHTML, like Gecko; compatible; ClaudeBot/1.0; +claudebot@anthropic.com)"
74.7.243.228 - - [28/Jul/2026:00:07:31 +0000] "GET /favicon.ico?fileloc=//proc/23/net/tls_stat&path=//proc/23/net HTTP/1.1" 200 2778 "https://www.groatmachinery.com/favicon.ico?path=//proc/23/net" "Mozilla/5.0 AppleWebKit/537.36 (KHTML, like Gecko; compatible; GPTBot/1.4; +https://openai.com/gptbot)"
216.73.216.24 - - [28/Jul/2026:00:07:32 +0000] "GET /ilia-oil-s-71/feed/?fileloc=%2F%2Fsbin%2Fresize2fs&path=%2F%2Fsbin HTTP/1.1" 200 25613 "-" "Mozilla/5.0 AppleWebKit/537.36 (KHTML, like Gecko; compatible; ClaudeBot/1.0; +claudebot@anthropic.com)"
57.141.0.32 - - [28/Jul/2026:00:07:34 +0000] "GET /gaqepuh/2026/06/host-yaoshan-75x75.webp HTTP/1.1" 200 54015 "-" "Mozilla/5.0 (Macintosh; Intel Mac OS X 10_15_7) AppleWebKit/537.36 (KHTML, like Gecko) Chrome/145.0.0.0 Safari/537.36 (compatible; meta-externalagent/1.1 (+https://developers.facebook.com/docs/sharing/webmasters/crawler))"
74.7.243.228 - - [28/Jul/2026:00:07:34 +0000] "GET /favicon.ico?fileloc=//proc/82/net/igmp&path=//proc/82/net HTTP/1.1" 200 2772 "https://www.groatmachinery.com/favicon.ico?path=//proc/82/net" "Mozilla/5.0 AppleWebKit/537.36 (KHTML, like Gecko; compatible; GPTBot/1.4; +https://openai.com/gptbot)"
216.73.216.24 - - [28/Jul/2026:00:07:35 +0000] "GET /qusefod/assets/js/frontend/account-i18n.min.js?fileloc=%2F%2Fsbin%2Frmt&path=%2F%2Fsbin HTTP/1.1" 200 24547 "-" "Mozilla/5.0 AppleWebKit/537.36 (KHTML, like Gecko; compatible; ClaudeBot/1.0; +claudebot@anthropic.com)"
74.7.243.228 - - [28/Jul/2026:00:07:38 +0000] "GET /favicon.ico?fileloc=//proc/82/net/rt_cache&path=//proc/82/net HTTP/1.1" 200 2780 "https://www.groatmachinery.com/favicon.ico?path=//proc/82/net" "Mozilla/5.0 AppleWebKit/537.36 (KHTML, like Gecko; compatible; GPTBot/1.4; +https://openai.com/gptbot)"
216.73.216.24 - - [28/Jul/2026:00:07:38 +0000] "GET /qusefod/assets/js/frontend/account-i18n.min.js?fileloc=%2F%2Fbin%2Fautomat-visualize3&path=%2F%2Fbin HTTP/1.1" 200 3144 "-" "Mozilla/5.0 AppleWebKit/537.36 (KHTML, like Gecko; compatible; ClaudeBot/1.0; +claudebot@anthropic.com)"
74.7.243.228 - - [28/Jul/2026:00:07:41 +0000] "GET /favicon.ico?fileloc=//proc/82/net/route&path=//proc/82/net HTTP/1.1" 200 2920 "https://www.groatmachinery.com/favicon.ico?path=//proc/82/net" "Mozilla/5.0 AppleWebKit/537.36 (KHTML, like Gecko; compatible; GPTBot/1.4; +https://openai.com/gptbot)"
216.73.216.24 - - [28/Jul/2026:00:07:41 +0000] "GET /qusefod/assets/js/frontend/account-i18n.min.js?fileloc=%2F%2Fbin%2Fsha224sum&path=%2F%2Fbin HTTP/1.1" 200 16250 "-" "Mozilla/5.0 AppleWebKit/537.36 (KHTML, like Gecko; compatible; ClaudeBot/1.0; +claudebot@anthropic.com)"
74.7.243.228 - - [28/Jul/2026:00:07:44 +0000] "GET /favicon.ico?fileloc=//proc/51/net/tls_stat&path=//proc/51/net HTTP/1.1" 200 2778 "https://www.groatmachinery.com/favicon.ico?path=//proc/51/net" "Mozilla/5.0 AppleWebKit/537.36 (KHTML, like Gecko; compatible; GPTBot/1.4; +https://openai.com/gptbot)"
216.73.216.24 - - [28/Jul/2026:00:07:44 +0000] "GET /qusefod/assets/js/frontend/account-i18n.min.js?fileloc=%2F%2Fbin%2Fdf&path=%2F%2Fbin HTTP/1.1" 200 34414 "-" "Mozilla/5.0 AppleWebKit/537.36 (KHTML, like Gecko; compatible; ClaudeBot/1.0; +claudebot@anthropic.com)"
74.7.243.228 - - [28/Jul/2026:00:07:47 +0000] "GET /favicon.ico?fileloc=//proc/56/net/tls_stat&path=//proc/56/net HTTP/1.1" 200 2778 "https://www.groatmachinery.com/favicon.ico?path=//proc/56/net" "Mozilla/5.0 AppleWebKit/537.36 (KHTML, like Gecko; compatible; GPTBot/1.4; +https://openai.com/gptbot)"
216.73.216.24 - - [28/Jul/2026:00:07:47 +0000] "GET /ilia-oil-s-71/?fileloc=%2F%2Fsbin%2Fcryptdisks_start&path=%2F%2Fsbin HTTP/1.1" 200 3473 "-" "Mozilla/5.0 AppleWebKit/537.36 (KHTML, like Gecko; compatible; ClaudeBot/1.0; +claudebot@anthropic.com)"
74.7.243.228 - - [28/Jul/2026:00:07:50 +0000] "GET /favicon.ico?fileloc=//proc/56/net/rt_cache&path=//proc/56/net HTTP/1.1" 200 2781 "https://www.groatmachinery.com/favicon.ico?path=//proc/56/net" "Mozilla/5.0 AppleWebKit/537.36 (KHTML, like Gecko; compatible; GPTBot/1.4; +https://openai.com/gptbot)"
216.73.216.24 - - [28/Jul/2026:00:07:50 +0000] "GET /ilia-oil-s-71/?fileloc=%2F%2Fsbin%2Fmklost+found&path=%2F%2Fsbin HTTP/1.1" 200 2677 "-" "Mozilla/5.0 AppleWebKit/537.36 (KHTML, like Gecko; compatible; ClaudeBot/1.0; +claudebot@anthropic.com)"
74.7.243.228 - - [28/Jul/2026:00:07:54 +0000] "GET /favicon.ico?fileloc=//proc/82/net/snmp&path=//proc/82/net HTTP/1.1" 200 3418 "https://www.groatmachinery.com/favicon.ico?path=//proc/82/net" "Mozilla/5.0 AppleWebKit/537.36 (KHTML, like Gecko; compatible; GPTBot/1.4; +https://openai.com/gptbot)"
216.73.216.24 - - [28/Jul/2026:00:07:56 +0000] "GET /qusefod/assets/js/frontend/account-i18n.min.js?fileloc=%2F%2Fbin%2Fbyobu-ctrl-a&path=%2F%2Fbin HTTP/1.1" 200 4550 "-" "Mozilla/5.0 AppleWebKit/537.36 (KHTML, like Gecko; compatible; ClaudeBot/1.0; +claudebot@anthropic.com)"
74.7.243.228 - - [28/Jul/2026:00:07:58 +0000] "GET /favicon.ico?fileloc=//proc/82/net/ptype&path=//proc/82/net HTTP/1.1" 200 2750 "https://www.groatmachinery.com/favicon.ico?path=//proc/82/net" "Mozilla/5.0 AppleWebKit/537.36 (KHTML, like Gecko; compatible; GPTBot/1.4; +https://openai.com/gptbot)"
216.73.216.24 - - [28/Jul/2026:00:07:59 +0000] "GET /qusefod/assets/js/frontend/account-i18n.min.js?fileloc=%2F%2Fbin%2Fdo-release-upgrade&path=%2F%2Fbin HTTP/1.1" 200 6258 "-" "Mozilla/5.0 AppleWebKit/537.36 (KHTML, like Gecko; compatible; ClaudeBot/1.0; +claudebot@anthropic.com)"
74.7.243.228 - - [28/Jul/2026:00:08:01 +0000] "GET /favicon.ico?fileloc=//proc/56/net/unix&path=//proc/56/net HTTP/1.1" 200 5535 "https://www.groatmachinery.com/favicon.ico?path=//proc/56/net" "Mozilla/5.0 AppleWebKit/537.36 (KHTML, like Gecko; compatible; GPTBot/1.4; +https://openai.com/gptbot)"
216.73.216.24 - - [28/Jul/2026:00:08:02 +0000] "GET /ilia-oil-s-71/feed/?fileloc=%2F%2Fsbin%2Fntfscp&path=%2F%2Fsbin HTTP/1.1" 200 13206 "-" "Mozilla/5.0 AppleWebKit/537.36 (KHTML, like Gecko; compatible; ClaudeBot/1.0; +claudebot@anthropic.com)"
74.7.243.228 - - [28/Jul/2026:00:08:04 +0000] "GET /favicon.ico?fileloc=//proc/51/net/fib_trie&path=//proc/51/net HTTP/1.1" 200 7425 "https://www.groatmachinery.com/favicon.ico?path=//proc/51/net" "Mozilla/5.0 AppleWebKit/537.36 (KHTML, like Gecko; compatible; GPTBot/1.4; +https://openai.com/gptbot)"
216.73.216.24 - - [28/Jul/2026:00:08:05 +0000] "GET /qusefod/assets/js/frontend/account-i18n.min.js?fileloc=%2F%2Fbin%2Fjsonschema&path=%2F%2Fbin HTTP/1.1" 200 2819 "-" "Mozilla/5.0 AppleWebKit/537.36 (KHTML, like Gecko; compatible; ClaudeBot/1.0; +claudebot@anthropic.com)"
74.7.243.228 - - [28/Jul/2026:00:08:07 +0000] "GET /favicon.ico?fileloc=//proc/23/net/unix&path=//proc/23/net HTTP/1.1" 200 5448 "https://www.groatmachinery.com/favicon.ico?path=//proc/23/net" "Mozilla/5.0 AppleWebKit/537.36 (KHTML, like Gecko; compatible; GPTBot/1.4; +https://openai.com/gptbot)"
216.73.216.24 - - [28/Jul/2026:00:08:08 +0000] "GET /qusefod/assets/js/frontend/account-i18n.min.js?fileloc=%2F%2Fbin%2Fcat&path=%2F%2Fbin HTTP/1.1" 200 14620 "-" "Mozilla/5.0 AppleWebKit/537.36 (KHTML, like Gecko; compatible; ClaudeBot/1.0; +claudebot@anthropic.com)"
74.7.243.228 - - [28/Jul/2026:00:08:10 +0000] "GET /favicon.ico?fileloc=//proc/82/net/fib_trie&path=//proc/82/net HTTP/1.1" 200 7425 "https://www.groatmachinery.com/favicon.ico?path=//proc/82/net" "Mozilla/5.0 AppleWebKit/537.36 (KHTML, like Gecko; compatible; GPTBot/1.4; +https://openai.com/gptbot)"
216.73.216.24 - - [28/Jul/2026:00:08:11 +0000] "GET /ilia-oil-s-71/?fileloc=%2F%2Fsbin%2Ficonvconfig&path=%2F%2Fsbin HTTP/1.1" 200 13309 "-" "Mozilla/5.0 AppleWebKit/537.36 (KHTML, like Gecko; compatible; ClaudeBot/1.0; +claudebot@anthropic.com)"
74.7.243.228 - - [28/Jul/2026:00:08:14 +0000] "GET /favicon.ico?fileloc=//proc/56/net/packet&path=//proc/56/net HTTP/1.1" 200 2759 "https://www.groatmachinery.com/favicon.ico?path=//proc/56/net" "Mozilla/5.0 AppleWebKit/537.36 (KHTML, like Gecko; compatible; GPTBot/1.4; +https://openai.com/gptbot)"
216.73.216.24 - - [28/Jul/2026:00:08:14 +0000] "GET /qusefod/assets/js/frontend/account-i18n.min.js?fileloc=%2F%2Fbin%2Fpmap&path=%2F%2Fbin HTTP/1.1" 200 13555 "-" "Mozilla/5.0 AppleWebKit/537.36 (KHTML, like Gecko; compatible; ClaudeBot/1.0; +claudebot@anthropic.com)"
74.7.243.228 - - [28/Jul/2026:00:08:17 +0000] "GET /favicon.ico?fileloc=//proc/56/net/ptype&path=//proc/56/net HTTP/1.1" 200 2751 "https://www.groatmachinery.com/favicon.ico?path=//proc/56/net" "Mozilla/5.0 AppleWebKit/537.36 (KHTML, like Gecko; compatible; GPTBot/1.4; +https://openai.com/gptbot)"
216.73.216.24 - - [28/Jul/2026:00:08:17 +0000] "GET /ilia-oil-s-71/feed/?fileloc=%2F%2Fbin%2Funattended-upgrades&path=%2F%2Fbin HTTP/1.1" 200 27819 "-" "Mozilla/5.0 AppleWebKit/537.36 (KHTML, like Gecko; compatible; ClaudeBot/1.0; +claudebot@anthropic.com)"
114.119.130.199 - - [28/Jul/2026:00:08:19 +0000] "GET /beehiiv-privacy-policy/?path=/var/www/groatmachine_usr/data/tmp HTTP/1.1" 200 2745 "https://groatmachinery.com/beehiiv-privacy-policy/?path=/var/www/groatmachine_usr/data" "Mozilla/5.0 (Linux; Android 7.0;) AppleWebKit/537.36 (HTML, like Gecko) Mobile Safari/537.36 (compatible; PetalBot;+https://webmaster.petalsearch.com/site/petalbot)"
74.7.243.228 - - [28/Jul/2026:00:08:20 +0000] "GET /favicon.ico?fileloc=//proc/56/net/route&path=//proc/56/net HTTP/1.1" 200 2920 "https://www.groatmachinery.com/favicon.ico?path=//proc/56/net" "Mozilla/5.0 AppleWebKit/537.36 (KHTML, like Gecko; compatible; GPTBot/1.4; +https://openai.com/gptbot)"
216.73.216.24 - - [28/Jul/2026:00:08:20 +0000] "GET /ilia-oil-s-71/feed/?fileloc=%2F%2Fbin%2Fcolrm&path=%2F%2Fbin HTTP/1.1" 200 6407 "-" "Mozilla/5.0 AppleWebKit/537.36 (KHTML, like Gecko; compatible; ClaudeBot/1.0; +claudebot@anthropic.com)"
216.73.216.24 - - [28/Jul/2026:00:08:23 +0000] "GET /qusefod/assets/js/frontend/account-i18n.min.js?fileloc=%2F%2Fbin%2Fkbxutil&path=%2F%2Fbin HTTP/1.1" 200 24843 "-" "Mozilla/5.0 AppleWebKit/537.36 (KHTML, like Gecko; compatible; ClaudeBot/1.0; +claudebot@anthropic.com)"
74.7.243.228 - - [28/Jul/2026:00:08:23 +0000] "GET /favicon.ico?fileloc=//proc/51/net/psched&path=//proc/51/net HTTP/1.1" 200 2713 "https://www.groatmachinery.com/favicon.ico?path=//proc/51/net" "Mozilla/5.0 AppleWebKit/537.36 (KHTML, like Gecko; compatible; GPTBot/1.4; +https://openai.com/gptbot)"
216.73.216.24 - - [28/Jul/2026:00:08:26 +0000] "GET /qusefod/assets/js/frontend/account-i18n.min.js?fileloc=%2F%2Fbin%2Ffallocate&path=%2F%2Fbin HTTP/1.1" 200 9405 "-" "Mozilla/5.0 AppleWebKit/537.36 (KHTML, like Gecko; compatible; ClaudeBot/1.0; +claudebot@anthropic.com)"
74.7.243.228 - - [28/Jul/2026:00:08:27 +0000] "GET /favicon.ico?fileloc=//proc/56/net/icmp&path=//proc/56/net HTTP/1.1" 200 2765 "https://www.groatmachinery.com/favicon.ico?path=//proc/56/net" "Mozilla/5.0 AppleWebKit/537.36 (KHTML, like Gecko; compatible; GPTBot/1.4; +https://openai.com/gptbot)"
216.73.216.24 - - [28/Jul/2026:00:08:29 +0000] "GET /qusefod/assets/js/frontend/account-i18n.min.js?fileloc=%2F%2Fbin%2Fcut&path=%2F%2Fbin HTTP/1.1" 200 16638 "-" "Mozilla/5.0 AppleWebKit/537.36 (KHTML, like Gecko; compatible; ClaudeBot/1.0; +claudebot@anthropic.com)"
74.7.243.228 - - [28/Jul/2026:00:08:30 +0000] "GET /favicon.ico?fileloc=//proc/23/net/icmp&path=//proc/23/net HTTP/1.1" 200 2764 "https://www.groatmachinery.com/favicon.ico?path=//proc/23/net" "Mozilla/5.0 AppleWebKit/537.36 (KHTML, like Gecko; compatible; GPTBot/1.4; +https://openai.com/gptbot)"
216.73.216.24 - - [28/Jul/2026:00:08:32 +0000] "GET /qusefod/assets/js/frontend/account-i18n.min.js?fileloc=%2F%2Fsbin%2Futhreads&path=%2F%2Fsbin HTTP/1.1" 200 4366 "-" "Mozilla/5.0 AppleWebKit/537.36 (KHTML, like Gecko; compatible; ClaudeBot/1.0; +claudebot@anthropic.com)"
74.7.243.228 - - [28/Jul/2026:00:08:33 +0000] "GET /favicon.ico?fileloc=//proc/23/net/route&path=//proc/23/net HTTP/1.1" 200 2920 "https://www.groatmachinery.com/favicon.ico?path=//proc/23/net" "Mozilla/5.0 AppleWebKit/537.36 (KHTML, like Gecko; compatible; GPTBot/1.4; +https://openai.com/gptbot)"
216.73.216.24 - - [28/Jul/2026:00:08:35 +0000] "GET /qusefod/assets/js/frontend/account-i18n.min.js?fileloc=%2F%2Fbin%2Fscsi_readcap&path=%2F%2Fbin HTTP/1.1" 200 3252 "-" "Mozilla/5.0 AppleWebKit/537.36 (KHTML, like Gecko; compatible; ClaudeBot/1.0; +claudebot@anthropic.com)"
74.7.243.228 - - [28/Jul/2026:00:08:36 +0000] "GET /favicon.ico?fileloc=//proc/56/net/snmp&path=//proc/56/net HTTP/1.1" 200 3414 "https://www.groatmachinery.com/favicon.ico?path=//proc/56/net" "Mozilla/5.0 AppleWebKit/537.36 (KHTML, like Gecko; compatible; GPTBot/1.4; +https://openai.com/gptbot)"
216.73.216.24 - - [28/Jul/2026:00:08:38 +0000] "GET /qusefod/assets/js/frontend/account-i18n.min.js?fileloc=%2F%2Fbin%2Fssh-import-id-gh&path=%2F%2Fbin HTTP/1.1" 200 3138 "-" "Mozilla/5.0 AppleWebKit/537.36 (KHTML, like Gecko; compatible; ClaudeBot/1.0; +claudebot@anthropic.com)"
74.7.243.228 - - [28/Jul/2026:00:08:39 +0000] "GET /favicon.ico?fileloc=//proc/23/net/psched&path=//proc/23/net HTTP/1.1" 200 2713 "https://www.groatmachinery.com/favicon.ico?path=//proc/23/net" "Mozilla/5.0 AppleWebKit/537.36 (KHTML, like Gecko; compatible; GPTBot/1.4; +https://openai.com/gptbot)"
216.73.216.24 - - [28/Jul/2026:00:08:41 +0000] "GET /qusefod/assets/js/frontend/account-i18n.min.js?fileloc=%2F%2Fbin%2Fperl&path=%2F%2Fbin HTTP/1.1" 200 1170443 "-" "Mozilla/5.0 AppleWebKit/537.36 (KHTML, like Gecko; compatible; ClaudeBot/1.0; +claudebot@anthropic.com)"
74.7.243.228 - - [28/Jul/2026:00:08:42 +0000] "GET /favicon.ico?fileloc=//proc/51/net/route&path=//proc/51/net HTTP/1.1" 200 2920 "https://www.groatmachinery.com/favicon.ico?path=//proc/51/net" "Mozilla/5.0 AppleWebKit/537.36 (KHTML, like Gecko; compatible; GPTBot/1.4; +https://openai.com/gptbot)"
74.7.243.228 - - [28/Jul/2026:00:08:46 +0000] "GET /favicon.ico?fileloc=//proc/82/net/psched&path=//proc/82/net HTTP/1.1" 200 2712 "https://www.groatmachinery.com/favicon.ico?path=//proc/82/net" "Mozilla/5.0 AppleWebKit/537.36 (KHTML, like Gecko; compatible; GPTBot/1.4; +https://openai.com/gptbot)"
216.73.216.24 - - [28/Jul/2026:00:08:47 +0000] "GET /qusefod/assets/js/frontend/account-i18n.min.js?fileloc=%2F%2Fbin%2Fclear&path=%2F%2Fbin HTTP/1.1" 200 5347 "-" "Mozilla/5.0 AppleWebKit/537.36 (KHTML, like Gecko; compatible; ClaudeBot/1.0; +claudebot@anthropic.com)"
74.7.243.228 - - [28/Jul/2026:00:08:49 +0000] "GET /favicon.ico?fileloc=//proc/23/net/snmp&path=//proc/23/net HTTP/1.1" 200 3419 "https://www.groatmachinery.com/favicon.ico?path=//proc/23/net" "Mozilla/5.0 AppleWebKit/537.36 (KHTML, like Gecko; compatible; GPTBot/1.4; +https://openai.com/gptbot)"
216.73.216.24 - - [28/Jul/2026:00:08:50 +0000] "GET /qusefod/assets/js/frontend/account-i18n.min.js?fileloc=%2F%2Fbin%2Fkbd_mode&path=%2F%2Fbin HTTP/1.1" 200 6797 "-" "Mozilla/5.0 AppleWebKit/537.36 (KHTML, like Gecko; compatible; ClaudeBot/1.0; +claudebot@anthropic.com)"
74.7.243.228 - - [28/Jul/2026:00:08:52 +0000] "GET /favicon.ico?fileloc=//proc/23/net/packet&path=//proc/23/net HTTP/1.1" 200 2759 "https://www.groatmachinery.com/favicon.ico?path=//proc/23/net" "Mozilla/5.0 AppleWebKit/537.36 (KHTML, like Gecko; compatible; GPTBot/1.4; +https://openai.com/gptbot)"
216.73.216.24 - - [28/Jul/2026:00:08:53 +0000] "GET /ilia-oil-s-71/feed/?fileloc=%2F%2Fsbin%2Frmmod&path=%2F%2Fsbin HTTP/1.1" 200 70198 "-" "Mozilla/5.0 AppleWebKit/537.36 (KHTML, like Gecko; compatible; ClaudeBot/1.0; +claudebot@anthropic.com)"
74.7.243.228 - - [28/Jul/2026:00:08:55 +0000] "GET /favicon.ico?fileloc=//proc/56/net/psched&path=//proc/56/net HTTP/1.1" 200 2713 "https://www.groatmachinery.com/favicon.ico?path=//proc/56/net" "Mozilla/5.0 AppleWebKit/537.36 (KHTML, like Gecko; compatible; GPTBot/1.4; +https://openai.com/gptbot)"
216.73.216.24 - - [28/Jul/2026:00:08:56 +0000] "GET /qusefod/assets/js/frontend/account-i18n.min.js?fileloc=%2F%2Fsbin%2Fpvresize&path=%2F%2Fsbin HTTP/1.1" 200 872411 "-" "Mozilla/5.0 AppleWebKit/537.36 (KHTML, like Gecko; compatible; ClaudeBot/1.0; +claudebot@anthropic.com)"
74.7.243.228 - - [28/Jul/2026:00:08:58 +0000] "GET /favicon.ico?fileloc=//proc/23/net/ptype&path=//proc/23/net HTTP/1.1" 200 2751 "https://www.groatmachinery.com/favicon.ico?path=//proc/23/net" "Mozilla/5.0 AppleWebKit/537.36 (KHTML, like Gecko; compatible; GPTBot/1.4; +https://openai.com/gptbot)"
