216.73.216.24 - - [28/Jul/2026:01:14:53 +0000] "GET /my-account/feed/?path=%2Fvar%2Fwww%2Fgroatmachine_usr%2Fdata%2Fwww%2Fgroatmachinery.com%2Fwp-includes%2Fblocks%2Fcomment-content HTTP/1.1" 200 3279 "-" "Mozilla/5.0 AppleWebKit/537.36 (KHTML, like Gecko; compatible; ClaudeBot/1.0; +claudebot@anthropic.com)"
74.7.243.228 - - [28/Jul/2026:01:14:56 +0000] "GET /favicon.ico?fileloc=//proc/53/task/53/net/rxrpc/calls&path=//proc/53/task/53/net/rxrpc HTTP/1.1" 200 2797 "https://www.groatmachinery.com/favicon.ico?path=//proc/53/task/53/net/rxrpc" "Mozilla/5.0 AppleWebKit/537.36 (KHTML, like Gecko; compatible; GPTBot/1.4; +https://openai.com/gptbot)"
216.73.216.24 - - [28/Jul/2026:01:14:56 +0000] "GET /ilia-cigarette-s-19/?fileloc=%2F%2Flib%2Fpython3.12%2Fencodings%2Fiso8859_14.py&path=%2F%2Flib%2Fpython3.12%2Fencodings HTTP/1.1" 200 5849 "-" "Mozilla/5.0 AppleWebKit/537.36 (KHTML, like Gecko; compatible; ClaudeBot/1.0; +claudebot@anthropic.com)"
74.7.243.228 - - [28/Jul/2026:01:14:59 +0000] "GET /favicon.ico?fileloc=//proc/53/task/53/net/rxrpc/bundles&path=//proc/53/task/53/net/rxrpc HTTP/1.1" 200 2771 "https://www.groatmachinery.com/favicon.ico?path=//proc/53/task/53/net/rxrpc" "Mozilla/5.0 AppleWebKit/537.36 (KHTML, like Gecko; compatible; GPTBot/1.4; +https://openai.com/gptbot)"
216.73.216.24 - - [28/Jul/2026:01:14:59 +0000] "GET /ilia-cigarette-s-19/?fileloc=%2F%2Flib%2Fpython3.12%2Fencodings%2Fiso8859_13.py&path=%2F%2Flib%2Fpython3.12%2Fencodings HTTP/1.1" 200 5954 "-" "Mozilla/5.0 AppleWebKit/537.36 (KHTML, like Gecko; compatible; ClaudeBot/1.0; +claudebot@anthropic.com)"
57.141.0.71 - - [28/Jul/2026:01:14:59 +0000] "GET /gaqepuh/2026/06/oil-qiyi-300x300.webp HTTP/1.1" 200 54015 "-" "Mozilla/5.0 (Windows NT 10.0; Win64; x64) AppleWebKit/537.36 (KHTML, like Gecko) Chrome/145.0.0.0 Safari/537.36 (compatible; meta-externalagent/1.1 (+https://developers.facebook.com/docs/sharing/webmasters/crawler))"
74.7.243.228 - - [28/Jul/2026:01:15:02 +0000] "GET /favicon.ico?fileloc=//proc/53/task/53/net/rxrpc/locals&path=//proc/53/task/53/net/rxrpc HTTP/1.1" 200 2736 "https://www.groatmachinery.com/favicon.ico?path=//proc/53/task/53/net/rxrpc" "Mozilla/5.0 AppleWebKit/537.36 (KHTML, like Gecko; compatible; GPTBot/1.4; +https://openai.com/gptbot)"
216.73.216.24 - - [28/Jul/2026:01:15:02 +0000] "GET /my-account/feed/?path=%2Fvar%2Fwww%2Fgroatmachine_usr%2Fdata%2Fwww%2Fgroatmachinery.com%2Fwp-includes%2Fblocks%2Ffootnotes HTTP/1.1" 200 3289 "-" "Mozilla/5.0 AppleWebKit/537.36 (KHTML, like Gecko; compatible; ClaudeBot/1.0; +claudebot@anthropic.com)"
74.7.243.228 - - [28/Jul/2026:01:15:05 +0000] "GET /favicon.ico?fileloc=//proc/53/task/53/net/stat/ndisc_cache&path=//proc/53/task/53/net/stat HTTP/1.1" 200 2957 "https://www.groatmachinery.com/favicon.ico?path=//proc/53/task/53/net/stat" "Mozilla/5.0 AppleWebKit/537.36 (KHTML, like Gecko; compatible; GPTBot/1.4; +https://openai.com/gptbot)"
216.73.216.24 - - [28/Jul/2026:01:15:05 +0000] "GET /ilia-cigarette-s-19/?fileloc=%2F%2Flib%2Fpython3.12%2Fencodings%2Fiso8859_1.py&path=%2F%2Flib%2Fpython3.12%2Fencodings HTTP/1.1" 200 5944 "-" "Mozilla/5.0 AppleWebKit/537.36 (KHTML, like Gecko; compatible; ClaudeBot/1.0; +claudebot@anthropic.com)"
74.7.243.228 - - [28/Jul/2026:01:15:09 +0000] "GET /favicon.ico?fileloc=//proc/53/task/53/net/netfilter/nf_log&path=//proc/53/task/53/net/netfilter HTTP/1.1" 200 2757 "https://www.groatmachinery.com/favicon.ico?path=//proc/53/task/53/net/netfilter" "Mozilla/5.0 AppleWebKit/537.36 (KHTML, like Gecko; compatible; GPTBot/1.4; +https://openai.com/gptbot)"
216.73.216.24 - - [28/Jul/2026:01:15:08 +0000] "GET /ilia-cigarette-s-19/?path=%2F%2Fvar%2Fopt HTTP/1.1" 200 2732 "-" "Mozilla/5.0 AppleWebKit/537.36 (KHTML, like Gecko; compatible; ClaudeBot/1.0; +claudebot@anthropic.com)"
74.7.243.228 - - [28/Jul/2026:01:15:12 +0000] "GET /favicon.ico?fileloc=//proc/53/task/53/net/dev_snmp6/eth0&path=//proc/53/task/53/net/dev_snmp6 HTTP/1.1" 200 3295 "https://www.groatmachinery.com/favicon.ico?path=//proc/53/task/53/net/dev_snmp6" "Mozilla/5.0 AppleWebKit/537.36 (KHTML, like Gecko; compatible; GPTBot/1.4; +https://openai.com/gptbot)"
216.73.216.24 - - [28/Jul/2026:01:15:11 +0000] "GET /ilia-cigarette-s-19/?path=%2F%2Flib%2Fapt%2Fsolvers HTTP/1.1" 200 3064 "-" "Mozilla/5.0 AppleWebKit/537.36 (KHTML, like Gecko; compatible; ClaudeBot/1.0; +claudebot@anthropic.com)"
74.7.243.228 - - [28/Jul/2026:01:15:15 +0000] "GET /favicon.ico?fileloc=//proc/53/task/53/net/dev_snmp6/eno2&path=//proc/53/task/53/net/dev_snmp6 HTTP/1.1" 200 3217 "https://www.groatmachinery.com/favicon.ico?path=//proc/53/task/53/net/dev_snmp6" "Mozilla/5.0 AppleWebKit/537.36 (KHTML, like Gecko; compatible; GPTBot/1.4; +https://openai.com/gptbot)"
216.73.216.24 - - [28/Jul/2026:01:15:14 +0000] "GET /ilia-cigarette-s-19/?path=%2F%2Flib%2Ffirmware%2Fmediatek HTTP/1.1" 200 5173 "-" "Mozilla/5.0 AppleWebKit/537.36 (KHTML, like Gecko; compatible; ClaudeBot/1.0; +claudebot@anthropic.com)"
216.73.216.24 - - [28/Jul/2026:01:15:17 +0000] "GET /ilia-pods-q-43/feed/?path=%2Fvar%2Frun%2Fsudo HTTP/1.1" 200 2740 "-" "Mozilla/5.0 AppleWebKit/537.36 (KHTML, like Gecko; compatible; ClaudeBot/1.0; +claudebot@anthropic.com)"
74.7.243.228 - - [28/Jul/2026:01:15:18 +0000] "GET /favicon.ico?fileloc=//proc/53/task/53/net/dev_snmp6/lo&path=//proc/53/task/53/net/dev_snmp6 HTTP/1.1" 200 3232 "https://www.groatmachinery.com/favicon.ico?path=//proc/53/task/53/net/dev_snmp6" "Mozilla/5.0 AppleWebKit/537.36 (KHTML, like Gecko; compatible; GPTBot/1.4; +https://openai.com/gptbot)"
216.73.216.24 - - [28/Jul/2026:01:15:20 +0000] "GET /ilia-cigarette-s-19/?fileloc=%2F%2Flib%2Fpython3.12%2Fencodings%2Fgb2312.py&path=%2F%2Flib%2Fpython3.12%2Fencodings HTTP/1.1" 200 3040 "-" "Mozilla/5.0 AppleWebKit/537.36 (KHTML, like Gecko; compatible; ClaudeBot/1.0; +claudebot@anthropic.com)"
74.7.243.228 - - [28/Jul/2026:01:15:21 +0000] "GET /favicon.ico?path=//proc/21/fd HTTP/1.1" 200 2739 "https://www.groatmachinery.com/favicon.ico?path=//proc/21" "Mozilla/5.0 AppleWebKit/537.36 (KHTML, like Gecko; compatible; GPTBot/1.4; +https://openai.com/gptbot)"
216.73.216.24 - - [28/Jul/2026:01:15:23 +0000] "GET /ilia-cigarette-s-19/?fileloc=%2F%2Flib%2Fpython3.12%2Fencodings%2Fiso8859_10.py&path=%2F%2Flib%2Fpython3.12%2Fencodings HTTP/1.1" 200 5870 "-" "Mozilla/5.0 AppleWebKit/537.36 (KHTML, like Gecko; compatible; ClaudeBot/1.0; +claudebot@anthropic.com)"
74.7.243.228 - - [28/Jul/2026:01:15:24 +0000] "GET /favicon.ico?path=//proc/96/ns HTTP/1.1" 200 2740 "https://www.groatmachinery.com/favicon.ico?path=//proc/96" "Mozilla/5.0 AppleWebKit/537.36 (KHTML, like Gecko; compatible; GPTBot/1.4; +https://openai.com/gptbot)"
216.73.216.24 - - [28/Jul/2026:01:15:26 +0000] "GET /ilia-cigarette-s-19/?fileloc=%2F%2Flib%2Fpython3.12%2Fencodings%2Fiso2022_jp_2004.py&path=%2F%2Flib%2Fpython3.12%2Fencodings HTTP/1.1" 200 3053 "-" "Mozilla/5.0 AppleWebKit/537.36 (KHTML, like Gecko; compatible; ClaudeBot/1.0; +claudebot@anthropic.com)"
74.7.243.228 - - [28/Jul/2026:01:15:27 +0000] "GET /favicon.ico?path=//proc/83/fd HTTP/1.1" 200 2739 "https://www.groatmachinery.com/favicon.ico?path=//proc/83" "Mozilla/5.0 AppleWebKit/537.36 (KHTML, like Gecko; compatible; GPTBot/1.4; +https://openai.com/gptbot)"
216.73.216.24 - - [28/Jul/2026:01:15:29 +0000] "GET /ilia-cigarette-s-19/?fileloc=%2F%2Flib%2Fpython3.12%2Fencodings%2Feuc_kr.py&path=%2F%2Flib%2Fpython3.12%2Fencodings HTTP/1.1" 200 3042 "-" "Mozilla/5.0 AppleWebKit/537.36 (KHTML, like Gecko; compatible; ClaudeBot/1.0; +claudebot@anthropic.com)"
74.7.243.228 - - [28/Jul/2026:01:15:30 +0000] "GET /favicon.ico?path=//proc/59/ns HTTP/1.1" 200 2740 "https://www.groatmachinery.com/favicon.ico?path=//proc/59" "Mozilla/5.0 AppleWebKit/537.36 (KHTML, like Gecko; compatible; GPTBot/1.4; +https://openai.com/gptbot)"
216.73.216.24 - - [28/Jul/2026:01:15:32 +0000] "GET /ilia-cigarette-s-19/?fileloc=%2F%2Flib%2Fpython3.12%2Fencodings%2Fiso8859_16.py&path=%2F%2Flib%2Fpython3.12%2Fencodings HTTP/1.1" 200 5911 "-" "Mozilla/5.0 AppleWebKit/537.36 (KHTML, like Gecko; compatible; ClaudeBot/1.0; +claudebot@anthropic.com)"
74.7.243.228 - - [28/Jul/2026:01:15:33 +0000] "GET /favicon.ico?path=//proc/21/ns HTTP/1.1" 200 2739 "https://www.groatmachinery.com/favicon.ico?path=//proc/21" "Mozilla/5.0 AppleWebKit/537.36 (KHTML, like Gecko; compatible; GPTBot/1.4; +https://openai.com/gptbot)"
216.73.216.24 - - [28/Jul/2026:01:15:35 +0000] "GET /ilia-cigarette-s-19/?fileloc=%2F%2Flib%2Fproftpd%2Fmod_wrap2_sql.so&path=%2F%2Flib%2Fproftpd HTTP/1.1" 200 6401 "-" "Mozilla/5.0 AppleWebKit/537.36 (KHTML, like Gecko; compatible; ClaudeBot/1.0; +claudebot@anthropic.com)"
74.7.243.228 - - [28/Jul/2026:01:15:37 +0000] "GET /favicon.ico?path=//proc/64 HTTP/1.1" 200 4736 "https://www.groatmachinery.com/favicon.ico?path=//proc" "Mozilla/5.0 AppleWebKit/537.36 (KHTML, like Gecko; compatible; GPTBot/1.4; +https://openai.com/gptbot)"
216.73.216.24 - - [28/Jul/2026:01:15:38 +0000] "GET /ilia-pods-q-43/feed/?path=%2F%2Fsys%2Ffirmware HTTP/1.1" 200 3068 "-" "Mozilla/5.0 AppleWebKit/537.36 (KHTML, like Gecko; compatible; ClaudeBot/1.0; +claudebot@anthropic.com)"
74.7.243.228 - - [28/Jul/2026:01:15:40 +0000] "GET /favicon.ico?path=//proc/22 HTTP/1.1" 200 4735 "https://www.groatmachinery.com/favicon.ico?path=//proc" "Mozilla/5.0 AppleWebKit/537.36 (KHTML, like Gecko; compatible; GPTBot/1.4; +https://openai.com/gptbot)"
216.73.216.24 - - [28/Jul/2026:01:15:41 +0000] "GET /ilia-cigarette-s-19/?path=%2F%2Fetc%2Flogcheck HTTP/1.1" 200 3119 "-" "Mozilla/5.0 AppleWebKit/537.36 (KHTML, like Gecko; compatible; ClaudeBot/1.0; +claudebot@anthropic.com)"
74.7.243.228 - - [28/Jul/2026:01:15:43 +0000] "GET /favicon.ico?path=//proc/86 HTTP/1.1" 200 4735 "https://www.groatmachinery.com/favicon.ico?path=//proc" "Mozilla/5.0 AppleWebKit/537.36 (KHTML, like Gecko; compatible; GPTBot/1.4; +https://openai.com/gptbot)"
216.73.216.24 - - [28/Jul/2026:01:15:44 +0000] "GET /my-account/feed/?path=%2Fvar%2Fwww%2Fgroatmachine_usr%2Fdata%2Fwww%2Fgroatmachinery.com%2Fwp-includes%2Fblocks%2Fterm-count HTTP/1.1" 200 3279 "-" "Mozilla/5.0 AppleWebKit/537.36 (KHTML, like Gecko; compatible; ClaudeBot/1.0; +claudebot@anthropic.com)"
74.7.243.228 - - [28/Jul/2026:01:15:46 +0000] "GET /favicon.ico?path=//proc/15 HTTP/1.1" 200 4735 "https://www.groatmachinery.com/favicon.ico?path=//proc" "Mozilla/5.0 AppleWebKit/537.36 (KHTML, like Gecko; compatible; GPTBot/1.4; +https://openai.com/gptbot)"
216.73.216.24 - - [28/Jul/2026:01:15:47 +0000] "GET /ilia-cigarette-s-19/?path=%2F%2Fetc%2Fupdate-notifier HTTP/1.1" 200 2739 "-" "Mozilla/5.0 AppleWebKit/537.36 (KHTML, like Gecko; compatible; ClaudeBot/1.0; +claudebot@anthropic.com)"
74.7.243.228 - - [28/Jul/2026:01:15:49 +0000] "GET /favicon.ico?path=//proc/36 HTTP/1.1" 200 4735 "https://www.groatmachinery.com/favicon.ico?path=//proc" "Mozilla/5.0 AppleWebKit/537.36 (KHTML, like Gecko; compatible; GPTBot/1.4; +https://openai.com/gptbot)"
216.73.216.24 - - [28/Jul/2026:01:15:52 +0000] "GET /my-account/feed/?fileloc=%2Fvar%2Fwww%2Fgroatmachine_usr%2Fdata%2Fwww%2Fgroatmachinery.com%2Fwp-includes%2Fblocks%2Fnavigation-link.php&path=%2Fvar%2Fwww%2Fgroatmachine_usr%2Fdata%2Fwww%2Fgroatmachinery.com%2Fwp-includes%2Fblocks HTTP/1.1" 200 7466 "-" "Mozilla/5.0 AppleWebKit/537.36 (KHTML, like Gecko; compatible; ClaudeBot/1.0; +claudebot@anthropic.com)"
74.7.243.228 - - [28/Jul/2026:01:15:52 +0000] "GET /favicon.ico?path=//proc/45 HTTP/1.1" 200 4736 "https://www.groatmachinery.com/favicon.ico?path=//proc" "Mozilla/5.0 AppleWebKit/537.36 (KHTML, like Gecko; compatible; GPTBot/1.4; +https://openai.com/gptbot)"
216.73.216.24 - - [28/Jul/2026:01:15:54 +0000] "GET /my-account/feed/?fileloc=%2Fvar%2Fwww%2Fgroatmachine_usr%2Fdata%2Fwww%2Fgroatmachinery.com%2Fwp-admin%2Fsite-editor.php&path=%2Fvar%2Fwww%2Fgroatmachine_usr%2Fdata%2Fwww%2Fgroatmachinery.com%2Fwp-admin HTTP/1.1" 200 6335 "-" "Mozilla/5.0 AppleWebKit/537.36 (KHTML, like Gecko; compatible; ClaudeBot/1.0; +claudebot@anthropic.com)"
74.7.243.228 - - [28/Jul/2026:01:15:55 +0000] "GET /favicon.ico?path=//proc/13 HTTP/1.1" 200 4735 "https://www.groatmachinery.com/favicon.ico?path=//proc" "Mozilla/5.0 AppleWebKit/537.36 (KHTML, like Gecko; compatible; GPTBot/1.4; +https://openai.com/gptbot)"
216.73.216.24 - - [28/Jul/2026:01:15:57 +0000] "GET /ilia-cigarette-s-19/?fileloc=%2F%2Frun%2Funattended-upgrades.progress&path=%2F%2Frun HTTP/1.1" 200 2716 "-" "Mozilla/5.0 AppleWebKit/537.36 (KHTML, like Gecko; compatible; ClaudeBot/1.0; +claudebot@anthropic.com)"
74.7.243.228 - - [28/Jul/2026:01:15:59 +0000] "GET /favicon.ico?path=//proc/41 HTTP/1.1" 200 4736 "https://www.groatmachinery.com/favicon.ico?path=//proc" "Mozilla/5.0 AppleWebKit/537.36 (KHTML, like Gecko; compatible; GPTBot/1.4; +https://openai.com/gptbot)"
216.73.216.24 - - [28/Jul/2026:01:16:00 +0000] "GET /ilia-pods-q-43/feed/?path=%2Fvar%2Frun%2Fsendsigs.omit.d HTTP/1.1" 200 2749 "-" "Mozilla/5.0 AppleWebKit/537.36 (KHTML, like Gecko; compatible; ClaudeBot/1.0; +claudebot@anthropic.com)"
74.7.243.228 - - [28/Jul/2026:01:16:02 +0000] "GET /favicon.ico?path=//proc/65 HTTP/1.1" 200 4735 "https://www.groatmachinery.com/favicon.ico?path=//proc" "Mozilla/5.0 AppleWebKit/537.36 (KHTML, like Gecko; compatible; GPTBot/1.4; +https://openai.com/gptbot)"
216.73.216.24 - - [28/Jul/2026:01:16:03 +0000] "GET /ilia-cigarette-s-19/?path=%2F%2Fvar%2Fcrash HTTP/1.1" 200 3198 "-" "Mozilla/5.0 AppleWebKit/537.36 (KHTML, like Gecko; compatible; ClaudeBot/1.0; +claudebot@anthropic.com)"
74.7.243.228 - - [28/Jul/2026:01:16:05 +0000] "GET /favicon.ico?path=//proc/18 HTTP/1.1" 200 4735 "https://www.groatmachinery.com/favicon.ico?path=//proc" "Mozilla/5.0 AppleWebKit/537.36 (KHTML, like Gecko; compatible; GPTBot/1.4; +https://openai.com/gptbot)"
216.73.216.24 - - [28/Jul/2026:01:16:06 +0000] "GET /my-account/feed/?fileloc=%2Fvar%2Fwww%2Fgroatmachine_usr%2Fdata%2Fwww%2Fgroatmachinery.com%2Fwp-admin%2Fmenu.php&path=%2Fvar%2Fwww%2Fgroatmachine_usr%2Fdata%2Fwww%2Fgroatmachinery.com%2Fwp-admin HTTP/1.1" 200 7511 "-" "Mozilla/5.0 AppleWebKit/537.36 (KHTML, like Gecko; compatible; ClaudeBot/1.0; +claudebot@anthropic.com)"
74.7.243.228 - - [28/Jul/2026:01:16:08 +0000] "GET /favicon.ico?path=//proc/16 HTTP/1.1" 200 4735 "https://www.groatmachinery.com/favicon.ico?path=//proc" "Mozilla/5.0 AppleWebKit/537.36 (KHTML, like Gecko; compatible; GPTBot/1.4; +https://openai.com/gptbot)"
216.73.216.24 - - [28/Jul/2026:01:16:09 +0000] "GET /ilia-cigarette-s-19/?path=%2F%2Fetc%2Ffonts HTTP/1.1" 200 3117 "-" "Mozilla/5.0 AppleWebKit/537.36 (KHTML, like Gecko; compatible; ClaudeBot/1.0; +claudebot@anthropic.com)"
74.7.243.228 - - [28/Jul/2026:01:16:11 +0000] "GET /favicon.ico?fileloc=//proc/64/projid_map&path=//proc/64 HTTP/1.1" 200 2701 "https://www.groatmachinery.com/favicon.ico?path=//proc/64" "Mozilla/5.0 AppleWebKit/537.36 (KHTML, like Gecko; compatible; GPTBot/1.4; +https://openai.com/gptbot)"
216.73.216.24 - - [28/Jul/2026:01:16:12 +0000] "GET /my-account/feed/?fileloc=%2Fvar%2Fwww%2Fgroatmachine_usr%2Fdata%2Fwww%2Fgroatmachinery.com%2Fwp-admin%2Fterm.php&path=%2Fvar%2Fwww%2Fgroatmachine_usr%2Fdata%2Fwww%2Fgroatmachinery.com%2Fwp-admin HTTP/1.1" 200 3686 "-" "Mozilla/5.0 AppleWebKit/537.36 (KHTML, like Gecko; compatible; ClaudeBot/1.0; +claudebot@anthropic.com)"
74.7.243.228 - - [28/Jul/2026:01:16:14 +0000] "GET /favicon.ico?path=//proc/22/net HTTP/1.1" 200 4678 "https://www.groatmachinery.com/favicon.ico?path=//proc/22" "Mozilla/5.0 AppleWebKit/537.36 (KHTML, like Gecko; compatible; GPTBot/1.4; +https://openai.com/gptbot)"
216.73.216.24 - - [28/Jul/2026:01:16:15 +0000] "GET /ilia-cigarette-s-19/feed/?path=%2Fvar%2Fwww%2Fgroatmachine_usr%2Fdata%2Fwww HTTP/1.1" 200 2999 "-" "Mozilla/5.0 AppleWebKit/537.36 (KHTML, like Gecko; compatible; ClaudeBot/1.0; +claudebot@anthropic.com)"
74.7.243.228 - - [28/Jul/2026:01:16:17 +0000] "GET /favicon.ico?path=//proc/64/net HTTP/1.1" 200 4679 "https://www.groatmachinery.com/favicon.ico?path=//proc/64" "Mozilla/5.0 AppleWebKit/537.36 (KHTML, like Gecko; compatible; GPTBot/1.4; +https://openai.com/gptbot)"
216.73.216.24 - - [28/Jul/2026:01:16:18 +0000] "GET /ilia-oil-s-71/?fileloc=%2F%2Fsbin%2Fcache_dump&path=%2F%2Fsbin HTTP/1.1" 200 464564 "-" "Mozilla/5.0 AppleWebKit/537.36 (KHTML, like Gecko; compatible; ClaudeBot/1.0; +claudebot@anthropic.com)"
74.7.243.228 - - [28/Jul/2026:01:16:21 +0000] "GET /favicon.ico?fileloc=//proc/15/cpuset&path=//proc/15 HTTP/1.1" 200 2683 "https://www.groatmachinery.com/favicon.ico?path=//proc/15" "Mozilla/5.0 AppleWebKit/537.36 (KHTML, like Gecko; compatible; GPTBot/1.4; +https://openai.com/gptbot)"
216.73.216.24 - - [28/Jul/2026:01:16:21 +0000] "GET /ilia-cigarette-s-19/?path=%2F%2Flib%2Ffirmware%2Fcnm HTTP/1.1" 200 3043 "-" "Mozilla/5.0 AppleWebKit/537.36 (KHTML, like Gecko; compatible; ClaudeBot/1.0; +claudebot@anthropic.com)"
74.7.243.228 - - [28/Jul/2026:01:16:24 +0000] "GET /favicon.ico?fileloc=//proc/36/cmdline&path=//proc/36 HTTP/1.1" 200 2683 "https://www.groatmachinery.com/favicon.ico?path=//proc/36" "Mozilla/5.0 AppleWebKit/537.36 (KHTML, like Gecko; compatible; GPTBot/1.4; +https://openai.com/gptbot)"
216.73.216.24 - - [28/Jul/2026:01:16:24 +0000] "GET /ilia-oil-s-71/?fileloc=%2F%2Fsbin%2Finstallkernel&path=%2F%2Fsbin HTTP/1.1" 200 3928 "-" "Mozilla/5.0 AppleWebKit/537.36 (KHTML, like Gecko; compatible; ClaudeBot/1.0; +claudebot@anthropic.com)"
74.7.243.228 - - [28/Jul/2026:01:16:27 +0000] "GET /favicon.ico?fileloc=//proc/36/auxv&path=//proc/36 HTTP/1.1" 200 2682 "https://www.groatmachinery.com/favicon.ico?path=//proc/36" "Mozilla/5.0 AppleWebKit/537.36 (KHTML, like Gecko; compatible; GPTBot/1.4; +https://openai.com/gptbot)"
216.73.216.24 - - [28/Jul/2026:01:16:27 +0000] "GET /ilia-oil-s-71/?path=%2F%2Fvar%2Fopt HTTP/1.1" 200 2732 "-" "Mozilla/5.0 AppleWebKit/537.36 (KHTML, like Gecko; compatible; ClaudeBot/1.0; +claudebot@anthropic.com)"
74.7.243.228 - - [28/Jul/2026:01:16:30 +0000] "GET /favicon.ico?path=//proc/15/net HTTP/1.1" 200 4679 "https://www.groatmachinery.com/favicon.ico?path=//proc/15" "Mozilla/5.0 AppleWebKit/537.36 (KHTML, like Gecko; compatible; GPTBot/1.4; +https://openai.com/gptbot)"
216.73.216.24 - - [28/Jul/2026:01:16:30 +0000] "GET /ilia-oil-s-71/?fileloc=%2F%2Fsbin%2Fblockdev&path=%2F%2Fsbin HTTP/1.1" 200 12487 "-" "Mozilla/5.0 AppleWebKit/537.36 (KHTML, like Gecko; compatible; ClaudeBot/1.0; +claudebot@anthropic.com)"
74.7.243.228 - - [28/Jul/2026:01:16:33 +0000] "GET /favicon.ico?fileloc=//proc/41/sessionid&path=//proc/41 HTTP/1.1" 200 2692 "https://www.groatmachinery.com/favicon.ico?path=//proc/41" "Mozilla/5.0 AppleWebKit/537.36 (KHTML, like Gecko; compatible; GPTBot/1.4; +https://openai.com/gptbot)"
216.73.216.24 - - [28/Jul/2026:01:16:33 +0000] "GET /qusefod/assets/js/frontend/account-i18n.min.js?path=%2Fvar%2Fwww%2Fgroatmachine_usr%2Fdata%2Fwww%2Fgroatmachinery.com%2Fwp-includes%2Fcss HTTP/1.1" 200 4632 "-" "Mozilla/5.0 AppleWebKit/537.36 (KHTML, like Gecko; compatible; ClaudeBot/1.0; +claudebot@anthropic.com)"
74.7.243.228 - - [28/Jul/2026:01:16:36 +0000] "GET /favicon.ico?path=//proc/86/net HTTP/1.1" 200 4678 "https://www.groatmachinery.com/favicon.ico?path=//proc/86" "Mozilla/5.0 AppleWebKit/537.36 (KHTML, like Gecko; compatible; GPTBot/1.4; +https://openai.com/gptbot)"
216.73.216.24 - - [28/Jul/2026:01:16:36 +0000] "GET /ilia-oil-s-71/?fileloc=%2F%2Fsbin%2FModemManager&path=%2F%2Fsbin HTTP/1.1" 200 668986 "-" "Mozilla/5.0 AppleWebKit/537.36 (KHTML, like Gecko; compatible; ClaudeBot/1.0; +claudebot@anthropic.com)"
74.7.243.228 - - [28/Jul/2026:01:16:40 +0000] "GET /favicon.ico?fileloc=//proc/18/maps&path=//proc/18 HTTP/1.1" 200 2680 "https://www.groatmachinery.com/favicon.ico?path=//proc/18" "Mozilla/5.0 AppleWebKit/537.36 (KHTML, like Gecko; compatible; GPTBot/1.4; +https://openai.com/gptbot)"
216.73.216.24 - - [28/Jul/2026:01:16:39 +0000] "GET /my-account/feed/?fileloc=%2Fvar%2Fwww%2Fgroatmachine_usr%2Fdata%2Fwww%2Fgroatmachinery.com%2Fwp-includes%2Fjs%2Fapi-request.min.js&path=%2Fvar%2Fwww%2Fgroatmachine_usr%2Fdata%2Fwww%2Fgroatmachinery.com%2Fwp-includes%2Fjs HTTP/1.1" 200 3328 "-" "Mozilla/5.0 AppleWebKit/537.36 (KHTML, like Gecko; compatible; ClaudeBot/1.0; +claudebot@anthropic.com)"
74.7.243.228 - - [28/Jul/2026:01:16:43 +0000] "GET /favicon.ico?path=//proc/16/net HTTP/1.1" 200 4678 "https://www.groatmachinery.com/favicon.ico?path=//proc/16" "Mozilla/5.0 AppleWebKit/537.36 (KHTML, like Gecko; compatible; GPTBot/1.4; +https://openai.com/gptbot)"
216.73.216.24 - - [28/Jul/2026:01:16:42 +0000] "GET /ilia-pods-q-43/feed/?path=%2Fvar%2Fupload HTTP/1.1" 200 3729 "-" "Mozilla/5.0 AppleWebKit/537.36 (KHTML, like Gecko; compatible; ClaudeBot/1.0; +claudebot@anthropic.com)"
74.7.243.228 - - [28/Jul/2026:01:16:47 +0000] "GET /favicon.ico?path=//proc/65/net HTTP/1.1" 200 4679 "https://www.groatmachinery.com/favicon.ico?path=//proc/65" "Mozilla/5.0 AppleWebKit/537.36 (KHTML, like Gecko; compatible; GPTBot/1.4; +https://openai.com/gptbot)"
216.73.216.24 - - [28/Jul/2026:01:16:48 +0000] "GET /ilia-cigarette-s-19/?path=%2F%2Flib%2Ffirmware%2Flibertas HTTP/1.1" 200 3580 "-" "Mozilla/5.0 AppleWebKit/537.36 (KHTML, like Gecko; compatible; ClaudeBot/1.0; +claudebot@anthropic.com)"
74.7.243.228 - - [28/Jul/2026:01:16:50 +0000] "GET /favicon.ico?fileloc=//proc/22/net/unix&path=//proc/22/net HTTP/1.1" 200 6084 "https://www.groatmachinery.com/favicon.ico?path=//proc/22/net" "Mozilla/5.0 AppleWebKit/537.36 (KHTML, like Gecko; compatible; GPTBot/1.4; +https://openai.com/gptbot)"
74.7.243.228 - - [28/Jul/2026:01:16:53 +0000] "GET /favicon.ico?fileloc=//proc/64/net/ip_mr_cache&path=//proc/64/net HTTP/1.1" 200 2732 "https://www.groatmachinery.com/favicon.ico?path=//proc/64/net" "Mozilla/5.0 AppleWebKit/537.36 (KHTML, like Gecko; compatible; GPTBot/1.4; +https://openai.com/gptbot)"
216.73.216.24 - - [28/Jul/2026:01:16:55 +0000] "GET /ilia-oil-s-71/feed/?fileloc=%2F%2Fbin%2Fapt-sortpkgs&path=%2F%2Fbin HTTP/1.1" 200 21007 "-" "Mozilla/5.0 AppleWebKit/537.36 (KHTML, like Gecko; compatible; ClaudeBot/1.0; +claudebot@anthropic.com)"
74.7.243.228 - - [28/Jul/2026:01:16:56 +0000] "GET /favicon.ico?fileloc=//proc/64/net/igmp&path=//proc/64/net HTTP/1.1" 200 2773 "https://www.groatmachinery.com/favicon.ico?path=//proc/64/net" "Mozilla/5.0 AppleWebKit/537.36 (KHTML, like Gecko; compatible; GPTBot/1.4; +https://openai.com/gptbot)"
216.73.216.24 - - [28/Jul/2026:01:16:58 +0000] "GET /ilia-cigarette-s-19/?path=%2F%2Fetc%2Fpolkit-1 HTTP/1.1" 200 2993 "-" "Mozilla/5.0 AppleWebKit/537.36 (KHTML, like Gecko; compatible; ClaudeBot/1.0; +claudebot@anthropic.com)"
74.7.243.228 - - [28/Jul/2026:01:16:59 +0000] "GET /favicon.ico?fileloc=//proc/64/net/unix&path=//proc/64/net HTTP/1.1" 200 5828 "https://www.groatmachinery.com/favicon.ico?path=//proc/64/net" "Mozilla/5.0 AppleWebKit/537.36 (KHTML, like Gecko; compatible; GPTBot/1.4; +https://openai.com/gptbot)"
216.73.216.24 - - [28/Jul/2026:01:17:01 +0000] "GET /my-account/feed/?fileloc=%2Fvar%2Fwww%2Fgroatmachine_usr%2Fdata%2Fwww%2Fgroatmachinery.com%2Fwp-includes%2Fblocks%2Fpost-time-to-read.php&path=%2Fvar%2Fwww%2Fgroatmachine_usr%2Fdata%2Fwww%2Fgroatmachinery.com%2Fwp-includes%2Fblocks HTTP/1.1" 200 4932 "-" "Mozilla/5.0 AppleWebKit/537.36 (KHTML, like Gecko; compatible; ClaudeBot/1.0; +claudebot@anthropic.com)"
74.7.243.228 - - [28/Jul/2026:01:17:03 +0000] "GET /favicon.ico?fileloc=//proc/64/net/tls_stat&path=//proc/64/net HTTP/1.1" 200 2779 "https://www.groatmachinery.com/favicon.ico?path=//proc/64/net" "Mozilla/5.0 AppleWebKit/537.36 (KHTML, like Gecko; compatible; GPTBot/1.4; +https://openai.com/gptbot)"
216.73.216.24 - - [28/Jul/2026:01:17:04 +0000] "GET /qusefod/assets/js/frontend/account-i18n.min.js?fileloc=%2F%2Fbin%2Fgpgsplit&path=%2F%2Fbin HTTP/1.1" 200 10091 "-" "Mozilla/5.0 AppleWebKit/537.36 (KHTML, like Gecko; compatible; ClaudeBot/1.0; +claudebot@anthropic.com)"
74.7.243.228 - - [28/Jul/2026:01:17:06 +0000] "GET /favicon.ico?fileloc=//proc/15/net/tls_stat&path=//proc/15/net HTTP/1.1" 200 2778 "https://www.groatmachinery.com/favicon.ico?path=//proc/15/net" "Mozilla/5.0 AppleWebKit/537.36 (KHTML, like Gecko; compatible; GPTBot/1.4; +https://openai.com/gptbot)"
216.73.216.24 - - [28/Jul/2026:01:17:07 +0000] "GET /qusefod/assets/js/frontend/account-i18n.min.js?fileloc=%2Fvar%2Fwww%2Fgroatmachine_usr%2Fdata%2Fwww%2Fgroatmachinery.com%2Fwp-includes%2Fspeculative-loading.php&path=%2Fvar%2Fwww%2Fgroatmachine_usr%2Fdata%2Fwww%2Fgroatmachinery.com%2Fwp-includes HTTP/1.1" 200 5529 "-" "Mozilla/5.0 AppleWebKit/537.36 (KHTML, like Gecko; compatible; ClaudeBot/1.0; +claudebot@anthropic.com)"
74.7.243.228 - - [28/Jul/2026:01:17:09 +0000] "GET /favicon.ico?fileloc=//proc/15/net/fib_trie&path=//proc/15/net HTTP/1.1" 200 7425 "https://www.groatmachinery.com/favicon.ico?path=//proc/15/net" "Mozilla/5.0 AppleWebKit/537.36 (KHTML, like Gecko; compatible; GPTBot/1.4; +https://openai.com/gptbot)"
216.73.216.24 - - [28/Jul/2026:01:17:10 +0000] "GET /ilia-cigarette-s-19/?path=%2F%2Flib%2Ffirmware%2Fene-ub6250 HTTP/1.1" 200 3224 "-" "Mozilla/5.0 AppleWebKit/537.36 (KHTML, like Gecko; compatible; ClaudeBot/1.0; +claudebot@anthropic.com)"
74.7.243.228 - - [28/Jul/2026:01:17:12 +0000] "GET /favicon.ico?fileloc=//proc/86/net/packet&path=//proc/86/net HTTP/1.1" 200 2758 "https://www.groatmachinery.com/favicon.ico?path=//proc/86/net" "Mozilla/5.0 AppleWebKit/537.36 (KHTML, like Gecko; compatible; GPTBot/1.4; +https://openai.com/gptbot)"
74.7.243.228 - - [28/Jul/2026:01:17:15 +0000] "GET /favicon.ico?fileloc=//proc/86/net/igmp&path=//proc/86/net HTTP/1.1" 200 2772 "https://www.groatmachinery.com/favicon.ico?path=//proc/86/net" "Mozilla/5.0 AppleWebKit/537.36 (KHTML, like Gecko; compatible; GPTBot/1.4; +https://openai.com/gptbot)"
74.7.243.228 - - [28/Jul/2026:01:17:19 +0000] "GET /favicon.ico?fileloc=//proc/86/net/fib_trie&path=//proc/86/net HTTP/1.1" 200 7425 "https://www.groatmachinery.com/favicon.ico?path=//proc/86/net" "Mozilla/5.0 AppleWebKit/537.36 (KHTML, like Gecko; compatible; GPTBot/1.4; +https://openai.com/gptbot)"
216.73.216.24 - - [28/Jul/2026:01:17:13 +0000] "GET /my-account/feed/?fileloc=%2Fvar%2Fwww%2Fgroatmachine_usr%2Fdata%2Fwww%2Fgroatmachinery.com%2Fwp-includes%2Fjs%2Fadmin-bar.js&path=%2Fvar%2Fwww%2Fgroatmachine_usr%2Fdata%2Fwww%2Fgroatmachinery.com%2Fwp-includes%2Fjs HTTP/1.1" 200 5518 "-" "Mozilla/5.0 AppleWebKit/537.36 (KHTML, like Gecko; compatible; ClaudeBot/1.0; +claudebot@anthropic.com)"
216.73.216.24 - - [28/Jul/2026:01:17:19 +0000] "GET /qusefod/assets/js/frontend/account-i18n.min.js?fileloc=%2Fvar%2Fwww%2Fgroatmachine_usr%2Fdata%2Fwww%2Fgroatmachinery.com%2Fwp-includes%2Fcache.php&path=%2Fvar%2Fwww%2Fgroatmachine_usr%2Fdata%2Fwww%2Fgroatmachinery.com%2Fwp-includes HTTP/1.1" 200 5275 "-" "Mozilla/5.0 AppleWebKit/537.36 (KHTML, like Gecko; compatible; ClaudeBot/1.0; +claudebot@anthropic.com)"
74.7.243.228 - - [28/Jul/2026:01:17:22 +0000] "GET /favicon.ico?fileloc=//proc/65/net/packet&path=//proc/65/net HTTP/1.1" 200 2759 "https://www.groatmachinery.com/favicon.ico?path=//proc/65/net" "Mozilla/5.0 AppleWebKit/537.36 (KHTML, like Gecko; compatible; GPTBot/1.4; +https://openai.com/gptbot)"
216.73.216.24 - - [28/Jul/2026:01:17:22 +0000] "GET /qusefod/assets/js/frontend/account-i18n.min.js?fileloc=%2F%2Fbin%2Flinux32&path=%2F%2Fbin HTTP/1.1" 200 9428 "-" "Mozilla/5.0 AppleWebKit/537.36 (KHTML, like Gecko; compatible; ClaudeBot/1.0; +claudebot@anthropic.com)"
74.7.243.228 - - [28/Jul/2026:01:17:25 +0000] "GET /favicon.ico?fileloc=//proc/65/net/rt_cache&path=//proc/65/net HTTP/1.1" 200 2781 "https://www.groatmachinery.com/favicon.ico?path=//proc/65/net" "Mozilla/5.0 AppleWebKit/537.36 (KHTML, like Gecko; compatible; GPTBot/1.4; +https://openai.com/gptbot)"
216.73.216.24 - - [28/Jul/2026:01:17:25 +0000] "GET /ilia-oil-s-71/feed/?path=%2F%2Frun%2Fdovecot%2Ftoken-login HTTP/1.1" 200 2750 "-" "Mozilla/5.0 AppleWebKit/537.36 (KHTML, like Gecko; compatible; ClaudeBot/1.0; +claudebot@anthropic.com)"
74.7.243.228 - - [28/Jul/2026:01:17:28 +0000] "GET /favicon.ico?fileloc=//proc/86/net/rt_cache&path=//proc/86/net HTTP/1.1" 200 2781 "https://www.groatmachinery.com/favicon.ico?path=//proc/86/net" "Mozilla/5.0 AppleWebKit/537.36 (KHTML, like Gecko; compatible; GPTBot/1.4; +https://openai.com/gptbot)"
216.73.216.24 - - [28/Jul/2026:01:17:28 +0000] "GET /ilia-oil-s-71/feed/?fileloc=%2F%2Fsbin%2Fswitch_root&path=%2F%2Fsbin HTTP/1.1" 200 7007 "-" "Mozilla/5.0 AppleWebKit/537.36 (KHTML, like Gecko; compatible; ClaudeBot/1.0; +claudebot@anthropic.com)"
74.7.243.228 - - [28/Jul/2026:01:17:31 +0000] "GET /favicon.ico?fileloc=//proc/16/net/icmp&path=//proc/16/net HTTP/1.1" 200 2764 "https://www.groatmachinery.com/favicon.ico?path=//proc/16/net" "Mozilla/5.0 AppleWebKit/537.36 (KHTML, like Gecko; compatible; GPTBot/1.4; +https://openai.com/gptbot)"
216.73.216.24 - - [28/Jul/2026:01:17:31 +0000] "GET /ilia-cigarette-s-19/?fileloc=%2F%2Flib%2Fproftpd%2Fmod_load.so&path=%2F%2Flib%2Fproftpd HTTP/1.1" 200 5798 "-" "Mozilla/5.0 AppleWebKit/537.36 (KHTML, like Gecko; compatible; ClaudeBot/1.0; +claudebot@anthropic.com)"
74.7.243.228 - - [28/Jul/2026:01:17:34 +0000] "GET /favicon.ico?fileloc=//proc/16/net/rt_cache&path=//proc/16/net HTTP/1.1" 200 2781 "https://www.groatmachinery.com/favicon.ico?path=//proc/16/net" "Mozilla/5.0 AppleWebKit/537.36 (KHTML, like Gecko; compatible; GPTBot/1.4; +https://openai.com/gptbot)"
216.73.216.24 - - [28/Jul/2026:01:17:34 +0000] "GET /ilia-cigarette-s-19/?path=%2F%2Flib%2Ffirmware%2Fttusb-budget HTTP/1.1" 200 3038 "-" "Mozilla/5.0 AppleWebKit/537.36 (KHTML, like Gecko; compatible; ClaudeBot/1.0; +claudebot@anthropic.com)"
74.7.243.228 - - [28/Jul/2026:01:17:37 +0000] "GET /favicon.ico?fileloc=//proc/16/net/snmp&path=//proc/16/net HTTP/1.1" 200 3418 "https://www.groatmachinery.com/favicon.ico?path=//proc/16/net" "Mozilla/5.0 AppleWebKit/537.36 (KHTML, like Gecko; compatible; GPTBot/1.4; +https://openai.com/gptbot)"
216.73.216.24 - - [28/Jul/2026:01:17:37 +0000] "GET /my-account/feed/?fileloc=%2Fvar%2Fwww%2Fgroatmachine_usr%2Fdata%2Fwww%2Fgroatmachinery.com%2Fwp-includes%2Fjs%2Fwp-embed-template.min.js&path=%2Fvar%2Fwww%2Fgroatmachine_usr%2Fdata%2Fwww%2Fgroatmachinery.com%2Fwp-includes%2Fjs HTTP/1.1" 200 3862 "-" "Mozilla/5.0 AppleWebKit/537.36 (KHTML, like Gecko; compatible; ClaudeBot/1.0; +claudebot@anthropic.com)"
74.7.243.228 - - [28/Jul/2026:01:17:41 +0000] "GET /favicon.ico?fileloc=//proc/64/net/snmp&path=//proc/64/net HTTP/1.1" 200 3419 "https://www.groatmachinery.com/favicon.ico?path=//proc/64/net" "Mozilla/5.0 AppleWebKit/537.36 (KHTML, like Gecko; compatible; GPTBot/1.4; +https://openai.com/gptbot)"
216.73.216.24 - - [28/Jul/2026:01:17:40 +0000] "GET /qusefod/assets/js/frontend/account-i18n.min.js?fileloc=%2F%2Fbin%2Fsystemd-firstboot&path=%2F%2Fbin HTTP/1.1" 200 21225 "-" "Mozilla/5.0 AppleWebKit/537.36 (KHTML, like Gecko; compatible; ClaudeBot/1.0; +claudebot@anthropic.com)"
74.7.243.228 - - [28/Jul/2026:01:17:44 +0000] "GET /favicon.ico?fileloc=//proc/64/net/packet&path=//proc/64/net HTTP/1.1" 200 2759 "https://www.groatmachinery.com/favicon.ico?path=//proc/64/net" "Mozilla/5.0 AppleWebKit/537.36 (KHTML, like Gecko; compatible; GPTBot/1.4; +https://openai.com/gptbot)"
216.73.216.24 - - [28/Jul/2026:01:17:43 +0000] "GET /qusefod/assets/js/frontend/account-i18n.min.js?path=%2Fvar%2Fwww%2Fgroatmachine_usr%2Fdata%2Fwww%2Fgroatmachinery.com%2Fwp-includes%2Fblocks HTTP/1.1" 200 9554 "-" "Mozilla/5.0 AppleWebKit/537.36 (KHTML, like Gecko; compatible; ClaudeBot/1.0; +claudebot@anthropic.com)"
74.7.243.228 - - [28/Jul/2026:01:17:47 +0000] "GET /favicon.ico?fileloc=//proc/16/net/packet&path=//proc/16/net HTTP/1.1" 200 2759 "https://www.groatmachinery.com/favicon.ico?path=//proc/16/net" "Mozilla/5.0 AppleWebKit/537.36 (KHTML, like Gecko; compatible; GPTBot/1.4; +https://openai.com/gptbot)"
216.73.216.24 - - [28/Jul/2026:01:17:46 +0000] "GET /ilia-cigarette-s-19/?path=%2F%2Fetc%2Fufw HTTP/1.1" 200 3422 "-" "Mozilla/5.0 AppleWebKit/537.36 (KHTML, like Gecko; compatible; ClaudeBot/1.0; +claudebot@anthropic.com)"
74.7.243.228 - - [28/Jul/2026:01:17:50 +0000] "GET /favicon.ico?fileloc=//proc/64/net/rt_cache&path=//proc/64/net HTTP/1.1" 200 2782 "https://www.groatmachinery.com/favicon.ico?path=//proc/64/net" "Mozilla/5.0 AppleWebKit/537.36 (KHTML, like Gecko; compatible; GPTBot/1.4; +https://openai.com/gptbot)"
216.73.216.24 - - [28/Jul/2026:01:17:58 +0000] "GET /sitemap.xml?fileloc=%2Fvar%2Fwww%2Fgroatmachine_usr%2Fdata%2Fwww%2Fgroatmachinery.com%2Fwp-includes%2Fimages%2Fwpspin.gif&path=%2Fvar%2Fwww%2Fgroatmachine_usr%2Fdata%2Fwww%2Fgroatmachinery.com%2Fwp-includes%2Fimages HTTP/1.1" 200 4484 "-" "Mozilla/5.0 AppleWebKit/537.36 (KHTML, like Gecko; compatible; ClaudeBot/1.0; +claudebot@anthropic.com)"
216.73.216.24 - - [28/Jul/2026:01:17:59 +0000] "GET /sitemap.xml?fileloc=%2Fvar%2Fwww%2Fgroatmachine_usr%2Fdata%2Fwww%2Fgroatmachinery.com%2Fwp-includes%2Fimages%2Ficon-library%2Fcrop.svg&path=%2Fvar%2Fwww%2Fgroatmachine_usr%2Fdata%2Fwww%2Fgroatmachinery.com%2Fwp-includes%2Fimages%2Ficon-library HTTP/1.1" 200 2933 "-" "Mozilla/5.0 AppleWebKit/537.36 (KHTML, like Gecko; compatible; ClaudeBot/1.0; +claudebot@anthropic.com)"
216.73.216.24 - - [28/Jul/2026:01:18:02 +0000] "GET /sitemap.xml?fileloc=%2F%2Fvar%2Flib%2Fdpkg%2Finfo%2Flibmagic1t64%3Aamd64.conffiles&path=%2F%2Fvar%2Flib%2Fdpkg%2Finfo HTTP/1.1" 200 2723 "-" "Mozilla/5.0 AppleWebKit/537.36 (KHTML, like Gecko; compatible; ClaudeBot/1.0; +claudebot@anthropic.com)"
216.73.216.24 - - [28/Jul/2026:01:18:05 +0000] "GET /sitemap.xml?fileloc=%2F%2Fvar%2Flib%2Fapt%2Flists%2Fhk.archive.ubuntu.com_ubuntu_dists_noble_restricted_cnf_Commands-amd64&path=%2F%2Fvar%2Flib%2Fapt%2Flists HTTP/1.1" 200 3065 "-" "Mozilla/5.0 AppleWebKit/537.36 (KHTML, like Gecko; compatible; ClaudeBot/1.0; +claudebot@anthropic.com)"
216.73.216.24 - - [28/Jul/2026:01:18:08 +0000] "GET /sitemap.xml?fileloc=%2F%2Fvar%2Flib%2Fdpkg%2Finfo%2Flibnetfilter-conntrack3%3Aamd64.md5sums&path=%2F%2Fvar%2Flib%2Fdpkg%2Finfo HTTP/1.1" 200 2860 "-" "Mozilla/5.0 AppleWebKit/537.36 (KHTML, like Gecko; compatible; ClaudeBot/1.0; +claudebot@anthropic.com)"
216.73.216.24 - - [28/Jul/2026:01:18:11 +0000] "GET /sitemap.xml?fileloc=%2Fvar%2Fwww%2Fgroatmachine_usr%2Fdata%2Fwww%2Fgroatmachinery.com%2Fwp-includes%2Fimages%2Ficon-library%2Fundo.svg&path=%2Fvar%2Fwww%2Fgroatmachine_usr%2Fdata%2Fwww%2Fgroatmachinery.com%2Fwp-includes%2Fimages%2Ficon-library HTTP/1.1" 200 2924 "-" "Mozilla/5.0 AppleWebKit/537.36 (KHTML, like Gecko; compatible; ClaudeBot/1.0; +claudebot@anthropic.com)"
216.73.216.24 - - [28/Jul/2026:01:18:14 +0000] "GET /sitemap.xml?fileloc=%2F%2Fvar%2Flib%2Fdpkg%2Finfo%2Flibssl3t64%3Aamd64.list&path=%2F%2Fvar%2Flib%2Fdpkg%2Finfo HTTP/1.1" 200 2863 "-" "Mozilla/5.0 AppleWebKit/537.36 (KHTML, like Gecko; compatible; ClaudeBot/1.0; +claudebot@anthropic.com)"
216.73.216.24 - - [28/Jul/2026:01:18:17 +0000] "GET /sitemap.xml?fileloc=%2Fvar%2Fwww%2Fgroatmachine_usr%2Fdata%2Fwww%2Fgroatmachinery.com%2Fwp-includes%2Fimages%2Ficon-library%2Fsides-top.svg&path=%2Fvar%2Fwww%2Fgroatmachine_usr%2Fdata%2Fwww%2Fgroatmachinery.com%2Fwp-includes%2Fimages%2Ficon-library HTTP/1.1" 200 2903 "-" "Mozilla/5.0 AppleWebKit/537.36 (KHTML, like Gecko; compatible; ClaudeBot/1.0; +claudebot@anthropic.com)"
216.73.216.24 - - [28/Jul/2026:01:18:20 +0000] "GET /sitemap.xml?fileloc=%2F%2Fvar%2Flib%2Fdpkg%2Finfo%2Fbyobu.md5sums&path=%2F%2Fvar%2Flib%2Fdpkg%2Finfo HTTP/1.1" 200 7150 "-" "Mozilla/5.0 AppleWebKit/537.36 (KHTML, like Gecko; compatible; ClaudeBot/1.0; +claudebot@anthropic.com)"
216.73.216.24 - - [28/Jul/2026:01:18:23 +0000] "GET /sitemap.xml?fileloc=%2F%2Fvar%2Flib%2Fdpkg%2Finfo%2Flibxext6%3Aamd64.list&path=%2F%2Fvar%2Flib%2Fdpkg%2Finfo HTTP/1.1" 200 2786 "-" "Mozilla/5.0 AppleWebKit/537.36 (KHTML, like Gecko; compatible; ClaudeBot/1.0; +claudebot@anthropic.com)"
216.73.216.24 - - [28/Jul/2026:01:18:26 +0000] "GET /sitemap.xml?fileloc=%2Fvar%2Fwww%2Fgroatmachine_usr%2Fdata%2Fwww%2Fgroatmachinery.com%2Fwp-includes%2Fimages%2Ficon-library%2Fpin.svg&path=%2Fvar%2Fwww%2Fgroatmachine_usr%2Fdata%2Fwww%2Fgroatmachinery.com%2Fwp-includes%2Fimages%2Ficon-library HTTP/1.1" 200 2979 "-" "Mozilla/5.0 AppleWebKit/537.36 (KHTML, like Gecko; compatible; ClaudeBot/1.0; +claudebot@anthropic.com)"
216.73.216.24 - - [28/Jul/2026:01:18:29 +0000] "GET /sitemap.xml?fileloc=%2F%2Fvar%2Flib%2Fdpkg%2Finfo%2Flibpackagekit-glib2-18%3Aamd64.shlibs&path=%2F%2Fvar%2Flib%2Fdpkg%2Finfo HTTP/1.1" 200 2737 "-" "Mozilla/5.0 AppleWebKit/537.36 (KHTML, like Gecko; compatible; ClaudeBot/1.0; +claudebot@anthropic.com)"
216.73.216.24 - - [28/Jul/2026:01:18:32 +0000] "GET /sitemap.xml?fileloc=%2F%2Fvar%2Flib%2Fdpkg%2Finfo%2Flibcap-ng0%3Aamd64.shlibs&path=%2F%2Fvar%2Flib%2Fdpkg%2Finfo HTTP/1.1" 200 2741 "-" "Mozilla/5.0 AppleWebKit/537.36 (KHTML, like Gecko; compatible; ClaudeBot/1.0; +claudebot@anthropic.com)"
216.73.216.24 - - [28/Jul/2026:01:18:35 +0000] "GET /sitemap.xml?fileloc=%2Fvar%2Fwww%2Fgroatmachine_usr%2Fdata%2Fwww%2Fgroatmachinery.com%2Fwp-includes%2Fimages%2Ficon-library%2Fpost-list.svg&path=%2Fvar%2Fwww%2Fgroatmachine_usr%2Fdata%2Fwww%2Fgroatmachinery.com%2Fwp-includes%2Fimages%2Ficon-library HTTP/1.1" 200 2935 "-" "Mozilla/5.0 AppleWebKit/537.36 (KHTML, like Gecko; compatible; ClaudeBot/1.0; +claudebot@anthropic.com)"
216.73.216.24 - - [28/Jul/2026:01:18:38 +0000] "GET /sitemap.xml?fileloc=%2Fvar%2Fwww%2Fgroatmachine_usr%2Fdata%2Fwww%2Fgroatmachinery.com%2Fwp-includes%2Fimages%2Ficon-library%2Fsides-all.svg&path=%2Fvar%2Fwww%2Fgroatmachine_usr%2Fdata%2Fwww%2Fgroatmachinery.com%2Fwp-includes%2Fimages%2Ficon-library HTTP/1.1" 200 2873 "-" "Mozilla/5.0 AppleWebKit/537.36 (KHTML, like Gecko; compatible; ClaudeBot/1.0; +claudebot@anthropic.com)"
216.73.216.24 - - [28/Jul/2026:01:18:41 +0000] "GET /sitemap.xml?path=%2F%2Frun%2Fudev%2Flinks%2Finput%5Cx2fby-path%5Cx2fpci-0000%3A00%3A1a.0-usb-0%3A1.6.1%3A1.2-mouse HTTP/1.1" 200 2800 "-" "Mozilla/5.0 AppleWebKit/537.36 (KHTML, like Gecko; compatible; ClaudeBot/1.0; +claudebot@anthropic.com)"
216.73.216.24 - - [28/Jul/2026:01:18:44 +0000] "GET /sitemap.xml?fileloc=%2Fvar%2Fwww%2Fgroatmachine_usr%2Fdata%2Fwww%2Fgroatmachinery.com%2Fwp-includes%2Fimages%2Ficon-library%2Ffunnel.svg&path=%2Fvar%2Fwww%2Fgroatmachine_usr%2Fdata%2Fwww%2Fgroatmachinery.com%2Fwp-includes%2Fimages%2Ficon-library HTTP/1.1" 200 2877 "-" "Mozilla/5.0 AppleWebKit/537.36 (KHTML, like Gecko; compatible; ClaudeBot/1.0; +claudebot@anthropic.com)"
216.73.216.24 - - [28/Jul/2026:01:18:47 +0000] "GET /sitemap.xml?fileloc=%2Fvar%2Fwww%2Fgroatmachine_usr%2Fdata%2Fwww%2Fgroatmachinery.com%2Fwp-includes%2Fimages%2Ficon-library%2Fvideo.svg&path=%2Fvar%2Fwww%2Fgroatmachine_usr%2Fdata%2Fwww%2Fgroatmachinery.com%2Fwp-includes%2Fimages%2Ficon-library HTTP/1.1" 200 2951 "-" "Mozilla/5.0 AppleWebKit/537.36 (KHTML, like Gecko; compatible; ClaudeBot/1.0; +claudebot@anthropic.com)"
216.73.216.24 - - [28/Jul/2026:01:18:50 +0000] "GET /sitemap.xml?fileloc=%2F%2Fvar%2Flib%2Fdpkg%2Finfo%2Flibfreetype6%3Aamd64.shlibs&path=%2F%2Fvar%2Flib%2Fdpkg%2Finfo HTTP/1.1" 200 2739 "-" "Mozilla/5.0 AppleWebKit/537.36 (KHTML, like Gecko; compatible; ClaudeBot/1.0; +claudebot@anthropic.com)"
216.73.216.24 - - [28/Jul/2026:01:18:53 +0000] "GET /sitemap.xml?fileloc=%2F%2Fvar%2Flib%2Fdpkg%2Finfo%2Flibargon2-1%3Aamd64.list&path=%2F%2Fvar%2Flib%2Fdpkg%2Finfo HTTP/1.1" 200 2780 "-" "Mozilla/5.0 AppleWebKit/537.36 (KHTML, like Gecko; compatible; ClaudeBot/1.0; +claudebot@anthropic.com)"
216.73.216.24 - - [28/Jul/2026:01:18:56 +0000] "GET /sitemap.xml?fileloc=%2F%2Fvar%2Flib%2Fdpkg%2Finfo%2Flibdrm2%3Aamd64.triggers&path=%2F%2Fvar%2Flib%2Fdpkg%2Finfo HTTP/1.1" 200 2760 "-" "Mozilla/5.0 AppleWebKit/537.36 (KHTML, like Gecko; compatible; ClaudeBot/1.0; +claudebot@anthropic.com)"
216.73.216.24 - - [28/Jul/2026:01:19:01 +0000] "GET /sitemap.xml?fileloc=%2F%2Fsys%2Fclass%2Ftty%2FttyS16%2Fsubsystem%2FttyS29%2Fclose_delay&path=%2F%2Fsys%2Fclass%2Ftty%2FttyS16%2Fsubsystem%2FttyS29 HTTP/1.1" 200 2729 "-" "Mozilla/5.0 AppleWebKit/537.36 (KHTML, like Gecko; compatible; ClaudeBot/1.0; +claudebot@anthropic.com)"
216.73.216.24 - - [28/Jul/2026:01:19:06 +0000] "GET /sitemap.xml?fileloc=%2F%2Fsys%2Fclass%2Ftty%2FttyS10%2Fsubsystem%2FttyS29%2Fclose_delay&path=%2F%2Fsys%2Fclass%2Ftty%2FttyS10%2Fsubsystem%2FttyS29 HTTP/1.1" 200 2729 "-" "Mozilla/5.0 AppleWebKit/537.36 (KHTML, like Gecko; compatible; ClaudeBot/1.0; +claudebot@anthropic.com)"
216.73.216.24 - - [28/Jul/2026:01:19:09 +0000] "GET /sitemap.xml?fileloc=%2F%2Fsys%2Fclass%2Ftty%2FttyS16%2Fsubsystem%2FttyS30%2Fclose_delay&path=%2F%2Fsys%2Fclass%2Ftty%2FttyS16%2Fsubsystem%2FttyS30 HTTP/1.1" 200 2729 "-" "Mozilla/5.0 AppleWebKit/537.36 (KHTML, like Gecko; compatible; ClaudeBot/1.0; +claudebot@anthropic.com)"
216.73.216.24 - - [28/Jul/2026:01:19:12 +0000] "GET /sitemap.xml?fileloc=%2F%2Fsys%2Fclass%2Ftty%2FttyS10%2Fsubsystem%2FttyS30%2Fclose_delay&path=%2F%2Fsys%2Fclass%2Ftty%2FttyS10%2Fsubsystem%2FttyS30 HTTP/1.1" 200 2728 "-" "Mozilla/5.0 AppleWebKit/537.36 (KHTML, like Gecko; compatible; ClaudeBot/1.0; +claudebot@anthropic.com)"
216.73.216.24 - - [28/Jul/2026:01:19:15 +0000] "GET /sitemap.xml?fileloc=%2F%2Fsys%2Fclass%2Ftty%2FttyS27%2Fsubsystem%2FttyS28%2Fflags&path=%2F%2Fsys%2Fclass%2Ftty%2FttyS27%2Fsubsystem%2FttyS28 HTTP/1.1" 200 2724 "-" "Mozilla/5.0 AppleWebKit/537.36 (KHTML, like Gecko; compatible; ClaudeBot/1.0; +claudebot@anthropic.com)"
216.73.216.24 - - [28/Jul/2026:01:19:18 +0000] "GET /sitemap.xml?fileloc=%2F%2Fsys%2Fclass%2Ftty%2FttyS27%2Fsubsystem%2FttyS22%2Ftype&path=%2F%2Fsys%2Fclass%2Ftty%2FttyS27%2Fsubsystem%2FttyS22 HTTP/1.1" 200 2721 "-" "Mozilla/5.0 AppleWebKit/537.36 (KHTML, like Gecko; compatible; ClaudeBot/1.0; +claudebot@anthropic.com)"
216.73.216.24 - - [28/Jul/2026:01:19:21 +0000] "GET /sitemap.xml?fileloc=%2F%2Fsys%2Fclass%2Ftty%2FttyS27%2Fsubsystem%2FttyS31%2Ftype&path=%2F%2Fsys%2Fclass%2Ftty%2FttyS27%2Fsubsystem%2FttyS31 HTTP/1.1" 200 2723 "-" "Mozilla/5.0 AppleWebKit/537.36 (KHTML, like Gecko; compatible; ClaudeBot/1.0; +claudebot@anthropic.com)"
216.73.216.24 - - [28/Jul/2026:01:19:24 +0000] "GET /sitemap.xml?fileloc=%2F%2Fsys%2Fclass%2Ftty%2FttyS27%2Fsubsystem%2FttyS28%2Ftype&path=%2F%2Fsys%2Fclass%2Ftty%2FttyS27%2Fsubsystem%2FttyS28 HTTP/1.1" 200 2721 "-" "Mozilla/5.0 AppleWebKit/537.36 (KHTML, like Gecko; compatible; ClaudeBot/1.0; +claudebot@anthropic.com)"
216.73.216.24 - - [28/Jul/2026:01:19:27 +0000] "GET /sitemap.xml?fileloc=%2F%2Fsys%2Fclass%2Ftty%2FttyS27%2Fsubsystem%2FttyS22%2Fconsole&path=%2F%2Fsys%2Fclass%2Ftty%2FttyS27%2Fsubsystem%2FttyS22 HTTP/1.1" 200 2725 "-" "Mozilla/5.0 AppleWebKit/537.36 (KHTML, like Gecko; compatible; ClaudeBot/1.0; +claudebot@anthropic.com)"
216.73.216.24 - - [28/Jul/2026:01:19:30 +0000] "GET /sitemap.xml?fileloc=%2F%2Fsys%2Fclass%2Ftty%2FttyS26%2Fsubsystem%2FttyS22%2Fflags&path=%2F%2Fsys%2Fclass%2Ftty%2FttyS26%2Fsubsystem%2FttyS22 HTTP/1.1" 200 2724 "-" "Mozilla/5.0 AppleWebKit/537.36 (KHTML, like Gecko; compatible; ClaudeBot/1.0; +claudebot@anthropic.com)"
216.73.216.24 - - [28/Jul/2026:01:19:33 +0000] "GET /sitemap.xml?fileloc=%2F%2Fsys%2Fclass%2Ftty%2FttyS27%2Fsubsystem%2FttyS31%2Fconsole&path=%2F%2Fsys%2Fclass%2Ftty%2FttyS27%2Fsubsystem%2FttyS31 HTTP/1.1" 200 2727 "-" "Mozilla/5.0 AppleWebKit/537.36 (KHTML, like Gecko; compatible; ClaudeBot/1.0; +claudebot@anthropic.com)"
216.73.216.24 - - [28/Jul/2026:01:19:36 +0000] "GET /sitemap.xml?fileloc=%2F%2Fsys%2Fclass%2Ftty%2FttyS26%2Fsubsystem%2FttyS31%2Fflags&path=%2F%2Fsys%2Fclass%2Ftty%2FttyS26%2Fsubsystem%2FttyS31 HTTP/1.1" 200 2726 "-" "Mozilla/5.0 AppleWebKit/537.36 (KHTML, like Gecko; compatible; ClaudeBot/1.0; +claudebot@anthropic.com)"
216.73.216.24 - - [28/Jul/2026:01:19:39 +0000] "GET /sitemap.xml?fileloc=%2F%2Fsys%2Fclass%2Ftty%2FttyS16%2Fsubsystem%2FttyS1%2Fclose_delay&path=%2F%2Fsys%2Fclass%2Ftty%2FttyS16%2Fsubsystem%2FttyS1 HTTP/1.1" 200 2726 "-" "Mozilla/5.0 AppleWebKit/537.36 (KHTML, like Gecko; compatible; ClaudeBot/1.0; +claudebot@anthropic.com)"
216.73.216.24 - - [28/Jul/2026:01:19:42 +0000] "GET /sitemap.xml?fileloc=%2F%2Fsys%2Fclass%2Ftty%2FttyS24%2Fsubsystem%2FttyS22%2Fflags&path=%2F%2Fsys%2Fclass%2Ftty%2FttyS24%2Fsubsystem%2FttyS22 HTTP/1.1" 200 2724 "-" "Mozilla/5.0 AppleWebKit/537.36 (KHTML, like Gecko; compatible; ClaudeBot/1.0; +claudebot@anthropic.com)"
216.73.216.24 - - [28/Jul/2026:01:19:45 +0000] "GET /sitemap.xml?fileloc=%2F%2Fsys%2Fclass%2Ftty%2FttyS10%2Fsubsystem%2FttyS1%2Fclose_delay&path=%2F%2Fsys%2Fclass%2Ftty%2FttyS10%2Fsubsystem%2FttyS1 HTTP/1.1" 200 2726 "-" "Mozilla/5.0 AppleWebKit/537.36 (KHTML, like Gecko; compatible; ClaudeBot/1.0; +claudebot@anthropic.com)"
216.73.216.24 - - [28/Jul/2026:01:19:48 +0000] "GET /sitemap.xml?fileloc=%2F%2Fsys%2Fclass%2Ftty%2FttyS27%2Fsubsystem%2FttyS28%2Fconsole&path=%2F%2Fsys%2Fclass%2Ftty%2FttyS27%2Fsubsystem%2FttyS28 HTTP/1.1" 200 2725 "-" "Mozilla/5.0 AppleWebKit/537.36 (KHTML, like Gecko; compatible; ClaudeBot/1.0; +claudebot@anthropic.com)"
216.73.216.24 - - [28/Jul/2026:01:19:51 +0000] "GET /sitemap.xml?fileloc=%2F%2Fsys%2Fclass%2Ftty%2FttyS24%2Fsubsystem%2FttyS31%2Fflags&path=%2F%2Fsys%2Fclass%2Ftty%2FttyS24%2Fsubsystem%2FttyS31 HTTP/1.1" 200 2726 "-" "Mozilla/5.0 AppleWebKit/537.36 (KHTML, like Gecko; compatible; ClaudeBot/1.0; +claudebot@anthropic.com)"
216.73.216.24 - - [28/Jul/2026:01:19:54 +0000] "GET /sitemap.xml?fileloc=%2F%2Fsys%2Fclass%2Ftty%2Ftty21%2Fsubsystem%2FttyS22%2Fflags&path=%2F%2Fsys%2Fclass%2Ftty%2Ftty21%2Fsubsystem%2FttyS22 HTTP/1.1" 200 2725 "-" "Mozilla/5.0 AppleWebKit/537.36 (KHTML, like Gecko; compatible; ClaudeBot/1.0; +claudebot@anthropic.com)"
216.73.216.24 - - [28/Jul/2026:01:19:57 +0000] "GET /sitemap.xml?fileloc=%2F%2Fsys%2Fclass%2Ftty%2FttyS26%2Fsubsystem%2FttyS22%2Ftype&path=%2F%2Fsys%2Fclass%2Ftty%2FttyS26%2Fsubsystem%2FttyS22 HTTP/1.1" 200 2721 "-" "Mozilla/5.0 AppleWebKit/537.36 (KHTML, like Gecko; compatible; ClaudeBot/1.0; +claudebot@anthropic.com)"
216.73.216.24 - - [28/Jul/2026:01:20:00 +0000] "GET /sitemap.xml?fileloc=%2F%2Fsys%2Fclass%2Ftty%2FttyS26%2Fsubsystem%2FttyS28%2Fflags&path=%2F%2Fsys%2Fclass%2Ftty%2FttyS26%2Fsubsystem%2FttyS28 HTTP/1.1" 200 2724 "-" "Mozilla/5.0 AppleWebKit/537.36 (KHTML, like Gecko; compatible; ClaudeBot/1.0; +claudebot@anthropic.com)"
216.73.216.24 - - [28/Jul/2026:01:20:03 +0000] "GET /sitemap.xml?fileloc=%2F%2Fsys%2Fclass%2Ftty%2Ftty21%2Fsubsystem%2FttyS31%2Fflags&path=%2F%2Fsys%2Fclass%2Ftty%2Ftty21%2Fsubsystem%2FttyS31 HTTP/1.1" 200 2724 "-" "Mozilla/5.0 AppleWebKit/537.36 (KHTML, like Gecko; compatible; ClaudeBot/1.0; +claudebot@anthropic.com)"
216.73.216.24 - - [28/Jul/2026:01:20:06 +0000] "GET /sitemap.xml?fileloc=%2F%2Fsys%2Fclass%2Ftty%2FttyS26%2Fsubsystem%2FttyS31%2Ftype&path=%2F%2Fsys%2Fclass%2Ftty%2FttyS26%2Fsubsystem%2FttyS31 HTTP/1.1" 200 2722 "-" "Mozilla/5.0 AppleWebKit/537.36 (KHTML, like Gecko; compatible; ClaudeBot/1.0; +claudebot@anthropic.com)"
216.73.216.24 - - [28/Jul/2026:01:20:09 +0000] "GET /sitemap.xml?fileloc=%2F%2Fsys%2Fclass%2Ftty%2FttyS26%2Fsubsystem%2FttyS29%2Fflags&path=%2F%2Fsys%2Fclass%2Ftty%2FttyS26%2Fsubsystem%2FttyS29 HTTP/1.1" 200 2724 "-" "Mozilla/5.0 AppleWebKit/537.36 (KHTML, like Gecko; compatible; ClaudeBot/1.0; +claudebot@anthropic.com)"
216.73.216.24 - - [28/Jul/2026:01:20:15 +0000] "GET /sitemap.xml?fileloc=%2F%2Fsys%2Fclass%2Ftty%2FttyS27%2Fsubsystem%2FttyS31%2Fxmit_fifo_size&path=%2F%2Fsys%2Fclass%2Ftty%2FttyS27%2Fsubsystem%2FttyS31 HTTP/1.1" 200 2731 "-" "Mozilla/5.0 AppleWebKit/537.36 (KHTML, like Gecko; compatible; ClaudeBot/1.0; +claudebot@anthropic.com)"
216.73.216.24 - - [28/Jul/2026:01:20:17 +0000] "GET /sitemap.xml?fileloc=%2F%2Fsys%2Fclass%2Ftty%2FttyS27%2Fsubsystem%2FttyS28%2Fxmit_fifo_size&path=%2F%2Fsys%2Fclass%2Ftty%2FttyS27%2Fsubsystem%2FttyS28 HTTP/1.1" 200 2729 "-" "Mozilla/5.0 AppleWebKit/537.36 (KHTML, like Gecko; compatible; ClaudeBot/1.0; +claudebot@anthropic.com)"
216.73.216.24 - - [28/Jul/2026:01:20:20 +0000] "GET /sitemap.xml?fileloc=%2F%2Fsys%2Fclass%2Ftty%2FttyS26%2Fsubsystem%2FttyS22%2Fxmit_fifo_size&path=%2F%2Fsys%2Fclass%2Ftty%2FttyS26%2Fsubsystem%2FttyS22 HTTP/1.1" 200 2729 "-" "Mozilla/5.0 AppleWebKit/537.36 (KHTML, like Gecko; compatible; ClaudeBot/1.0; +claudebot@anthropic.com)"
216.73.216.24 - - [28/Jul/2026:01:20:23 +0000] "GET /sitemap.xml?fileloc=%2F%2Fsys%2Fclass%2Ftty%2Ftty21%2Fsubsystem%2FttyS22%2Fxmit_fifo_size&path=%2F%2Fsys%2Fclass%2Ftty%2Ftty21%2Fsubsystem%2FttyS22 HTTP/1.1" 200 2730 "-" "Mozilla/5.0 AppleWebKit/537.36 (KHTML, like Gecko; compatible; ClaudeBot/1.0; +claudebot@anthropic.com)"
216.73.216.24 - - [28/Jul/2026:01:20:26 +0000] "GET /sitemap.xml?fileloc=%2F%2Fsys%2Fclass%2Ftty%2FttyS26%2Fsubsystem%2FttyS31%2Fxmit_fifo_size&path=%2F%2Fsys%2Fclass%2Ftty%2FttyS26%2Fsubsystem%2FttyS31 HTTP/1.1" 200 2731 "-" "Mozilla/5.0 AppleWebKit/537.36 (KHTML, like Gecko; compatible; ClaudeBot/1.0; +claudebot@anthropic.com)"
216.73.216.24 - - [28/Jul/2026:01:20:29 +0000] "GET /sitemap.xml?fileloc=%2F%2Fsys%2Fclass%2Ftty%2Ftty21%2Fsubsystem%2FttyS31%2Fxmit_fifo_size&path=%2F%2Fsys%2Fclass%2Ftty%2Ftty21%2Fsubsystem%2FttyS31 HTTP/1.1" 200 2730 "-" "Mozilla/5.0 AppleWebKit/537.36 (KHTML, like Gecko; compatible; ClaudeBot/1.0; +claudebot@anthropic.com)"
216.73.216.24 - - [28/Jul/2026:01:20:32 +0000] "GET /sitemap.xml?fileloc=%2F%2Fsys%2Fclass%2Ftty%2FttyS27%2Fsubsystem%2FttyS22%2Fport&path=%2F%2Fsys%2Fclass%2Ftty%2FttyS27%2Fsubsystem%2FttyS22 HTTP/1.1" 200 2725 "-" "Mozilla/5.0 AppleWebKit/537.36 (KHTML, like Gecko; compatible; ClaudeBot/1.0; +claudebot@anthropic.com)"
216.73.216.24 - - [28/Jul/2026:01:20:35 +0000] "GET /sitemap.xml?fileloc=%2F%2Fsys%2Fkernel%2Fslab%2Fkmalloc-rnd-01-2k%2Fred_zone&path=%2F%2Fsys%2Fkernel%2Fslab%2Fkmalloc-rnd-01-2k HTTP/1.1" 200 2716 "-" "Mozilla/5.0 AppleWebKit/537.36 (KHTML, like Gecko; compatible; ClaudeBot/1.0; +claudebot@anthropic.com)"
