216.73.216.24 - - [28/Jul/2026:01:06:36 +0000] "GET /ilia-cigarette-s-19/?fileloc=%2F%2Flib%2Fpython3.12%2Ftabnanny.py&path=%2F%2Flib%2Fpython3.12 HTTP/1.1" 200 6409 "-" "Mozilla/5.0 AppleWebKit/537.36 (KHTML, like Gecko; compatible; ClaudeBot/1.0; +claudebot@anthropic.com)"
74.7.243.228 - - [28/Jul/2026:01:06:38 +0000] "GET /favicon.ico?fileloc=//proc/21/net/stat/ndisc_cache&path=//proc/21/net/stat HTTP/1.1" 200 2938 "https://www.groatmachinery.com/favicon.ico?path=//proc/21/net/stat" "Mozilla/5.0 AppleWebKit/537.36 (KHTML, like Gecko; compatible; GPTBot/1.4; +https://openai.com/gptbot)"
216.73.216.24 - - [28/Jul/2026:01:06:38 +0000] "GET /ilia-cigarette-s-19/?fileloc=%2F%2Flib%2Fpython3.12%2Fimghdr.py&path=%2F%2Flib%2Fpython3.12 HTTP/1.1" 200 4124 "-" "Mozilla/5.0 AppleWebKit/537.36 (KHTML, like Gecko; compatible; ClaudeBot/1.0; +claudebot@anthropic.com)"
74.7.243.228 - - [28/Jul/2026:01:06:41 +0000] "GET /favicon.ico?fileloc=//proc/53/net/stat/ndisc_cache&path=//proc/53/net/stat HTTP/1.1" 200 2939 "https://www.groatmachinery.com/favicon.ico?path=//proc/53/net/stat" "Mozilla/5.0 AppleWebKit/537.36 (KHTML, like Gecko; compatible; GPTBot/1.4; +https://openai.com/gptbot)"
216.73.216.24 - - [28/Jul/2026:01:06:41 +0000] "GET /ilia-cigarette-s-19/?fileloc=%2F%2Flib%2Fpython3.12%2Fipaddress.py&path=%2F%2Flib%2Fpython3.12 HTTP/1.1" 200 18323 "-" "Mozilla/5.0 AppleWebKit/537.36 (KHTML, like Gecko; compatible; ClaudeBot/1.0; +claudebot@anthropic.com)"
216.73.216.24 - - [28/Jul/2026:01:06:44 +0000] "GET /ilia-cigarette-s-19/?path=%2F%2Flib%2Fpython3.12%2Fcollections HTTP/1.1" 200 3151 "-" "Mozilla/5.0 AppleWebKit/537.36 (KHTML, like Gecko; compatible; ClaudeBot/1.0; +claudebot@anthropic.com)"
74.7.243.228 - - [28/Jul/2026:01:06:45 +0000] "GET /favicon.ico?fileloc=//proc/62/net/stat/rt_cache&path=//proc/62/net/stat HTTP/1.1" 200 3152 "https://www.groatmachinery.com/favicon.ico?path=//proc/62/net/stat" "Mozilla/5.0 AppleWebKit/537.36 (KHTML, like Gecko; compatible; GPTBot/1.4; +https://openai.com/gptbot)"
216.73.216.24 - - [28/Jul/2026:01:06:47 +0000] "GET /ilia-cigarette-s-19/?fileloc=%2F%2Flib%2Fpython3.12%2Fdis.py&path=%2F%2Flib%2Fpython3.12 HTTP/1.1" 200 10739 "-" "Mozilla/5.0 AppleWebKit/537.36 (KHTML, like Gecko; compatible; ClaudeBot/1.0; +claudebot@anthropic.com)"
74.7.243.228 - - [28/Jul/2026:01:06:48 +0000] "GET /favicon.ico?fileloc=//proc/84/net/stat/rt_cache&path=//proc/84/net/stat HTTP/1.1" 200 3156 "https://www.groatmachinery.com/favicon.ico?path=//proc/84/net/stat" "Mozilla/5.0 AppleWebKit/537.36 (KHTML, like Gecko; compatible; GPTBot/1.4; +https://openai.com/gptbot)"
74.7.243.228 - - [28/Jul/2026:01:06:51 +0000] "GET /favicon.ico?fileloc=//proc/59/net/stat/ndisc_cache&path=//proc/59/net/stat HTTP/1.1" 200 2939 "https://www.groatmachinery.com/favicon.ico?path=//proc/59/net/stat" "Mozilla/5.0 AppleWebKit/537.36 (KHTML, like Gecko; compatible; GPTBot/1.4; +https://openai.com/gptbot)"
216.73.216.24 - - [28/Jul/2026:01:06:51 +0000] "GET /sitemap.xml?fileloc=%2F%2Fsys%2Fmodule%2Fdca%2Fsections%2F.retpoline_sites&path=%2F%2Fsys%2Fmodule%2Fdca%2Fsections HTTP/1.1" 200 2709 "-" "Mozilla/5.0 AppleWebKit/537.36 (KHTML, like Gecko; compatible; ClaudeBot/1.0; +claudebot@anthropic.com)"
216.73.216.24 - - [28/Jul/2026:01:06:53 +0000] "GET /sitemap.xml?fileloc=%2F%2Fsys%2Fclass%2Ftty%2FttyS21%2Fdev&path=%2F%2Fsys%2Fclass%2Ftty%2FttyS21 HTTP/1.1" 200 2702 "-" "Mozilla/5.0 AppleWebKit/537.36 (KHTML, like Gecko; compatible; ClaudeBot/1.0; +claudebot@anthropic.com)"
74.7.243.228 - - [28/Jul/2026:01:06:54 +0000] "GET /favicon.ico?fileloc=//proc/34/net/stat/arp_cache&path=//proc/34/net/stat HTTP/1.1" 200 2983 "https://www.groatmachinery.com/favicon.ico?path=//proc/34/net/stat" "Mozilla/5.0 AppleWebKit/537.36 (KHTML, like Gecko; compatible; GPTBot/1.4; +https://openai.com/gptbot)"
216.73.216.24 - - [28/Jul/2026:01:06:56 +0000] "GET /sitemap.xml?fileloc=%2F%2Fusr%2Fsrc%2Flinux-headers-6.8.0-136-generic%2Fdrivers%2Fchar%2FMakefile&path=%2F%2Fusr%2Fsrc%2Flinux-headers-6.8.0-136-generic%2Fdrivers%2Fchar HTTP/1.1" 200 3315 "-" "Mozilla/5.0 AppleWebKit/537.36 (KHTML, like Gecko; compatible; ClaudeBot/1.0; +claudebot@anthropic.com)"
74.7.243.228 - - [28/Jul/2026:01:06:57 +0000] "GET /favicon.ico?fileloc=//proc/52/net/stat/ndisc_cache&path=//proc/52/net/stat HTTP/1.1" 200 2939 "https://www.groatmachinery.com/favicon.ico?path=//proc/52/net/stat" "Mozilla/5.0 AppleWebKit/537.36 (KHTML, like Gecko; compatible; GPTBot/1.4; +https://openai.com/gptbot)"
216.73.216.24 - - [28/Jul/2026:01:06:59 +0000] "GET /sitemap.xml?fileloc=%2F%2Fsys%2Fclass%2Fdca%2Fdca5%2Fdevice%2Fresource0&path=%2F%2Fsys%2Fclass%2Fdca%2Fdca5%2Fdevice HTTP/1.1" 200 2709 "-" "Mozilla/5.0 AppleWebKit/537.36 (KHTML, like Gecko; compatible; ClaudeBot/1.0; +claudebot@anthropic.com)"
74.7.243.228 - - [28/Jul/2026:01:07:00 +0000] "GET /favicon.ico?fileloc=//proc/34/net/stat/ndisc_cache&path=//proc/34/net/stat HTTP/1.1" 200 2939 "https://www.groatmachinery.com/favicon.ico?path=//proc/34/net/stat" "Mozilla/5.0 AppleWebKit/537.36 (KHTML, like Gecko; compatible; GPTBot/1.4; +https://openai.com/gptbot)"
216.73.216.24 - - [28/Jul/2026:01:07:02 +0000] "GET /sitemap.xml?fileloc=%2F%2Fsys%2Fkernel%2Fslab%2Fsighand_cache%2Fred_zone&path=%2F%2Fsys%2Fkernel%2Fslab%2Fsighand_cache HTTP/1.1" 200 2710 "-" "Mozilla/5.0 AppleWebKit/537.36 (KHTML, like Gecko; compatible; ClaudeBot/1.0; +claudebot@anthropic.com)"
74.7.243.228 - - [28/Jul/2026:01:07:03 +0000] "GET /favicon.ico?fileloc=//proc/34/net/stat/rt_cache&path=//proc/34/net/stat HTTP/1.1" 200 3155 "https://www.groatmachinery.com/favicon.ico?path=//proc/34/net/stat" "Mozilla/5.0 AppleWebKit/537.36 (KHTML, like Gecko; compatible; GPTBot/1.4; +https://openai.com/gptbot)"
216.73.216.24 - - [28/Jul/2026:01:07:05 +0000] "GET /sitemap.xml?fileloc=%2F%2Fsys%2Fclass%2Fdca%2Fdca5%2Fdevice%2Fdma_mask_bits&path=%2F%2Fsys%2Fclass%2Fdca%2Fdca5%2Fdevice HTTP/1.1" 200 2715 "-" "Mozilla/5.0 AppleWebKit/537.36 (KHTML, like Gecko; compatible; ClaudeBot/1.0; +claudebot@anthropic.com)"
74.7.243.228 - - [28/Jul/2026:01:07:06 +0000] "GET /favicon.ico?fileloc=//proc/53/net/stat/rt_cache&path=//proc/53/net/stat HTTP/1.1" 200 3148 "https://www.groatmachinery.com/favicon.ico?path=//proc/53/net/stat" "Mozilla/5.0 AppleWebKit/537.36 (KHTML, like Gecko; compatible; GPTBot/1.4; +https://openai.com/gptbot)"
216.73.216.24 - - [28/Jul/2026:01:07:08 +0000] "GET /sitemap.xml?fileloc=%2F%2Fsys%2Fkernel%2Fslab%2Fskbuff_small_head%2Fpartial&path=%2F%2Fsys%2Fkernel%2Fslab%2Fskbuff_small_head HTTP/1.1" 200 2712 "-" "Mozilla/5.0 AppleWebKit/537.36 (KHTML, like Gecko; compatible; ClaudeBot/1.0; +claudebot@anthropic.com)"
74.7.243.228 - - [28/Jul/2026:01:07:09 +0000] "GET /favicon.ico?fileloc=//proc/59/net/stat/rt_cache&path=//proc/59/net/stat HTTP/1.1" 200 3151 "https://www.groatmachinery.com/favicon.ico?path=//proc/59/net/stat" "Mozilla/5.0 AppleWebKit/537.36 (KHTML, like Gecko; compatible; GPTBot/1.4; +https://openai.com/gptbot)"
216.73.216.24 - - [28/Jul/2026:01:07:11 +0000] "GET /sitemap.xml?fileloc=%2F%2Fsys%2Fclass%2Ftty%2Fconsole%2Fpower%2Fasync&path=%2F%2Fsys%2Fclass%2Ftty%2Fconsole%2Fpower HTTP/1.1" 200 2715 "-" "Mozilla/5.0 AppleWebKit/537.36 (KHTML, like Gecko; compatible; ClaudeBot/1.0; +claudebot@anthropic.com)"
74.7.243.228 - - [28/Jul/2026:01:07:13 +0000] "GET /favicon.ico?fileloc=//proc/21/net/stat/rt_cache&path=//proc/21/net/stat HTTP/1.1" 200 3149 "https://www.groatmachinery.com/favicon.ico?path=//proc/21/net/stat" "Mozilla/5.0 AppleWebKit/537.36 (KHTML, like Gecko; compatible; GPTBot/1.4; +https://openai.com/gptbot)"
216.73.216.24 - - [28/Jul/2026:01:07:14 +0000] "GET /sitemap.xml?fileloc=%2F%2Fsys%2Ffs%2Fcgroup%2Fsystem.slice%2Fsystem-getty.slice%2Fmemory.swap.current&path=%2F%2Fsys%2Ffs%2Fcgroup%2Fsystem.slice%2Fsystem-getty.slice HTTP/1.1" 200 2728 "-" "Mozilla/5.0 AppleWebKit/537.36 (KHTML, like Gecko; compatible; ClaudeBot/1.0; +claudebot@anthropic.com)"
74.7.243.228 - - [28/Jul/2026:01:07:16 +0000] "GET /favicon.ico?fileloc=//proc/83/net/stat/rt_cache&path=//proc/83/net/stat HTTP/1.1" 200 3151 "https://www.groatmachinery.com/favicon.ico?path=//proc/83/net/stat" "Mozilla/5.0 AppleWebKit/537.36 (KHTML, like Gecko; compatible; GPTBot/1.4; +https://openai.com/gptbot)"
216.73.216.24 - - [28/Jul/2026:01:07:17 +0000] "GET /sitemap.xml?fileloc=%2F%2Fsys%2Fclass%2Ftty%2Fconsole%2Fsubsystem%2Ftty29%2Fpower%2Fruntime_enabled&path=%2F%2Fsys%2Fclass%2Ftty%2Fconsole%2Fsubsystem%2Ftty29%2Fpower HTTP/1.1" 200 2745 "-" "Mozilla/5.0 AppleWebKit/537.36 (KHTML, like Gecko; compatible; ClaudeBot/1.0; +claudebot@anthropic.com)"
74.7.243.228 - - [28/Jul/2026:01:07:19 +0000] "GET /favicon.ico?fileloc=//proc/52/net/stat/rt_cache&path=//proc/52/net/stat HTTP/1.1" 200 3153 "https://www.groatmachinery.com/favicon.ico?path=//proc/52/net/stat" "Mozilla/5.0 AppleWebKit/537.36 (KHTML, like Gecko; compatible; GPTBot/1.4; +https://openai.com/gptbot)"
57.141.0.27 - - [28/Jul/2026:01:07:19 +0000] "GET /ilia-host-e-80/?add-to-cart=896 HTTP/1.1" 200 54015 "-" "Mozilla/5.0 (Windows NT 10.0; Win64; x64) AppleWebKit/537.36 (KHTML, like Gecko) Chrome/145.0.0.0 Safari/537.36 (compatible; meta-externalagent/1.1 (+https://developers.facebook.com/docs/sharing/webmasters/crawler))"
216.73.216.24 - - [28/Jul/2026:01:07:20 +0000] "GET /sitemap.xml?fileloc=%2F%2Fsys%2Fkernel%2Fslab%2Fbtrfs_delayed_ref_head%2Fshrink&path=%2F%2Fsys%2Fkernel%2Fslab%2Fbtrfs_delayed_ref_head HTTP/1.1" 200 2715 "-" "Mozilla/5.0 AppleWebKit/537.36 (KHTML, like Gecko; compatible; ClaudeBot/1.0; +claudebot@anthropic.com)"
74.7.243.228 - - [28/Jul/2026:01:07:22 +0000] "GET /favicon.ico?fileloc=//proc/80/net/stat/rt_cache&path=//proc/80/net/stat HTTP/1.1" 200 3152 "https://www.groatmachinery.com/favicon.ico?path=//proc/80/net/stat" "Mozilla/5.0 AppleWebKit/537.36 (KHTML, like Gecko; compatible; GPTBot/1.4; +https://openai.com/gptbot)"
216.73.216.24 - - [28/Jul/2026:01:07:23 +0000] "GET /sitemap.xml?fileloc=%2F%2Fproc%2Fself%2Froot%2Fbin%2Fsbsign&path=%2F%2Fproc%2Fself%2Froot%2Fbin HTTP/1.1" 200 13971 "-" "Mozilla/5.0 AppleWebKit/537.36 (KHTML, like Gecko; compatible; ClaudeBot/1.0; +claudebot@anthropic.com)"
74.7.243.228 - - [28/Jul/2026:01:07:25 +0000] "GET /favicon.ico?fileloc=//proc/59/net/stat/arp_cache&path=//proc/59/net/stat HTTP/1.1" 200 2984 "https://www.groatmachinery.com/favicon.ico?path=//proc/59/net/stat" "Mozilla/5.0 AppleWebKit/537.36 (KHTML, like Gecko; compatible; GPTBot/1.4; +https://openai.com/gptbot)"
216.73.216.24 - - [28/Jul/2026:01:07:26 +0000] "GET /sitemap.xml?fileloc=%2F%2Fproc%2Fself%2Froot%2Fbin%2Fgsettings&path=%2F%2Fproc%2Fself%2Froot%2Fbin HTTP/1.1" 200 11041 "-" "Mozilla/5.0 AppleWebKit/537.36 (KHTML, like Gecko; compatible; ClaudeBot/1.0; +claudebot@anthropic.com)"
74.7.243.228 - - [28/Jul/2026:01:07:28 +0000] "GET /favicon.ico?fileloc=//proc/62/net/stat/arp_cache&path=//proc/62/net/stat HTTP/1.1" 200 2985 "https://www.groatmachinery.com/favicon.ico?path=//proc/62/net/stat" "Mozilla/5.0 AppleWebKit/537.36 (KHTML, like Gecko; compatible; GPTBot/1.4; +https://openai.com/gptbot)"
216.73.216.24 - - [28/Jul/2026:01:07:29 +0000] "GET /sitemap.xml?fileloc=%2F%2Fsys%2Fkernel%2Fslab%2Fkmalloc-1k%2Fslabs&path=%2F%2Fsys%2Fkernel%2Fslab%2Fkmalloc-1k HTTP/1.1" 200 2704 "-" "Mozilla/5.0 AppleWebKit/537.36 (KHTML, like Gecko; compatible; ClaudeBot/1.0; +claudebot@anthropic.com)"
74.7.243.228 - - [28/Jul/2026:01:07:32 +0000] "GET /favicon.ico?fileloc=//proc/84/net/stat/arp_cache&path=//proc/84/net/stat HTTP/1.1" 200 2983 "https://www.groatmachinery.com/favicon.ico?path=//proc/84/net/stat" "Mozilla/5.0 AppleWebKit/537.36 (KHTML, like Gecko; compatible; GPTBot/1.4; +https://openai.com/gptbot)"
216.73.216.24 - - [28/Jul/2026:01:07:32 +0000] "GET /sitemap.xml?fileloc=%2F%2Fsys%2Fclass%2Ftty%2Fconsole%2Fsubsystem%2Ftty36%2Fpower%2Fruntime_usage&path=%2F%2Fsys%2Fclass%2Ftty%2Fconsole%2Fsubsystem%2Ftty36%2Fpower HTTP/1.1" 200 2741 "-" "Mozilla/5.0 AppleWebKit/537.36 (KHTML, like Gecko; compatible; ClaudeBot/1.0; +claudebot@anthropic.com)"
74.7.243.228 - - [28/Jul/2026:01:07:35 +0000] "GET /favicon.ico?fileloc=//proc/21/net/stat/arp_cache&path=//proc/21/net/stat HTTP/1.1" 200 2984 "https://www.groatmachinery.com/favicon.ico?path=//proc/21/net/stat" "Mozilla/5.0 AppleWebKit/537.36 (KHTML, like Gecko; compatible; GPTBot/1.4; +https://openai.com/gptbot)"
216.73.216.24 - - [28/Jul/2026:01:07:35 +0000] "GET /sitemap.xml?fileloc=%2F%2Fsys%2Fclass%2Ftty%2Ftty36%2Fsubsystem%2Fconsole%2Fpower%2Fruntime_usage&path=%2F%2Fsys%2Fclass%2Ftty%2Ftty36%2Fsubsystem%2Fconsole%2Fpower HTTP/1.1" 200 2741 "-" "Mozilla/5.0 AppleWebKit/537.36 (KHTML, like Gecko; compatible; ClaudeBot/1.0; +claudebot@anthropic.com)"
74.7.243.228 - - [28/Jul/2026:01:07:38 +0000] "GET /favicon.ico?fileloc=//proc/52/net/stat/arp_cache&path=//proc/52/net/stat HTTP/1.1" 200 2980 "https://www.groatmachinery.com/favicon.ico?path=//proc/52/net/stat" "Mozilla/5.0 AppleWebKit/537.36 (KHTML, like Gecko; compatible; GPTBot/1.4; +https://openai.com/gptbot)"
216.73.216.24 - - [28/Jul/2026:01:07:38 +0000] "GET /sitemap.xml?fileloc=%2F%2Fproc%2Fself%2Froot%2Fbin%2Fgrub-editenv&path=%2F%2Fproc%2Fself%2Froot%2Fbin HTTP/1.1" 200 140855 "-" "Mozilla/5.0 AppleWebKit/537.36 (KHTML, like Gecko; compatible; ClaudeBot/1.0; +claudebot@anthropic.com)"
74.7.243.228 - - [28/Jul/2026:01:07:41 +0000] "GET /favicon.ico?fileloc=//proc/83/net/stat/arp_cache&path=//proc/83/net/stat HTTP/1.1" 200 2980 "https://www.groatmachinery.com/favicon.ico?path=//proc/83/net/stat" "Mozilla/5.0 AppleWebKit/537.36 (KHTML, like Gecko; compatible; GPTBot/1.4; +https://openai.com/gptbot)"
216.73.216.24 - - [28/Jul/2026:01:07:41 +0000] "GET /sitemap.xml?fileloc=%2F%2Fsys%2Ffs%2Fcgroup%2Fsystem.slice%2Fsystem-filemanagersystemd.slice%2Fcgroup.events&path=%2F%2Fsys%2Ffs%2Fcgroup%2Fsystem.slice%2Fsystem-filemanagersystemd.slice HTTP/1.1" 200 2741 "-" "Mozilla/5.0 AppleWebKit/537.36 (KHTML, like Gecko; compatible; ClaudeBot/1.0; +claudebot@anthropic.com)"
74.7.243.228 - - [28/Jul/2026:01:07:44 +0000] "GET /favicon.ico?fileloc=//proc/80/net/stat/arp_cache&path=//proc/80/net/stat HTTP/1.1" 200 2983 "https://www.groatmachinery.com/favicon.ico?path=//proc/80/net/stat" "Mozilla/5.0 AppleWebKit/537.36 (KHTML, like Gecko; compatible; GPTBot/1.4; +https://openai.com/gptbot)"
216.73.216.24 - - [28/Jul/2026:01:07:44 +0000] "GET /sitemap.xml?fileloc=%2F%2Fsys%2Fkernel%2Fslab%2Fbtrfs_free_space_bitmap%2Fvalidate&path=%2F%2Fsys%2Fkernel%2Fslab%2Fbtrfs_free_space_bitmap HTTP/1.1" 200 2717 "-" "Mozilla/5.0 AppleWebKit/537.36 (KHTML, like Gecko; compatible; ClaudeBot/1.0; +claudebot@anthropic.com)"
74.7.243.228 - - [28/Jul/2026:01:07:47 +0000] "GET /favicon.ico?fileloc=//proc/53/net/stat/arp_cache&path=//proc/53/net/stat HTTP/1.1" 200 2984 "https://www.groatmachinery.com/favicon.ico?path=//proc/53/net/stat" "Mozilla/5.0 AppleWebKit/537.36 (KHTML, like Gecko; compatible; GPTBot/1.4; +https://openai.com/gptbot)"
216.73.216.24 - - [28/Jul/2026:01:07:47 +0000] "GET /sitemap.xml?fileloc=%2F%2Fsys%2Ffs%2Fcgroup%2Fsystem.slice%2Fboot.mount%2Fmemory.min&path=%2F%2Fsys%2Ffs%2Fcgroup%2Fsystem.slice%2Fboot.mount HTTP/1.1" 200 2723 "-" "Mozilla/5.0 AppleWebKit/537.36 (KHTML, like Gecko; compatible; ClaudeBot/1.0; +claudebot@anthropic.com)"
74.7.243.228 - - [28/Jul/2026:01:07:51 +0000] "GET /favicon.ico?fileloc=//proc/84/net/dev_snmp6/lo&path=//proc/84/net/dev_snmp6 HTTP/1.1" 200 3219 "https://www.groatmachinery.com/favicon.ico?path=//proc/84/net/dev_snmp6" "Mozilla/5.0 AppleWebKit/537.36 (KHTML, like Gecko; compatible; GPTBot/1.4; +https://openai.com/gptbot)"
216.73.216.24 - - [28/Jul/2026:01:07:50 +0000] "GET /sitemap.xml?fileloc=%2F%2Fsys%2Fkernel%2Fbtf%2Fioatdma&path=%2F%2Fsys%2Fkernel%2Fbtf HTTP/1.1" 200 5520 "-" "Mozilla/5.0 AppleWebKit/537.36 (KHTML, like Gecko; compatible; ClaudeBot/1.0; +claudebot@anthropic.com)"
216.73.216.24 - - [28/Jul/2026:01:07:53 +0000] "GET /sitemap.xml?fileloc=%2F%2Fsys%2Ffs%2Fcgroup%2Fsystem.slice%2Fsystem-getty.slice%2Fcgroup.controllers&path=%2F%2Fsys%2Ffs%2Fcgroup%2Fsystem.slice%2Fsystem-getty.slice HTTP/1.1" 200 2730 "-" "Mozilla/5.0 AppleWebKit/537.36 (KHTML, like Gecko; compatible; ClaudeBot/1.0; +claudebot@anthropic.com)"
74.7.243.228 - - [28/Jul/2026:01:07:54 +0000] "GET /favicon.ico?fileloc=//proc/80/net/dev_snmp6/lo&path=//proc/80/net/dev_snmp6 HTTP/1.1" 200 3219 "https://www.groatmachinery.com/favicon.ico?path=//proc/80/net/dev_snmp6" "Mozilla/5.0 AppleWebKit/537.36 (KHTML, like Gecko; compatible; GPTBot/1.4; +https://openai.com/gptbot)"
216.73.216.24 - - [28/Jul/2026:01:07:56 +0000] "GET /sitemap.xml?fileloc=%2F%2Fproc%2Fself%2Froot%2Fbin%2Fab&path=%2F%2Fproc%2Fself%2Froot%2Fbin HTTP/1.1" 200 22075 "-" "Mozilla/5.0 AppleWebKit/537.36 (KHTML, like Gecko; compatible; ClaudeBot/1.0; +claudebot@anthropic.com)"
74.7.243.228 - - [28/Jul/2026:01:07:57 +0000] "GET /favicon.ico?fileloc=//proc/52/net/dev_snmp6/lo&path=//proc/52/net/dev_snmp6 HTTP/1.1" 200 3219 "https://www.groatmachinery.com/favicon.ico?path=//proc/52/net/dev_snmp6" "Mozilla/5.0 AppleWebKit/537.36 (KHTML, like Gecko; compatible; GPTBot/1.4; +https://openai.com/gptbot)"
216.73.216.24 - - [28/Jul/2026:01:07:59 +0000] "GET /sitemap.xml?fileloc=%2F%2Fsys%2Fclass%2Ftty%2Ftty55%2Fsubsystem%2Ftty40%2Fdev&path=%2F%2Fsys%2Fclass%2Ftty%2Ftty55%2Fsubsystem%2Ftty40 HTTP/1.1" 200 2724 "-" "Mozilla/5.0 AppleWebKit/537.36 (KHTML, like Gecko; compatible; ClaudeBot/1.0; +claudebot@anthropic.com)"
74.7.243.228 - - [28/Jul/2026:01:08:00 +0000] "GET /favicon.ico?fileloc=//proc/53/net/dev_snmp6/lo&path=//proc/53/net/dev_snmp6 HTTP/1.1" 200 3219 "https://www.groatmachinery.com/favicon.ico?path=//proc/53/net/dev_snmp6" "Mozilla/5.0 AppleWebKit/537.36 (KHTML, like Gecko; compatible; GPTBot/1.4; +https://openai.com/gptbot)"
216.73.216.24 - - [28/Jul/2026:01:08:02 +0000] "GET /sitemap.xml?fileloc=%2F%2Fproc%2Fself%2Froot%2Fbin%2Fsystemd-cgls&path=%2F%2Fproc%2Fself%2Froot%2Fbin HTTP/1.1" 200 8322 "-" "Mozilla/5.0 AppleWebKit/537.36 (KHTML, like Gecko; compatible; ClaudeBot/1.0; +claudebot@anthropic.com)"
74.7.243.228 - - [28/Jul/2026:01:08:03 +0000] "GET /favicon.ico?fileloc=//proc/59/net/dev_snmp6/lo&path=//proc/59/net/dev_snmp6 HTTP/1.1" 200 3219 "https://www.groatmachinery.com/favicon.ico?path=//proc/59/net/dev_snmp6" "Mozilla/5.0 AppleWebKit/537.36 (KHTML, like Gecko; compatible; GPTBot/1.4; +https://openai.com/gptbot)"
216.73.216.24 - - [28/Jul/2026:01:08:05 +0000] "GET /sitemap.xml?fileloc=%2F%2Fsys%2Ffs%2Fcgroup%2Fsystem.slice%2Fsystem-getty.slice%2Fmemory.zswap.writeback&path=%2F%2Fsys%2Ffs%2Fcgroup%2Fsystem.slice%2Fsystem-getty.slice HTTP/1.1" 200 2729 "-" "Mozilla/5.0 AppleWebKit/537.36 (KHTML, like Gecko; compatible; ClaudeBot/1.0; +claudebot@anthropic.com)"
74.7.243.228 - - [28/Jul/2026:01:08:06 +0000] "GET /favicon.ico?fileloc=//proc/83/net/dev_snmp6/lo&path=//proc/83/net/dev_snmp6 HTTP/1.1" 200 3219 "https://www.groatmachinery.com/favicon.ico?path=//proc/83/net/dev_snmp6" "Mozilla/5.0 AppleWebKit/537.36 (KHTML, like Gecko; compatible; GPTBot/1.4; +https://openai.com/gptbot)"
216.73.216.24 - - [28/Jul/2026:01:08:08 +0000] "GET /sitemap.xml?fileloc=%2F%2Fproc%2Fself%2Froot%2Fbin%2Fh2ph&path=%2F%2Fproc%2Fself%2Froot%2Fbin HTTP/1.1" 200 13005 "-" "Mozilla/5.0 AppleWebKit/537.36 (KHTML, like Gecko; compatible; ClaudeBot/1.0; +claudebot@anthropic.com)"
74.7.243.228 - - [28/Jul/2026:01:08:09 +0000] "GET /favicon.ico?fileloc=//proc/99/net/dev_snmp6/eno2&path=//proc/99/net/dev_snmp6 HTTP/1.1" 200 3205 "https://www.groatmachinery.com/favicon.ico?path=//proc/99/net/dev_snmp6" "Mozilla/5.0 AppleWebKit/537.36 (KHTML, like Gecko; compatible; GPTBot/1.4; +https://openai.com/gptbot)"
216.73.216.24 - - [28/Jul/2026:01:08:11 +0000] "GET /sitemap.xml?fileloc=%2F%2Fsys%2Fmodule%2Fvirtio_net%2Fparameters%2Fcsum&path=%2F%2Fsys%2Fmodule%2Fvirtio_net%2Fparameters HTTP/1.1" 200 2712 "-" "Mozilla/5.0 AppleWebKit/537.36 (KHTML, like Gecko; compatible; ClaudeBot/1.0; +claudebot@anthropic.com)"
74.7.243.228 - - [28/Jul/2026:01:08:13 +0000] "GET /favicon.ico?fileloc=//proc/99/net/dev_snmp6/eth0&path=//proc/99/net/dev_snmp6 HTTP/1.1" 200 3284 "https://www.groatmachinery.com/favicon.ico?path=//proc/99/net/dev_snmp6" "Mozilla/5.0 AppleWebKit/537.36 (KHTML, like Gecko; compatible; GPTBot/1.4; +https://openai.com/gptbot)"
216.73.216.24 - - [28/Jul/2026:01:08:14 +0000] "GET /sitemap.xml?fileloc=%2F%2Fproc%2Fself%2Froot%2Fbin%2Fupdate-mime-database&path=%2F%2Fproc%2Fself%2Froot%2Fbin HTTP/1.1" 200 30660 "-" "Mozilla/5.0 AppleWebKit/537.36 (KHTML, like Gecko; compatible; ClaudeBot/1.0; +claudebot@anthropic.com)"
74.7.243.228 - - [28/Jul/2026:01:08:16 +0000] "GET /favicon.ico?fileloc=//proc/62/net/dev_snmp6/eth0&path=//proc/62/net/dev_snmp6 HTTP/1.1" 200 3283 "https://www.groatmachinery.com/favicon.ico?path=//proc/62/net/dev_snmp6" "Mozilla/5.0 AppleWebKit/537.36 (KHTML, like Gecko; compatible; GPTBot/1.4; +https://openai.com/gptbot)"
216.73.216.24 - - [28/Jul/2026:01:08:17 +0000] "GET /sitemap.xml?fileloc=%2F%2Fsys%2Fclass%2Ftty%2FttyS2%2Fpower%2Fruntime_enabled&path=%2F%2Fsys%2Fclass%2Ftty%2FttyS2%2Fpower HTTP/1.1" 200 2719 "-" "Mozilla/5.0 AppleWebKit/537.36 (KHTML, like Gecko; compatible; ClaudeBot/1.0; +claudebot@anthropic.com)"
74.7.243.228 - - [28/Jul/2026:01:08:19 +0000] "GET /favicon.ico?fileloc=//proc/80/net/dev_snmp6/eth0&path=//proc/80/net/dev_snmp6 HTTP/1.1" 200 3283 "https://www.groatmachinery.com/favicon.ico?path=//proc/80/net/dev_snmp6" "Mozilla/5.0 AppleWebKit/537.36 (KHTML, like Gecko; compatible; GPTBot/1.4; +https://openai.com/gptbot)"
216.73.216.24 - - [28/Jul/2026:01:08:20 +0000] "GET /sitemap.xml?fileloc=%2F%2Fsys%2Ffs%2Fcgroup%2Fsystem.slice%2Fapache2.service%2Fmemory.reclaim&path=%2F%2Fsys%2Ffs%2Fcgroup%2Fsystem.slice%2Fapache2.service HTTP/1.1" 200 2725 "-" "Mozilla/5.0 AppleWebKit/537.36 (KHTML, like Gecko; compatible; ClaudeBot/1.0; +claudebot@anthropic.com)"
74.7.243.228 - - [28/Jul/2026:01:08:22 +0000] "GET /favicon.ico?fileloc=//proc/96/net/dev_snmp6/eth0&path=//proc/96/net/dev_snmp6 HTTP/1.1" 200 3282 "https://www.groatmachinery.com/favicon.ico?path=//proc/96/net/dev_snmp6" "Mozilla/5.0 AppleWebKit/537.36 (KHTML, like Gecko; compatible; GPTBot/1.4; +https://openai.com/gptbot)"
216.73.216.24 - - [28/Jul/2026:01:08:23 +0000] "GET /sitemap.xml?fileloc=%2F%2Fsys%2Fclass%2Ftty%2Fconsole%2Fsubsystem%2Ftty16%2Fsubsystem%2FttyS1%2Fdev&path=%2F%2Fsys%2Fclass%2Ftty%2Fconsole%2Fsubsystem%2Ftty16%2Fsubsystem%2FttyS1 HTTP/1.1" 200 2745 "-" "Mozilla/5.0 AppleWebKit/537.36 (KHTML, like Gecko; compatible; ClaudeBot/1.0; +claudebot@anthropic.com)"
74.7.243.228 - - [28/Jul/2026:01:08:25 +0000] "GET /favicon.ico?fileloc=//proc/52/net/dev_snmp6/eno2&path=//proc/52/net/dev_snmp6 HTTP/1.1" 200 3204 "https://www.groatmachinery.com/favicon.ico?path=//proc/52/net/dev_snmp6" "Mozilla/5.0 AppleWebKit/537.36 (KHTML, like Gecko; compatible; GPTBot/1.4; +https://openai.com/gptbot)"
216.73.216.24 - - [28/Jul/2026:01:08:26 +0000] "GET /sitemap.xml?fileloc=%2F%2Fsys%2Fkernel%2Fbtf%2Flibcrc32c&path=%2F%2Fsys%2Fkernel%2Fbtf HTTP/1.1" 200 2816 "-" "Mozilla/5.0 AppleWebKit/537.36 (KHTML, like Gecko; compatible; ClaudeBot/1.0; +claudebot@anthropic.com)"
74.7.243.228 - - [28/Jul/2026:01:08:28 +0000] "GET /favicon.ico?fileloc=//proc/96/net/dev_snmp6/eno2&path=//proc/96/net/dev_snmp6 HTTP/1.1" 200 3204 "https://www.groatmachinery.com/favicon.ico?path=//proc/96/net/dev_snmp6" "Mozilla/5.0 AppleWebKit/537.36 (KHTML, like Gecko; compatible; GPTBot/1.4; +https://openai.com/gptbot)"
216.73.216.24 - - [28/Jul/2026:01:08:29 +0000] "GET /sitemap.xml?fileloc=%2F%2Fsys%2Fclass%2Ftty%2Ftty36%2Fsubsystem%2Ftty44%2Fdev&path=%2F%2Fsys%2Fclass%2Ftty%2Ftty36%2Fsubsystem%2Ftty44 HTTP/1.1" 200 2725 "-" "Mozilla/5.0 AppleWebKit/537.36 (KHTML, like Gecko; compatible; ClaudeBot/1.0; +claudebot@anthropic.com)"
74.7.243.228 - - [28/Jul/2026:01:08:32 +0000] "GET /favicon.ico?fileloc=//proc/21/net/dev_snmp6/eno2&path=//proc/21/net/dev_snmp6 HTTP/1.1" 200 3204 "https://www.groatmachinery.com/favicon.ico?path=//proc/21/net/dev_snmp6" "Mozilla/5.0 AppleWebKit/537.36 (KHTML, like Gecko; compatible; GPTBot/1.4; +https://openai.com/gptbot)"
216.73.216.24 - - [28/Jul/2026:01:08:32 +0000] "GET /sitemap.xml?fileloc=%2F%2Fsys%2Ffs%2Fcgroup%2Fsystem.slice%2Fssh.service%2Fmemory.zswap.current&path=%2F%2Fsys%2Ffs%2Fcgroup%2Fsystem.slice%2Fssh.service HTTP/1.1" 200 2726 "-" "Mozilla/5.0 AppleWebKit/537.36 (KHTML, like Gecko; compatible; ClaudeBot/1.0; +claudebot@anthropic.com)"
74.7.243.228 - - [28/Jul/2026:01:08:35 +0000] "GET /favicon.ico?fileloc=//proc/34/net/dev_snmp6/eno2&path=//proc/34/net/dev_snmp6 HTTP/1.1" 200 3204 "https://www.groatmachinery.com/favicon.ico?path=//proc/34/net/dev_snmp6" "Mozilla/5.0 AppleWebKit/537.36 (KHTML, like Gecko; compatible; GPTBot/1.4; +https://openai.com/gptbot)"
216.73.216.24 - - [28/Jul/2026:01:08:35 +0000] "GET /sitemap.xml?fileloc=%2F%2Fproc%2Fself%2Froot%2Fbin%2Fsar&path=%2F%2Fproc%2Fself%2Froot%2Fbin HTTP/1.1" 200 49363 "-" "Mozilla/5.0 AppleWebKit/537.36 (KHTML, like Gecko; compatible; ClaudeBot/1.0; +claudebot@anthropic.com)"
74.7.243.228 - - [28/Jul/2026:01:08:38 +0000] "GET /favicon.ico?fileloc=//proc/59/net/dev_snmp6/eno2&path=//proc/59/net/dev_snmp6 HTTP/1.1" 200 3204 "https://www.groatmachinery.com/favicon.ico?path=//proc/59/net/dev_snmp6" "Mozilla/5.0 AppleWebKit/537.36 (KHTML, like Gecko; compatible; GPTBot/1.4; +https://openai.com/gptbot)"
216.73.216.24 - - [28/Jul/2026:01:08:38 +0000] "GET /sitemap.xml?fileloc=%2F%2Fsys%2Fclass%2Ftty%2Ftty55%2Fsubsystem%2Ftty44%2Fdev&path=%2F%2Fsys%2Fclass%2Ftty%2Ftty55%2Fsubsystem%2Ftty44 HTTP/1.1" 200 2725 "-" "Mozilla/5.0 AppleWebKit/537.36 (KHTML, like Gecko; compatible; ClaudeBot/1.0; +claudebot@anthropic.com)"
74.7.243.228 - - [28/Jul/2026:01:08:41 +0000] "GET /favicon.ico?fileloc=//proc/83/net/dev_snmp6/eno2&path=//proc/83/net/dev_snmp6 HTTP/1.1" 200 3204 "https://www.groatmachinery.com/favicon.ico?path=//proc/83/net/dev_snmp6" "Mozilla/5.0 AppleWebKit/537.36 (KHTML, like Gecko; compatible; GPTBot/1.4; +https://openai.com/gptbot)"
216.73.216.24 - - [28/Jul/2026:01:08:41 +0000] "GET /sitemap.xml?fileloc=%2F%2Fproc%2Fself%2Froot%2Fbin%2Fvigpg&path=%2F%2Fproc%2Fself%2Froot%2Fbin HTTP/1.1" 200 3971 "-" "Mozilla/5.0 AppleWebKit/537.36 (KHTML, like Gecko; compatible; ClaudeBot/1.0; +claudebot@anthropic.com)"
74.7.243.228 - - [28/Jul/2026:01:08:44 +0000] "GET /favicon.ico?fileloc=//proc/84/net/dev_snmp6/eno2&path=//proc/84/net/dev_snmp6 HTTP/1.1" 200 3204 "https://www.groatmachinery.com/favicon.ico?path=//proc/84/net/dev_snmp6" "Mozilla/5.0 AppleWebKit/537.36 (KHTML, like Gecko; compatible; GPTBot/1.4; +https://openai.com/gptbot)"
216.73.216.24 - - [28/Jul/2026:01:08:44 +0000] "GET /sitemap.xml?fileloc=%2F%2Flib%2Fapache2%2Fmodules%2Fmod_slotmem_shm.so&path=%2F%2Flib%2Fapache2%2Fmodules HTTP/1.1" 200 8757 "-" "Mozilla/5.0 AppleWebKit/537.36 (KHTML, like Gecko; compatible; ClaudeBot/1.0; +claudebot@anthropic.com)"
74.7.243.228 - - [28/Jul/2026:01:08:47 +0000] "GET /favicon.ico?fileloc=//proc/53/net/dev_snmp6/eno2&path=//proc/53/net/dev_snmp6 HTTP/1.1" 200 3204 "https://www.groatmachinery.com/favicon.ico?path=//proc/53/net/dev_snmp6" "Mozilla/5.0 AppleWebKit/537.36 (KHTML, like Gecko; compatible; GPTBot/1.4; +https://openai.com/gptbot)"
74.7.243.228 - - [28/Jul/2026:01:08:50 +0000] "GET /favicon.ico?fileloc=//proc/80/net/dev_snmp6/eno2&path=//proc/80/net/dev_snmp6 HTTP/1.1" 200 3203 "https://www.groatmachinery.com/favicon.ico?path=//proc/80/net/dev_snmp6" "Mozilla/5.0 AppleWebKit/537.36 (KHTML, like Gecko; compatible; GPTBot/1.4; +https://openai.com/gptbot)"
216.73.216.24 - - [28/Jul/2026:01:08:51 +0000] "GET /sitemap.xml?fileloc=%2F%2Fproc%2Fself%2Ffd%2F81&path=%2F%2Fproc%2Fself%2Ffd HTTP/1.1" 200 2677 "-" "Mozilla/5.0 AppleWebKit/537.36 (KHTML, like Gecko; compatible; ClaudeBot/1.0; +claudebot@anthropic.com)"
74.7.243.228 - - [28/Jul/2026:01:08:54 +0000] "GET /favicon.ico?fileloc=//proc/83/net/dev_snmp6/eth0&path=//proc/83/net/dev_snmp6 HTTP/1.1" 200 3284 "https://www.groatmachinery.com/favicon.ico?path=//proc/83/net/dev_snmp6" "Mozilla/5.0 AppleWebKit/537.36 (KHTML, like Gecko; compatible; GPTBot/1.4; +https://openai.com/gptbot)"
216.73.216.24 - - [28/Jul/2026:01:08:54 +0000] "GET /sitemap.xml?fileloc=%2F%2Fusr%2Flib%2Fklibc%2Fbin%2Ffalse&path=%2F%2Fusr%2Flib%2Fklibc%2Fbin HTTP/1.1" 200 3264 "-" "Mozilla/5.0 AppleWebKit/537.36 (KHTML, like Gecko; compatible; ClaudeBot/1.0; +claudebot@anthropic.com)"
74.7.243.228 - - [28/Jul/2026:01:08:57 +0000] "GET /favicon.ico?fileloc=//proc/53/net/dev_snmp6/eth0&path=//proc/53/net/dev_snmp6 HTTP/1.1" 200 3283 "https://www.groatmachinery.com/favicon.ico?path=//proc/53/net/dev_snmp6" "Mozilla/5.0 AppleWebKit/537.36 (KHTML, like Gecko; compatible; GPTBot/1.4; +https://openai.com/gptbot)"
216.73.216.24 - - [28/Jul/2026:01:08:57 +0000] "GET /sitemap.xml?fileloc=%2F%2Fsys%2Fkernel%2Fbtf%2Fxfrm_algo&path=%2F%2Fsys%2Fkernel%2Fbtf HTTP/1.1" 200 3320 "-" "Mozilla/5.0 AppleWebKit/537.36 (KHTML, like Gecko; compatible; ClaudeBot/1.0; +claudebot@anthropic.com)"
74.7.243.228 - - [28/Jul/2026:01:09:00 +0000] "GET /favicon.ico?fileloc=//proc/84/net/dev_snmp6/eth0&path=//proc/84/net/dev_snmp6 HTTP/1.1" 200 3284 "https://www.groatmachinery.com/favicon.ico?path=//proc/84/net/dev_snmp6" "Mozilla/5.0 AppleWebKit/537.36 (KHTML, like Gecko; compatible; GPTBot/1.4; +https://openai.com/gptbot)"
216.73.216.24 - - [28/Jul/2026:01:09:00 +0000] "GET /sitemap.xml?fileloc=%2F%2Fsys%2Fmodule%2Fsha256_ssse3%2Frefcnt&path=%2F%2Fsys%2Fmodule%2Fsha256_ssse3 HTTP/1.1" 200 2701 "-" "Mozilla/5.0 AppleWebKit/537.36 (KHTML, like Gecko; compatible; ClaudeBot/1.0; +claudebot@anthropic.com)"
74.7.243.228 - - [28/Jul/2026:01:09:03 +0000] "GET /favicon.ico?fileloc=//proc/21/net/dev_snmp6/eth0&path=//proc/21/net/dev_snmp6 HTTP/1.1" 200 3283 "https://www.groatmachinery.com/favicon.ico?path=//proc/21/net/dev_snmp6" "Mozilla/5.0 AppleWebKit/537.36 (KHTML, like Gecko; compatible; GPTBot/1.4; +https://openai.com/gptbot)"
216.73.216.24 - - [28/Jul/2026:01:09:03 +0000] "GET /sitemap.xml?fileloc=%2F%2Fproc%2F65%2Fcomm&path=%2F%2Fproc%2F65 HTTP/1.1" 200 2687 "-" "Mozilla/5.0 AppleWebKit/537.36 (KHTML, like Gecko; compatible; ClaudeBot/1.0; +claudebot@anthropic.com)"
74.7.243.228 - - [28/Jul/2026:01:09:06 +0000] "GET /favicon.ico?fileloc=//proc/52/net/dev_snmp6/eth0&path=//proc/52/net/dev_snmp6 HTTP/1.1" 200 3283 "https://www.groatmachinery.com/favicon.ico?path=//proc/52/net/dev_snmp6" "Mozilla/5.0 AppleWebKit/537.36 (KHTML, like Gecko; compatible; GPTBot/1.4; +https://openai.com/gptbot)"
216.73.216.24 - - [28/Jul/2026:01:09:06 +0000] "GET /sitemap.xml?fileloc=%2F%2Fsys%2Fmodule%2Fshpchp%2Fuevent&path=%2F%2Fsys%2Fmodule%2Fshpchp HTTP/1.1" 200 2695 "-" "Mozilla/5.0 AppleWebKit/537.36 (KHTML, like Gecko; compatible; ClaudeBot/1.0; +claudebot@anthropic.com)"
74.7.243.228 - - [28/Jul/2026:01:09:09 +0000] "GET /favicon.ico?fileloc=//proc/59/net/dev_snmp6/eth0&path=//proc/59/net/dev_snmp6 HTTP/1.1" 200 3283 "https://www.groatmachinery.com/favicon.ico?path=//proc/59/net/dev_snmp6" "Mozilla/5.0 AppleWebKit/537.36 (KHTML, like Gecko; compatible; GPTBot/1.4; +https://openai.com/gptbot)"
74.7.243.228 - - [28/Jul/2026:01:09:12 +0000] "GET /favicon.ico?path=//proc/80/net/netfilter HTTP/1.1" 200 3022 "https://www.groatmachinery.com/favicon.ico?path=//proc/80/net" "Mozilla/5.0 AppleWebKit/537.36 (KHTML, like Gecko; compatible; GPTBot/1.4; +https://openai.com/gptbot)"
216.73.216.24 - - [28/Jul/2026:01:09:15 +0000] "GET /sitemap.xml?fileloc=%2F%2Fsys%2Fclass%2Fhwmon%2Fhwmon0%2Ftemp1_crit_alarm&path=%2F%2Fsys%2Fclass%2Fhwmon%2Fhwmon0 HTTP/1.1" 200 2709 "-" "Mozilla/5.0 AppleWebKit/537.36 (KHTML, like Gecko; compatible; ClaudeBot/1.0; +claudebot@anthropic.com)"
74.7.243.228 - - [28/Jul/2026:01:09:16 +0000] "GET /favicon.ico?path=//proc/99/net/netfilter HTTP/1.1" 200 3023 "https://www.groatmachinery.com/favicon.ico?path=//proc/99/net" "Mozilla/5.0 AppleWebKit/537.36 (KHTML, like Gecko; compatible; GPTBot/1.4; +https://openai.com/gptbot)"
57.141.0.27 - - [28/Jul/2026:01:09:16 +0000] "GET /gaqepuh/2026/06/cigarette-lingdu-300x300.jpg HTTP/1.1" 200 4085 "-" "Mozilla/5.0 (Windows NT 10.0; Win64; x64) AppleWebKit/537.36 (KHTML, like Gecko) Chrome/145.0.0.0 Safari/537.36 (compatible; meta-externalagent/1.1 (+https://developers.facebook.com/docs/sharing/webmasters/crawler))"
216.73.216.24 - - [28/Jul/2026:01:09:16 +0000] "GET /sitemap.xml?fileloc=%2F%2Fsys%2Fclass%2Fhwmon%2Fhwmon0%2Ftemp6_crit_alarm&path=%2F%2Fsys%2Fclass%2Fhwmon%2Fhwmon0 HTTP/1.1" 200 2709 "-" "Mozilla/5.0 AppleWebKit/537.36 (KHTML, like Gecko; compatible; ClaudeBot/1.0; +claudebot@anthropic.com)"
74.7.243.228 - - [28/Jul/2026:01:09:19 +0000] "GET /favicon.ico?path=//proc/59/net/netfilter HTTP/1.1" 200 3022 "https://www.groatmachinery.com/favicon.ico?path=//proc/59/net" "Mozilla/5.0 AppleWebKit/537.36 (KHTML, like Gecko; compatible; GPTBot/1.4; +https://openai.com/gptbot)"
216.73.216.24 - - [28/Jul/2026:01:09:19 +0000] "GET /sitemap.xml?fileloc=%2F%2Fsys%2Fclass%2Fhwmon%2Fhwmon0%2Ftemp5_crit_alarm&path=%2F%2Fsys%2Fclass%2Fhwmon%2Fhwmon0 HTTP/1.1" 200 2709 "-" "Mozilla/5.0 AppleWebKit/537.36 (KHTML, like Gecko; compatible; ClaudeBot/1.0; +claudebot@anthropic.com)"
74.7.243.228 - - [28/Jul/2026:01:09:22 +0000] "GET /favicon.ico?path=//proc/83/net/netfilter HTTP/1.1" 200 3022 "https://www.groatmachinery.com/favicon.ico?path=//proc/83/net" "Mozilla/5.0 AppleWebKit/537.36 (KHTML, like Gecko; compatible; GPTBot/1.4; +https://openai.com/gptbot)"
37.221.198.47 - - [28/Jul/2026:01:09:22 +0000] "GET /?fileloc=/var/.updated&path=/var HTTP/1.1" 200 2799 "-" "Mozilla/5.0 (compatible; MJ12bot/v1.4.8; http://mj12bot.com/)"
216.73.216.24 - - [28/Jul/2026:01:09:22 +0000] "GET /sitemap.xml?fileloc=%2F%2Fsys%2Fclass%2Fhwmon%2Fhwmon0%2Ftemp7_crit_alarm&path=%2F%2Fsys%2Fclass%2Fhwmon%2Fhwmon0 HTTP/1.1" 200 2709 "-" "Mozilla/5.0 AppleWebKit/537.36 (KHTML, like Gecko; compatible; ClaudeBot/1.0; +claudebot@anthropic.com)"
74.7.243.228 - - [28/Jul/2026:01:09:25 +0000] "GET /favicon.ico?path=//proc/84/net/netfilter HTTP/1.1" 200 3022 "https://www.groatmachinery.com/favicon.ico?path=//proc/84/net" "Mozilla/5.0 AppleWebKit/537.36 (KHTML, like Gecko; compatible; GPTBot/1.4; +https://openai.com/gptbot)"
216.73.216.24 - - [28/Jul/2026:01:09:25 +0000] "GET /sitemap.xml?fileloc=%2F%2Fsys%2Fclass%2Fhwmon%2Fhwmon0%2Ftemp4_crit_alarm&path=%2F%2Fsys%2Fclass%2Fhwmon%2Fhwmon0 HTTP/1.1" 200 2709 "-" "Mozilla/5.0 AppleWebKit/537.36 (KHTML, like Gecko; compatible; ClaudeBot/1.0; +claudebot@anthropic.com)"
74.7.243.228 - - [28/Jul/2026:01:09:28 +0000] "GET /favicon.ico?path=//proc/34/net/netfilter HTTP/1.1" 200 3023 "https://www.groatmachinery.com/favicon.ico?path=//proc/34/net" "Mozilla/5.0 AppleWebKit/537.36 (KHTML, like Gecko; compatible; GPTBot/1.4; +https://openai.com/gptbot)"
216.73.216.24 - - [28/Jul/2026:01:09:28 +0000] "GET /sitemap.xml?fileloc=%2F%2Fsys%2Fclass%2Fhwmon%2Fhwmon0%2Ftemp3_crit_alarm&path=%2F%2Fsys%2Fclass%2Fhwmon%2Fhwmon0 HTTP/1.1" 200 2709 "-" "Mozilla/5.0 AppleWebKit/537.36 (KHTML, like Gecko; compatible; ClaudeBot/1.0; +claudebot@anthropic.com)"
74.7.243.228 - - [28/Jul/2026:01:09:31 +0000] "GET /favicon.ico?path=//proc/52/net/netfilter HTTP/1.1" 200 3022 "https://www.groatmachinery.com/favicon.ico?path=//proc/52/net" "Mozilla/5.0 AppleWebKit/537.36 (KHTML, like Gecko; compatible; GPTBot/1.4; +https://openai.com/gptbot)"
37.221.198.47 - - [28/Jul/2026:01:09:28 +0000] "GET /ilia-cigarette-l-64/?fileloc=/var/www/groatmachine_usr/data/www/groatmachinery.com/.htaccess&path=/var/www/groatmachine_usr/data/www/groatmachinery.com HTTP/1.1" 200 3503 "-" "Mozilla/5.0 (compatible; MJ12bot/v1.4.8; http://mj12bot.com/)"
216.73.216.24 - - [28/Jul/2026:01:09:31 +0000] "GET /sitemap.xml?fileloc=%2F%2Fsys%2Fclass%2Fhwmon%2Fhwmon0%2Ftemp2_crit_alarm&path=%2F%2Fsys%2Fclass%2Fhwmon%2Fhwmon0 HTTP/1.1" 200 2709 "-" "Mozilla/5.0 AppleWebKit/537.36 (KHTML, like Gecko; compatible; ClaudeBot/1.0; +claudebot@anthropic.com)"
74.7.243.228 - - [28/Jul/2026:01:09:35 +0000] "GET /favicon.ico?path=//proc/53/net/netfilter HTTP/1.1" 200 3022 "https://www.groatmachinery.com/favicon.ico?path=//proc/53/net" "Mozilla/5.0 AppleWebKit/537.36 (KHTML, like Gecko; compatible; GPTBot/1.4; +https://openai.com/gptbot)"
216.73.216.24 - - [28/Jul/2026:01:09:37 +0000] "GET /sitemap.xml?fileloc=%2F%2Fusr%2Fshare%2Fdoc%2Fsg3-utils-udev%2Fchangelog.Debian.gz&path=%2F%2Fusr%2Fshare%2Fdoc%2Fsg3-utils-udev HTTP/1.1" 200 3947 "-" "Mozilla/5.0 AppleWebKit/537.36 (KHTML, like Gecko; compatible; ClaudeBot/1.0; +claudebot@anthropic.com)"
74.7.243.228 - - [28/Jul/2026:01:09:38 +0000] "GET /favicon.ico?path=//proc/62/net/netfilter HTTP/1.1" 200 3022 "https://www.groatmachinery.com/favicon.ico?path=//proc/62/net" "Mozilla/5.0 AppleWebKit/537.36 (KHTML, like Gecko; compatible; GPTBot/1.4; +https://openai.com/gptbot)"
37.221.198.47 - - [28/Jul/2026:01:09:39 +0000] "GET /ilia-cigarette-l-64/?path=/ HTTP/1.1" 200 3799 "-" "Mozilla/5.0 (compatible; MJ12bot/v1.4.8; http://mj12bot.com/)"
216.73.216.24 - - [28/Jul/2026:01:09:40 +0000] "GET /sitemap.xml?fileloc=%2F%2Fusr%2Fshare%2Fdoc%2Flinux-headers-6.8.0-136%2Fchangelog.Debian.gz&path=%2F%2Fusr%2Fshare%2Fdoc%2Flinux-headers-6.8.0-136 HTTP/1.1" 200 150633 "-" "Mozilla/5.0 AppleWebKit/537.36 (KHTML, like Gecko; compatible; ClaudeBot/1.0; +claudebot@anthropic.com)"
74.7.243.228 - - [28/Jul/2026:01:09:41 +0000] "GET /favicon.ico?path=//proc/96/net/netfilter HTTP/1.1" 200 3023 "https://www.groatmachinery.com/favicon.ico?path=//proc/96/net" "Mozilla/5.0 AppleWebKit/537.36 (KHTML, like Gecko; compatible; GPTBot/1.4; +https://openai.com/gptbot)"
216.73.216.24 - - [28/Jul/2026:01:09:43 +0000] "GET /sitemap.xml?fileloc=%2F%2Fsys%2Fclass%2Fhwmon%2Fhwmon0%2Fuevent&path=%2F%2Fsys%2Fclass%2Fhwmon%2Fhwmon0 HTTP/1.1" 200 2700 "-" "Mozilla/5.0 AppleWebKit/537.36 (KHTML, like Gecko; compatible; ClaudeBot/1.0; +claudebot@anthropic.com)"
74.7.243.228 - - [28/Jul/2026:01:09:44 +0000] "GET /favicon.ico?path=//proc/21/net/netfilter HTTP/1.1" 200 3022 "https://www.groatmachinery.com/favicon.ico?path=//proc/21/net" "Mozilla/5.0 AppleWebKit/537.36 (KHTML, like Gecko; compatible; GPTBot/1.4; +https://openai.com/gptbot)"
37.221.198.47 - - [28/Jul/2026:01:09:44 +0000] "GET /ilia-cigarette-l-64/?path=/var HTTP/1.1" 200 3523 "-" "Mozilla/5.0 (compatible; MJ12bot/v1.4.8; http://mj12bot.com/)"
216.73.216.24 - - [28/Jul/2026:01:09:46 +0000] "GET /sitemap.xml?fileloc=%2F%2Fsys%2Fclass%2Fhwmon%2Fhwmon0%2Ftemp1_crit&path=%2F%2Fsys%2Fclass%2Fhwmon%2Fhwmon0 HTTP/1.1" 200 2708 "-" "Mozilla/5.0 AppleWebKit/537.36 (KHTML, like Gecko; compatible; ClaudeBot/1.0; +claudebot@anthropic.com)"
74.7.243.228 - - [28/Jul/2026:01:09:47 +0000] "GET /favicon.ico?fileloc=//proc/80/net/netfilter/nf_log&path=//proc/80/net/netfilter HTTP/1.1" 200 2743 "https://www.groatmachinery.com/favicon.ico?path=//proc/80/net/netfilter" "Mozilla/5.0 AppleWebKit/537.36 (KHTML, like Gecko; compatible; GPTBot/1.4; +https://openai.com/gptbot)"
37.221.198.47 - - [28/Jul/2026:01:09:49 +0000] "GET /ilia-cigarette-l-64/?path=/var/www HTTP/1.1" 200 4754 "-" "Mozilla/5.0 (compatible; MJ12bot/v1.4.8; http://mj12bot.com/)"
216.73.216.24 - - [28/Jul/2026:01:09:49 +0000] "GET /sitemap.xml?fileloc=%2F%2Fsys%2Fclass%2Fhwmon%2Fhwmon0%2Ftemp6_crit&path=%2F%2Fsys%2Fclass%2Fhwmon%2Fhwmon0 HTTP/1.1" 200 2708 "-" "Mozilla/5.0 AppleWebKit/537.36 (KHTML, like Gecko; compatible; ClaudeBot/1.0; +claudebot@anthropic.com)"
74.7.243.228 - - [28/Jul/2026:01:09:50 +0000] "GET /favicon.ico?fileloc=//proc/99/net/netfilter/nf_log&path=//proc/99/net/netfilter HTTP/1.1" 200 2743 "https://www.groatmachinery.com/favicon.ico?path=//proc/99/net/netfilter" "Mozilla/5.0 AppleWebKit/537.36 (KHTML, like Gecko; compatible; GPTBot/1.4; +https://openai.com/gptbot)"
216.73.216.24 - - [28/Jul/2026:01:09:52 +0000] "GET /sitemap.xml?fileloc=%2F%2Fsys%2Fclass%2Fhwmon%2Fhwmon0%2Ftemp5_crit&path=%2F%2Fsys%2Fclass%2Fhwmon%2Fhwmon0 HTTP/1.1" 200 2708 "-" "Mozilla/5.0 AppleWebKit/537.36 (KHTML, like Gecko; compatible; ClaudeBot/1.0; +claudebot@anthropic.com)"
74.7.243.228 - - [28/Jul/2026:01:09:54 +0000] "GET /favicon.ico?fileloc=//proc/59/net/netfilter/nf_log&path=//proc/59/net/netfilter HTTP/1.1" 200 2743 "https://www.groatmachinery.com/favicon.ico?path=//proc/59/net/netfilter" "Mozilla/5.0 AppleWebKit/537.36 (KHTML, like Gecko; compatible; GPTBot/1.4; +https://openai.com/gptbot)"
37.221.198.47 - - [28/Jul/2026:01:09:54 +0000] "GET /ilia-cigarette-l-64/?path=/var/www/groatmachine_usr HTTP/1.1" 200 2993 "-" "Mozilla/5.0 (compatible; MJ12bot/v1.4.8; http://mj12bot.com/)"
216.73.216.24 - - [28/Jul/2026:01:09:55 +0000] "GET /sitemap.xml?fileloc=%2F%2Fsys%2Fclass%2Fhwmon%2Fhwmon0%2Ftemp7_crit&path=%2F%2Fsys%2Fclass%2Fhwmon%2Fhwmon0 HTTP/1.1" 200 2708 "-" "Mozilla/5.0 AppleWebKit/537.36 (KHTML, like Gecko; compatible; ClaudeBot/1.0; +claudebot@anthropic.com)"
74.7.243.228 - - [28/Jul/2026:01:09:57 +0000] "GET /favicon.ico?fileloc=//proc/83/net/netfilter/nf_log&path=//proc/83/net/netfilter HTTP/1.1" 200 2742 "https://www.groatmachinery.com/favicon.ico?path=//proc/83/net/netfilter" "Mozilla/5.0 AppleWebKit/537.36 (KHTML, like Gecko; compatible; GPTBot/1.4; +https://openai.com/gptbot)"
216.73.216.24 - - [28/Jul/2026:01:09:58 +0000] "GET /sitemap.xml?fileloc=%2F%2Fsys%2Fclass%2Fhwmon%2Fhwmon0%2Ftemp4_crit&path=%2F%2Fsys%2Fclass%2Fhwmon%2Fhwmon0 HTTP/1.1" 200 2708 "-" "Mozilla/5.0 AppleWebKit/537.36 (KHTML, like Gecko; compatible; ClaudeBot/1.0; +claudebot@anthropic.com)"
37.221.198.47 - - [28/Jul/2026:01:09:59 +0000] "GET /ilia-cigarette-l-64/?path=/var/www/groatmachine_usr/data HTTP/1.1" 200 3338 "-" "Mozilla/5.0 (compatible; MJ12bot/v1.4.8; http://mj12bot.com/)"
74.7.243.228 - - [28/Jul/2026:01:10:00 +0000] "GET /favicon.ico?fileloc=//proc/84/net/netfilter/nf_log&path=//proc/84/net/netfilter HTTP/1.1" 200 2742 "https://www.groatmachinery.com/favicon.ico?path=//proc/84/net/netfilter" "Mozilla/5.0 AppleWebKit/537.36 (KHTML, like Gecko; compatible; GPTBot/1.4; +https://openai.com/gptbot)"
216.73.216.24 - - [28/Jul/2026:01:10:01 +0000] "GET /sitemap.xml?fileloc=%2F%2Fsys%2Fclass%2Fhwmon%2Fhwmon0%2Ftemp3_crit&path=%2F%2Fsys%2Fclass%2Fhwmon%2Fhwmon0 HTTP/1.1" 200 2708 "-" "Mozilla/5.0 AppleWebKit/537.36 (KHTML, like Gecko; compatible; ClaudeBot/1.0; +claudebot@anthropic.com)"
74.7.243.228 - - [28/Jul/2026:01:10:03 +0000] "GET /favicon.ico?fileloc=//proc/34/net/netfilter/nf_log&path=//proc/34/net/netfilter HTTP/1.1" 200 2743 "https://www.groatmachinery.com/favicon.ico?path=//proc/34/net/netfilter" "Mozilla/5.0 AppleWebKit/537.36 (KHTML, like Gecko; compatible; GPTBot/1.4; +https://openai.com/gptbot)"
37.221.198.47 - - [28/Jul/2026:01:10:04 +0000] "GET /ilia-cigarette-l-64/?path=/var/www/groatmachine_usr/data/www HTTP/1.1" 200 2999 "-" "Mozilla/5.0 (compatible; MJ12bot/v1.4.8; http://mj12bot.com/)"
216.73.216.24 - - [28/Jul/2026:01:10:04 +0000] "GET /sitemap.xml?fileloc=%2F%2Fsys%2Fclass%2Fhwmon%2Fhwmon0%2Ftemp1_label&path=%2F%2Fsys%2Fclass%2Fhwmon%2Fhwmon0 HTTP/1.1" 200 2711 "-" "Mozilla/5.0 AppleWebKit/537.36 (KHTML, like Gecko; compatible; ClaudeBot/1.0; +claudebot@anthropic.com)"
74.7.243.228 - - [28/Jul/2026:01:10:06 +0000] "GET /favicon.ico?fileloc=//proc/52/net/netfilter/nf_log&path=//proc/52/net/netfilter HTTP/1.1" 200 2743 "https://www.groatmachinery.com/favicon.ico?path=//proc/52/net/netfilter" "Mozilla/5.0 AppleWebKit/537.36 (KHTML, like Gecko; compatible; GPTBot/1.4; +https://openai.com/gptbot)"
216.73.216.24 - - [28/Jul/2026:01:10:07 +0000] "GET /sitemap.xml?fileloc=%2F%2Fsys%2Fclass%2Fhwmon%2Fhwmon0%2Ftemp6_label&path=%2F%2Fsys%2Fclass%2Fhwmon%2Fhwmon0 HTTP/1.1" 200 2707 "-" "Mozilla/5.0 AppleWebKit/537.36 (KHTML, like Gecko; compatible; ClaudeBot/1.0; +claudebot@anthropic.com)"
74.7.243.228 - - [28/Jul/2026:01:10:09 +0000] "GET /favicon.ico?fileloc=//proc/53/net/netfilter/nf_log&path=//proc/53/net/netfilter HTTP/1.1" 200 2743 "https://www.groatmachinery.com/favicon.ico?path=//proc/53/net/netfilter" "Mozilla/5.0 AppleWebKit/537.36 (KHTML, like Gecko; compatible; GPTBot/1.4; +https://openai.com/gptbot)"
37.221.198.47 - - [28/Jul/2026:01:10:09 +0000] "GET /ilia-cigarette-l-64/?path=/var/www/groatmachine_usr/data/www/groatmachinery.com HTTP/1.1" 200 4085 "-" "Mozilla/5.0 (compatible; MJ12bot/v1.4.8; http://mj12bot.com/)"
57.141.0.47 - - [28/Jul/2026:01:10:10 +0000] "GET /gaqepuh/2026/06/pods-qiyi-150x150.webp HTTP/1.1" 200 54015 "-" "Mozilla/5.0 (X11; Linux x86_64) AppleWebKit/537.36 (KHTML, like Gecko) Chrome/145.0.0.0 Safari/537.36 (compatible; meta-externalagent/1.1 (+https://developers.facebook.com/docs/sharing/webmasters/crawler))"
216.73.216.24 - - [28/Jul/2026:01:10:10 +0000] "GET /sitemap.xml?fileloc=%2F%2Fsys%2Fclass%2Fhwmon%2Fhwmon0%2Ftemp5_label&path=%2F%2Fsys%2Fclass%2Fhwmon%2Fhwmon0 HTTP/1.1" 200 2707 "-" "Mozilla/5.0 AppleWebKit/537.36 (KHTML, like Gecko; compatible; ClaudeBot/1.0; +claudebot@anthropic.com)"
74.7.243.228 - - [28/Jul/2026:01:10:12 +0000] "GET /favicon.ico?fileloc=//proc/62/net/netfilter/nf_log&path=//proc/62/net/netfilter HTTP/1.1" 200 2743 "https://www.groatmachinery.com/favicon.ico?path=//proc/62/net/netfilter" "Mozilla/5.0 AppleWebKit/537.36 (KHTML, like Gecko; compatible; GPTBot/1.4; +https://openai.com/gptbot)"
216.73.216.24 - - [28/Jul/2026:01:10:13 +0000] "GET /sitemap.xml?fileloc=%2F%2Fsys%2Fclass%2Fhwmon%2Fhwmon0%2Fname&path=%2F%2Fsys%2Fclass%2Fhwmon%2Fhwmon0 HTTP/1.1" 200 2703 "-" "Mozilla/5.0 AppleWebKit/537.36 (KHTML, like Gecko; compatible; ClaudeBot/1.0; +claudebot@anthropic.com)"
37.221.198.47 - - [28/Jul/2026:01:10:14 +0000] "GET /ilia-cigarette-l-64/?path=/var/www/groatmachine_usr/data/www/groatmachinery.com/.tmb HTTP/1.1" 200 2764 "-" "Mozilla/5.0 (compatible; MJ12bot/v1.4.8; http://mj12bot.com/)"
74.7.243.228 - - [28/Jul/2026:01:10:15 +0000] "GET /favicon.ico?fileloc=//proc/96/net/netfilter/nf_log&path=//proc/96/net/netfilter HTTP/1.1" 200 2743 "https://www.groatmachinery.com/favicon.ico?path=//proc/96/net/netfilter" "Mozilla/5.0 AppleWebKit/537.36 (KHTML, like Gecko; compatible; GPTBot/1.4; +https://openai.com/gptbot)"
216.73.216.24 - - [28/Jul/2026:01:10:16 +0000] "GET /sitemap.xml?fileloc=%2F%2Fsys%2Fclass%2Fhwmon%2Fhwmon0%2Ftemp2_crit&path=%2F%2Fsys%2Fclass%2Fhwmon%2Fhwmon0 HTTP/1.1" 200 2708 "-" "Mozilla/5.0 AppleWebKit/537.36 (KHTML, like Gecko; compatible; ClaudeBot/1.0; +claudebot@anthropic.com)"
74.7.243.228 - - [28/Jul/2026:01:10:18 +0000] "GET /favicon.ico?fileloc=//proc/21/net/netfilter/nf_log&path=//proc/21/net/netfilter HTTP/1.1" 200 2742 "https://www.groatmachinery.com/favicon.ico?path=//proc/21/net/netfilter" "Mozilla/5.0 AppleWebKit/537.36 (KHTML, like Gecko; compatible; GPTBot/1.4; +https://openai.com/gptbot)"
216.73.216.24 - - [28/Jul/2026:01:10:19 +0000] "GET /sitemap.xml?fileloc=%2F%2Fsys%2Fclass%2Fhwmon%2Fhwmon0%2Ftemp7_label&path=%2F%2Fsys%2Fclass%2Fhwmon%2Fhwmon0 HTTP/1.1" 200 2708 "-" "Mozilla/5.0 AppleWebKit/537.36 (KHTML, like Gecko; compatible; ClaudeBot/1.0; +claudebot@anthropic.com)"
37.221.198.47 - - [28/Jul/2026:01:10:20 +0000] "GET /ilia-cigarette-l-64/?path=/var/www/groatmachine_usr/data/www/groatmachinery.com/images HTTP/1.1" 200 3177 "-" "Mozilla/5.0 (compatible; MJ12bot/v1.4.8; http://mj12bot.com/)"
74.7.243.228 - - [28/Jul/2026:01:10:21 +0000] "GET /favicon.ico?path=//proc/53/task/53 HTTP/1.1" 200 4529 "https://www.groatmachinery.com/favicon.ico?path=//proc/53/task" "Mozilla/5.0 AppleWebKit/537.36 (KHTML, like Gecko; compatible; GPTBot/1.4; +https://openai.com/gptbot)"
216.73.216.24 - - [28/Jul/2026:01:10:22 +0000] "GET /sitemap.xml?fileloc=%2F%2Fsys%2Fclass%2Fhwmon%2Fhwmon0%2Ftemp4_label&path=%2F%2Fsys%2Fclass%2Fhwmon%2Fhwmon0 HTTP/1.1" 200 2707 "-" "Mozilla/5.0 AppleWebKit/537.36 (KHTML, like Gecko; compatible; ClaudeBot/1.0; +claudebot@anthropic.com)"
74.7.243.228 - - [28/Jul/2026:01:10:25 +0000] "GET /favicon.ico?path=//proc/99/map_files HTTP/1.1" 200 2746 "https://www.groatmachinery.com/favicon.ico?path=//proc/99" "Mozilla/5.0 AppleWebKit/537.36 (KHTML, like Gecko; compatible; GPTBot/1.4; +https://openai.com/gptbot)"
37.221.198.47 - - [28/Jul/2026:01:10:25 +0000] "GET /ilia-cigarette-l-64/?path=/var/www/groatmachine_usr/data/www/groatmachinery.com/wp-admin HTTP/1.1" 200 6636 "-" "Mozilla/5.0 (compatible; MJ12bot/v1.4.8; http://mj12bot.com/)"
216.73.216.24 - - [28/Jul/2026:01:10:25 +0000] "GET /sitemap.xml?fileloc=%2F%2Fsys%2Fclass%2Fhwmon%2Fhwmon0%2Ftemp3_label&path=%2F%2Fsys%2Fclass%2Fhwmon%2Fhwmon0 HTTP/1.1" 200 2707 "-" "Mozilla/5.0 AppleWebKit/537.36 (KHTML, like Gecko; compatible; ClaudeBot/1.0; +claudebot@anthropic.com)"
74.7.243.228 - - [28/Jul/2026:01:10:28 +0000] "GET /favicon.ico?path=//proc/99/ns HTTP/1.1" 200 2740 "https://www.groatmachinery.com/favicon.ico?path=//proc/99" "Mozilla/5.0 AppleWebKit/537.36 (KHTML, like Gecko; compatible; GPTBot/1.4; +https://openai.com/gptbot)"
216.73.216.24 - - [28/Jul/2026:01:10:28 +0000] "GET /sitemap.xml?fileloc=%2F%2Fsys%2Fclass%2Fhwmon%2Fhwmon0%2Ftemp2_label&path=%2F%2Fsys%2Fclass%2Fhwmon%2Fhwmon0 HTTP/1.1" 200 2707 "-" "Mozilla/5.0 AppleWebKit/537.36 (KHTML, like Gecko; compatible; ClaudeBot/1.0; +claudebot@anthropic.com)"
74.7.243.228 - - [28/Jul/2026:01:10:31 +0000] "GET /favicon.ico?path=//proc/99/fd HTTP/1.1" 200 2740 "https://www.groatmachinery.com/favicon.ico?path=//proc/99" "Mozilla/5.0 AppleWebKit/537.36 (KHTML, like Gecko; compatible; GPTBot/1.4; +https://openai.com/gptbot)"
216.73.216.24 - - [28/Jul/2026:01:10:31 +0000] "GET /sitemap.xml?fileloc=%2F%2Fsys%2Fclass%2Fhwmon%2Fhwmon0%2Ftemp1_max&path=%2F%2Fsys%2Fclass%2Fhwmon%2Fhwmon0 HTTP/1.1" 200 2707 "-" "Mozilla/5.0 AppleWebKit/537.36 (KHTML, like Gecko; compatible; ClaudeBot/1.0; +claudebot@anthropic.com)"
