216.73.216.24 - - [28/Jul/2026:01:40:26 +0000] "GET /sitemap.xml?fileloc=%2F%2Fusr%2Flib%2Fos-probes%2Fmounted%2F30utility&path=%2F%2Fusr%2Flib%2Fos-probes%2Fmounted HTTP/1.1" 200 3171 "-" "Mozilla/5.0 AppleWebKit/537.36 (KHTML, like Gecko; compatible; ClaudeBot/1.0; +claudebot@anthropic.com)"
216.73.216.24 - - [28/Jul/2026:01:40:29 +0000] "GET /sitemap.xml?fileloc=%2F%2Fproc%2F3764440%2Fnet%2Frxrpc%2Fbundles&path=%2F%2Fproc%2F3764440%2Fnet%2Frxrpc HTTP/1.1" 200 2763 "-" "Mozilla/5.0 AppleWebKit/537.36 (KHTML, like Gecko; compatible; ClaudeBot/1.0; +claudebot@anthropic.com)"
74.7.242.4 - - [28/Jul/2026:01:40:30 +0000] "GET /favicon.ico?fileloc=//proc/22/net/sco&path=//proc/22/net HTTP/1.1" 200 2722 "https://www.groatmachinery.com/favicon.ico?path=//proc/22/net" "Mozilla/5.0 AppleWebKit/537.36 (KHTML, like Gecko; compatible; GPTBot/1.4; +https://openai.com/gptbot)"
216.73.216.24 - - [28/Jul/2026:01:40:32 +0000] "GET /sitemap.xml?fileloc=%2F%2Flib%2Fubuntu-release-upgrader%2Fdo-partial-upgrade&path=%2F%2Flib%2Fubuntu-release-upgrader HTTP/1.1" 200 4567 "-" "Mozilla/5.0 AppleWebKit/537.36 (KHTML, like Gecko; compatible; ClaudeBot/1.0; +claudebot@anthropic.com)"
74.7.242.4 - - [28/Jul/2026:01:40:33 +0000] "GET /favicon.ico?fileloc=//proc/15/net/arp&path=//proc/15/net HTTP/1.1" 200 3082 "https://www.groatmachinery.com/favicon.ico?path=//proc/15/net" "Mozilla/5.0 AppleWebKit/537.36 (KHTML, like Gecko; compatible; GPTBot/1.4; +https://openai.com/gptbot)"
216.73.216.24 - - [28/Jul/2026:01:40:35 +0000] "GET /sitemap.xml?fileloc=%2F%2Fsys%2Fclass%2Fthermal%2Fthermal_zone0%2Ftrip_point_0_hyst&path=%2F%2Fsys%2Fclass%2Fthermal%2Fthermal_zone0 HTTP/1.1" 200 2716 "-" "Mozilla/5.0 AppleWebKit/537.36 (KHTML, like Gecko; compatible; ClaudeBot/1.0; +claudebot@anthropic.com)"
74.7.242.4 - - [28/Jul/2026:01:40:36 +0000] "GET /favicon.ico?fileloc=//proc/86/net/tcp&path=//proc/86/net HTTP/1.1" 200 31403 "https://www.groatmachinery.com/favicon.ico?path=//proc/86/net" "Mozilla/5.0 AppleWebKit/537.36 (KHTML, like Gecko; compatible; GPTBot/1.4; +https://openai.com/gptbot)"
216.73.216.24 - - [28/Jul/2026:01:40:38 +0000] "GET /sitemap.xml?fileloc=%2F%2Fvar%2Flib%2Fucf%2Fcache%2F%3Aetc%3Adovecot%3Aconf.d%3A15-mailboxes.conf&path=%2F%2Fvar%2Flib%2Fucf%2Fcache HTTP/1.1" 200 3841 "-" "Mozilla/5.0 AppleWebKit/537.36 (KHTML, like Gecko; compatible; ClaudeBot/1.0; +claudebot@anthropic.com)"
74.7.242.4 - - [28/Jul/2026:01:40:39 +0000] "GET /favicon.ico?fileloc=//proc/86/net/arp&path=//proc/86/net HTTP/1.1" 200 3081 "https://www.groatmachinery.com/favicon.ico?path=//proc/86/net" "Mozilla/5.0 AppleWebKit/537.36 (KHTML, like Gecko; compatible; GPTBot/1.4; +https://openai.com/gptbot)"
216.73.216.24 - - [28/Jul/2026:01:40:41 +0000] "GET /sitemap.xml?fileloc=%2F%2Fusr%2Flib%2Fos-probes%2Fmounted%2F20microsoft&path=%2F%2Fusr%2Flib%2Fos-probes%2Fmounted HTTP/1.1" 200 4405 "-" "Mozilla/5.0 AppleWebKit/537.36 (KHTML, like Gecko; compatible; ClaudeBot/1.0; +claudebot@anthropic.com)"
74.7.242.4 - - [28/Jul/2026:01:40:43 +0000] "GET /favicon.ico?fileloc=//proc/22/net/arp&path=//proc/22/net HTTP/1.1" 200 3082 "https://www.groatmachinery.com/favicon.ico?path=//proc/22/net" "Mozilla/5.0 AppleWebKit/537.36 (KHTML, like Gecko; compatible; GPTBot/1.4; +https://openai.com/gptbot)"
216.73.216.24 - - [28/Jul/2026:01:40:44 +0000] "GET /sitemap.xml?fileloc=%2F%2Fproc%2F3764440%2Fnet%2Frxrpc%2Flocals&path=%2F%2Fproc%2F3764440%2Fnet%2Frxrpc HTTP/1.1" 200 2727 "-" "Mozilla/5.0 AppleWebKit/537.36 (KHTML, like Gecko; compatible; ClaudeBot/1.0; +claudebot@anthropic.com)"
74.7.242.4 - - [28/Jul/2026:01:40:46 +0000] "GET /favicon.ico?fileloc=//proc/86/net/hci&path=//proc/86/net HTTP/1.1" 200 2722 "https://www.groatmachinery.com/favicon.ico?path=//proc/86/net" "Mozilla/5.0 AppleWebKit/537.36 (KHTML, like Gecko; compatible; GPTBot/1.4; +https://openai.com/gptbot)"
216.73.216.24 - - [28/Jul/2026:01:40:47 +0000] "GET /sitemap.xml?fileloc=%2F%2Fvar%2Flib%2Fucf%2Fcache%2F%3Aetc%3Aufw%3Aafter.rules&path=%2F%2Fvar%2Flib%2Fucf%2Fcache HTTP/1.1" 200 3047 "-" "Mozilla/5.0 AppleWebKit/537.36 (KHTML, like Gecko; compatible; ClaudeBot/1.0; +claudebot@anthropic.com)"
74.7.242.4 - - [28/Jul/2026:01:40:49 +0000] "GET /favicon.ico?fileloc=//proc/15/net/hci&path=//proc/15/net HTTP/1.1" 200 2722 "https://www.groatmachinery.com/favicon.ico?path=//proc/15/net" "Mozilla/5.0 AppleWebKit/537.36 (KHTML, like Gecko; compatible; GPTBot/1.4; +https://openai.com/gptbot)"
216.73.216.24 - - [28/Jul/2026:01:40:50 +0000] "GET /sitemap.xml?fileloc=%2F%2Fproc%2F3336170%2Ftask%2F3336170%2Fpersonality&path=%2F%2Fproc%2F3336170%2Ftask%2F3336170 HTTP/1.1" 200 2704 "-" "Mozilla/5.0 AppleWebKit/537.36 (KHTML, like Gecko; compatible; ClaudeBot/1.0; +claudebot@anthropic.com)"
74.7.242.4 - - [28/Jul/2026:01:40:52 +0000] "GET /favicon.ico?fileloc=//proc/64/net/hci&path=//proc/64/net HTTP/1.1" 200 2723 "https://www.groatmachinery.com/favicon.ico?path=//proc/64/net" "Mozilla/5.0 AppleWebKit/537.36 (KHTML, like Gecko; compatible; GPTBot/1.4; +https://openai.com/gptbot)"
216.73.216.24 - - [28/Jul/2026:01:40:53 +0000] "GET /sitemap.xml?fileloc=%2F%2Fsys%2Fkernel%2Fslab%2F%3AA-0000128%2Fobjs_per_slab&path=%2F%2Fsys%2Fkernel%2Fslab%2F%3AA-0000128 HTTP/1.1" 200 2712 "-" "Mozilla/5.0 AppleWebKit/537.36 (KHTML, like Gecko; compatible; ClaudeBot/1.0; +claudebot@anthropic.com)"
74.7.242.4 - - [28/Jul/2026:01:40:55 +0000] "GET /favicon.ico?fileloc=//proc/65/net/tcp&path=//proc/65/net HTTP/1.1" 200 31841 "https://www.groatmachinery.com/favicon.ico?path=//proc/65/net" "Mozilla/5.0 AppleWebKit/537.36 (KHTML, like Gecko; compatible; GPTBot/1.4; +https://openai.com/gptbot)"
216.73.216.24 - - [28/Jul/2026:01:40:56 +0000] "GET /sitemap.xml?fileloc=%2F%2Fsys%2Fkernel%2Fslab%2F%3AA-0000128%2Faliases&path=%2F%2Fsys%2Fkernel%2Fslab%2F%3AA-0000128 HTTP/1.1" 200 2706 "-" "Mozilla/5.0 AppleWebKit/537.36 (KHTML, like Gecko; compatible; ClaudeBot/1.0; +claudebot@anthropic.com)"
74.7.242.4 - - [28/Jul/2026:01:40:59 +0000] "GET /favicon.ico?fileloc=//proc/64/net/arp&path=//proc/64/net HTTP/1.1" 200 3083 "https://www.groatmachinery.com/favicon.ico?path=//proc/64/net" "Mozilla/5.0 AppleWebKit/537.36 (KHTML, like Gecko; compatible; GPTBot/1.4; +https://openai.com/gptbot)"
216.73.216.24 - - [28/Jul/2026:01:40:59 +0000] "GET /sitemap.xml?fileloc=%2F%2Fusr%2Fsrc%2Flinux-headers-6.8.0-136-generic%2Fdrivers%2Fiio%2Fhealth%2FKconfig&path=%2F%2Fusr%2Fsrc%2Flinux-headers-6.8.0-136-generic%2Fdrivers%2Fiio%2Fhealth HTTP/1.1" 200 3186 "-" "Mozilla/5.0 AppleWebKit/537.36 (KHTML, like Gecko; compatible; ClaudeBot/1.0; +claudebot@anthropic.com)"
74.7.242.4 - - [28/Jul/2026:01:41:02 +0000] "GET /favicon.ico?fileloc=//proc/15/net/tcp&path=//proc/15/net HTTP/1.1" 200 31377 "https://www.groatmachinery.com/favicon.ico?path=//proc/15/net" "Mozilla/5.0 AppleWebKit/537.36 (KHTML, like Gecko; compatible; GPTBot/1.4; +https://openai.com/gptbot)"
216.73.216.24 - - [28/Jul/2026:01:41:02 +0000] "GET /sitemap.xml?fileloc=%2F%2Fproc%2F3764440%2Fnet%2Frxrpc%2Fconns&path=%2F%2Fproc%2F3764440%2Fnet%2Frxrpc HTTP/1.1" 200 2776 "-" "Mozilla/5.0 AppleWebKit/537.36 (KHTML, like Gecko; compatible; ClaudeBot/1.0; +claudebot@anthropic.com)"
52.167.144.147 - - [28/Jul/2026:01:41:01 +0000] "GET /sitemap-detail-1181.xml HTTP/1.1" 200 14288 "-" "Mozilla/5.0 AppleWebKit/537.36 (KHTML, like Gecko; compatible; bingbot/2.0; +http://www.bing.com/bingbot.htm) Chrome/116.0.1938.76 Safari/537.36"
74.7.242.4 - - [28/Jul/2026:01:41:05 +0000] "GET /favicon.ico?fileloc=//proc/22/net/raw&path=//proc/22/net HTTP/1.1" 200 2761 "https://www.groatmachinery.com/favicon.ico?path=//proc/22/net" "Mozilla/5.0 AppleWebKit/537.36 (KHTML, like Gecko; compatible; GPTBot/1.4; +https://openai.com/gptbot)"
216.73.216.24 - - [28/Jul/2026:01:41:05 +0000] "GET /sitemap.xml?fileloc=%2F%2Fetc%2Fcron.yearly%2F.placeholder&path=%2F%2Fetc%2Fcron.yearly HTTP/1.1" 200 2758 "-" "Mozilla/5.0 AppleWebKit/537.36 (KHTML, like Gecko; compatible; ClaudeBot/1.0; +claudebot@anthropic.com)"
74.7.242.4 - - [28/Jul/2026:01:41:08 +0000] "GET /favicon.ico?fileloc=//proc/22/net/hci&path=//proc/22/net HTTP/1.1" 200 2722 "https://www.groatmachinery.com/favicon.ico?path=//proc/22/net" "Mozilla/5.0 AppleWebKit/537.36 (KHTML, like Gecko; compatible; GPTBot/1.4; +https://openai.com/gptbot)"
216.73.216.24 - - [28/Jul/2026:01:41:08 +0000] "GET /sitemap.xml?fileloc=%2F%2Fproc%2F3336170%2Ftask%2F3336170%2Fauxv&path=%2F%2Fproc%2F3336170%2Ftask%2F3336170 HTTP/1.1" 200 2699 "-" "Mozilla/5.0 AppleWebKit/537.36 (KHTML, like Gecko; compatible; ClaudeBot/1.0; +claudebot@anthropic.com)"
74.7.242.4 - - [28/Jul/2026:01:41:11 +0000] "GET /favicon.ico?fileloc=//proc/65/net/arp&path=//proc/65/net HTTP/1.1" 200 3082 "https://www.groatmachinery.com/favicon.ico?path=//proc/65/net" "Mozilla/5.0 AppleWebKit/537.36 (KHTML, like Gecko; compatible; GPTBot/1.4; +https://openai.com/gptbot)"
216.73.216.24 - - [28/Jul/2026:01:41:11 +0000] "GET /sitemap.xml?fileloc=%2F%2Fproc%2F1638842%2Ftimens_offsets&path=%2F%2Fproc%2F1638842 HTTP/1.1" 200 2712 "-" "Mozilla/5.0 AppleWebKit/537.36 (KHTML, like Gecko; compatible; ClaudeBot/1.0; +claudebot@anthropic.com)"
74.7.242.4 - - [28/Jul/2026:01:41:14 +0000] "GET /favicon.ico?fileloc=//proc/16/net/hci&path=//proc/16/net HTTP/1.1" 200 2722 "https://www.groatmachinery.com/favicon.ico?path=//proc/16/net" "Mozilla/5.0 AppleWebKit/537.36 (KHTML, like Gecko; compatible; GPTBot/1.4; +https://openai.com/gptbot)"
216.73.216.24 - - [28/Jul/2026:01:41:14 +0000] "GET /sitemap.xml?fileloc=%2F%2Fvar%2Flib%2Fucf%2Fcache%2F%3Aetc%3Aphp%3A8.3%3Amods-available%3Asysvsem.ini&path=%2F%2Fvar%2Flib%2Fucf%2Fcache HTTP/1.1" 200 2771 "-" "Mozilla/5.0 AppleWebKit/537.36 (KHTML, like Gecko; compatible; ClaudeBot/1.0; +claudebot@anthropic.com)"
74.7.242.4 - - [28/Jul/2026:01:41:17 +0000] "GET /favicon.ico?fileloc=//proc/22/net/tcp&path=//proc/22/net HTTP/1.1" 200 32840 "https://www.groatmachinery.com/favicon.ico?path=//proc/22/net" "Mozilla/5.0 AppleWebKit/537.36 (KHTML, like Gecko; compatible; GPTBot/1.4; +https://openai.com/gptbot)"
216.73.216.24 - - [28/Jul/2026:01:41:17 +0000] "GET /sitemap.xml?fileloc=%2F%2Fproc%2F3336170%2Ftask%2F3336170%2Fwchan&path=%2F%2Fproc%2F3336170%2Ftask%2F3336170 HTTP/1.1" 200 2699 "-" "Mozilla/5.0 AppleWebKit/537.36 (KHTML, like Gecko; compatible; ClaudeBot/1.0; +claudebot@anthropic.com)"
74.7.242.4 - - [28/Jul/2026:01:41:21 +0000] "GET /favicon.ico?fileloc=//proc/16/net/tcp&path=//proc/16/net HTTP/1.1" 200 34168 "https://www.groatmachinery.com/favicon.ico?path=//proc/16/net" "Mozilla/5.0 AppleWebKit/537.36 (KHTML, like Gecko; compatible; GPTBot/1.4; +https://openai.com/gptbot)"
216.73.216.24 - - [28/Jul/2026:01:41:20 +0000] "GET /sitemap.xml?fileloc=%2F%2Fproc%2F3336170%2Ftask%2F3336170%2Floginuid&path=%2F%2Fproc%2F3336170%2Ftask%2F3336170 HTTP/1.1" 200 2702 "-" "Mozilla/5.0 AppleWebKit/537.36 (KHTML, like Gecko; compatible; ClaudeBot/1.0; +claudebot@anthropic.com)"
74.7.242.4 - - [28/Jul/2026:01:41:24 +0000] "GET /favicon.ico?fileloc=//proc/65/net/hci&path=//proc/65/net HTTP/1.1" 200 2722 "https://www.groatmachinery.com/favicon.ico?path=//proc/65/net" "Mozilla/5.0 AppleWebKit/537.36 (KHTML, like Gecko; compatible; GPTBot/1.4; +https://openai.com/gptbot)"
216.73.216.24 - - [28/Jul/2026:01:41:23 +0000] "GET /sitemap.xml?fileloc=%2F%2Fvar%2Flib%2Fucf%2Fcache%2F%3Aetc%3Aphp%3A8.3%3Amods-available%3Aiconv.ini&path=%2F%2Fvar%2Flib%2Fucf%2Fcache HTTP/1.1" 200 2769 "-" "Mozilla/5.0 AppleWebKit/537.36 (KHTML, like Gecko; compatible; ClaudeBot/1.0; +claudebot@anthropic.com)"
216.73.216.24 - - [28/Jul/2026:01:41:26 +0000] "GET /sitemap.xml?fileloc=%2F%2Fproc%2F1797606%2Ftask%2F1797606%2Fnet%2Frxrpc%2Fstats&path=%2F%2Fproc%2F1797606%2Ftask%2F1797606%2Fnet%2Frxrpc HTTP/1.1" 200 2916 "-" "Mozilla/5.0 AppleWebKit/537.36 (KHTML, like Gecko; compatible; ClaudeBot/1.0; +claudebot@anthropic.com)"
74.7.242.4 - - [28/Jul/2026:01:41:27 +0000] "GET /favicon.ico?fileloc=//proc/64/net/tcp&path=//proc/64/net HTTP/1.1" 200 33802 "https://www.groatmachinery.com/favicon.ico?path=//proc/64/net" "Mozilla/5.0 AppleWebKit/537.36 (KHTML, like Gecko; compatible; GPTBot/1.4; +https://openai.com/gptbot)"
216.73.216.24 - - [28/Jul/2026:01:41:29 +0000] "GET /sitemap.xml?fileloc=%2F%2Fusr%2Flib%2Fgrub-legacy%2Fupdate-grub&path=%2F%2Fusr%2Flib%2Fgrub-legacy HTTP/1.1" 200 12089 "-" "Mozilla/5.0 AppleWebKit/537.36 (KHTML, like Gecko; compatible; ClaudeBot/1.0; +claudebot@anthropic.com)"
74.7.242.4 - - [28/Jul/2026:01:41:30 +0000] "GET /favicon.ico?fileloc=//proc/16/net/arp&path=//proc/16/net HTTP/1.1" 200 3082 "https://www.groatmachinery.com/favicon.ico?path=//proc/16/net" "Mozilla/5.0 AppleWebKit/537.36 (KHTML, like Gecko; compatible; GPTBot/1.4; +https://openai.com/gptbot)"
216.73.216.24 - - [28/Jul/2026:01:41:32 +0000] "GET /sitemap.xml?fileloc=%2F%2Fvar%2Flib%2Fucf%2Fcache%2F%3Aetc%3Aphp%3A8.3%3Amods-available%3Aposix.ini&path=%2F%2Fvar%2Flib%2Fucf%2Fcache HTTP/1.1" 200 2768 "-" "Mozilla/5.0 AppleWebKit/537.36 (KHTML, like Gecko; compatible; ClaudeBot/1.0; +claudebot@anthropic.com)"
74.7.242.4 - - [28/Jul/2026:01:41:33 +0000] "GET /favicon.ico?fileloc=//proc/65/net/tcp6&path=//proc/65/net HTTP/1.1" 200 3106 "https://www.groatmachinery.com/favicon.ico?path=//proc/65/net" "Mozilla/5.0 AppleWebKit/537.36 (KHTML, like Gecko; compatible; GPTBot/1.4; +https://openai.com/gptbot)"
52.167.144.206 - - [28/Jul/2026:01:41:32 +0000] "GET /sitemap-detail-760.xml HTTP/1.1" 200 14308 "-" "Mozilla/5.0 AppleWebKit/537.36 (KHTML, like Gecko; compatible; bingbot/2.0; +http://www.bing.com/bingbot.htm) Chrome/116.0.1938.76 Safari/537.36"
216.73.216.24 - - [28/Jul/2026:01:41:35 +0000] "GET /sitemap.xml?fileloc=%2F%2Fsys%2Fkernel%2Fslab%2Fioat_sed_ent%2Fsanity_checks&path=%2F%2Fsys%2Fkernel%2Fslab%2Fioat_sed_ent HTTP/1.1" 200 2711 "-" "Mozilla/5.0 AppleWebKit/537.36 (KHTML, like Gecko; compatible; ClaudeBot/1.0; +claudebot@anthropic.com)"
52.167.144.206 - - [28/Jul/2026:01:41:35 +0000] "GET /sitemap-detail-2113.xml HTTP/1.1" 200 14334 "-" "Mozilla/5.0 AppleWebKit/537.36 (KHTML, like Gecko; compatible; bingbot/2.0; +http://www.bing.com/bingbot.htm) Chrome/116.0.1938.76 Safari/537.36"
74.7.242.4 - - [28/Jul/2026:01:41:36 +0000] "GET /favicon.ico?fileloc=//proc/86/net/tcp6&path=//proc/86/net HTTP/1.1" 200 3202 "https://www.groatmachinery.com/favicon.ico?path=//proc/86/net" "Mozilla/5.0 AppleWebKit/537.36 (KHTML, like Gecko; compatible; GPTBot/1.4; +https://openai.com/gptbot)"
52.167.144.216 - - [28/Jul/2026:01:41:37 +0000] "GET /sitemap-detail-1799.xml HTTP/1.1" 200 14319 "-" "Mozilla/5.0 AppleWebKit/537.36 (KHTML, like Gecko; compatible; bingbot/2.0; +http://www.bing.com/bingbot.htm) Chrome/116.0.1938.76 Safari/537.36"
216.73.216.24 - - [28/Jul/2026:01:41:38 +0000] "GET /sitemap.xml?fileloc=%2F%2Fsys%2Fkernel%2Fslab%2Fioat_sed_ent%2Freclaim_account&path=%2F%2Fsys%2Fkernel%2Fslab%2Fioat_sed_ent HTTP/1.1" 200 2715 "-" "Mozilla/5.0 AppleWebKit/537.36 (KHTML, like Gecko; compatible; ClaudeBot/1.0; +claudebot@anthropic.com)"
74.7.242.4 - - [28/Jul/2026:01:41:40 +0000] "GET /favicon.ico?fileloc=//proc/16/net/tcp6&path=//proc/16/net HTTP/1.1" 200 3119 "https://www.groatmachinery.com/favicon.ico?path=//proc/16/net" "Mozilla/5.0 AppleWebKit/537.36 (KHTML, like Gecko; compatible; GPTBot/1.4; +https://openai.com/gptbot)"
216.73.216.24 - - [28/Jul/2026:01:41:41 +0000] "GET /sitemap.xml?fileloc=%2F%2Fproc%2F3764440%2Fnet%2Fip_tables_matches&path=%2F%2Fproc%2F3764440%2Fnet HTTP/1.1" 200 2701 "-" "Mozilla/5.0 AppleWebKit/537.36 (KHTML, like Gecko; compatible; ClaudeBot/1.0; +claudebot@anthropic.com)"
74.7.242.4 - - [28/Jul/2026:01:41:43 +0000] "GET /favicon.ico?fileloc=//proc/22/net/tcp6&path=//proc/22/net HTTP/1.1" 200 3107 "https://www.groatmachinery.com/favicon.ico?path=//proc/22/net" "Mozilla/5.0 AppleWebKit/537.36 (KHTML, like Gecko; compatible; GPTBot/1.4; +https://openai.com/gptbot)"
216.73.216.24 - - [28/Jul/2026:01:41:44 +0000] "GET /sitemap.xml?fileloc=%2F%2Flib%2Fmodules%2F6.8.0-134-generic%2Fbuild%2FKbuild&path=%2F%2Flib%2Fmodules%2F6.8.0-134-generic%2Fbuild HTTP/1.1" 200 3744 "-" "Mozilla/5.0 AppleWebKit/537.36 (KHTML, like Gecko; compatible; ClaudeBot/1.0; +claudebot@anthropic.com)"
74.7.242.4 - - [28/Jul/2026:01:41:46 +0000] "GET /favicon.ico?fileloc=//proc/64/net/tcp6&path=//proc/64/net HTTP/1.1" 200 3156 "https://www.groatmachinery.com/favicon.ico?path=//proc/64/net" "Mozilla/5.0 AppleWebKit/537.36 (KHTML, like Gecko; compatible; GPTBot/1.4; +https://openai.com/gptbot)"
216.73.216.24 - - [28/Jul/2026:01:41:47 +0000] "GET /sitemap.xml?fileloc=%2F%2Fsys%2Fkernel%2Fslab%2F%3A0002888%2Freclaim_account&path=%2F%2Fsys%2Fkernel%2Fslab%2F%3A0002888 HTTP/1.1" 200 2712 "-" "Mozilla/5.0 AppleWebKit/537.36 (KHTML, like Gecko; compatible; ClaudeBot/1.0; +claudebot@anthropic.com)"
74.7.242.4 - - [28/Jul/2026:01:41:49 +0000] "GET /favicon.ico?fileloc=//proc/64/net/udp&path=//proc/64/net HTTP/1.1" 200 10963 "https://www.groatmachinery.com/favicon.ico?path=//proc/64/net" "Mozilla/5.0 AppleWebKit/537.36 (KHTML, like Gecko; compatible; GPTBot/1.4; +https://openai.com/gptbot)"
216.73.216.24 - - [28/Jul/2026:01:41:52 +0000] "GET /sitemap.xml?fileloc=%2F%2Fproc%2F3336170%2Ftask%2F3336170%2Fnuma_maps&path=%2F%2Fproc%2F3336170%2Ftask%2F3336170 HTTP/1.1" 200 2702 "-" "Mozilla/5.0 AppleWebKit/537.36 (KHTML, like Gecko; compatible; ClaudeBot/1.0; +claudebot@anthropic.com)"
74.7.242.4 - - [28/Jul/2026:01:41:52 +0000] "GET /favicon.ico?fileloc=//proc/22/net/udp&path=//proc/22/net HTTP/1.1" 200 10927 "https://www.groatmachinery.com/favicon.ico?path=//proc/22/net" "Mozilla/5.0 AppleWebKit/537.36 (KHTML, like Gecko; compatible; GPTBot/1.4; +https://openai.com/gptbot)"
216.73.216.24 - - [28/Jul/2026:01:41:54 +0000] "GET /sitemap.xml?fileloc=%2F%2Fproc%2F3336170%2Ftask%2F3336170%2Fenviron&path=%2F%2Fproc%2F3336170%2Ftask%2F3336170 HTTP/1.1" 200 2701 "-" "Mozilla/5.0 AppleWebKit/537.36 (KHTML, like Gecko; compatible; ClaudeBot/1.0; +claudebot@anthropic.com)"
74.7.242.4 - - [28/Jul/2026:01:41:55 +0000] "GET /favicon.ico?fileloc=//proc/16/net/sco&path=//proc/16/net HTTP/1.1" 200 2723 "https://www.groatmachinery.com/favicon.ico?path=//proc/16/net" "Mozilla/5.0 AppleWebKit/537.36 (KHTML, like Gecko; compatible; GPTBot/1.4; +https://openai.com/gptbot)"
216.73.216.24 - - [28/Jul/2026:01:41:57 +0000] "GET /sitemap.xml?fileloc=%2F%2Fsys%2Fkernel%2Fslab%2F%3A0000016%2Freclaim_account&path=%2F%2Fsys%2Fkernel%2Fslab%2F%3A0000016 HTTP/1.1" 200 2711 "-" "Mozilla/5.0 AppleWebKit/537.36 (KHTML, like Gecko; compatible; ClaudeBot/1.0; +claudebot@anthropic.com)"
74.7.242.4 - - [28/Jul/2026:01:41:59 +0000] "GET /favicon.ico?fileloc=//proc/64/net/sco&path=//proc/64/net HTTP/1.1" 200 2723 "https://www.groatmachinery.com/favicon.ico?path=//proc/64/net" "Mozilla/5.0 AppleWebKit/537.36 (KHTML, like Gecko; compatible; GPTBot/1.4; +https://openai.com/gptbot)"
216.73.216.24 - - [28/Jul/2026:01:42:00 +0000] "GET /sitemap.xml?fileloc=%2F%2Fsys%2Fkernel%2Fslab%2Fbiovec-64%2Fdestroy_by_rcu&path=%2F%2Fsys%2Fkernel%2Fslab%2Fbiovec-64 HTTP/1.1" 200 2713 "-" "Mozilla/5.0 AppleWebKit/537.36 (KHTML, like Gecko; compatible; ClaudeBot/1.0; +claudebot@anthropic.com)"
74.7.242.4 - - [28/Jul/2026:01:42:02 +0000] "GET /favicon.ico?fileloc=//proc/86/net/sco&path=//proc/86/net HTTP/1.1" 200 2721 "https://www.groatmachinery.com/favicon.ico?path=//proc/86/net" "Mozilla/5.0 AppleWebKit/537.36 (KHTML, like Gecko; compatible; GPTBot/1.4; +https://openai.com/gptbot)"
216.73.216.24 - - [28/Jul/2026:01:42:03 +0000] "GET /sitemap.xml?fileloc=%2F%2Fsys%2Fkernel%2Fslab%2F%3A0000144%2Fsanity_checks&path=%2F%2Fsys%2Fkernel%2Fslab%2F%3A0000144 HTTP/1.1" 200 2709 "-" "Mozilla/5.0 AppleWebKit/537.36 (KHTML, like Gecko; compatible; ClaudeBot/1.0; +claudebot@anthropic.com)"
52.167.144.206 - - [28/Jul/2026:01:42:02 +0000] "GET /sitemap-detail-1809.xml HTTP/1.1" 200 14263 "-" "Mozilla/5.0 AppleWebKit/537.36 (KHTML, like Gecko; compatible; bingbot/2.0; +http://www.bing.com/bingbot.htm) Chrome/116.0.1938.76 Safari/537.36"
74.7.242.4 - - [28/Jul/2026:01:42:05 +0000] "GET /favicon.ico?fileloc=//proc/15/net/udp&path=//proc/15/net HTTP/1.1" 200 11016 "https://www.groatmachinery.com/favicon.ico?path=//proc/15/net" "Mozilla/5.0 AppleWebKit/537.36 (KHTML, like Gecko; compatible; GPTBot/1.4; +https://openai.com/gptbot)"
216.73.216.24 - - [28/Jul/2026:01:42:06 +0000] "GET /sitemap.xml?fileloc=%2F%2Fproc%2F3538091%2Fattr%2Fapparmor%2Fprev&path=%2F%2Fproc%2F3538091%2Fattr%2Fapparmor HTTP/1.1" 200 2705 "-" "Mozilla/5.0 AppleWebKit/537.36 (KHTML, like Gecko; compatible; ClaudeBot/1.0; +claudebot@anthropic.com)"
52.167.144.206 - - [28/Jul/2026:01:42:05 +0000] "GET /sitemap-detail-2831.xml HTTP/1.1" 200 14341 "-" "Mozilla/5.0 AppleWebKit/537.36 (KHTML, like Gecko; compatible; bingbot/2.0; +http://www.bing.com/bingbot.htm) Chrome/116.0.1938.76 Safari/537.36"
74.7.242.4 - - [28/Jul/2026:01:42:08 +0000] "GET /favicon.ico?fileloc=//proc/65/net/udp&path=//proc/65/net HTTP/1.1" 200 10953 "https://www.groatmachinery.com/favicon.ico?path=//proc/65/net" "Mozilla/5.0 AppleWebKit/537.36 (KHTML, like Gecko; compatible; GPTBot/1.4; +https://openai.com/gptbot)"
52.167.144.206 - - [28/Jul/2026:01:42:07 +0000] "GET /sitemap-detail-1807.xml HTTP/1.1" 200 14303 "-" "Mozilla/5.0 AppleWebKit/537.36 (KHTML, like Gecko; compatible; bingbot/2.0; +http://www.bing.com/bingbot.htm) Chrome/116.0.1938.76 Safari/537.36"
216.73.216.24 - - [28/Jul/2026:01:42:09 +0000] "GET /sitemap.xml?fileloc=%2F%2Fproc%2F3336170%2Ftask%2F3336170%2Fksm_stat&path=%2F%2Fproc%2F3336170%2Ftask%2F3336170 HTTP/1.1" 200 2701 "-" "Mozilla/5.0 AppleWebKit/537.36 (KHTML, like Gecko; compatible; ClaudeBot/1.0; +claudebot@anthropic.com)"
74.7.242.4 - - [28/Jul/2026:01:42:11 +0000] "GET /favicon.ico?fileloc=//proc/16/net/udp&path=//proc/16/net HTTP/1.1" 200 10820 "https://www.groatmachinery.com/favicon.ico?path=//proc/16/net" "Mozilla/5.0 AppleWebKit/537.36 (KHTML, like Gecko; compatible; GPTBot/1.4; +https://openai.com/gptbot)"
52.167.144.23 - - [28/Jul/2026:01:42:11 +0000] "GET /sitemap-detail-2310.xml HTTP/1.1" 200 14313 "-" "Mozilla/5.0 AppleWebKit/537.36 (KHTML, like Gecko; compatible; bingbot/2.0; +http://www.bing.com/bingbot.htm) Chrome/116.0.1938.76 Safari/537.36"
216.73.216.24 - - [28/Jul/2026:01:42:12 +0000] "GET /sitemap.xml?fileloc=%2F%2Fproc%2F1639405%2Fnet%2Frxrpc%2Fstats&path=%2F%2Fproc%2F1639405%2Fnet%2Frxrpc HTTP/1.1" 200 2901 "-" "Mozilla/5.0 AppleWebKit/537.36 (KHTML, like Gecko; compatible; ClaudeBot/1.0; +claudebot@anthropic.com)"
74.7.242.4 - - [28/Jul/2026:01:42:14 +0000] "GET /favicon.ico?fileloc=//proc/16/net/raw&path=//proc/16/net HTTP/1.1" 200 2761 "https://www.groatmachinery.com/favicon.ico?path=//proc/16/net" "Mozilla/5.0 AppleWebKit/537.36 (KHTML, like Gecko; compatible; GPTBot/1.4; +https://openai.com/gptbot)"
216.73.216.24 - - [28/Jul/2026:01:42:15 +0000] "GET /sitemap.xml?fileloc=%2F%2Fproc%2F3764440%2Fnet%2Fip6_flowlabel&path=%2F%2Fproc%2F3764440%2Fnet HTTP/1.1" 200 2736 "-" "Mozilla/5.0 AppleWebKit/537.36 (KHTML, like Gecko; compatible; ClaudeBot/1.0; +claudebot@anthropic.com)"
52.167.144.206 - - [28/Jul/2026:01:42:15 +0000] "GET /sitemap-detail-533.xml HTTP/1.1" 200 14322 "-" "Mozilla/5.0 AppleWebKit/537.36 (KHTML, like Gecko; compatible; bingbot/2.0; +http://www.bing.com/bingbot.htm) Chrome/116.0.1938.76 Safari/537.36"
74.7.242.4 - - [28/Jul/2026:01:42:17 +0000] "GET /favicon.ico?fileloc=//proc/64/net/raw&path=//proc/64/net HTTP/1.1" 200 2762 "https://www.groatmachinery.com/favicon.ico?path=//proc/64/net" "Mozilla/5.0 AppleWebKit/537.36 (KHTML, like Gecko; compatible; GPTBot/1.4; +https://openai.com/gptbot)"
216.73.216.24 - - [28/Jul/2026:01:42:18 +0000] "GET /sitemap.xml?fileloc=%2F%2Fproc%2F3336170%2Ftask%2F3336170%2Fcpuset&path=%2F%2Fproc%2F3336170%2Ftask%2F3336170 HTTP/1.1" 200 2699 "-" "Mozilla/5.0 AppleWebKit/537.36 (KHTML, like Gecko; compatible; ClaudeBot/1.0; +claudebot@anthropic.com)"
74.7.242.4 - - [28/Jul/2026:01:42:21 +0000] "GET /favicon.ico?fileloc=//proc/65/net/raw&path=//proc/65/net HTTP/1.1" 200 2762 "https://www.groatmachinery.com/favicon.ico?path=//proc/65/net" "Mozilla/5.0 AppleWebKit/537.36 (KHTML, like Gecko; compatible; GPTBot/1.4; +https://openai.com/gptbot)"
216.73.216.24 - - [28/Jul/2026:01:42:21 +0000] "GET /sitemap.xml?fileloc=%2F%2Fsys%2Fkernel%2Fslab%2F%3A0000416%2Freclaim_account&path=%2F%2Fsys%2Fkernel%2Fslab%2F%3A0000416 HTTP/1.1" 200 2712 "-" "Mozilla/5.0 AppleWebKit/537.36 (KHTML, like Gecko; compatible; ClaudeBot/1.0; +claudebot@anthropic.com)"
74.7.242.4 - - [28/Jul/2026:01:42:24 +0000] "GET /favicon.ico?fileloc=//proc/86/net/udp&path=//proc/86/net HTTP/1.1" 200 10882 "https://www.groatmachinery.com/favicon.ico?path=//proc/86/net" "Mozilla/5.0 AppleWebKit/537.36 (KHTML, like Gecko; compatible; GPTBot/1.4; +https://openai.com/gptbot)"
216.73.216.24 - - [28/Jul/2026:01:42:24 +0000] "GET /sitemap.xml?fileloc=%2F%2Fproc%2F1638933%2Fautogroup&path=%2F%2Fproc%2F1638933 HTTP/1.1" 200 2700 "-" "Mozilla/5.0 AppleWebKit/537.36 (KHTML, like Gecko; compatible; ClaudeBot/1.0; +claudebot@anthropic.com)"
38.177.186.189 - - [28/Jul/2026:01:42:24 +0000] "GET / HTTP/1.1" 200 4085 "-" "Mozilla/5.0 (X11; Linux x86_64) AppleWebKit/537.36 (KHTML, like Gecko) Chrome/44.0.2403.157 Safari/537.36"
52.167.144.23 - - [28/Jul/2026:01:42:24 +0000] "GET /sitemap-detail-689.xml HTTP/1.1" 200 14359 "-" "Mozilla/5.0 AppleWebKit/537.36 (KHTML, like Gecko; compatible; bingbot/2.0; +http://www.bing.com/bingbot.htm) Chrome/116.0.1938.76 Safari/537.36"
74.7.242.4 - - [28/Jul/2026:01:42:27 +0000] "GET /favicon.ico?fileloc=//proc/86/net/raw&path=//proc/86/net HTTP/1.1" 200 2761 "https://www.groatmachinery.com/favicon.ico?path=//proc/86/net" "Mozilla/5.0 AppleWebKit/537.36 (KHTML, like Gecko; compatible; GPTBot/1.4; +https://openai.com/gptbot)"
216.73.216.24 - - [28/Jul/2026:01:42:27 +0000] "GET /sitemap.xml?fileloc=%2F%2Fvar%2Flib%2Fucf%2Fcache%2F%3Aetc%3Aphp%3A8.3%3Amods-available%3Areadline.ini&path=%2F%2Fvar%2Flib%2Fucf%2Fcache HTTP/1.1" 200 2768 "-" "Mozilla/5.0 AppleWebKit/537.36 (KHTML, like Gecko; compatible; ClaudeBot/1.0; +claudebot@anthropic.com)"
52.167.144.23 - - [28/Jul/2026:01:42:26 +0000] "GET /sitemap-detail-2221.xml HTTP/1.1" 200 14281 "-" "Mozilla/5.0 AppleWebKit/537.36 (KHTML, like Gecko; compatible; bingbot/2.0; +http://www.bing.com/bingbot.htm) Chrome/116.0.1938.76 Safari/537.36"
74.7.242.4 - - [28/Jul/2026:01:42:30 +0000] "GET /favicon.ico?fileloc=//proc/65/net/sco&path=//proc/65/net HTTP/1.1" 200 2723 "https://www.groatmachinery.com/favicon.ico?path=//proc/65/net" "Mozilla/5.0 AppleWebKit/537.36 (KHTML, like Gecko; compatible; GPTBot/1.4; +https://openai.com/gptbot)"
216.73.216.24 - - [28/Jul/2026:01:42:30 +0000] "GET /sitemap.xml?fileloc=%2F%2Fvar%2Flib%2Fucf%2Fcache%2F%3Aetc%3Aphp%3A8.3%3Amods-available%3Affi.ini&path=%2F%2Fvar%2Flib%2Fucf%2Fcache HTTP/1.1" 200 2766 "-" "Mozilla/5.0 AppleWebKit/537.36 (KHTML, like Gecko; compatible; ClaudeBot/1.0; +claudebot@anthropic.com)"
52.167.144.216 - - [28/Jul/2026:01:42:29 +0000] "GET /sitemap-detail-2012.xml HTTP/1.1" 200 14334 "-" "Mozilla/5.0 AppleWebKit/537.36 (KHTML, like Gecko; compatible; bingbot/2.0; +http://www.bing.com/bingbot.htm) Chrome/116.0.1938.76 Safari/537.36"
74.7.242.4 - - [28/Jul/2026:01:42:33 +0000] "GET /favicon.ico?fileloc=//proc/15/net/sco&path=//proc/15/net HTTP/1.1" 200 2723 "https://www.groatmachinery.com/favicon.ico?path=//proc/15/net" "Mozilla/5.0 AppleWebKit/537.36 (KHTML, like Gecko; compatible; GPTBot/1.4; +https://openai.com/gptbot)"
216.73.216.24 - - [28/Jul/2026:01:42:33 +0000] "GET /sitemap.xml?fileloc=%2F%2Fsys%2Fclass%2Fthermal%2Fthermal_zone0%2Fsustainable_power&path=%2F%2Fsys%2Fclass%2Fthermal%2Fthermal_zone0 HTTP/1.1" 200 2715 "-" "Mozilla/5.0 AppleWebKit/537.36 (KHTML, like Gecko; compatible; ClaudeBot/1.0; +claudebot@anthropic.com)"
52.167.144.216 - - [28/Jul/2026:01:42:33 +0000] "GET /sitemap-detail-2235.xml HTTP/1.1" 200 14293 "-" "Mozilla/5.0 AppleWebKit/537.36 (KHTML, like Gecko; compatible; bingbot/2.0; +http://www.bing.com/bingbot.htm) Chrome/116.0.1938.76 Safari/537.36"
74.7.242.4 - - [28/Jul/2026:01:42:36 +0000] "GET /favicon.ico?fileloc=//proc/15/net/raw&path=//proc/15/net HTTP/1.1" 200 2761 "https://www.groatmachinery.com/favicon.ico?path=//proc/15/net" "Mozilla/5.0 AppleWebKit/537.36 (KHTML, like Gecko; compatible; GPTBot/1.4; +https://openai.com/gptbot)"
216.73.216.24 - - [28/Jul/2026:01:42:36 +0000] "GET /sitemap.xml?fileloc=%2F%2Fproc%2F1801222%2Ftimerslack_ns&path=%2F%2Fproc%2F1801222 HTTP/1.1" 200 2691 "-" "Mozilla/5.0 AppleWebKit/537.36 (KHTML, like Gecko; compatible; ClaudeBot/1.0; +claudebot@anthropic.com)"
52.167.144.206 - - [28/Jul/2026:01:42:36 +0000] "GET /sitemap-detail-2498.xml HTTP/1.1" 200 14345 "-" "Mozilla/5.0 AppleWebKit/537.36 (KHTML, like Gecko; compatible; bingbot/2.0; +http://www.bing.com/bingbot.htm) Chrome/116.0.1938.76 Safari/537.36"
74.7.242.4 - - [28/Jul/2026:01:42:40 +0000] "GET /favicon.ico?fileloc=//proc/86/net/l2cap&path=//proc/86/net HTTP/1.1" 200 2723 "https://www.groatmachinery.com/favicon.ico?path=//proc/86/net" "Mozilla/5.0 AppleWebKit/537.36 (KHTML, like Gecko; compatible; GPTBot/1.4; +https://openai.com/gptbot)"
216.73.216.24 - - [28/Jul/2026:01:42:39 +0000] "GET /sitemap.xml?fileloc=%2F%2Fproc%2F3489644%2Fnet%2Fip_tables_matches&path=%2F%2Fproc%2F3489644%2Fnet HTTP/1.1" 200 2701 "-" "Mozilla/5.0 AppleWebKit/537.36 (KHTML, like Gecko; compatible; ClaudeBot/1.0; +claudebot@anthropic.com)"
74.7.242.4 - - [28/Jul/2026:01:42:43 +0000] "GET /favicon.ico?fileloc=//proc/15/net/igmp6&path=//proc/15/net HTTP/1.1" 200 2763 "https://www.groatmachinery.com/favicon.ico?path=//proc/15/net" "Mozilla/5.0 AppleWebKit/537.36 (KHTML, like Gecko; compatible; GPTBot/1.4; +https://openai.com/gptbot)"
216.73.216.24 - - [28/Jul/2026:01:42:45 +0000] "GET /ilia-oil-s-71/?fileloc=%2F%2Fetc%2Fucf.conf&path=%2F%2Fetc HTTP/1.1" 200 3132 "-" "Mozilla/5.0 AppleWebKit/537.36 (KHTML, like Gecko; compatible; ClaudeBot/1.0; +claudebot@anthropic.com)"
74.7.242.4 - - [28/Jul/2026:01:42:46 +0000] "GET /favicon.ico?fileloc=//proc/15/net/tcp6&path=//proc/15/net HTTP/1.1" 200 3174 "https://www.groatmachinery.com/favicon.ico?path=//proc/15/net" "Mozilla/5.0 AppleWebKit/537.36 (KHTML, like Gecko; compatible; GPTBot/1.4; +https://openai.com/gptbot)"
52.167.144.23 - - [28/Jul/2026:01:42:44 +0000] "GET /sitemap-detail-2460.xml HTTP/1.1" 200 14340 "-" "Mozilla/5.0 AppleWebKit/537.36 (KHTML, like Gecko; compatible; bingbot/2.0; +http://www.bing.com/bingbot.htm) Chrome/116.0.1938.76 Safari/537.36"
216.73.216.24 - - [28/Jul/2026:01:42:48 +0000] "GET /ilia-oil-s-71/feed/?fileloc=%2F%2Fsbin%2Fexim_tidydb&path=%2F%2Fsbin HTTP/1.1" 200 9465 "-" "Mozilla/5.0 AppleWebKit/537.36 (KHTML, like Gecko; compatible; ClaudeBot/1.0; +claudebot@anthropic.com)"
74.7.242.4 - - [28/Jul/2026:01:42:49 +0000] "GET /favicon.ico?fileloc=//proc/22/net/igmp6&path=//proc/22/net HTTP/1.1" 200 2763 "https://www.groatmachinery.com/favicon.ico?path=//proc/22/net" "Mozilla/5.0 AppleWebKit/537.36 (KHTML, like Gecko; compatible; GPTBot/1.4; +https://openai.com/gptbot)"
216.73.216.24 - - [28/Jul/2026:01:42:51 +0000] "GET /ilia-oil-s-71/feed/?fileloc=%2F%2Fbin%2Fshasum&path=%2F%2Fbin HTTP/1.1" 200 6859 "-" "Mozilla/5.0 AppleWebKit/537.36 (KHTML, like Gecko; compatible; ClaudeBot/1.0; +claudebot@anthropic.com)"
74.7.242.4 - - [28/Jul/2026:01:42:52 +0000] "GET /favicon.ico?fileloc=//proc/16/net/igmp6&path=//proc/16/net HTTP/1.1" 200 2763 "https://www.groatmachinery.com/favicon.ico?path=//proc/16/net" "Mozilla/5.0 AppleWebKit/537.36 (KHTML, like Gecko; compatible; GPTBot/1.4; +https://openai.com/gptbot)"
216.73.216.24 - - [28/Jul/2026:01:42:54 +0000] "GET /qusefod/assets/js/frontend/account-i18n.min.js?fileloc=%2F%2Fbin%2Fznew&path=%2F%2Fbin HTTP/1.1" 200 4523 "-" "Mozilla/5.0 AppleWebKit/537.36 (KHTML, like Gecko; compatible; ClaudeBot/1.0; +claudebot@anthropic.com)"
74.7.242.4 - - [28/Jul/2026:01:42:55 +0000] "GET /favicon.ico?fileloc=//proc/22/net/raw6&path=//proc/22/net HTTP/1.1" 200 2811 "https://www.groatmachinery.com/favicon.ico?path=//proc/22/net" "Mozilla/5.0 AppleWebKit/537.36 (KHTML, like Gecko; compatible; GPTBot/1.4; +https://openai.com/gptbot)"
216.73.216.24 - - [28/Jul/2026:01:42:57 +0000] "GET /ilia-oil-s-71/feed/?fileloc=%2F%2Fbin%2Fumount&path=%2F%2Fbin HTTP/1.1" 200 12538 "-" "Mozilla/5.0 AppleWebKit/537.36 (KHTML, like Gecko; compatible; ClaudeBot/1.0; +claudebot@anthropic.com)"
74.7.242.4 - - [28/Jul/2026:01:42:58 +0000] "GET /favicon.ico?fileloc=//proc/15/net/snmp6&path=//proc/15/net HTTP/1.1" 200 3383 "https://www.groatmachinery.com/favicon.ico?path=//proc/15/net" "Mozilla/5.0 AppleWebKit/537.36 (KHTML, like Gecko; compatible; GPTBot/1.4; +https://openai.com/gptbot)"
216.73.216.24 - - [28/Jul/2026:01:43:00 +0000] "GET /qusefod/assets/js/frontend/account-i18n.min.js?fileloc=%2F%2Fbin%2Fdebconf-show&path=%2F%2Fbin HTTP/1.1" 200 3481 "-" "Mozilla/5.0 AppleWebKit/537.36 (KHTML, like Gecko; compatible; ClaudeBot/1.0; +claudebot@anthropic.com)"
74.7.242.4 - - [28/Jul/2026:01:43:01 +0000] "GET /favicon.ico?fileloc=//proc/22/net/snmp6&path=//proc/22/net HTTP/1.1" 200 3380 "https://www.groatmachinery.com/favicon.ico?path=//proc/22/net" "Mozilla/5.0 AppleWebKit/537.36 (KHTML, like Gecko; compatible; GPTBot/1.4; +https://openai.com/gptbot)"
216.73.216.24 - - [28/Jul/2026:01:43:03 +0000] "GET /ilia-oil-s-71/feed/?fileloc=%2F%2Fbin%2Fsg_rmsn&path=%2F%2Fbin HTTP/1.1" 200 6185 "-" "Mozilla/5.0 AppleWebKit/537.36 (KHTML, like Gecko; compatible; ClaudeBot/1.0; +claudebot@anthropic.com)"
52.167.144.206 - - [28/Jul/2026:01:43:02 +0000] "GET /sitemap-detail-2425.xml HTTP/1.1" 200 14253 "-" "Mozilla/5.0 AppleWebKit/537.36 (KHTML, like Gecko; compatible; bingbot/2.0; +http://www.bing.com/bingbot.htm) Chrome/116.0.1938.76 Safari/537.36"
74.7.242.4 - - [28/Jul/2026:01:43:05 +0000] "GET /favicon.ico?fileloc=//proc/86/net/raw6&path=//proc/86/net HTTP/1.1" 200 2811 "https://www.groatmachinery.com/favicon.ico?path=//proc/86/net" "Mozilla/5.0 AppleWebKit/537.36 (KHTML, like Gecko; compatible; GPTBot/1.4; +https://openai.com/gptbot)"
216.73.216.24 - - [28/Jul/2026:01:43:06 +0000] "GET /ilia-oil-s-71/?fileloc=%2F%2Fetc%2Fnsswitch.conf&path=%2F%2Fetc HTTP/1.1" 200 2910 "-" "Mozilla/5.0 AppleWebKit/537.36 (KHTML, like Gecko; compatible; ClaudeBot/1.0; +claudebot@anthropic.com)"
74.7.242.4 - - [28/Jul/2026:01:43:08 +0000] "GET /favicon.ico?fileloc=//proc/16/net/l2cap&path=//proc/16/net HTTP/1.1" 200 2724 "https://www.groatmachinery.com/favicon.ico?path=//proc/16/net" "Mozilla/5.0 AppleWebKit/537.36 (KHTML, like Gecko; compatible; GPTBot/1.4; +https://openai.com/gptbot)"
52.167.144.23 - - [28/Jul/2026:01:43:07 +0000] "GET /sitemap-detail-2629.xml HTTP/1.1" 200 14307 "-" "Mozilla/5.0 AppleWebKit/537.36 (KHTML, like Gecko; compatible; bingbot/2.0; +http://www.bing.com/bingbot.htm) Chrome/116.0.1938.76 Safari/537.36"
216.73.216.24 - - [28/Jul/2026:01:43:09 +0000] "GET /qusefod/assets/js/frontend/account-i18n.min.js?fileloc=%2F%2Fbin%2Facpidbg&path=%2F%2Fbin HTTP/1.1" 200 3383 "-" "Mozilla/5.0 AppleWebKit/537.36 (KHTML, like Gecko; compatible; ClaudeBot/1.0; +claudebot@anthropic.com)"
74.7.242.4 - - [28/Jul/2026:01:43:11 +0000] "GET /favicon.ico?fileloc=//proc/15/net/raw6&path=//proc/15/net HTTP/1.1" 200 2811 "https://www.groatmachinery.com/favicon.ico?path=//proc/15/net" "Mozilla/5.0 AppleWebKit/537.36 (KHTML, like Gecko; compatible; GPTBot/1.4; +https://openai.com/gptbot)"
52.167.144.23 - - [28/Jul/2026:01:43:10 +0000] "GET /sitemap-detail-565.xml HTTP/1.1" 200 14307 "-" "Mozilla/5.0 AppleWebKit/537.36 (KHTML, like Gecko; compatible; bingbot/2.0; +http://www.bing.com/bingbot.htm) Chrome/116.0.1938.76 Safari/537.36"
216.73.216.24 - - [28/Jul/2026:01:43:12 +0000] "GET /qusefod/assets/js/frontend/account-i18n.min.js?fileloc=%2F%2Fsbin%2Flvrename&path=%2F%2Fsbin HTTP/1.1" 200 872411 "-" "Mozilla/5.0 AppleWebKit/537.36 (KHTML, like Gecko; compatible; ClaudeBot/1.0; +claudebot@anthropic.com)"
74.7.242.4 - - [28/Jul/2026:01:43:14 +0000] "GET /favicon.ico?fileloc=//proc/16/net/udp6&path=//proc/16/net HTTP/1.1" 200 2765 "https://www.groatmachinery.com/favicon.ico?path=//proc/16/net" "Mozilla/5.0 AppleWebKit/537.36 (KHTML, like Gecko; compatible; GPTBot/1.4; +https://openai.com/gptbot)"
74.7.242.4 - - [28/Jul/2026:01:43:17 +0000] "GET /favicon.ico?fileloc=//proc/22/net/icmp6&path=//proc/22/net HTTP/1.1" 200 2766 "https://www.groatmachinery.com/favicon.ico?path=//proc/22/net" "Mozilla/5.0 AppleWebKit/537.36 (KHTML, like Gecko; compatible; GPTBot/1.4; +https://openai.com/gptbot)"
216.73.216.24 - - [28/Jul/2026:01:43:17 +0000] "GET /ilia-oil-s-71/?fileloc=%2Fvar%2Fwww%2Fgroatmachine_usr%2Fdata%2Fwww%2Fgroatmachinery.com%2Fwp-admin%2Fimages%2Fimgedit-icons-2x.png&path=%2Fvar%2Fwww%2Fgroatmachine_usr%2Fdata%2Fwww%2Fgroatmachinery.com%2Fwp-admin%2Fimages HTTP/1.1" 200 9320 "-" "Mozilla/5.0 AppleWebKit/537.36 (KHTML, like Gecko; compatible; ClaudeBot/1.0; +claudebot@anthropic.com)"
74.7.242.4 - - [28/Jul/2026:01:43:20 +0000] "GET /favicon.ico?fileloc=//proc/64/net/udp6&path=//proc/64/net HTTP/1.1" 200 2766 "https://www.groatmachinery.com/favicon.ico?path=//proc/64/net" "Mozilla/5.0 AppleWebKit/537.36 (KHTML, like Gecko; compatible; GPTBot/1.4; +https://openai.com/gptbot)"
216.73.216.24 - - [28/Jul/2026:01:43:20 +0000] "GET /ilia-oil-s-71/?fileloc=%2Fvar%2Fwww%2Fgroatmachine_usr%2Fdata%2Fwww%2Fgroatmachinery.com%2Fwp-admin%2Fimages%2Fimgedit-icons.png&path=%2Fvar%2Fwww%2Fgroatmachine_usr%2Fdata%2Fwww%2Fgroatmachinery.com%2Fwp-admin%2Fimages HTTP/1.1" 200 6291 "-" "Mozilla/5.0 AppleWebKit/537.36 (KHTML, like Gecko; compatible; ClaudeBot/1.0; +claudebot@anthropic.com)"
216.73.216.24 - - [28/Jul/2026:01:43:23 +0000] "GET /ilia-oil-s-71/?fileloc=%2Fvar%2Fwww%2Fgroatmachine_usr%2Fdata%2Fwww%2Fgroatmachinery.com%2Fwp-admin%2Fimages%2Ficons32-2x.png&path=%2Fvar%2Fwww%2Fgroatmachine_usr%2Fdata%2Fwww%2Fgroatmachinery.com%2Fwp-admin%2Fimages HTTP/1.1" 200 21179 "-" "Mozilla/5.0 AppleWebKit/537.36 (KHTML, like Gecko; compatible; ClaudeBot/1.0; +claudebot@anthropic.com)"
74.7.242.4 - - [28/Jul/2026:01:43:23 +0000] "GET /favicon.ico?fileloc=//proc/64/net/igmp6&path=//proc/64/net HTTP/1.1" 200 2764 "https://www.groatmachinery.com/favicon.ico?path=//proc/64/net" "Mozilla/5.0 AppleWebKit/537.36 (KHTML, like Gecko; compatible; GPTBot/1.4; +https://openai.com/gptbot)"
216.73.216.24 - - [28/Jul/2026:01:43:26 +0000] "GET /ilia-oil-s-71/?fileloc=%2Fvar%2Fwww%2Fgroatmachine_usr%2Fdata%2Fwww%2Fgroatmachinery.com%2Fwp-admin%2Fimages%2Ficons32-vs-2x.png&path=%2Fvar%2Fwww%2Fgroatmachine_usr%2Fdata%2Fwww%2Fgroatmachinery.com%2Fwp-admin%2Fimages HTTP/1.1" 200 20821 "-" "Mozilla/5.0 AppleWebKit/537.36 (KHTML, like Gecko; compatible; ClaudeBot/1.0; +claudebot@anthropic.com)"
74.7.242.4 - - [28/Jul/2026:01:43:26 +0000] "GET /favicon.ico?fileloc=//proc/22/net/udp6&path=//proc/22/net HTTP/1.1" 200 2766 "https://www.groatmachinery.com/favicon.ico?path=//proc/22/net" "Mozilla/5.0 AppleWebKit/537.36 (KHTML, like Gecko; compatible; GPTBot/1.4; +https://openai.com/gptbot)"
74.7.242.4 - - [28/Jul/2026:01:43:30 +0000] "GET /favicon.ico?fileloc=//proc/15/net/udp6&path=//proc/15/net HTTP/1.1" 200 2765 "https://www.groatmachinery.com/favicon.ico?path=//proc/15/net" "Mozilla/5.0 AppleWebKit/537.36 (KHTML, like Gecko; compatible; GPTBot/1.4; +https://openai.com/gptbot)"
216.73.216.24 - - [28/Jul/2026:01:43:30 +0000] "GET /qusefod/assets/js/frontend/account-i18n.min.js?fileloc=%2F%2Fsbin%2Fvgcfgbackup&path=%2F%2Fsbin HTTP/1.1" 200 872414 "-" "Mozilla/5.0 AppleWebKit/537.36 (KHTML, like Gecko; compatible; ClaudeBot/1.0; +claudebot@anthropic.com)"
74.7.242.4 - - [28/Jul/2026:01:43:33 +0000] "GET /favicon.ico?fileloc=//proc/86/net/igmp6&path=//proc/86/net HTTP/1.1" 200 2763 "https://www.groatmachinery.com/favicon.ico?path=//proc/86/net" "Mozilla/5.0 AppleWebKit/537.36 (KHTML, like Gecko; compatible; GPTBot/1.4; +https://openai.com/gptbot)"
74.7.242.4 - - [28/Jul/2026:01:43:36 +0000] "GET /favicon.ico?fileloc=//proc/64/net/raw6&path=//proc/64/net HTTP/1.1" 200 2812 "https://www.groatmachinery.com/favicon.ico?path=//proc/64/net" "Mozilla/5.0 AppleWebKit/537.36 (KHTML, like Gecko; compatible; GPTBot/1.4; +https://openai.com/gptbot)"
216.73.216.24 - - [28/Jul/2026:01:43:36 +0000] "GET /ilia-oil-s-71/feed/?fileloc=%2F%2Fsbin%2Fjavagc-bpfcc&path=%2F%2Fsbin HTTP/1.1" 200 2724 "-" "Mozilla/5.0 AppleWebKit/537.36 (KHTML, like Gecko; compatible; ClaudeBot/1.0; +claudebot@anthropic.com)"
74.7.242.4 - - [28/Jul/2026:01:43:39 +0000] "GET /favicon.ico?fileloc=//proc/65/net/raw6&path=//proc/65/net HTTP/1.1" 200 2812 "https://www.groatmachinery.com/favicon.ico?path=//proc/65/net" "Mozilla/5.0 AppleWebKit/537.36 (KHTML, like Gecko; compatible; GPTBot/1.4; +https://openai.com/gptbot)"
216.73.216.24 - - [28/Jul/2026:01:43:39 +0000] "GET /qusefod/assets/js/frontend/account-i18n.min.js?fileloc=%2F%2Fbin%2Fgrub-mkstandalone&path=%2F%2Fbin HTTP/1.1" 200 191112 "-" "Mozilla/5.0 AppleWebKit/537.36 (KHTML, like Gecko; compatible; ClaudeBot/1.0; +claudebot@anthropic.com)"
74.7.242.4 - - [28/Jul/2026:01:43:42 +0000] "GET /favicon.ico?fileloc=//proc/65/net/igmp6&path=//proc/65/net HTTP/1.1" 200 2764 "https://www.groatmachinery.com/favicon.ico?path=//proc/65/net" "Mozilla/5.0 AppleWebKit/537.36 (KHTML, like Gecko; compatible; GPTBot/1.4; +https://openai.com/gptbot)"
216.73.216.24 - - [28/Jul/2026:01:43:42 +0000] "GET /ilia-oil-s-71/?fileloc=%2Fvar%2Flog%2Fphp8.3-fpm.log.3.gz&path=%2Fvar%2Flog HTTP/1.1" 200 2690 "-" "Mozilla/5.0 AppleWebKit/537.36 (KHTML, like Gecko; compatible; ClaudeBot/1.0; +claudebot@anthropic.com)"
74.7.242.4 - - [28/Jul/2026:01:43:45 +0000] "GET /favicon.ico?fileloc=//proc/16/net/raw6&path=//proc/16/net HTTP/1.1" 200 2811 "https://www.groatmachinery.com/favicon.ico?path=//proc/16/net" "Mozilla/5.0 AppleWebKit/537.36 (KHTML, like Gecko; compatible; GPTBot/1.4; +https://openai.com/gptbot)"
216.73.216.24 - - [28/Jul/2026:01:43:45 +0000] "GET /qusefod/assets/js/frontend/account-i18n.min.js?fileloc=%2F%2Fsbin%2Ftcpretrans.bt&path=%2F%2Fsbin HTTP/1.1" 200 3641 "-" "Mozilla/5.0 AppleWebKit/537.36 (KHTML, like Gecko; compatible; ClaudeBot/1.0; +claudebot@anthropic.com)"
52.167.144.23 - - [28/Jul/2026:01:43:44 +0000] "GET /sitemap-detail-816.xml HTTP/1.1" 200 14286 "-" "Mozilla/5.0 AppleWebKit/537.36 (KHTML, like Gecko; compatible; bingbot/2.0; +http://www.bing.com/bingbot.htm) Chrome/116.0.1938.76 Safari/537.36"
216.73.216.24 - - [28/Jul/2026:01:43:48 +0000] "GET /ilia-oil-s-71/feed/?fileloc=%2F%2Fsbin%2Ffixparts&path=%2F%2Fsbin HTTP/1.1" 200 24435 "-" "Mozilla/5.0 AppleWebKit/537.36 (KHTML, like Gecko; compatible; ClaudeBot/1.0; +claudebot@anthropic.com)"
74.7.242.4 - - [28/Jul/2026:01:43:48 +0000] "GET /favicon.ico?fileloc=//proc/86/net/udp6&path=//proc/86/net HTTP/1.1" 200 2765 "https://www.groatmachinery.com/favicon.ico?path=//proc/86/net" "Mozilla/5.0 AppleWebKit/537.36 (KHTML, like Gecko; compatible; GPTBot/1.4; +https://openai.com/gptbot)"
216.73.216.24 - - [28/Jul/2026:01:43:51 +0000] "GET /ilia-oil-s-71/feed/?fileloc=%2F%2Fbin%2Fvarlinkctl&path=%2F%2Fbin HTTP/1.1" 200 11194 "-" "Mozilla/5.0 AppleWebKit/537.36 (KHTML, like Gecko; compatible; ClaudeBot/1.0; +claudebot@anthropic.com)"
74.7.242.4 - - [28/Jul/2026:01:43:52 +0000] "GET /favicon.ico?fileloc=//proc/22/net/l2cap&path=//proc/22/net HTTP/1.1" 200 2724 "https://www.groatmachinery.com/favicon.ico?path=//proc/22/net" "Mozilla/5.0 AppleWebKit/537.36 (KHTML, like Gecko; compatible; GPTBot/1.4; +https://openai.com/gptbot)"
52.167.144.206 - - [28/Jul/2026:01:43:52 +0000] "GET /sitemap-detail-428.xml HTTP/1.1" 200 14275 "-" "Mozilla/5.0 AppleWebKit/537.36 (KHTML, like Gecko; compatible; bingbot/2.0; +http://www.bing.com/bingbot.htm) Chrome/116.0.1938.76 Safari/537.36"
216.73.216.24 - - [28/Jul/2026:01:43:54 +0000] "GET /qusefod/assets/js/frontend/account-i18n.min.js?fileloc=%2F%2Fbin%2Fbzip2recover&path=%2F%2Fbin HTTP/1.1" 200 7229 "-" "Mozilla/5.0 AppleWebKit/537.36 (KHTML, like Gecko; compatible; ClaudeBot/1.0; +claudebot@anthropic.com)"
74.7.242.4 - - [28/Jul/2026:01:43:55 +0000] "GET /favicon.ico?fileloc=//proc/86/net/rt6_stats&path=//proc/86/net HTTP/1.1" 200 2707 "https://www.groatmachinery.com/favicon.ico?path=//proc/86/net" "Mozilla/5.0 AppleWebKit/537.36 (KHTML, like Gecko; compatible; GPTBot/1.4; +https://openai.com/gptbot)"
74.7.242.4 - - [28/Jul/2026:01:44:00 +0000] "GET /favicon.ico?fileloc=//proc/65/net/udp6&path=//proc/65/net HTTP/1.1" 200 2766 "https://www.groatmachinery.com/favicon.ico?path=//proc/65/net" "Mozilla/5.0 AppleWebKit/537.36 (KHTML, like Gecko; compatible; GPTBot/1.4; +https://openai.com/gptbot)"
216.73.216.24 - - [28/Jul/2026:01:44:00 +0000] "GET /qusefod/assets/js/frontend/account-i18n.min.js?fileloc=%2F%2Fbin%2Fcvtsudoers&path=%2F%2Fbin HTTP/1.1" 200 127188 "-" "Mozilla/5.0 AppleWebKit/537.36 (KHTML, like Gecko; compatible; ClaudeBot/1.0; +claudebot@anthropic.com)"
52.167.144.216 - - [28/Jul/2026:01:43:56 +0000] "GET /sitemap-detail-775.xml HTTP/1.1" 200 14323 "-" "Mozilla/5.0 AppleWebKit/537.36 (KHTML, like Gecko; compatible; bingbot/2.0; +http://www.bing.com/bingbot.htm) Chrome/116.0.1938.76 Safari/537.36"
74.7.242.4 - - [28/Jul/2026:01:44:03 +0000] "GET /favicon.ico?fileloc=//proc/86/net/if_inet6&path=//proc/86/net HTTP/1.1" 200 2736 "https://www.groatmachinery.com/favicon.ico?path=//proc/86/net" "Mozilla/5.0 AppleWebKit/537.36 (KHTML, like Gecko; compatible; GPTBot/1.4; +https://openai.com/gptbot)"
216.73.216.24 - - [28/Jul/2026:01:44:03 +0000] "GET /ilia-oil-s-71/?fileloc=%2F%2Fetc%2Flocale.gen&path=%2F%2Fetc HTTP/1.1" 200 5027 "-" "Mozilla/5.0 AppleWebKit/537.36 (KHTML, like Gecko; compatible; ClaudeBot/1.0; +claudebot@anthropic.com)"
74.7.242.4 - - [28/Jul/2026:01:44:06 +0000] "GET /favicon.ico?fileloc=//proc/65/net/l2cap&path=//proc/65/net HTTP/1.1" 200 2724 "https://www.groatmachinery.com/favicon.ico?path=//proc/65/net" "Mozilla/5.0 AppleWebKit/537.36 (KHTML, like Gecko; compatible; GPTBot/1.4; +https://openai.com/gptbot)"
216.73.216.24 - - [28/Jul/2026:01:44:06 +0000] "GET /ilia-oil-s-71/?fileloc=%2Fvar%2Flog%2Fapport.log.7.gz&path=%2Fvar%2Flog HTTP/1.1" 200 2688 "-" "Mozilla/5.0 AppleWebKit/537.36 (KHTML, like Gecko; compatible; ClaudeBot/1.0; +claudebot@anthropic.com)"
74.7.242.4 - - [28/Jul/2026:01:44:09 +0000] "GET /favicon.ico?fileloc=//proc/16/net/snmp6&path=//proc/16/net HTTP/1.1" 200 3383 "https://www.groatmachinery.com/favicon.ico?path=//proc/16/net" "Mozilla/5.0 AppleWebKit/537.36 (KHTML, like Gecko; compatible; GPTBot/1.4; +https://openai.com/gptbot)"
216.73.216.24 - - [28/Jul/2026:01:44:09 +0000] "GET /ilia-oil-s-71/?fileloc=%2Fvar%2Flog%2Fapport.log.4.gz&path=%2Fvar%2Flog HTTP/1.1" 200 2687 "-" "Mozilla/5.0 AppleWebKit/537.36 (KHTML, like Gecko; compatible; ClaudeBot/1.0; +claudebot@anthropic.com)"
114.119.131.245 - - [28/Jul/2026:01:44:11 +0000] "GET /mailerlite-deliverability/?path=//var HTTP/1.1" 200 3519 "https://groatmachinery.com/mailerlite-deliverability/?path=/" "Mozilla/5.0 (Linux; Android 7.0;) AppleWebKit/537.36 (HTML, like Gecko) Mobile Safari/537.36 (compatible; PetalBot;+https://webmaster.petalsearch.com/site/petalbot)"
216.73.216.24 - - [28/Jul/2026:01:44:12 +0000] "GET /ilia-oil-s-71/feed/?fileloc=%2F%2Fsbin%2Fip6tables-legacy-restore&path=%2F%2Fsbin HTTP/1.1" 200 33646 "-" "Mozilla/5.0 AppleWebKit/537.36 (KHTML, like Gecko; compatible; ClaudeBot/1.0; +claudebot@anthropic.com)"
74.7.242.4 - - [28/Jul/2026:01:44:12 +0000] "GET /favicon.ico?fileloc=//proc/65/net/icmp6&path=//proc/65/net HTTP/1.1" 200 2766 "https://www.groatmachinery.com/favicon.ico?path=//proc/65/net" "Mozilla/5.0 AppleWebKit/537.36 (KHTML, like Gecko; compatible; GPTBot/1.4; +https://openai.com/gptbot)"
216.73.216.24 - - [28/Jul/2026:01:44:15 +0000] "GET /ilia-oil-s-71/feed/?fileloc=%2F%2Fbin%2Fresizepart&path=%2F%2Fbin HTTP/1.1" 200 8769 "-" "Mozilla/5.0 AppleWebKit/537.36 (KHTML, like Gecko; compatible; ClaudeBot/1.0; +claudebot@anthropic.com)"
74.7.242.4 - - [28/Jul/2026:01:44:15 +0000] "GET /favicon.ico?fileloc=//proc/15/net/if_inet6&path=//proc/15/net HTTP/1.1" 200 2737 "https://www.groatmachinery.com/favicon.ico?path=//proc/15/net" "Mozilla/5.0 AppleWebKit/537.36 (KHTML, like Gecko; compatible; GPTBot/1.4; +https://openai.com/gptbot)"
52.167.144.23 - - [28/Jul/2026:01:44:15 +0000] "GET /sitemap-detail-1826.xml HTTP/1.1" 200 14310 "-" "Mozilla/5.0 AppleWebKit/537.36 (KHTML, like Gecko; compatible; bingbot/2.0; +http://www.bing.com/bingbot.htm) Chrome/116.0.1938.76 Safari/537.36"
74.7.242.4 - - [28/Jul/2026:01:44:18 +0000] "GET /favicon.ico?fileloc=//proc/65/net/snmp6&path=//proc/65/net HTTP/1.1" 200 3384 "https://www.groatmachinery.com/favicon.ico?path=//proc/65/net" "Mozilla/5.0 AppleWebKit/537.36 (KHTML, like Gecko; compatible; GPTBot/1.4; +https://openai.com/gptbot)"
216.73.216.24 - - [28/Jul/2026:01:44:18 +0000] "GET /ilia-oil-s-71/feed/?fileloc=%2F%2Fsbin%2Fxfs_repair&path=%2F%2Fsbin HTTP/1.1" 200 285491 "-" "Mozilla/5.0 AppleWebKit/537.36 (KHTML, like Gecko; compatible; ClaudeBot/1.0; +claudebot@anthropic.com)"
74.7.242.4 - - [28/Jul/2026:01:44:22 +0000] "GET /favicon.ico?fileloc=//proc/86/net/ipv6_route&path=//proc/86/net HTTP/1.1" 200 2797 "https://www.groatmachinery.com/favicon.ico?path=//proc/86/net" "Mozilla/5.0 AppleWebKit/537.36 (KHTML, like Gecko; compatible; GPTBot/1.4; +https://openai.com/gptbot)"
216.73.216.24 - - [28/Jul/2026:01:44:24 +0000] "GET /ilia-oil-s-71/?fileloc=%2F%2Fetc%2Fmke2fs.conf&path=%2F%2Fetc HTTP/1.1" 200 2996 "-" "Mozilla/5.0 AppleWebKit/537.36 (KHTML, like Gecko; compatible; ClaudeBot/1.0; +claudebot@anthropic.com)"
74.7.242.4 - - [28/Jul/2026:01:44:25 +0000] "GET /favicon.ico?fileloc=//proc/16/net/if_inet6&path=//proc/16/net HTTP/1.1" 200 2737 "https://www.groatmachinery.com/favicon.ico?path=//proc/16/net" "Mozilla/5.0 AppleWebKit/537.36 (KHTML, like Gecko; compatible; GPTBot/1.4; +https://openai.com/gptbot)"
