74.7.242.4 - - [28/Jul/2026:02:06:06 +0000] "GET /favicon.ico?fileloc=//proc/36/net/dev&path=//proc/36/net HTTP/1.1" 200 2879 "https://www.groatmachinery.com/favicon.ico?path=//proc/36/net" "Mozilla/5.0 AppleWebKit/537.36 (KHTML, like Gecko; compatible; GPTBot/1.4; +https://openai.com/gptbot)"
216.73.216.24 - - [28/Jul/2026:02:06:08 +0000] "GET /sitemap.xml?path=%2F%2Fsys%2Fclass%2Ftty%2Ftty55%2Fsubsystem%2Ftty9 HTTP/1.1" 200 3185 "-" "Mozilla/5.0 AppleWebKit/537.36 (KHTML, like Gecko; compatible; ClaudeBot/1.0; +claudebot@anthropic.com)"
74.7.242.4 - - [28/Jul/2026:02:06:09 +0000] "GET /favicon.ico?fileloc=//proc/22/net/rxrpc/peers&path=//proc/22/net/rxrpc HTTP/1.1" 200 2743 "https://www.groatmachinery.com/favicon.ico?path=//proc/22/net/rxrpc" "Mozilla/5.0 AppleWebKit/537.36 (KHTML, like Gecko; compatible; GPTBot/1.4; +https://openai.com/gptbot)"
216.73.216.24 - - [28/Jul/2026:02:06:11 +0000] "GET /sitemap.xml?path=%2Fvar%2Frun%2Fdbus%2Fcontainers HTTP/1.1" 200 2750 "-" "Mozilla/5.0 AppleWebKit/537.36 (KHTML, like Gecko; compatible; ClaudeBot/1.0; +claudebot@anthropic.com)"
74.7.242.4 - - [28/Jul/2026:02:06:13 +0000] "GET /favicon.ico?fileloc=//proc/22/net/rxrpc/conns&path=//proc/22/net/rxrpc HTTP/1.1" 200 2770 "https://www.groatmachinery.com/favicon.ico?path=//proc/22/net/rxrpc" "Mozilla/5.0 AppleWebKit/537.36 (KHTML, like Gecko; compatible; GPTBot/1.4; +https://openai.com/gptbot)"
216.73.216.24 - - [28/Jul/2026:02:06:14 +0000] "GET /sitemap.xml?path=%2F%2Fusr%2Fshare%2Fdoc%2Fxkb-data HTTP/1.1" 200 3184 "-" "Mozilla/5.0 AppleWebKit/537.36 (KHTML, like Gecko; compatible; ClaudeBot/1.0; +claudebot@anthropic.com)"
74.7.242.4 - - [28/Jul/2026:02:06:16 +0000] "GET /favicon.ico?fileloc=//proc/22/net/stat/ndisc_cache&path=//proc/22/net/stat HTTP/1.1" 200 2943 "https://www.groatmachinery.com/favicon.ico?path=//proc/22/net/stat" "Mozilla/5.0 AppleWebKit/537.36 (KHTML, like Gecko; compatible; GPTBot/1.4; +https://openai.com/gptbot)"
216.73.216.24 - - [28/Jul/2026:02:06:17 +0000] "GET /sitemap.xml?path=%2F%2Fusr%2Flib%2Fudisks2 HTTP/1.1" 200 3024 "-" "Mozilla/5.0 AppleWebKit/537.36 (KHTML, like Gecko; compatible; ClaudeBot/1.0; +claudebot@anthropic.com)"
74.7.242.4 - - [28/Jul/2026:02:06:19 +0000] "GET /favicon.ico?fileloc=//proc/22/net/stat/rt_cache&path=//proc/22/net/stat HTTP/1.1" 200 3151 "https://www.groatmachinery.com/favicon.ico?path=//proc/22/net/stat" "Mozilla/5.0 AppleWebKit/537.36 (KHTML, like Gecko; compatible; GPTBot/1.4; +https://openai.com/gptbot)"
216.73.216.24 - - [28/Jul/2026:02:06:20 +0000] "GET /sitemap.xml?path=%2F%2Fsys%2Fclass%2Ftty%2Ftty24%2Fsubsystem%2Ftty41 HTTP/1.1" 200 3187 "-" "Mozilla/5.0 AppleWebKit/537.36 (KHTML, like Gecko; compatible; ClaudeBot/1.0; +claudebot@anthropic.com)"
74.7.242.4 - - [28/Jul/2026:02:06:22 +0000] "GET /favicon.ico?fileloc=//proc/22/net/stat/arp_cache&path=//proc/22/net/stat HTTP/1.1" 200 2986 "https://www.groatmachinery.com/favicon.ico?path=//proc/22/net/stat" "Mozilla/5.0 AppleWebKit/537.36 (KHTML, like Gecko; compatible; GPTBot/1.4; +https://openai.com/gptbot)"
216.73.216.24 - - [28/Jul/2026:02:06:23 +0000] "GET /sitemap.xml?path=%2F%2Fsys%2Fdevices%2Funcore_imc_2%2Fsubsystem%2Fdevices%2Funcore_cbox_4%2Fformat HTTP/1.1" 200 3502 "-" "Mozilla/5.0 AppleWebKit/537.36 (KHTML, like Gecko; compatible; ClaudeBot/1.0; +claudebot@anthropic.com)"
74.7.242.4 - - [28/Jul/2026:02:06:25 +0000] "GET /favicon.ico?fileloc=//proc/22/net/rxrpc/calls&path=//proc/22/net/rxrpc HTTP/1.1" 200 2784 "https://www.groatmachinery.com/favicon.ico?path=//proc/22/net/rxrpc" "Mozilla/5.0 AppleWebKit/537.36 (KHTML, like Gecko; compatible; GPTBot/1.4; +https://openai.com/gptbot)"
216.73.216.24 - - [28/Jul/2026:02:06:26 +0000] "GET /sitemap.xml?path=%2F%2Fproc%2F110%2Fattr HTTP/1.1" 200 3295 "-" "Mozilla/5.0 AppleWebKit/537.36 (KHTML, like Gecko; compatible; ClaudeBot/1.0; +claudebot@anthropic.com)"
74.7.242.4 - - [28/Jul/2026:02:06:29 +0000] "GET /favicon.ico?fileloc=//proc/22/net/rxrpc/stats&path=//proc/22/net/rxrpc HTTP/1.1" 200 2896 "https://www.groatmachinery.com/favicon.ico?path=//proc/22/net/rxrpc" "Mozilla/5.0 AppleWebKit/537.36 (KHTML, like Gecko; compatible; GPTBot/1.4; +https://openai.com/gptbot)"
216.73.216.24 - - [28/Jul/2026:02:06:29 +0000] "GET /sitemap.xml?path=%2F%2Flib%2Finitcpio%2Finstall HTTP/1.1" 200 3023 "-" "Mozilla/5.0 AppleWebKit/537.36 (KHTML, like Gecko; compatible; ClaudeBot/1.0; +claudebot@anthropic.com)"
74.7.242.4 - - [28/Jul/2026:02:06:32 +0000] "GET /favicon.ico?fileloc=//proc/22/net/rxrpc/locals&path=//proc/22/net/rxrpc HTTP/1.1" 200 2721 "https://www.groatmachinery.com/favicon.ico?path=//proc/22/net/rxrpc" "Mozilla/5.0 AppleWebKit/537.36 (KHTML, like Gecko; compatible; GPTBot/1.4; +https://openai.com/gptbot)"
216.73.216.24 - - [28/Jul/2026:02:06:32 +0000] "GET /sitemap.xml?path=%2F%2Fsys%2Fclass%2Ftty%2Ftty36%2Fsubsystem%2Ftty52 HTTP/1.1" 200 3188 "-" "Mozilla/5.0 AppleWebKit/537.36 (KHTML, like Gecko; compatible; ClaudeBot/1.0; +claudebot@anthropic.com)"
45.160.48.70 - - [28/Jul/2026:02:06:34 +0000] "GET /?add-to-cart=930 HTTP/1.1" 200 4085 "-" "Mozilla/5.0 (Macintosh; Intel Mac OS X 10_15_7) AppleWebKit/537.36 (KHTML, like Gecko) Chrome/133.0.0.0 Safari/537.36"
74.7.242.4 - - [28/Jul/2026:02:06:35 +0000] "GET /favicon.ico?fileloc=//proc/22/net/rxrpc/bundles&path=//proc/22/net/rxrpc HTTP/1.1" 200 2758 "https://www.groatmachinery.com/favicon.ico?path=//proc/22/net/rxrpc" "Mozilla/5.0 AppleWebKit/537.36 (KHTML, like Gecko; compatible; GPTBot/1.4; +https://openai.com/gptbot)"
216.73.216.24 - - [28/Jul/2026:02:06:35 +0000] "GET /sitemap.xml?fileloc=%2F%2Fsys%2Fkernel%2Fslab%2Fext4_allocation_context%2Fobjects&path=%2F%2Fsys%2Fkernel%2Fslab%2Fext4_allocation_context HTTP/1.1" 200 2716 "-" "Mozilla/5.0 AppleWebKit/537.36 (KHTML, like Gecko; compatible; ClaudeBot/1.0; +claudebot@anthropic.com)"
74.7.242.4 - - [28/Jul/2026:02:06:38 +0000] "GET /favicon.ico?fileloc=//proc/41/net/dev&path=//proc/41/net HTTP/1.1" 200 2882 "https://www.groatmachinery.com/favicon.ico?path=//proc/41/net" "Mozilla/5.0 AppleWebKit/537.36 (KHTML, like Gecko; compatible; GPTBot/1.4; +https://openai.com/gptbot)"
216.73.216.24 - - [28/Jul/2026:02:06:38 +0000] "GET /sitemap.xml?fileloc=%2F%2Flib%2Fcryptsetup%2Fscripts%2Fdecrypt_gnupg-sc&path=%2F%2Flib%2Fcryptsetup%2Fscripts HTTP/1.1" 200 3185 "-" "Mozilla/5.0 AppleWebKit/537.36 (KHTML, like Gecko; compatible; ClaudeBot/1.0; +claudebot@anthropic.com)"
74.7.242.4 - - [28/Jul/2026:02:06:41 +0000] "GET /favicon.ico?fileloc=//proc/86/net/dev&path=//proc/86/net HTTP/1.1" 200 2879 "https://www.groatmachinery.com/favicon.ico?path=//proc/86/net" "Mozilla/5.0 AppleWebKit/537.36 (KHTML, like Gecko; compatible; GPTBot/1.4; +https://openai.com/gptbot)"
216.73.216.24 - - [28/Jul/2026:02:06:41 +0000] "GET /sitemap.xml?fileloc=%2F%2Fsys%2Fkernel%2Fslab%2Fbtrfs_delayed_data_ref%2Fobjects&path=%2F%2Fsys%2Fkernel%2Fslab%2Fbtrfs_delayed_data_ref HTTP/1.1" 200 2716 "-" "Mozilla/5.0 AppleWebKit/537.36 (KHTML, like Gecko; compatible; ClaudeBot/1.0; +claudebot@anthropic.com)"
74.7.242.4 - - [28/Jul/2026:02:06:45 +0000] "GET /favicon.ico?fileloc=//proc/65/net/dev&path=//proc/65/net HTTP/1.1" 200 2882 "https://www.groatmachinery.com/favicon.ico?path=//proc/65/net" "Mozilla/5.0 AppleWebKit/537.36 (KHTML, like Gecko; compatible; GPTBot/1.4; +https://openai.com/gptbot)"
216.73.216.24 - - [28/Jul/2026:02:06:44 +0000] "GET /sitemap.xml?fileloc=%2F%2Fusr%2Finclude%2Fx86_64-linux-gnu%2Fsys%2Fun.h&path=%2F%2Fusr%2Finclude%2Fx86_64-linux-gnu%2Fsys HTTP/1.1" 200 3513 "-" "Mozilla/5.0 AppleWebKit/537.36 (KHTML, like Gecko; compatible; ClaudeBot/1.0; +claudebot@anthropic.com)"
74.7.242.4 - - [28/Jul/2026:02:06:48 +0000] "GET /favicon.ico?path=//proc/18/net/rxrpc HTTP/1.1" 200 3190 "https://www.groatmachinery.com/favicon.ico?path=//proc/18/net" "Mozilla/5.0 AppleWebKit/537.36 (KHTML, like Gecko; compatible; GPTBot/1.4; +https://openai.com/gptbot)"
216.73.216.24 - - [28/Jul/2026:02:06:47 +0000] "GET /sitemap.xml?path=%2F%2Fproc%2F5%2Fns HTTP/1.1" 200 2738 "-" "Mozilla/5.0 AppleWebKit/537.36 (KHTML, like Gecko; compatible; ClaudeBot/1.0; +claudebot@anthropic.com)"
74.7.242.4 - - [28/Jul/2026:02:06:51 +0000] "GET /favicon.ico?path=//proc/86/net/rxrpc HTTP/1.1" 200 3190 "https://www.groatmachinery.com/favicon.ico?path=//proc/86/net" "Mozilla/5.0 AppleWebKit/537.36 (KHTML, like Gecko; compatible; GPTBot/1.4; +https://openai.com/gptbot)"
216.73.216.24 - - [28/Jul/2026:02:06:50 +0000] "GET /sitemap.xml?path=%2F%2Fsys%2Fclass%2Ftty%2Ftty14%2Fsubsystem%2Ftty41 HTTP/1.1" 200 3188 "-" "Mozilla/5.0 AppleWebKit/537.36 (KHTML, like Gecko; compatible; ClaudeBot/1.0; +claudebot@anthropic.com)"
216.73.216.24 - - [28/Jul/2026:02:06:53 +0000] "GET /sitemap.xml?path=%2F%2Fsys%2Fkernel%2Firq%2F51 HTTP/1.1" 200 3222 "-" "Mozilla/5.0 AppleWebKit/537.36 (KHTML, like Gecko; compatible; ClaudeBot/1.0; +claudebot@anthropic.com)"
74.7.242.4 - - [28/Jul/2026:02:06:54 +0000] "GET /favicon.ico?path=//proc/36/net/rxrpc HTTP/1.1" 200 3190 "https://www.groatmachinery.com/favicon.ico?path=//proc/36/net" "Mozilla/5.0 AppleWebKit/537.36 (KHTML, like Gecko; compatible; GPTBot/1.4; +https://openai.com/gptbot)"
216.73.216.24 - - [28/Jul/2026:02:06:56 +0000] "GET /sitemap.xml?path=%2F%2Fusr%2Fsrc%2Flinux-headers-6.8.0-136-generic%2Fsamples%2Ffprobe HTTP/1.1" 200 3055 "-" "Mozilla/5.0 AppleWebKit/537.36 (KHTML, like Gecko; compatible; ClaudeBot/1.0; +claudebot@anthropic.com)"
74.7.242.4 - - [28/Jul/2026:02:06:57 +0000] "GET /favicon.ico?path=//proc/64/net/rxrpc HTTP/1.1" 200 3191 "https://www.groatmachinery.com/favicon.ico?path=//proc/64/net" "Mozilla/5.0 AppleWebKit/537.36 (KHTML, like Gecko; compatible; GPTBot/1.4; +https://openai.com/gptbot)"
216.73.216.24 - - [28/Jul/2026:02:06:59 +0000] "GET /sitemap.xml?fileloc=%2F%2Fusr%2Finclude%2Fx86_64-linux-gnu%2Fbits%2Fcpu-set.h&path=%2F%2Fusr%2Finclude%2Fx86_64-linux-gnu%2Fbits HTTP/1.1" 200 4160 "-" "Mozilla/5.0 AppleWebKit/537.36 (KHTML, like Gecko; compatible; ClaudeBot/1.0; +claudebot@anthropic.com)"
74.7.242.4 - - [28/Jul/2026:02:07:00 +0000] "GET /favicon.ico?path=//proc/15/net/rxrpc HTTP/1.1" 200 3190 "https://www.groatmachinery.com/favicon.ico?path=//proc/15/net" "Mozilla/5.0 AppleWebKit/537.36 (KHTML, like Gecko; compatible; GPTBot/1.4; +https://openai.com/gptbot)"
216.73.216.24 - - [28/Jul/2026:02:07:02 +0000] "GET /sitemap.xml?path=%2F%2Fsys%2Fclass%2Ftty%2Fconsole%2Fsubsystem%2FttyS21%2Fsubsystem HTTP/1.1" 200 5325 "-" "Mozilla/5.0 AppleWebKit/537.36 (KHTML, like Gecko; compatible; ClaudeBot/1.0; +claudebot@anthropic.com)"
74.7.242.4 - - [28/Jul/2026:02:07:03 +0000] "GET /favicon.ico?path=//proc/13/net/rxrpc HTTP/1.1" 200 3190 "https://www.groatmachinery.com/favicon.ico?path=//proc/13/net" "Mozilla/5.0 AppleWebKit/537.36 (KHTML, like Gecko; compatible; GPTBot/1.4; +https://openai.com/gptbot)"
216.73.216.24 - - [28/Jul/2026:02:07:05 +0000] "GET /sitemap.xml?fileloc=%2F%2Fproc%2Fsys%2Fkernel%2Funprivileged_userns_clone&path=%2F%2Fproc%2Fsys%2Fkernel HTTP/1.1" 200 2708 "-" "Mozilla/5.0 AppleWebKit/537.36 (KHTML, like Gecko; compatible; ClaudeBot/1.0; +claudebot@anthropic.com)"
74.7.242.4 - - [28/Jul/2026:02:07:06 +0000] "GET /favicon.ico?path=//proc/41/net/rxrpc HTTP/1.1" 200 3190 "https://www.groatmachinery.com/favicon.ico?path=//proc/41/net" "Mozilla/5.0 AppleWebKit/537.36 (KHTML, like Gecko; compatible; GPTBot/1.4; +https://openai.com/gptbot)"
216.73.216.24 - - [28/Jul/2026:02:07:08 +0000] "GET /sitemap.xml?path=%2F%2Fusr%2Fshare%2Fbpfcc-tools HTTP/1.1" 200 3075 "-" "Mozilla/5.0 AppleWebKit/537.36 (KHTML, like Gecko; compatible; ClaudeBot/1.0; +claudebot@anthropic.com)"
74.7.242.4 - - [28/Jul/2026:02:07:10 +0000] "GET /favicon.ico?path=//proc/45/net/rxrpc HTTP/1.1" 200 3190 "https://www.groatmachinery.com/favicon.ico?path=//proc/45/net" "Mozilla/5.0 AppleWebKit/537.36 (KHTML, like Gecko; compatible; GPTBot/1.4; +https://openai.com/gptbot)"
216.73.216.24 - - [28/Jul/2026:02:07:11 +0000] "GET /sitemap.xml?fileloc=%2F%2Fsys%2Fkernel%2Fslab%2Fksm_stable_node%2Fobjects_partial&path=%2F%2Fsys%2Fkernel%2Fslab%2Fksm_stable_node HTTP/1.1" 200 2715 "-" "Mozilla/5.0 AppleWebKit/537.36 (KHTML, like Gecko; compatible; ClaudeBot/1.0; +claudebot@anthropic.com)"
74.7.242.4 - - [28/Jul/2026:02:07:13 +0000] "GET /favicon.ico?path=//proc/65/net/rxrpc HTTP/1.1" 200 3190 "https://www.groatmachinery.com/favicon.ico?path=//proc/65/net" "Mozilla/5.0 AppleWebKit/537.36 (KHTML, like Gecko; compatible; GPTBot/1.4; +https://openai.com/gptbot)"
216.73.216.24 - - [28/Jul/2026:02:07:14 +0000] "GET /sitemap.xml?path=%2F%2Fsys%2Fclass%2Fmisc%2Ftun%2Fpower HTTP/1.1" 200 3341 "-" "Mozilla/5.0 AppleWebKit/537.36 (KHTML, like Gecko; compatible; ClaudeBot/1.0; +claudebot@anthropic.com)"
74.7.242.4 - - [28/Jul/2026:02:07:16 +0000] "GET /favicon.ico?path=//proc/16/net/rxrpc HTTP/1.1" 200 3190 "https://www.groatmachinery.com/favicon.ico?path=//proc/16/net" "Mozilla/5.0 AppleWebKit/537.36 (KHTML, like Gecko; compatible; GPTBot/1.4; +https://openai.com/gptbot)"
74.7.242.4 - - [28/Jul/2026:02:07:19 +0000] "GET /favicon.ico?path=//proc/36/net/stat HTTP/1.1" 200 3092 "https://www.groatmachinery.com/favicon.ico?path=//proc/36/net" "Mozilla/5.0 AppleWebKit/537.36 (KHTML, like Gecko; compatible; GPTBot/1.4; +https://openai.com/gptbot)"
216.73.216.24 - - [28/Jul/2026:02:07:17 +0000] "GET /sitemap.xml?fileloc=%2F%2Fsys%2Fkernel%2Fslab%2Ffat_cache%2Ftotal_objects&path=%2F%2Fsys%2Fkernel%2Fslab%2Ffat_cache HTTP/1.1" 200 2711 "-" "Mozilla/5.0 AppleWebKit/537.36 (KHTML, like Gecko; compatible; ClaudeBot/1.0; +claudebot@anthropic.com)"
74.7.242.4 - - [28/Jul/2026:02:07:22 +0000] "GET /favicon.ico?fileloc=//proc/18/net/rxrpc/peers&path=//proc/18/net/rxrpc HTTP/1.1" 200 2743 "https://www.groatmachinery.com/favicon.ico?path=//proc/18/net/rxrpc" "Mozilla/5.0 AppleWebKit/537.36 (KHTML, like Gecko; compatible; GPTBot/1.4; +https://openai.com/gptbot)"
216.73.216.24 - - [28/Jul/2026:02:07:23 +0000] "GET /sitemap.xml?path=%2F%2Fusr%2Fshare%2Fdoc%2Flibedit2 HTTP/1.1" 200 3137 "-" "Mozilla/5.0 AppleWebKit/537.36 (KHTML, like Gecko; compatible; ClaudeBot/1.0; +claudebot@anthropic.com)"
74.7.242.4 - - [28/Jul/2026:02:07:25 +0000] "GET /favicon.ico?fileloc=//proc/86/net/rxrpc/calls&path=//proc/86/net/rxrpc HTTP/1.1" 200 2784 "https://www.groatmachinery.com/favicon.ico?path=//proc/86/net/rxrpc" "Mozilla/5.0 AppleWebKit/537.36 (KHTML, like Gecko; compatible; GPTBot/1.4; +https://openai.com/gptbot)"
216.73.216.24 - - [28/Jul/2026:02:07:26 +0000] "GET /sitemap.xml?path=%2F%2Fsys%2Fclass%2Ftty%2Ftty27%2Fsubsystem%2Ftty4 HTTP/1.1" 200 3185 "-" "Mozilla/5.0 AppleWebKit/537.36 (KHTML, like Gecko; compatible; ClaudeBot/1.0; +claudebot@anthropic.com)"
74.7.242.4 - - [28/Jul/2026:02:07:29 +0000] "GET /favicon.ico?fileloc=//proc/86/net/rxrpc/peers&path=//proc/86/net/rxrpc HTTP/1.1" 200 2743 "https://www.groatmachinery.com/favicon.ico?path=//proc/86/net/rxrpc" "Mozilla/5.0 AppleWebKit/537.36 (KHTML, like Gecko; compatible; GPTBot/1.4; +https://openai.com/gptbot)"
216.73.216.24 - - [28/Jul/2026:02:07:29 +0000] "GET /sitemap.xml?fileloc=%2F%2Fsys%2Fmodule%2Fcoretemp%2Finitsize&path=%2F%2Fsys%2Fmodule%2Fcoretemp HTTP/1.1" 200 2698 "-" "Mozilla/5.0 AppleWebKit/537.36 (KHTML, like Gecko; compatible; ClaudeBot/1.0; +claudebot@anthropic.com)"
74.7.242.4 - - [28/Jul/2026:02:07:32 +0000] "GET /favicon.ico?fileloc=//proc/64/net/rxrpc/conns&path=//proc/64/net/rxrpc HTTP/1.1" 200 2771 "https://www.groatmachinery.com/favicon.ico?path=//proc/64/net/rxrpc" "Mozilla/5.0 AppleWebKit/537.36 (KHTML, like Gecko; compatible; GPTBot/1.4; +https://openai.com/gptbot)"
57.141.0.40 - - [28/Jul/2026:02:07:33 +0000] "GET /ilia-host-l-87/?fileloc=/var/www/groatmachine_usr/data/www/groatmachinery.com/wp-comments-post.php&path=/var/www/groatmachine_usr/data/www/groatmachinery.com HTTP/1.1" 200 15468 "-" "Mozilla/5.0 (Macintosh; Intel Mac OS X 10_15_7) AppleWebKit/537.36 (KHTML, like Gecko) Chrome/145.0.0.0 Safari/537.36 (compatible; meta-externalagent/1.1 (+https://developers.facebook.com/docs/sharing/webmasters/crawler))"
216.73.216.24 - - [28/Jul/2026:02:07:34 +0000] "GET /ilia-cigarette-s-19/?fileloc=%2F%2Flib%2Fpython3.12%2Fsqlite3%2Fdump.py&path=%2F%2Flib%2Fpython3.12%2Fsqlite3 HTTP/1.1" 200 4056 "-" "Mozilla/5.0 AppleWebKit/537.36 (KHTML, like Gecko; compatible; ClaudeBot/1.0; +claudebot@anthropic.com)"
74.7.242.4 - - [28/Jul/2026:02:07:35 +0000] "GET /favicon.ico?fileloc=//proc/15/net/rxrpc/stats&path=//proc/15/net/rxrpc HTTP/1.1" 200 2896 "https://www.groatmachinery.com/favicon.ico?path=//proc/15/net/rxrpc" "Mozilla/5.0 AppleWebKit/537.36 (KHTML, like Gecko; compatible; GPTBot/1.4; +https://openai.com/gptbot)"
216.73.216.24 - - [28/Jul/2026:02:07:37 +0000] "GET /ilia-cigarette-s-19/?path=%2F%2Flib%2Fpython3.12%2Fsqlite3%2F__pycache__ HTTP/1.1" 200 3195 "-" "Mozilla/5.0 AppleWebKit/537.36 (KHTML, like Gecko; compatible; ClaudeBot/1.0; +claudebot@anthropic.com)"
74.7.242.4 - - [28/Jul/2026:02:07:38 +0000] "GET /favicon.ico?fileloc=//proc/13/net/rxrpc/conns&path=//proc/13/net/rxrpc HTTP/1.1" 200 2771 "https://www.groatmachinery.com/favicon.ico?path=//proc/13/net/rxrpc" "Mozilla/5.0 AppleWebKit/537.36 (KHTML, like Gecko; compatible; GPTBot/1.4; +https://openai.com/gptbot)"
216.73.216.24 - - [28/Jul/2026:02:07:40 +0000] "GET /ilia-cigarette-s-19/?fileloc=%2F%2Flib%2Fpython3.12%2Fsqlite3%2Fdbapi2.py&path=%2F%2Flib%2Fpython3.12%2Fsqlite3 HTTP/1.1" 200 4100 "-" "Mozilla/5.0 AppleWebKit/537.36 (KHTML, like Gecko; compatible; ClaudeBot/1.0; +claudebot@anthropic.com)"
74.7.242.4 - - [28/Jul/2026:02:07:41 +0000] "GET /favicon.ico?fileloc=//proc/41/net/rxrpc/peers&path=//proc/41/net/rxrpc HTTP/1.1" 200 2743 "https://www.groatmachinery.com/favicon.ico?path=//proc/41/net/rxrpc" "Mozilla/5.0 AppleWebKit/537.36 (KHTML, like Gecko; compatible; GPTBot/1.4; +https://openai.com/gptbot)"
216.73.216.24 - - [28/Jul/2026:02:07:44 +0000] "GET /sitemap.xml?path=%2F%2Fsys%2Fclass%2Ftty%2FttyS23%2Fsubsystem%2Ftty28 HTTP/1.1" 200 3188 "-" "Mozilla/5.0 AppleWebKit/537.36 (KHTML, like Gecko; compatible; ClaudeBot/1.0; +claudebot@anthropic.com)"
74.7.242.4 - - [28/Jul/2026:02:07:44 +0000] "GET /favicon.ico?fileloc=//proc/41/net/rxrpc/conns&path=//proc/41/net/rxrpc HTTP/1.1" 200 2771 "https://www.groatmachinery.com/favicon.ico?path=//proc/41/net/rxrpc" "Mozilla/5.0 AppleWebKit/537.36 (KHTML, like Gecko; compatible; GPTBot/1.4; +https://openai.com/gptbot)"
216.73.216.24 - - [28/Jul/2026:02:07:46 +0000] "GET /sitemap.xml?path=%2F%2Fusr%2Fsrc%2Flinux-headers-6.8.0-136-generic%2Fsamples%2Fkdb HTTP/1.1" 200 3052 "-" "Mozilla/5.0 AppleWebKit/537.36 (KHTML, like Gecko; compatible; ClaudeBot/1.0; +claudebot@anthropic.com)"
74.7.242.4 - - [28/Jul/2026:02:07:48 +0000] "GET /favicon.ico?fileloc=//proc/64/net/rxrpc/peers&path=//proc/64/net/rxrpc HTTP/1.1" 200 2744 "https://www.groatmachinery.com/favicon.ico?path=//proc/64/net/rxrpc" "Mozilla/5.0 AppleWebKit/537.36 (KHTML, like Gecko; compatible; GPTBot/1.4; +https://openai.com/gptbot)"
216.73.216.24 - - [28/Jul/2026:02:07:49 +0000] "GET /sitemap.xml?path=%2F%2Fsys%2Fclass%2Ftty%2Fconsole%2Fsubsystem%2Ftty58%2Fsubsystem%2Ftty38 HTTP/1.1" 200 3206 "-" "Mozilla/5.0 AppleWebKit/537.36 (KHTML, like Gecko; compatible; ClaudeBot/1.0; +claudebot@anthropic.com)"
74.7.242.4 - - [28/Jul/2026:02:07:51 +0000] "GET /favicon.ico?fileloc=//proc/64/net/rxrpc/calls&path=//proc/64/net/rxrpc HTTP/1.1" 200 2785 "https://www.groatmachinery.com/favicon.ico?path=//proc/64/net/rxrpc" "Mozilla/5.0 AppleWebKit/537.36 (KHTML, like Gecko; compatible; GPTBot/1.4; +https://openai.com/gptbot)"
216.73.216.24 - - [28/Jul/2026:02:07:52 +0000] "GET /sitemap.xml?path=%2F%2Fsys%2Fclass%2Ftty%2Fconsole%2Fsubsystem%2Ftty39%2Fsubsystem%2FttyS3 HTTP/1.1" 200 3768 "-" "Mozilla/5.0 AppleWebKit/537.36 (KHTML, like Gecko; compatible; ClaudeBot/1.0; +claudebot@anthropic.com)"
74.7.242.4 - - [28/Jul/2026:02:07:54 +0000] "GET /favicon.ico?fileloc=//proc/36/net/stat/ndisc_cache&path=//proc/36/net/stat HTTP/1.1" 200 2942 "https://www.groatmachinery.com/favicon.ico?path=//proc/36/net/stat" "Mozilla/5.0 AppleWebKit/537.36 (KHTML, like Gecko; compatible; GPTBot/1.4; +https://openai.com/gptbot)"
216.73.216.24 - - [28/Jul/2026:02:07:55 +0000] "GET /sitemap.xml?path=%2F%2Fsys%2Fclass%2Ftty%2Ftty36%2Fsubsystem%2FttyS9 HTTP/1.1" 200 3709 "-" "Mozilla/5.0 AppleWebKit/537.36 (KHTML, like Gecko; compatible; ClaudeBot/1.0; +claudebot@anthropic.com)"
74.7.242.4 - - [28/Jul/2026:02:07:57 +0000] "GET /favicon.ico?fileloc=//proc/36/net/stat/rt_cache&path=//proc/36/net/stat HTTP/1.1" 200 3149 "https://www.groatmachinery.com/favicon.ico?path=//proc/36/net/stat" "Mozilla/5.0 AppleWebKit/537.36 (KHTML, like Gecko; compatible; GPTBot/1.4; +https://openai.com/gptbot)"
216.73.216.24 - - [28/Jul/2026:02:07:58 +0000] "GET /sitemap.xml?path=%2F%2Fsys%2Fclass%2Ftty%2Ftty15%2Fsubsystem%2Ftty61 HTTP/1.1" 200 3186 "-" "Mozilla/5.0 AppleWebKit/537.36 (KHTML, like Gecko; compatible; ClaudeBot/1.0; +claudebot@anthropic.com)"
74.7.242.4 - - [28/Jul/2026:02:08:01 +0000] "GET /favicon.ico?fileloc=//proc/36/net/stat/arp_cache&path=//proc/36/net/stat HTTP/1.1" 200 2985 "https://www.groatmachinery.com/favicon.ico?path=//proc/36/net/stat" "Mozilla/5.0 AppleWebKit/537.36 (KHTML, like Gecko; compatible; GPTBot/1.4; +https://openai.com/gptbot)"
216.73.216.24 - - [28/Jul/2026:02:08:01 +0000] "GET /sitemap.xml?fileloc=%2F%2Fsys%2Fkernel%2Fslab%2Fecryptfs_sb_cache%2Fhwcache_align&path=%2F%2Fsys%2Fkernel%2Fslab%2Fecryptfs_sb_cache HTTP/1.1" 200 2714 "-" "Mozilla/5.0 AppleWebKit/537.36 (KHTML, like Gecko; compatible; ClaudeBot/1.0; +claudebot@anthropic.com)"
74.7.242.4 - - [28/Jul/2026:02:08:04 +0000] "GET /favicon.ico?fileloc=//proc/16/net/rxrpc/calls&path=//proc/16/net/rxrpc HTTP/1.1" 200 2784 "https://www.groatmachinery.com/favicon.ico?path=//proc/16/net/rxrpc" "Mozilla/5.0 AppleWebKit/537.36 (KHTML, like Gecko; compatible; GPTBot/1.4; +https://openai.com/gptbot)"
216.73.216.24 - - [28/Jul/2026:02:08:04 +0000] "GET /sitemap.xml?fileloc=%2F%2Fsys%2Fkernel%2Fslab%2Fkmem_cache_node%2Fsanity_checks&path=%2F%2Fsys%2Fkernel%2Fslab%2Fkmem_cache_node HTTP/1.1" 200 2715 "-" "Mozilla/5.0 AppleWebKit/537.36 (KHTML, like Gecko; compatible; ClaudeBot/1.0; +claudebot@anthropic.com)"
74.7.242.4 - - [28/Jul/2026:02:08:07 +0000] "GET /favicon.ico?fileloc=//proc/15/net/rxrpc/conns&path=//proc/15/net/rxrpc HTTP/1.1" 200 2771 "https://www.groatmachinery.com/favicon.ico?path=//proc/15/net/rxrpc" "Mozilla/5.0 AppleWebKit/537.36 (KHTML, like Gecko; compatible; GPTBot/1.4; +https://openai.com/gptbot)"
216.73.216.24 - - [28/Jul/2026:02:08:07 +0000] "GET /sitemap.xml?path=%2F%2Fsys%2Fclass%2Ftty%2Fconsole%2Fsubsystem%2Ftty34%2Fsubsystem%2Ftty23 HTTP/1.1" 200 3208 "-" "Mozilla/5.0 AppleWebKit/537.36 (KHTML, like Gecko; compatible; ClaudeBot/1.0; +claudebot@anthropic.com)"
74.7.242.4 - - [28/Jul/2026:02:08:10 +0000] "GET /favicon.ico?fileloc=//proc/65/net/rxrpc/peers&path=//proc/65/net/rxrpc HTTP/1.1" 200 2744 "https://www.groatmachinery.com/favicon.ico?path=//proc/65/net/rxrpc" "Mozilla/5.0 AppleWebKit/537.36 (KHTML, like Gecko; compatible; GPTBot/1.4; +https://openai.com/gptbot)"
216.73.216.24 - - [28/Jul/2026:02:08:10 +0000] "GET /sitemap.xml?path=%2F%2Fsys%2Fclass%2Ftty%2Ftty14%2Fsubsystem%2FttyS8 HTTP/1.1" 200 3710 "-" "Mozilla/5.0 AppleWebKit/537.36 (KHTML, like Gecko; compatible; ClaudeBot/1.0; +claudebot@anthropic.com)"
216.73.216.24 - - [28/Jul/2026:02:08:13 +0000] "GET /sitemap.xml?path=%2F%2Fsys%2Fclass%2Ftty%2Ftty55%2Fsubsystem%2Ftty51 HTTP/1.1" 200 3185 "-" "Mozilla/5.0 AppleWebKit/537.36 (KHTML, like Gecko; compatible; ClaudeBot/1.0; +claudebot@anthropic.com)"
74.7.242.4 - - [28/Jul/2026:02:08:13 +0000] "GET /favicon.ico?fileloc=//proc/36/net/rxrpc/calls&path=//proc/36/net/rxrpc HTTP/1.1" 200 2784 "https://www.groatmachinery.com/favicon.ico?path=//proc/36/net/rxrpc" "Mozilla/5.0 AppleWebKit/537.36 (KHTML, like Gecko; compatible; GPTBot/1.4; +https://openai.com/gptbot)"
216.73.216.24 - - [28/Jul/2026:02:08:16 +0000] "GET /sitemap.xml?path=%2F%2Fsys%2Fclass%2Ftty%2Fconsole%2Fsubsystem%2Ftty29%2Fsubsystem%2Ftty43 HTTP/1.1" 200 3209 "-" "Mozilla/5.0 AppleWebKit/537.36 (KHTML, like Gecko; compatible; ClaudeBot/1.0; +claudebot@anthropic.com)"
74.7.242.4 - - [28/Jul/2026:02:08:17 +0000] "GET /favicon.ico?fileloc=//proc/16/net/rxrpc/stats&path=//proc/16/net/rxrpc HTTP/1.1" 200 2896 "https://www.groatmachinery.com/favicon.ico?path=//proc/16/net/rxrpc" "Mozilla/5.0 AppleWebKit/537.36 (KHTML, like Gecko; compatible; GPTBot/1.4; +https://openai.com/gptbot)"
216.73.216.24 - - [28/Jul/2026:02:08:19 +0000] "GET /sitemap.xml?path=%2F%2Fsys%2Fclass%2Ftty%2Fconsole%2Fsubsystem%2Ftty29%2Fsubsystem%2Ftty39 HTTP/1.1" 200 3207 "-" "Mozilla/5.0 AppleWebKit/537.36 (KHTML, like Gecko; compatible; ClaudeBot/1.0; +claudebot@anthropic.com)"
74.7.242.4 - - [28/Jul/2026:02:08:20 +0000] "GET /favicon.ico?fileloc=//proc/36/net/rxrpc/conns&path=//proc/36/net/rxrpc HTTP/1.1" 200 2771 "https://www.groatmachinery.com/favicon.ico?path=//proc/36/net/rxrpc" "Mozilla/5.0 AppleWebKit/537.36 (KHTML, like Gecko; compatible; GPTBot/1.4; +https://openai.com/gptbot)"
216.73.216.24 - - [28/Jul/2026:02:08:22 +0000] "GET /sitemap.xml?fileloc=%2F%2Fsys%2Fmodule%2Fraid1%2Fsections%2F.exit.data&path=%2F%2Fsys%2Fmodule%2Fraid1%2Fsections HTTP/1.1" 200 2706 "-" "Mozilla/5.0 AppleWebKit/537.36 (KHTML, like Gecko; compatible; ClaudeBot/1.0; +claudebot@anthropic.com)"
74.7.242.4 - - [28/Jul/2026:02:08:23 +0000] "GET /favicon.ico?fileloc=//proc/18/net/rxrpc/conns&path=//proc/18/net/rxrpc HTTP/1.1" 200 2770 "https://www.groatmachinery.com/favicon.ico?path=//proc/18/net/rxrpc" "Mozilla/5.0 AppleWebKit/537.36 (KHTML, like Gecko; compatible; GPTBot/1.4; +https://openai.com/gptbot)"
216.73.216.24 - - [28/Jul/2026:02:08:25 +0000] "GET /sitemap.xml?path=%2F%2Fsys%2Fclass%2Ftty%2Fconsole%2Fsubsystem%2Ftty29%2Fsubsystem%2Ftty38 HTTP/1.1" 200 3209 "-" "Mozilla/5.0 AppleWebKit/537.36 (KHTML, like Gecko; compatible; ClaudeBot/1.0; +claudebot@anthropic.com)"
74.7.242.4 - - [28/Jul/2026:02:08:26 +0000] "GET /favicon.ico?fileloc=//proc/45/net/rxrpc/conns&path=//proc/45/net/rxrpc HTTP/1.1" 200 2771 "https://www.groatmachinery.com/favicon.ico?path=//proc/45/net/rxrpc" "Mozilla/5.0 AppleWebKit/537.36 (KHTML, like Gecko; compatible; GPTBot/1.4; +https://openai.com/gptbot)"
216.73.216.24 - - [28/Jul/2026:02:08:28 +0000] "GET /sitemap.xml?path=%2F%2Fsys%2Fclass%2Ftty%2Fptmx%2Fsubsystem%2Ftty9 HTTP/1.1" 200 3184 "-" "Mozilla/5.0 AppleWebKit/537.36 (KHTML, like Gecko; compatible; ClaudeBot/1.0; +claudebot@anthropic.com)"
74.7.242.4 - - [28/Jul/2026:02:08:29 +0000] "GET /favicon.ico?fileloc=//proc/41/net/rxrpc/calls&path=//proc/41/net/rxrpc HTTP/1.1" 200 2784 "https://www.groatmachinery.com/favicon.ico?path=//proc/41/net/rxrpc" "Mozilla/5.0 AppleWebKit/537.36 (KHTML, like Gecko; compatible; GPTBot/1.4; +https://openai.com/gptbot)"
216.73.216.24 - - [28/Jul/2026:02:08:31 +0000] "GET /sitemap.xml?path=%2F%2Fsys%2Fclass%2Ftty%2Fconsole%2Fsubsystem%2Ftty34%2Fsubsystem%2Ftty16 HTTP/1.1" 200 3208 "-" "Mozilla/5.0 AppleWebKit/537.36 (KHTML, like Gecko; compatible; ClaudeBot/1.0; +claudebot@anthropic.com)"
74.7.242.4 - - [28/Jul/2026:02:08:32 +0000] "GET /favicon.ico?fileloc=//proc/65/net/rxrpc/calls&path=//proc/65/net/rxrpc HTTP/1.1" 200 2784 "https://www.groatmachinery.com/favicon.ico?path=//proc/65/net/rxrpc" "Mozilla/5.0 AppleWebKit/537.36 (KHTML, like Gecko; compatible; GPTBot/1.4; +https://openai.com/gptbot)"
216.73.216.24 - - [28/Jul/2026:02:08:34 +0000] "GET /sitemap.xml?path=%2F%2Fsys%2Fclass%2Ftty%2Fconsole%2Fsubsystem%2Ftty39%2Fsubsystem%2Ftty29 HTTP/1.1" 200 3207 "-" "Mozilla/5.0 AppleWebKit/537.36 (KHTML, like Gecko; compatible; ClaudeBot/1.0; +claudebot@anthropic.com)"
74.7.242.4 - - [28/Jul/2026:02:08:35 +0000] "GET /favicon.ico?fileloc=//proc/64/net/rxrpc/stats&path=//proc/64/net/rxrpc HTTP/1.1" 200 2896 "https://www.groatmachinery.com/favicon.ico?path=//proc/64/net/rxrpc" "Mozilla/5.0 AppleWebKit/537.36 (KHTML, like Gecko; compatible; GPTBot/1.4; +https://openai.com/gptbot)"
216.73.216.24 - - [28/Jul/2026:02:08:37 +0000] "GET /sitemap.xml?fileloc=%2F%2Fusr%2Finclude%2Flinux%2Fdma-heap.h&path=%2F%2Fusr%2Finclude%2Flinux HTTP/1.1" 200 3348 "-" "Mozilla/5.0 AppleWebKit/537.36 (KHTML, like Gecko; compatible; ClaudeBot/1.0; +claudebot@anthropic.com)"
74.7.242.4 - - [28/Jul/2026:02:08:39 +0000] "GET /favicon.ico?fileloc=//proc/45/net/rxrpc/stats&path=//proc/45/net/rxrpc HTTP/1.1" 200 2896 "https://www.groatmachinery.com/favicon.ico?path=//proc/45/net/rxrpc" "Mozilla/5.0 AppleWebKit/537.36 (KHTML, like Gecko; compatible; GPTBot/1.4; +https://openai.com/gptbot)"
216.73.216.24 - - [28/Jul/2026:02:08:40 +0000] "GET /sitemap.xml?path=%2F%2Fsys%2Fclass%2Ftty%2Fconsole%2Fsubsystem%2Ftty16%2Fsubsystem%2Ftty30 HTTP/1.1" 200 3207 "-" "Mozilla/5.0 AppleWebKit/537.36 (KHTML, like Gecko; compatible; ClaudeBot/1.0; +claudebot@anthropic.com)"
74.7.242.4 - - [28/Jul/2026:02:08:42 +0000] "GET /favicon.ico?fileloc=//proc/36/net/rxrpc/peers&path=//proc/36/net/rxrpc HTTP/1.1" 200 2744 "https://www.groatmachinery.com/favicon.ico?path=//proc/36/net/rxrpc" "Mozilla/5.0 AppleWebKit/537.36 (KHTML, like Gecko; compatible; GPTBot/1.4; +https://openai.com/gptbot)"
216.73.216.24 - - [28/Jul/2026:02:08:43 +0000] "GET /sitemap.xml?path=%2F%2Fsys%2Fclass%2Ftty%2Ftty24%2Fsubsystem%2Ftty14 HTTP/1.1" 200 3185 "-" "Mozilla/5.0 AppleWebKit/537.36 (KHTML, like Gecko; compatible; ClaudeBot/1.0; +claudebot@anthropic.com)"
74.7.242.4 - - [28/Jul/2026:02:08:45 +0000] "GET /favicon.ico?fileloc=//proc/15/net/rxrpc/peers&path=//proc/15/net/rxrpc HTTP/1.1" 200 2743 "https://www.groatmachinery.com/favicon.ico?path=//proc/15/net/rxrpc" "Mozilla/5.0 AppleWebKit/537.36 (KHTML, like Gecko; compatible; GPTBot/1.4; +https://openai.com/gptbot)"
216.73.216.24 - - [28/Jul/2026:02:08:47 +0000] "GET /sitemap.xml?path=%2F%2Fsys%2Fclass%2Ftty%2Fconsole%2Fsubsystem%2Ftty34%2Fsubsystem%2FttyS26 HTTP/1.1" 200 3773 "-" "Mozilla/5.0 AppleWebKit/537.36 (KHTML, like Gecko; compatible; ClaudeBot/1.0; +claudebot@anthropic.com)"
74.7.242.4 - - [28/Jul/2026:02:08:48 +0000] "GET /favicon.ico?fileloc=//proc/86/net/rxrpc/conns&path=//proc/86/net/rxrpc HTTP/1.1" 200 2770 "https://www.groatmachinery.com/favicon.ico?path=//proc/86/net/rxrpc" "Mozilla/5.0 AppleWebKit/537.36 (KHTML, like Gecko; compatible; GPTBot/1.4; +https://openai.com/gptbot)"
216.73.216.24 - - [28/Jul/2026:02:08:50 +0000] "GET /sitemap.xml?path=%2F%2Fsys%2Fclass%2Ftty%2Ftty27%2Fsubsystem%2FttyS25 HTTP/1.1" 200 3714 "-" "Mozilla/5.0 AppleWebKit/537.36 (KHTML, like Gecko; compatible; ClaudeBot/1.0; +claudebot@anthropic.com)"
74.7.242.4 - - [28/Jul/2026:02:08:51 +0000] "GET /favicon.ico?fileloc=//proc/13/net/rxrpc/peers&path=//proc/13/net/rxrpc HTTP/1.1" 200 2743 "https://www.groatmachinery.com/favicon.ico?path=//proc/13/net/rxrpc" "Mozilla/5.0 AppleWebKit/537.36 (KHTML, like Gecko; compatible; GPTBot/1.4; +https://openai.com/gptbot)"
216.73.216.24 - - [28/Jul/2026:02:08:53 +0000] "GET /sitemap.xml?path=%2F%2Fsys%2Fclass%2Ftty%2Ftty14%2Fsubsystem%2FttyS14 HTTP/1.1" 200 3710 "-" "Mozilla/5.0 AppleWebKit/537.36 (KHTML, like Gecko; compatible; ClaudeBot/1.0; +claudebot@anthropic.com)"
74.7.242.4 - - [28/Jul/2026:02:08:54 +0000] "GET /favicon.ico?fileloc=//proc/18/net/rxrpc/stats&path=//proc/18/net/rxrpc HTTP/1.1" 200 2896 "https://www.groatmachinery.com/favicon.ico?path=//proc/18/net/rxrpc" "Mozilla/5.0 AppleWebKit/537.36 (KHTML, like Gecko; compatible; GPTBot/1.4; +https://openai.com/gptbot)"
216.73.216.24 - - [28/Jul/2026:02:08:56 +0000] "GET /sitemap.xml?path=%2F%2Fsys%2Fclass%2Ftty%2Ftty31%2Fsubsystem%2FttyS11 HTTP/1.1" 200 3712 "-" "Mozilla/5.0 AppleWebKit/537.36 (KHTML, like Gecko; compatible; ClaudeBot/1.0; +claudebot@anthropic.com)"
74.7.242.4 - - [28/Jul/2026:02:08:58 +0000] "GET /favicon.ico?fileloc=//proc/36/net/rxrpc/stats&path=//proc/36/net/rxrpc HTTP/1.1" 200 2896 "https://www.groatmachinery.com/favicon.ico?path=//proc/36/net/rxrpc" "Mozilla/5.0 AppleWebKit/537.36 (KHTML, like Gecko; compatible; GPTBot/1.4; +https://openai.com/gptbot)"
216.73.216.24 - - [28/Jul/2026:02:08:59 +0000] "GET /sitemap.xml?path=%2F%2Fsys%2Fdevices%2Funcore_imc_2%2Fsubsystem%2Fdevices%2Funcore_ha_0 HTTP/1.1" 200 3333 "-" "Mozilla/5.0 AppleWebKit/537.36 (KHTML, like Gecko; compatible; ClaudeBot/1.0; +claudebot@anthropic.com)"
74.7.242.4 - - [28/Jul/2026:02:09:01 +0000] "GET /favicon.ico?fileloc=//proc/45/net/rxrpc/calls&path=//proc/45/net/rxrpc HTTP/1.1" 200 2784 "https://www.groatmachinery.com/favicon.ico?path=//proc/45/net/rxrpc" "Mozilla/5.0 AppleWebKit/537.36 (KHTML, like Gecko; compatible; GPTBot/1.4; +https://openai.com/gptbot)"
216.73.216.24 - - [28/Jul/2026:02:09:02 +0000] "GET /sitemap.xml?path=%2F%2Fsys%2Fclass%2Ftty%2FttyS23%2Fsubsystem%2FttyS22 HTTP/1.1" 200 3714 "-" "Mozilla/5.0 AppleWebKit/537.36 (KHTML, like Gecko; compatible; ClaudeBot/1.0; +claudebot@anthropic.com)"
74.7.242.4 - - [28/Jul/2026:02:09:04 +0000] "GET /favicon.ico?fileloc=//proc/65/net/rxrpc/stats&path=//proc/65/net/rxrpc HTTP/1.1" 200 2896 "https://www.groatmachinery.com/favicon.ico?path=//proc/65/net/rxrpc" "Mozilla/5.0 AppleWebKit/537.36 (KHTML, like Gecko; compatible; GPTBot/1.4; +https://openai.com/gptbot)"
216.73.216.24 - - [28/Jul/2026:02:09:05 +0000] "GET /sitemap.xml?path=%2F%2Fsys%2Fclass%2Ftty%2Ftty27%2Fsubsystem%2FttyS26 HTTP/1.1" 200 3714 "-" "Mozilla/5.0 AppleWebKit/537.36 (KHTML, like Gecko; compatible; ClaudeBot/1.0; +claudebot@anthropic.com)"
74.7.242.4 - - [28/Jul/2026:02:09:07 +0000] "GET /favicon.ico?fileloc=//proc/86/net/rxrpc/stats&path=//proc/86/net/rxrpc HTTP/1.1" 200 2895 "https://www.groatmachinery.com/favicon.ico?path=//proc/86/net/rxrpc" "Mozilla/5.0 AppleWebKit/537.36 (KHTML, like Gecko; compatible; GPTBot/1.4; +https://openai.com/gptbot)"
216.73.216.24 - - [28/Jul/2026:02:09:08 +0000] "GET /sitemap.xml?path=%2F%2Fsys%2Fclass%2Ftty%2Fconsole%2Fsubsystem%2Ftty34%2Fsubsystem%2FttyS12 HTTP/1.1" 200 3773 "-" "Mozilla/5.0 AppleWebKit/537.36 (KHTML, like Gecko; compatible; ClaudeBot/1.0; +claudebot@anthropic.com)"
74.7.242.4 - - [28/Jul/2026:02:09:10 +0000] "GET /favicon.ico?fileloc=//proc/65/net/rxrpc/conns&path=//proc/65/net/rxrpc HTTP/1.1" 200 2771 "https://www.groatmachinery.com/favicon.ico?path=//proc/65/net/rxrpc" "Mozilla/5.0 AppleWebKit/537.36 (KHTML, like Gecko; compatible; GPTBot/1.4; +https://openai.com/gptbot)"
216.73.216.24 - - [28/Jul/2026:02:09:11 +0000] "GET /sitemap.xml?path=%2F%2Fsys%2Fclass%2Ftty%2Ftty36%2Fsubsystem%2FttyS13%2Fdevice HTTP/1.1" 200 3228 "-" "Mozilla/5.0 AppleWebKit/537.36 (KHTML, like Gecko; compatible; ClaudeBot/1.0; +claudebot@anthropic.com)"
74.7.242.4 - - [28/Jul/2026:02:09:13 +0000] "GET /favicon.ico?fileloc=//proc/45/net/rxrpc/peers&path=//proc/45/net/rxrpc HTTP/1.1" 200 2744 "https://www.groatmachinery.com/favicon.ico?path=//proc/45/net/rxrpc" "Mozilla/5.0 AppleWebKit/537.36 (KHTML, like Gecko; compatible; GPTBot/1.4; +https://openai.com/gptbot)"
216.73.216.24 - - [28/Jul/2026:02:09:14 +0000] "GET /sitemap.xml?path=%2F%2Flib%2Fssl%2Fcerts HTTP/1.1" 200 11855 "-" "Mozilla/5.0 AppleWebKit/537.36 (KHTML, like Gecko; compatible; ClaudeBot/1.0; +claudebot@anthropic.com)"
74.7.242.4 - - [28/Jul/2026:02:09:16 +0000] "GET /favicon.ico?fileloc=//proc/16/net/rxrpc/peers&path=//proc/16/net/rxrpc HTTP/1.1" 200 2743 "https://www.groatmachinery.com/favicon.ico?path=//proc/16/net/rxrpc" "Mozilla/5.0 AppleWebKit/537.36 (KHTML, like Gecko; compatible; GPTBot/1.4; +https://openai.com/gptbot)"
216.73.216.24 - - [28/Jul/2026:02:09:17 +0000] "GET /sitemap.xml?path=%2F%2Fusr%2Flib%2Flocale HTTP/1.1" 200 3096 "-" "Mozilla/5.0 AppleWebKit/537.36 (KHTML, like Gecko; compatible; ClaudeBot/1.0; +claudebot@anthropic.com)"
74.7.242.4 - - [28/Jul/2026:02:09:20 +0000] "GET /favicon.ico?fileloc=//proc/13/net/rxrpc/stats&path=//proc/13/net/rxrpc HTTP/1.1" 200 2896 "https://www.groatmachinery.com/favicon.ico?path=//proc/13/net/rxrpc" "Mozilla/5.0 AppleWebKit/537.36 (KHTML, like Gecko; compatible; GPTBot/1.4; +https://openai.com/gptbot)"
216.73.216.24 - - [28/Jul/2026:02:09:20 +0000] "GET /sitemap.xml?fileloc=%2F%2Fsys%2Fkernel%2Fslab%2Fext4_inode_cache%2Fstore_user&path=%2F%2Fsys%2Fkernel%2Fslab%2Fext4_inode_cache HTTP/1.1" 200 2714 "-" "Mozilla/5.0 AppleWebKit/537.36 (KHTML, like Gecko; compatible; ClaudeBot/1.0; +claudebot@anthropic.com)"
74.7.242.4 - - [28/Jul/2026:02:09:23 +0000] "GET /favicon.ico?fileloc=//proc/13/net/rxrpc/calls&path=//proc/13/net/rxrpc HTTP/1.1" 200 2784 "https://www.groatmachinery.com/favicon.ico?path=//proc/13/net/rxrpc" "Mozilla/5.0 AppleWebKit/537.36 (KHTML, like Gecko; compatible; GPTBot/1.4; +https://openai.com/gptbot)"
216.73.216.24 - - [28/Jul/2026:02:09:23 +0000] "GET /sitemap.xml?path=%2F%2Fsys%2Fclass%2Ftty%2Fconsole%2Fsubsystem%2Ftty34%2Fsubsystem%2FttyS24 HTTP/1.1" 200 3772 "-" "Mozilla/5.0 AppleWebKit/537.36 (KHTML, like Gecko; compatible; ClaudeBot/1.0; +claudebot@anthropic.com)"
74.7.242.4 - - [28/Jul/2026:02:09:26 +0000] "GET /favicon.ico?fileloc=//proc/41/net/rxrpc/stats&path=//proc/41/net/rxrpc HTTP/1.1" 200 2896 "https://www.groatmachinery.com/favicon.ico?path=//proc/41/net/rxrpc" "Mozilla/5.0 AppleWebKit/537.36 (KHTML, like Gecko; compatible; GPTBot/1.4; +https://openai.com/gptbot)"
216.73.216.24 - - [28/Jul/2026:02:09:26 +0000] "GET /sitemap.xml?path=%2F%2Fsys%2Fclass%2Ftty%2Ftty27%2Fsubsystem%2FttyS12 HTTP/1.1" 200 3714 "-" "Mozilla/5.0 AppleWebKit/537.36 (KHTML, like Gecko; compatible; ClaudeBot/1.0; +claudebot@anthropic.com)"
74.7.242.4 - - [28/Jul/2026:02:09:29 +0000] "GET /favicon.ico?fileloc=//proc/16/net/rxrpc/conns&path=//proc/16/net/rxrpc HTTP/1.1" 200 2771 "https://www.groatmachinery.com/favicon.ico?path=//proc/16/net/rxrpc" "Mozilla/5.0 AppleWebKit/537.36 (KHTML, like Gecko; compatible; GPTBot/1.4; +https://openai.com/gptbot)"
216.73.216.24 - - [28/Jul/2026:02:09:29 +0000] "GET /sitemap.xml?path=%2F%2Fusr%2Fshare%2Fdoc%2Flibss2 HTTP/1.1" 200 3088 "-" "Mozilla/5.0 AppleWebKit/537.36 (KHTML, like Gecko; compatible; ClaudeBot/1.0; +claudebot@anthropic.com)"
216.73.216.24 - - [28/Jul/2026:02:09:32 +0000] "GET /sitemap.xml?path=%2F%2Fsys%2Fclass%2Ftty%2Ftty14%2Fsubsystem%2FttyS15 HTTP/1.1" 200 3714 "-" "Mozilla/5.0 AppleWebKit/537.36 (KHTML, like Gecko; compatible; ClaudeBot/1.0; +claudebot@anthropic.com)"
74.7.242.4 - - [28/Jul/2026:02:09:32 +0000] "GET /favicon.ico?fileloc=//proc/18/net/rxrpc/calls&path=//proc/18/net/rxrpc HTTP/1.1" 200 2784 "https://www.groatmachinery.com/favicon.ico?path=//proc/18/net/rxrpc" "Mozilla/5.0 AppleWebKit/537.36 (KHTML, like Gecko; compatible; GPTBot/1.4; +https://openai.com/gptbot)"
216.73.216.24 - - [28/Jul/2026:02:09:35 +0000] "GET /sitemap.xml?path=%2F%2Fsys%2Fclass%2Ftty%2Fconsole%2Fsubsystem%2Ftty58%2Fsubsystem%2FttyS25 HTTP/1.1" 200 3772 "-" "Mozilla/5.0 AppleWebKit/537.36 (KHTML, like Gecko; compatible; ClaudeBot/1.0; +claudebot@anthropic.com)"
74.7.242.4 - - [28/Jul/2026:02:09:35 +0000] "GET /favicon.ico?fileloc=//proc/15/net/rxrpc/calls&path=//proc/15/net/rxrpc HTTP/1.1" 200 2784 "https://www.groatmachinery.com/favicon.ico?path=//proc/15/net/rxrpc" "Mozilla/5.0 AppleWebKit/537.36 (KHTML, like Gecko; compatible; GPTBot/1.4; +https://openai.com/gptbot)"
216.73.216.24 - - [28/Jul/2026:02:09:38 +0000] "GET /sitemap.xml?path=%2F%2Fsys%2Fclass%2Ftty%2Ftty36%2Fsubsystem%2FttyS10%2Fdevice HTTP/1.1" 200 3228 "-" "Mozilla/5.0 AppleWebKit/537.36 (KHTML, like Gecko; compatible; ClaudeBot/1.0; +claudebot@anthropic.com)"
74.7.242.4 - - [28/Jul/2026:02:09:39 +0000] "GET /favicon.ico?fileloc=//proc/64/net/rxrpc/locals&path=//proc/64/net/rxrpc HTTP/1.1" 200 2722 "https://www.groatmachinery.com/favicon.ico?path=//proc/64/net/rxrpc" "Mozilla/5.0 AppleWebKit/537.36 (KHTML, like Gecko; compatible; GPTBot/1.4; +https://openai.com/gptbot)"
216.73.216.24 - - [28/Jul/2026:02:09:41 +0000] "GET /sitemap.xml?path=%2F%2Fsys%2Fclass%2Ftty%2Ftty27%2Fsubsystem%2FttyS24 HTTP/1.1" 200 3714 "-" "Mozilla/5.0 AppleWebKit/537.36 (KHTML, like Gecko; compatible; ClaudeBot/1.0; +claudebot@anthropic.com)"
74.7.242.4 - - [28/Jul/2026:02:09:42 +0000] "GET /favicon.ico?fileloc=//proc/65/net/rxrpc/locals&path=//proc/65/net/rxrpc HTTP/1.1" 200 2722 "https://www.groatmachinery.com/favicon.ico?path=//proc/65/net/rxrpc" "Mozilla/5.0 AppleWebKit/537.36 (KHTML, like Gecko; compatible; GPTBot/1.4; +https://openai.com/gptbot)"
216.73.216.24 - - [28/Jul/2026:02:09:44 +0000] "GET /sitemap.xml?path=%2F%2Fsys%2Fclass%2Ftty%2FttyS18%2Fpower HTTP/1.1" 200 3624 "-" "Mozilla/5.0 AppleWebKit/537.36 (KHTML, like Gecko; compatible; ClaudeBot/1.0; +claudebot@anthropic.com)"
74.7.242.4 - - [28/Jul/2026:02:09:45 +0000] "GET /favicon.ico?fileloc=//proc/18/net/rxrpc/locals&path=//proc/18/net/rxrpc HTTP/1.1" 200 2721 "https://www.groatmachinery.com/favicon.ico?path=//proc/18/net/rxrpc" "Mozilla/5.0 AppleWebKit/537.36 (KHTML, like Gecko; compatible; GPTBot/1.4; +https://openai.com/gptbot)"
216.73.216.24 - - [28/Jul/2026:02:09:47 +0000] "GET /sitemap.xml?path=%2F%2Fsys%2Fclass%2Fthermal%2Fcooling_device5%2Fsubsystem HTTP/1.1" 200 3385 "-" "Mozilla/5.0 AppleWebKit/537.36 (KHTML, like Gecko; compatible; ClaudeBot/1.0; +claudebot@anthropic.com)"
74.7.242.4 - - [28/Jul/2026:02:09:48 +0000] "GET /favicon.ico?fileloc=//proc/15/net/rxrpc/locals&path=//proc/15/net/rxrpc HTTP/1.1" 200 2722 "https://www.groatmachinery.com/favicon.ico?path=//proc/15/net/rxrpc" "Mozilla/5.0 AppleWebKit/537.36 (KHTML, like Gecko; compatible; GPTBot/1.4; +https://openai.com/gptbot)"
216.73.216.24 - - [28/Jul/2026:02:09:50 +0000] "GET /sitemap.xml?path=%2F%2Fsys%2Fclass%2Ftty%2FttyS23%2Fpower HTTP/1.1" 200 3624 "-" "Mozilla/5.0 AppleWebKit/537.36 (KHTML, like Gecko; compatible; ClaudeBot/1.0; +claudebot@anthropic.com)"
74.7.242.4 - - [28/Jul/2026:02:09:52 +0000] "GET /favicon.ico?fileloc=//proc/36/net/rxrpc/locals&path=//proc/36/net/rxrpc HTTP/1.1" 200 2722 "https://www.groatmachinery.com/favicon.ico?path=//proc/36/net/rxrpc" "Mozilla/5.0 AppleWebKit/537.36 (KHTML, like Gecko; compatible; GPTBot/1.4; +https://openai.com/gptbot)"
216.73.216.24 - - [28/Jul/2026:02:09:53 +0000] "GET /sitemap.xml?path=%2F%2Fusr%2Fsrc%2Flinux-headers-6.8.0-136-generic%2Fdrivers%2Fgpu%2Fdrm HTTP/1.1" 200 5108 "-" "Mozilla/5.0 AppleWebKit/537.36 (KHTML, like Gecko; compatible; ClaudeBot/1.0; +claudebot@anthropic.com)"
74.7.242.4 - - [28/Jul/2026:02:09:55 +0000] "GET /favicon.ico?fileloc=//proc/16/net/rxrpc/locals&path=//proc/16/net/rxrpc HTTP/1.1" 200 2722 "https://www.groatmachinery.com/favicon.ico?path=//proc/16/net/rxrpc" "Mozilla/5.0 AppleWebKit/537.36 (KHTML, like Gecko; compatible; GPTBot/1.4; +https://openai.com/gptbot)"
216.73.216.24 - - [28/Jul/2026:02:09:56 +0000] "GET /sitemap.xml?path=%2F%2Fsys%2Fclass%2Ftty%2Fconsole%2Fsubsystem%2Ftty58%2Fsubsystem%2FttyS26 HTTP/1.1" 200 3772 "-" "Mozilla/5.0 AppleWebKit/537.36 (KHTML, like Gecko; compatible; ClaudeBot/1.0; +claudebot@anthropic.com)"
74.7.242.4 - - [28/Jul/2026:02:09:58 +0000] "GET /favicon.ico?fileloc=//proc/86/net/rxrpc/locals&path=//proc/86/net/rxrpc HTTP/1.1" 200 2721 "https://www.groatmachinery.com/favicon.ico?path=//proc/86/net/rxrpc" "Mozilla/5.0 AppleWebKit/537.36 (KHTML, like Gecko; compatible; GPTBot/1.4; +https://openai.com/gptbot)"
216.73.216.24 - - [28/Jul/2026:02:09:59 +0000] "GET /sitemap.xml?path=%2F%2Fproc%2F36%2Ffdinfo HTTP/1.1" 200 2741 "-" "Mozilla/5.0 AppleWebKit/537.36 (KHTML, like Gecko; compatible; ClaudeBot/1.0; +claudebot@anthropic.com)"
74.7.242.4 - - [28/Jul/2026:02:10:01 +0000] "GET /favicon.ico?fileloc=//proc/13/net/rxrpc/locals&path=//proc/13/net/rxrpc HTTP/1.1" 200 2722 "https://www.groatmachinery.com/favicon.ico?path=//proc/13/net/rxrpc" "Mozilla/5.0 AppleWebKit/537.36 (KHTML, like Gecko; compatible; GPTBot/1.4; +https://openai.com/gptbot)"
216.73.216.24 - - [28/Jul/2026:02:10:02 +0000] "GET /sitemap.xml?path=%2F%2Fsys%2Fclass%2Fthermal%2Fcooling_device0%2Fstats HTTP/1.1" 200 3177 "-" "Mozilla/5.0 AppleWebKit/537.36 (KHTML, like Gecko; compatible; ClaudeBot/1.0; +claudebot@anthropic.com)"
74.7.242.4 - - [28/Jul/2026:02:10:04 +0000] "GET /favicon.ico?fileloc=//proc/45/net/rxrpc/locals&path=//proc/45/net/rxrpc HTTP/1.1" 200 2722 "https://www.groatmachinery.com/favicon.ico?path=//proc/45/net/rxrpc" "Mozilla/5.0 AppleWebKit/537.36 (KHTML, like Gecko; compatible; GPTBot/1.4; +https://openai.com/gptbot)"
216.73.216.24 - - [28/Jul/2026:02:10:05 +0000] "GET /sitemap.xml?fileloc=%2F%2Fusr%2Finclude%2Fx86_64-linux-gnu%2Fsys%2Finotify.h&path=%2F%2Fusr%2Finclude%2Fx86_64-linux-gnu%2Fsys HTTP/1.1" 200 4278 "-" "Mozilla/5.0 AppleWebKit/537.36 (KHTML, like Gecko; compatible; ClaudeBot/1.0; +claudebot@anthropic.com)"
74.7.242.4 - - [28/Jul/2026:02:10:07 +0000] "GET /favicon.ico?fileloc=//proc/41/net/rxrpc/locals&path=//proc/41/net/rxrpc HTTP/1.1" 200 2722 "https://www.groatmachinery.com/favicon.ico?path=//proc/41/net/rxrpc" "Mozilla/5.0 AppleWebKit/537.36 (KHTML, like Gecko; compatible; GPTBot/1.4; +https://openai.com/gptbot)"
216.73.216.24 - - [28/Jul/2026:02:10:08 +0000] "GET /sitemap.xml?path=%2F%2Fsys%2Fclass%2Ftty%2Fconsole%2Fsubsystem%2Ftty58%2Fsubsystem%2FttyS12 HTTP/1.1" 200 3772 "-" "Mozilla/5.0 AppleWebKit/537.36 (KHTML, like Gecko; compatible; ClaudeBot/1.0; +claudebot@anthropic.com)"
74.7.242.4 - - [28/Jul/2026:02:10:10 +0000] "GET /favicon.ico?fileloc=//proc/86/net/rxrpc/bundles&path=//proc/86/net/rxrpc HTTP/1.1" 200 2758 "https://www.groatmachinery.com/favicon.ico?path=//proc/86/net/rxrpc" "Mozilla/5.0 AppleWebKit/537.36 (KHTML, like Gecko; compatible; GPTBot/1.4; +https://openai.com/gptbot)"
216.73.216.24 - - [28/Jul/2026:02:10:11 +0000] "GET /sitemap.xml?path=%2F%2Fusr%2Fsrc%2Flinux-headers-6.8.0-136-generic%2Fdrivers%2Fphy%2Fintel HTTP/1.1" 200 3117 "-" "Mozilla/5.0 AppleWebKit/537.36 (KHTML, like Gecko; compatible; ClaudeBot/1.0; +claudebot@anthropic.com)"
74.7.242.4 - - [28/Jul/2026:02:10:13 +0000] "GET /favicon.ico?fileloc=//proc/65/net/rxrpc/bundles&path=//proc/65/net/rxrpc HTTP/1.1" 200 2758 "https://www.groatmachinery.com/favicon.ico?path=//proc/65/net/rxrpc" "Mozilla/5.0 AppleWebKit/537.36 (KHTML, like Gecko; compatible; GPTBot/1.4; +https://openai.com/gptbot)"
216.73.216.24 - - [28/Jul/2026:02:10:14 +0000] "GET /sitemap.xml?fileloc=%2F%2Fproc%2Fsys%2Fkernel%2Fctrl-alt-del&path=%2F%2Fproc%2Fsys%2Fkernel HTTP/1.1" 200 2699 "-" "Mozilla/5.0 AppleWebKit/537.36 (KHTML, like Gecko; compatible; ClaudeBot/1.0; +claudebot@anthropic.com)"
74.7.242.4 - - [28/Jul/2026:02:10:17 +0000] "GET /favicon.ico?fileloc=//proc/16/net/rxrpc/bundles&path=//proc/16/net/rxrpc HTTP/1.1" 200 2758 "https://www.groatmachinery.com/favicon.ico?path=//proc/16/net/rxrpc" "Mozilla/5.0 AppleWebKit/537.36 (KHTML, like Gecko; compatible; GPTBot/1.4; +https://openai.com/gptbot)"
216.73.216.24 - - [28/Jul/2026:02:10:17 +0000] "GET /sitemap.xml?path=%2F%2Fsys%2Fclass%2Ftty%2Ftty27%2Fsubsystem%2Ftty21 HTTP/1.1" 200 3186 "-" "Mozilla/5.0 AppleWebKit/537.36 (KHTML, like Gecko; compatible; ClaudeBot/1.0; +claudebot@anthropic.com)"
74.7.242.4 - - [28/Jul/2026:02:10:20 +0000] "GET /favicon.ico?fileloc=//proc/45/net/rxrpc/bundles&path=//proc/45/net/rxrpc HTTP/1.1" 200 2758 "https://www.groatmachinery.com/favicon.ico?path=//proc/45/net/rxrpc" "Mozilla/5.0 AppleWebKit/537.36 (KHTML, like Gecko; compatible; GPTBot/1.4; +https://openai.com/gptbot)"
216.73.216.24 - - [28/Jul/2026:02:10:20 +0000] "GET /sitemap.xml?path=%2F%2Fproc%2F229%2Fnet%2Fstat HTTP/1.1" 200 3096 "-" "Mozilla/5.0 AppleWebKit/537.36 (KHTML, like Gecko; compatible; ClaudeBot/1.0; +claudebot@anthropic.com)"
74.7.242.4 - - [28/Jul/2026:02:10:23 +0000] "GET /favicon.ico?fileloc=//proc/13/net/rxrpc/bundles&path=//proc/13/net/rxrpc HTTP/1.1" 200 2758 "https://www.groatmachinery.com/favicon.ico?path=//proc/13/net/rxrpc" "Mozilla/5.0 AppleWebKit/537.36 (KHTML, like Gecko; compatible; GPTBot/1.4; +https://openai.com/gptbot)"
216.73.216.24 - - [28/Jul/2026:02:10:23 +0000] "GET /sitemap.xml?fileloc=%2F%2Fsys%2Fkernel%2Fslab%2Fnsproxy%2Fcpu_partial&path=%2F%2Fsys%2Fkernel%2Fslab%2Fnsproxy HTTP/1.1" 200 2708 "-" "Mozilla/5.0 AppleWebKit/537.36 (KHTML, like Gecko; compatible; ClaudeBot/1.0; +claudebot@anthropic.com)"
74.7.242.4 - - [28/Jul/2026:02:10:26 +0000] "GET /favicon.ico?fileloc=//proc/41/net/rxrpc/bundles&path=//proc/41/net/rxrpc HTTP/1.1" 200 2758 "https://www.groatmachinery.com/favicon.ico?path=//proc/41/net/rxrpc" "Mozilla/5.0 AppleWebKit/537.36 (KHTML, like Gecko; compatible; GPTBot/1.4; +https://openai.com/gptbot)"
216.73.216.24 - - [28/Jul/2026:02:10:26 +0000] "GET /sitemap.xml?path=%2F%2Fusr%2Fsrc%2Flinux-headers-6.8.0-136-generic%2Fdrivers%2Fps3 HTTP/1.1" 200 3053 "-" "Mozilla/5.0 AppleWebKit/537.36 (KHTML, like Gecko; compatible; ClaudeBot/1.0; +claudebot@anthropic.com)"
74.7.242.4 - - [28/Jul/2026:02:10:29 +0000] "GET /favicon.ico?fileloc=//proc/15/net/rxrpc/bundles&path=//proc/15/net/rxrpc HTTP/1.1" 200 2758 "https://www.groatmachinery.com/favicon.ico?path=//proc/15/net/rxrpc" "Mozilla/5.0 AppleWebKit/537.36 (KHTML, like Gecko; compatible; GPTBot/1.4; +https://openai.com/gptbot)"
216.73.216.24 - - [28/Jul/2026:02:10:29 +0000] "GET /sitemap.xml?path=%2F%2Fsys%2Fdevices%2Funcore_imc_2%2Fsubsystem%2Fdevices%2Funcore_pcu%2Fpower HTTP/1.1" 200 3401 "-" "Mozilla/5.0 AppleWebKit/537.36 (KHTML, like Gecko; compatible; ClaudeBot/1.0; +claudebot@anthropic.com)"
74.7.242.4 - - [28/Jul/2026:02:10:32 +0000] "GET /favicon.ico?fileloc=//proc/64/net/rxrpc/bundles&path=//proc/64/net/rxrpc HTTP/1.1" 200 2759 "https://www.groatmachinery.com/favicon.ico?path=//proc/64/net/rxrpc" "Mozilla/5.0 AppleWebKit/537.36 (KHTML, like Gecko; compatible; GPTBot/1.4; +https://openai.com/gptbot)"
216.73.216.24 - - [28/Jul/2026:02:10:32 +0000] "GET /sitemap.xml?fileloc=%2F%2Fsys%2Fkernel%2Fslab%2Fradix_tree_node%2Ftrace&path=%2F%2Fsys%2Fkernel%2Fslab%2Fradix_tree_node HTTP/1.1" 200 2710 "-" "Mozilla/5.0 AppleWebKit/537.36 (KHTML, like Gecko; compatible; ClaudeBot/1.0; +claudebot@anthropic.com)"
