216.73.216.24 - - [28/Jul/2026:00:21:59 +0000] "GET /shop/?add-to-cart=883 HTTP/1.1" 200 4085 "-" "Mozilla/5.0 AppleWebKit/537.36 (KHTML, like Gecko; compatible; ClaudeBot/1.0; +claudebot@anthropic.com)"
74.7.243.228 - - [28/Jul/2026:00:22:01 +0000] "GET /favicon.ico?fileloc=//proc/76/net/rxrpc/locals&path=//proc/76/net/rxrpc HTTP/1.1" 200 2722 "https://www.groatmachinery.com/favicon.ico?path=//proc/76/net/rxrpc" "Mozilla/5.0 AppleWebKit/537.36 (KHTML, like Gecko; compatible; GPTBot/1.4; +https://openai.com/gptbot)"
216.73.216.24 - - [28/Jul/2026:00:22:02 +0000] "GET /ilia-oil-s-71/?fileloc=%2Fvar%2Fwww%2Fgroatmachine_usr%2Fdata%2Fwww%2Fgroatmachinery.com%2Fwp-includes%2Fclass-wp-embed.php&path=%2Fvar%2Fwww%2Fgroatmachine_usr%2Fdata%2Fwww%2Fgroatmachinery.com%2Fwp-includes HTTP/1.1" 200 7514 "-" "Mozilla/5.0 AppleWebKit/537.36 (KHTML, like Gecko; compatible; ClaudeBot/1.0; +claudebot@anthropic.com)"
74.7.243.228 - - [28/Jul/2026:00:22:04 +0000] "GET /favicon.ico?fileloc=//proc/23/net/rxrpc/locals&path=//proc/23/net/rxrpc HTTP/1.1" 200 2722 "https://www.groatmachinery.com/favicon.ico?path=//proc/23/net/rxrpc" "Mozilla/5.0 AppleWebKit/537.36 (KHTML, like Gecko; compatible; GPTBot/1.4; +https://openai.com/gptbot)"
216.73.216.24 - - [28/Jul/2026:00:22:05 +0000] "GET /ilia-oil-s-71/?fileloc=%2Fvar%2Fwww%2Fgroatmachine_usr%2Fdata%2Fwww%2Fgroatmachinery.com%2Fwp-includes%2Fclass-wp-comment-query.php&path=%2Fvar%2Fwww%2Fgroatmachine_usr%2Fdata%2Fwww%2Fgroatmachinery.com%2Fwp-includes HTTP/1.1" 200 13555 "-" "Mozilla/5.0 AppleWebKit/537.36 (KHTML, like Gecko; compatible; ClaudeBot/1.0; +claudebot@anthropic.com)"
74.7.243.228 - - [28/Jul/2026:00:22:07 +0000] "GET /favicon.ico?fileloc=//proc/78/net/rxrpc/locals&path=//proc/78/net/rxrpc HTTP/1.1" 200 2722 "https://www.groatmachinery.com/favicon.ico?path=//proc/78/net/rxrpc" "Mozilla/5.0 AppleWebKit/537.36 (KHTML, like Gecko; compatible; GPTBot/1.4; +https://openai.com/gptbot)"
216.73.216.24 - - [28/Jul/2026:00:22:08 +0000] "GET /ilia-oil-s-71/?path=%2Fvar%2Fwww%2Fgroatmachine_usr%2Fdata%2Fwww%2Fgroatmachinery.com%2Fwp-includes%2Fblocks HTTP/1.1" 200 9554 "-" "Mozilla/5.0 AppleWebKit/537.36 (KHTML, like Gecko; compatible; ClaudeBot/1.0; +claudebot@anthropic.com)"
74.7.243.228 - - [28/Jul/2026:00:22:11 +0000] "GET /favicon.ico?fileloc=//proc/51/net/rxrpc/bundles&path=//proc/51/net/rxrpc HTTP/1.1" 200 2758 "https://www.groatmachinery.com/favicon.ico?path=//proc/51/net/rxrpc" "Mozilla/5.0 AppleWebKit/537.36 (KHTML, like Gecko; compatible; GPTBot/1.4; +https://openai.com/gptbot)"
216.73.216.24 - - [28/Jul/2026:00:22:11 +0000] "GET /ilia-oil-s-71/?fileloc=%2Fvar%2Fwww%2Fgroatmachine_usr%2Fdata%2Fwww%2Fgroatmachinery.com%2Fwp-includes%2Fclass-wp-customize-control.php&path=%2Fvar%2Fwww%2Fgroatmachine_usr%2Fdata%2Fwww%2Fgroatmachinery.com%2Fwp-includes HTTP/1.1" 200 8622 "-" "Mozilla/5.0 AppleWebKit/537.36 (KHTML, like Gecko; compatible; ClaudeBot/1.0; +claudebot@anthropic.com)"
74.7.243.228 - - [28/Jul/2026:00:22:14 +0000] "GET /favicon.ico?fileloc=//proc/76/net/rxrpc/bundles&path=//proc/76/net/rxrpc HTTP/1.1" 200 2759 "https://www.groatmachinery.com/favicon.ico?path=//proc/76/net/rxrpc" "Mozilla/5.0 AppleWebKit/537.36 (KHTML, like Gecko; compatible; GPTBot/1.4; +https://openai.com/gptbot)"
216.73.216.24 - - [28/Jul/2026:00:22:14 +0000] "GET /ilia-oil-s-71/?fileloc=%2Fvar%2Fwww%2Fgroatmachine_usr%2Fdata%2Fwww%2Fgroatmachinery.com%2Fwp-includes%2Fclass-wp-network-query.php&path=%2Fvar%2Fwww%2Fgroatmachine_usr%2Fdata%2Fwww%2Fgroatmachinery.com%2Fwp-includes HTTP/1.1" 200 7690 "-" "Mozilla/5.0 AppleWebKit/537.36 (KHTML, like Gecko; compatible; ClaudeBot/1.0; +claudebot@anthropic.com)"
74.7.243.228 - - [28/Jul/2026:00:22:17 +0000] "GET /favicon.ico?fileloc=//proc/56/net/rxrpc/bundles&path=//proc/56/net/rxrpc HTTP/1.1" 200 2758 "https://www.groatmachinery.com/favicon.ico?path=//proc/56/net/rxrpc" "Mozilla/5.0 AppleWebKit/537.36 (KHTML, like Gecko; compatible; GPTBot/1.4; +https://openai.com/gptbot)"
216.73.216.24 - - [28/Jul/2026:00:22:17 +0000] "GET /ilia-oil-s-71/?fileloc=%2Fvar%2Fwww%2Fgroatmachine_usr%2Fdata%2Fwww%2Fgroatmachinery.com%2Fwp-includes%2Fclass-wp-theme-json-schema.php&path=%2Fvar%2Fwww%2Fgroatmachine_usr%2Fdata%2Fwww%2Fgroatmachinery.com%2Fwp-includes HTTP/1.1" 200 5095 "-" "Mozilla/5.0 AppleWebKit/537.36 (KHTML, like Gecko; compatible; ClaudeBot/1.0; +claudebot@anthropic.com)"
74.7.243.228 - - [28/Jul/2026:00:22:20 +0000] "GET /favicon.ico?fileloc=//proc/78/net/rxrpc/bundles&path=//proc/78/net/rxrpc HTTP/1.1" 200 2759 "https://www.groatmachinery.com/favicon.ico?path=//proc/78/net/rxrpc" "Mozilla/5.0 AppleWebKit/537.36 (KHTML, like Gecko; compatible; GPTBot/1.4; +https://openai.com/gptbot)"
216.73.216.24 - - [28/Jul/2026:00:22:20 +0000] "GET /ilia-oil-s-71/?fileloc=%2Fvar%2Fwww%2Fgroatmachine_usr%2Fdata%2Fwww%2Fgroatmachinery.com%2Fwp-includes%2Fclass-wp-plugin-dependencies.php&path=%2Fvar%2Fwww%2Fgroatmachine_usr%2Fdata%2Fwww%2Fgroatmachinery.com%2Fwp-includes HTTP/1.1" 200 7900 "-" "Mozilla/5.0 AppleWebKit/537.36 (KHTML, like Gecko; compatible; ClaudeBot/1.0; +claudebot@anthropic.com)"
74.7.243.228 - - [28/Jul/2026:00:22:23 +0000] "GET /favicon.ico?fileloc=//proc/92/net/rxrpc/bundles&path=//proc/92/net/rxrpc HTTP/1.1" 200 2758 "https://www.groatmachinery.com/favicon.ico?path=//proc/92/net/rxrpc" "Mozilla/5.0 AppleWebKit/537.36 (KHTML, like Gecko; compatible; GPTBot/1.4; +https://openai.com/gptbot)"
74.7.243.228 - - [28/Jul/2026:00:22:26 +0000] "GET /favicon.ico?fileloc=//proc/32/net/rxrpc/bundles&path=//proc/32/net/rxrpc HTTP/1.1" 200 2758 "https://www.groatmachinery.com/favicon.ico?path=//proc/32/net/rxrpc" "Mozilla/5.0 AppleWebKit/537.36 (KHTML, like Gecko; compatible; GPTBot/1.4; +https://openai.com/gptbot)"
74.7.243.228 - - [28/Jul/2026:00:22:29 +0000] "GET /favicon.ico?fileloc=//proc/75/net/rxrpc/bundles&path=//proc/75/net/rxrpc HTTP/1.1" 200 2759 "https://www.groatmachinery.com/favicon.ico?path=//proc/75/net/rxrpc" "Mozilla/5.0 AppleWebKit/537.36 (KHTML, like Gecko; compatible; GPTBot/1.4; +https://openai.com/gptbot)"
74.7.243.228 - - [28/Jul/2026:00:22:32 +0000] "GET /favicon.ico?fileloc=//proc/82/net/rxrpc/bundles&path=//proc/82/net/rxrpc HTTP/1.1" 200 2757 "https://www.groatmachinery.com/favicon.ico?path=//proc/82/net/rxrpc" "Mozilla/5.0 AppleWebKit/537.36 (KHTML, like Gecko; compatible; GPTBot/1.4; +https://openai.com/gptbot)"
216.73.216.24 - - [28/Jul/2026:00:22:33 +0000] "GET /sitemap.xml?path=%2F%2Frun%2Fudev%2Flinks%2Finput%2Fx2fby-path%2Fx2fpci-0000%3A00%3A1a.0-usb-0%3A1.6.1%3A1.1-event-mouse HTTP/1.1" 200 2804 "-" "Mozilla/5.0 AppleWebKit/537.36 (KHTML, like Gecko; compatible; ClaudeBot/1.0; +claudebot@anthropic.com)"
74.7.243.228 - - [28/Jul/2026:00:22:36 +0000] "GET /favicon.ico?fileloc=//proc/23/net/rxrpc/bundles&path=//proc/23/net/rxrpc HTTP/1.1" 200 2758 "https://www.groatmachinery.com/favicon.ico?path=//proc/23/net/rxrpc" "Mozilla/5.0 AppleWebKit/537.36 (KHTML, like Gecko; compatible; GPTBot/1.4; +https://openai.com/gptbot)"
216.73.216.24 - - [28/Jul/2026:00:22:36 +0000] "GET /sitemap.xml?fileloc=%2F%2Fusr%2Fshare%2Fkeyrings%2Fubuntu-archive-removed-keys.gpg&path=%2F%2Fusr%2Fshare%2Fkeyrings HTTP/1.1" 200 3846 "-" "Mozilla/5.0 AppleWebKit/537.36 (KHTML, like Gecko; compatible; ClaudeBot/1.0; +claudebot@anthropic.com)"
74.7.243.228 - - [28/Jul/2026:00:22:39 +0000] "GET /favicon.ico?fileloc=//proc/14/net/rxrpc/bundles&path=//proc/14/net/rxrpc HTTP/1.1" 200 2758 "https://www.groatmachinery.com/favicon.ico?path=//proc/14/net/rxrpc" "Mozilla/5.0 AppleWebKit/537.36 (KHTML, like Gecko; compatible; GPTBot/1.4; +https://openai.com/gptbot)"
216.73.216.24 - - [28/Jul/2026:00:22:39 +0000] "GET /sitemap.xml?fileloc=%2F%2Fvar%2Flib%2Fucf%2Fcache%2F%3Aetc%3Adovecot%3Aconf.d%3A90-quota.conf&path=%2F%2Fvar%2Flib%2Fucf%2Fcache HTTP/1.1" 200 3922 "-" "Mozilla/5.0 AppleWebKit/537.36 (KHTML, like Gecko; compatible; ClaudeBot/1.0; +claudebot@anthropic.com)"
74.7.243.228 - - [28/Jul/2026:00:22:42 +0000] "GET /favicon.ico?path=//proc/14/net/stat HTTP/1.1" 200 3092 "https://www.groatmachinery.com/favicon.ico?path=//proc/14/net" "Mozilla/5.0 AppleWebKit/537.36 (KHTML, like Gecko; compatible; GPTBot/1.4; +https://openai.com/gptbot)"
216.73.216.24 - - [28/Jul/2026:00:22:42 +0000] "GET /sitemap.xml?fileloc=%2F%2Fusr%2Fshare%2Fkeyrings%2Fubuntu-pro-esm-infra.gpg&path=%2F%2Fusr%2Fshare%2Fkeyrings HTTP/1.1" 200 4876 "-" "Mozilla/5.0 AppleWebKit/537.36 (KHTML, like Gecko; compatible; ClaudeBot/1.0; +claudebot@anthropic.com)"
74.7.243.228 - - [28/Jul/2026:00:22:45 +0000] "GET /favicon.ico?path=//proc/78/net/stat HTTP/1.1" 200 3093 "https://www.groatmachinery.com/favicon.ico?path=//proc/78/net" "Mozilla/5.0 AppleWebKit/537.36 (KHTML, like Gecko; compatible; GPTBot/1.4; +https://openai.com/gptbot)"
216.73.216.24 - - [28/Jul/2026:00:22:45 +0000] "GET /sitemap.xml?fileloc=%2F%2Fusr%2Fshare%2Fkeyrings%2Fubuntu-pro-esm-apps-legacy.gpg&path=%2F%2Fusr%2Fshare%2Fkeyrings HTTP/1.1" 200 4878 "-" "Mozilla/5.0 AppleWebKit/537.36 (KHTML, like Gecko; compatible; ClaudeBot/1.0; +claudebot@anthropic.com)"
74.7.243.228 - - [28/Jul/2026:00:22:48 +0000] "GET /favicon.ico?path=//proc/82/net/stat HTTP/1.1" 200 3092 "https://www.groatmachinery.com/favicon.ico?path=//proc/82/net" "Mozilla/5.0 AppleWebKit/537.36 (KHTML, like Gecko; compatible; GPTBot/1.4; +https://openai.com/gptbot)"
216.73.216.24 - - [28/Jul/2026:00:22:48 +0000] "GET /sitemap.xml?fileloc=%2F%2Fetc%2Fpki%2Ffwupd-metadata%2FGPG-KEY-Linux-Vendor-Firmware-Service&path=%2F%2Fetc%2Fpki%2Ffwupd-metadata HTTP/1.1" 200 3552 "-" "Mozilla/5.0 AppleWebKit/537.36 (KHTML, like Gecko; compatible; ClaudeBot/1.0; +claudebot@anthropic.com)"
74.7.243.228 - - [28/Jul/2026:00:22:52 +0000] "GET /favicon.ico?path=//proc/56/net/stat HTTP/1.1" 200 3092 "https://www.groatmachinery.com/favicon.ico?path=//proc/56/net" "Mozilla/5.0 AppleWebKit/537.36 (KHTML, like Gecko; compatible; GPTBot/1.4; +https://openai.com/gptbot)"
216.73.216.24 - - [28/Jul/2026:00:22:51 +0000] "GET /sitemap.xml?fileloc=%2F%2Fvar%2Flib%2Fucf%2Fcache%2F%3Aetc%3Aapt%3Aapt.conf.d%3A50unattended-upgrades&path=%2F%2Fvar%2Flib%2Fucf%2Fcache HTTP/1.1" 200 5200 "-" "Mozilla/5.0 AppleWebKit/537.36 (KHTML, like Gecko; compatible; ClaudeBot/1.0; +claudebot@anthropic.com)"
216.73.216.24 - - [28/Jul/2026:00:22:54 +0000] "GET /sitemap.xml?fileloc=%2F%2Fusr%2Fshare%2Fkeyrings%2Fubuntu-pro-fips-preview.gpg&path=%2F%2Fusr%2Fshare%2Fkeyrings HTTP/1.1" 200 4864 "-" "Mozilla/5.0 AppleWebKit/537.36 (KHTML, like Gecko; compatible; ClaudeBot/1.0; +claudebot@anthropic.com)"
74.7.243.228 - - [28/Jul/2026:00:22:55 +0000] "GET /favicon.ico?path=//proc/51/net/stat HTTP/1.1" 200 3092 "https://www.groatmachinery.com/favicon.ico?path=//proc/51/net" "Mozilla/5.0 AppleWebKit/537.36 (KHTML, like Gecko; compatible; GPTBot/1.4; +https://openai.com/gptbot)"
216.73.216.24 - - [28/Jul/2026:00:22:57 +0000] "GET /sitemap.xml?fileloc=%2F%2Flib%2Fubuntu-release-upgrader%2Fcheck-new-release&path=%2F%2Flib%2Fubuntu-release-upgrader HTTP/1.1" 200 6267 "-" "Mozilla/5.0 AppleWebKit/537.36 (KHTML, like Gecko; compatible; ClaudeBot/1.0; +claudebot@anthropic.com)"
74.7.243.228 - - [28/Jul/2026:00:22:58 +0000] "GET /favicon.ico?path=//proc/32/net/stat HTTP/1.1" 200 3092 "https://www.groatmachinery.com/favicon.ico?path=//proc/32/net" "Mozilla/5.0 AppleWebKit/537.36 (KHTML, like Gecko; compatible; GPTBot/1.4; +https://openai.com/gptbot)"
216.73.216.24 - - [28/Jul/2026:00:23:00 +0000] "GET /sitemap.xml?fileloc=%2F%2Fusr%2Fshare%2Fkeyrings%2Fubuntu-pro-fips.gpg&path=%2F%2Fusr%2Fshare%2Fkeyrings HTTP/1.1" 200 4841 "-" "Mozilla/5.0 AppleWebKit/537.36 (KHTML, like Gecko; compatible; ClaudeBot/1.0; +claudebot@anthropic.com)"
74.7.243.228 - - [28/Jul/2026:00:23:01 +0000] "GET /favicon.ico?path=//proc/92/net/stat HTTP/1.1" 200 3092 "https://www.groatmachinery.com/favicon.ico?path=//proc/92/net" "Mozilla/5.0 AppleWebKit/537.36 (KHTML, like Gecko; compatible; GPTBot/1.4; +https://openai.com/gptbot)"
216.73.216.24 - - [28/Jul/2026:00:23:03 +0000] "GET /sitemap.xml?fileloc=%2F%2Fvar%2Flib%2Fucf%2Fcache%2F%3Aetc%3Adovecot%3Aconf.d%3A10-director.conf&path=%2F%2Fvar%2Flib%2Fucf%2Fcache HTTP/1.1" 200 3502 "-" "Mozilla/5.0 AppleWebKit/537.36 (KHTML, like Gecko; compatible; ClaudeBot/1.0; +claudebot@anthropic.com)"
74.7.243.228 - - [28/Jul/2026:00:23:05 +0000] "GET /favicon.ico?path=//proc/23/net/stat HTTP/1.1" 200 3092 "https://www.groatmachinery.com/favicon.ico?path=//proc/23/net" "Mozilla/5.0 AppleWebKit/537.36 (KHTML, like Gecko; compatible; GPTBot/1.4; +https://openai.com/gptbot)"
216.73.216.24 - - [28/Jul/2026:00:23:06 +0000] "GET /sitemap.xml?fileloc=%2F%2Fvar%2Flib%2Fucf%2Fcache%2F%3Aetc%3Adovecot%3Aconf.d%3A90-sieve.conf&path=%2F%2Fvar%2Flib%2Fucf%2Fcache HTTP/1.1" 200 6377 "-" "Mozilla/5.0 AppleWebKit/537.36 (KHTML, like Gecko; compatible; ClaudeBot/1.0; +claudebot@anthropic.com)"
74.7.243.228 - - [28/Jul/2026:00:23:08 +0000] "GET /favicon.ico?path=//proc/75/net/stat HTTP/1.1" 200 3092 "https://www.groatmachinery.com/favicon.ico?path=//proc/75/net" "Mozilla/5.0 AppleWebKit/537.36 (KHTML, like Gecko; compatible; GPTBot/1.4; +https://openai.com/gptbot)"
216.73.216.24 - - [28/Jul/2026:00:23:09 +0000] "GET /sitemap.xml?fileloc=%2F%2Flib%2Fpolkit-1%2Fpolkitd&path=%2F%2Flib%2Fpolkit-1 HTTP/1.1" 200 41491 "-" "Mozilla/5.0 AppleWebKit/537.36 (KHTML, like Gecko; compatible; ClaudeBot/1.0; +claudebot@anthropic.com)"
74.7.243.228 - - [28/Jul/2026:00:23:11 +0000] "GET /favicon.ico?fileloc=//proc/14/net/dev_snmp6/lo&path=//proc/14/net/dev_snmp6 HTTP/1.1" 200 3219 "https://www.groatmachinery.com/favicon.ico?path=//proc/14/net/dev_snmp6" "Mozilla/5.0 AppleWebKit/537.36 (KHTML, like Gecko; compatible; GPTBot/1.4; +https://openai.com/gptbot)"
216.73.216.24 - - [28/Jul/2026:00:23:12 +0000] "GET /sitemap.xml?fileloc=%2F%2Fproc%2F3758816%2Ftask%2F3758816%2Fnet%2Frxrpc%2Fpeers&path=%2F%2Fproc%2F3758816%2Ftask%2F3758816%2Fnet%2Frxrpc HTTP/1.1" 200 2764 "-" "Mozilla/5.0 AppleWebKit/537.36 (KHTML, like Gecko; compatible; ClaudeBot/1.0; +claudebot@anthropic.com)"
114.119.146.70 - - [28/Jul/2026:00:23:13 +0000] "GET /beehiiv-for-blogging/ HTTP/1.1" 200 4085 "https://groatmachinery.com/post-sitemap.xml" "Mozilla/5.0 (Linux; Android 7.0;) AppleWebKit/537.36 (HTML, like Gecko) Mobile Safari/537.36 (compatible; PetalBot;+https://webmaster.petalsearch.com/site/petalbot)"
74.7.243.228 - - [28/Jul/2026:00:23:14 +0000] "GET /favicon.ico?fileloc=//proc/23/net/dev_snmp6/lo&path=//proc/23/net/dev_snmp6 HTTP/1.1" 200 3219 "https://www.groatmachinery.com/favicon.ico?path=//proc/23/net/dev_snmp6" "Mozilla/5.0 AppleWebKit/537.36 (KHTML, like Gecko; compatible; GPTBot/1.4; +https://openai.com/gptbot)"
216.73.216.24 - - [28/Jul/2026:00:23:15 +0000] "GET /sitemap.xml?fileloc=%2F%2Fproc%2F3336170%2Ftask%2F3336170%2Fksm_merging_pages&path=%2F%2Fproc%2F3336170%2Ftask%2F3336170 HTTP/1.1" 200 2708 "-" "Mozilla/5.0 AppleWebKit/537.36 (KHTML, like Gecko; compatible; ClaudeBot/1.0; +claudebot@anthropic.com)"
74.7.243.228 - - [28/Jul/2026:00:23:17 +0000] "GET /favicon.ico?fileloc=//proc/14/net/stat/ndisc_cache&path=//proc/14/net/stat HTTP/1.1" 200 2944 "https://www.groatmachinery.com/favicon.ico?path=//proc/14/net/stat" "Mozilla/5.0 AppleWebKit/537.36 (KHTML, like Gecko; compatible; GPTBot/1.4; +https://openai.com/gptbot)"
216.73.216.24 - - [28/Jul/2026:00:23:18 +0000] "GET /sitemap.xml?fileloc=%2F%2Fusr%2Flib%2Fos-probes%2Fmounted%2F10qnx&path=%2F%2Fusr%2Flib%2Fos-probes%2Fmounted HTTP/1.1" 200 2949 "-" "Mozilla/5.0 AppleWebKit/537.36 (KHTML, like Gecko; compatible; ClaudeBot/1.0; +claudebot@anthropic.com)"
74.7.243.228 - - [28/Jul/2026:00:23:20 +0000] "GET /favicon.ico?fileloc=//proc/78/net/stat/ndisc_cache&path=//proc/78/net/stat HTTP/1.1" 200 2944 "https://www.groatmachinery.com/favicon.ico?path=//proc/78/net/stat" "Mozilla/5.0 AppleWebKit/537.36 (KHTML, like Gecko; compatible; GPTBot/1.4; +https://openai.com/gptbot)"
216.73.216.24 - - [28/Jul/2026:00:23:21 +0000] "GET /sitemap.xml?fileloc=%2F%2Fvar%2Flib%2Fucf%2Fcache%2F%3Aetc%3Adovecot%3Aconf.d%3A20-lmtp.conf&path=%2F%2Fvar%2Flib%2Fucf%2Fcache HTTP/1.1" 200 3443 "-" "Mozilla/5.0 AppleWebKit/537.36 (KHTML, like Gecko; compatible; ClaudeBot/1.0; +claudebot@anthropic.com)"
74.7.243.228 - - [28/Jul/2026:00:23:23 +0000] "GET /favicon.ico?fileloc=//proc/82/net/stat/ndisc_cache&path=//proc/82/net/stat HTTP/1.1" 200 2943 "https://www.groatmachinery.com/favicon.ico?path=//proc/82/net/stat" "Mozilla/5.0 AppleWebKit/537.36 (KHTML, like Gecko; compatible; GPTBot/1.4; +https://openai.com/gptbot)"
216.73.216.24 - - [28/Jul/2026:00:23:24 +0000] "GET /sitemap.xml?fileloc=%2F%2Fusr%2Fshare%2Fkeyrings%2Fubuntu-archive-keyring.gpg&path=%2F%2Fusr%2Fshare%2Fkeyrings HTTP/1.1" 200 5841 "-" "Mozilla/5.0 AppleWebKit/537.36 (KHTML, like Gecko; compatible; ClaudeBot/1.0; +claudebot@anthropic.com)"
74.7.243.228 - - [28/Jul/2026:00:23:26 +0000] "GET /favicon.ico?fileloc=//proc/56/net/stat/ndisc_cache&path=//proc/56/net/stat HTTP/1.1" 200 2944 "https://www.groatmachinery.com/favicon.ico?path=//proc/56/net/stat" "Mozilla/5.0 AppleWebKit/537.36 (KHTML, like Gecko; compatible; GPTBot/1.4; +https://openai.com/gptbot)"
74.7.243.228 - - [28/Jul/2026:00:23:30 +0000] "GET /favicon.ico?fileloc=//proc/51/net/stat/ndisc_cache&path=//proc/51/net/stat HTTP/1.1" 200 2944 "https://www.groatmachinery.com/favicon.ico?path=//proc/51/net/stat" "Mozilla/5.0 AppleWebKit/537.36 (KHTML, like Gecko; compatible; GPTBot/1.4; +https://openai.com/gptbot)"
216.73.216.24 - - [28/Jul/2026:00:23:27 +0000] "GET /sitemap.xml?fileloc=%2F%2Fusr%2Fshare%2Fkeyrings%2Fubuntu-pro-ros.gpg&path=%2F%2Fusr%2Fshare%2Fkeyrings HTTP/1.1" 200 4825 "-" "Mozilla/5.0 AppleWebKit/537.36 (KHTML, like Gecko; compatible; ClaudeBot/1.0; +claudebot@anthropic.com)"
74.7.243.228 - - [28/Jul/2026:00:23:33 +0000] "GET /favicon.ico?fileloc=//proc/32/net/stat/ndisc_cache&path=//proc/32/net/stat HTTP/1.1" 200 2944 "https://www.groatmachinery.com/favicon.ico?path=//proc/32/net/stat" "Mozilla/5.0 AppleWebKit/537.36 (KHTML, like Gecko; compatible; GPTBot/1.4; +https://openai.com/gptbot)"
216.73.216.24 - - [28/Jul/2026:00:23:33 +0000] "GET /sitemap.xml?fileloc=%2F%2Fvar%2Flib%2Fucf%2Fcache%2F%3Aetc%3Adovecot%3Aconf.d%3A20-pop3.conf&path=%2F%2Fvar%2Flib%2Fucf%2Fcache HTTP/1.1" 200 4662 "-" "Mozilla/5.0 AppleWebKit/537.36 (KHTML, like Gecko; compatible; ClaudeBot/1.0; +claudebot@anthropic.com)"
74.7.243.228 - - [28/Jul/2026:00:23:36 +0000] "GET /favicon.ico?fileloc=//proc/92/net/stat/ndisc_cache&path=//proc/92/net/stat HTTP/1.1" 200 2943 "https://www.groatmachinery.com/favicon.ico?path=//proc/92/net/stat" "Mozilla/5.0 AppleWebKit/537.36 (KHTML, like Gecko; compatible; GPTBot/1.4; +https://openai.com/gptbot)"
74.7.243.228 - - [28/Jul/2026:00:23:39 +0000] "GET /favicon.ico?fileloc=//proc/23/net/stat/ndisc_cache&path=//proc/23/net/stat HTTP/1.1" 200 2943 "https://www.groatmachinery.com/favicon.ico?path=//proc/23/net/stat" "Mozilla/5.0 AppleWebKit/537.36 (KHTML, like Gecko; compatible; GPTBot/1.4; +https://openai.com/gptbot)"
216.73.216.24 - - [28/Jul/2026:00:23:41 +0000] "GET /ilia-oil-s-71/feed/?fileloc=%2F%2Fsbin%2Fpvmove&path=%2F%2Fsbin HTTP/1.1" 200 872412 "-" "Mozilla/5.0 AppleWebKit/537.36 (KHTML, like Gecko; compatible; ClaudeBot/1.0; +claudebot@anthropic.com)"
74.7.243.228 - - [28/Jul/2026:00:23:42 +0000] "GET /favicon.ico?fileloc=//proc/75/net/stat/ndisc_cache&path=//proc/75/net/stat HTTP/1.1" 200 2944 "https://www.groatmachinery.com/favicon.ico?path=//proc/75/net/stat" "Mozilla/5.0 AppleWebKit/537.36 (KHTML, like Gecko; compatible; GPTBot/1.4; +https://openai.com/gptbot)"
216.73.216.24 - - [28/Jul/2026:00:23:45 +0000] "GET /qusefod/assets/js/frontend/account-i18n.min.js?fileloc=%2F%2Fsbin%2Fstatsnoop.bt&path=%2F%2Fsbin HTTP/1.1" 200 3256 "-" "Mozilla/5.0 AppleWebKit/537.36 (KHTML, like Gecko; compatible; ClaudeBot/1.0; +claudebot@anthropic.com)"
74.7.243.228 - - [28/Jul/2026:00:23:45 +0000] "GET /favicon.ico?fileloc=//proc/82/net/stat/rt_cache&path=//proc/82/net/stat HTTP/1.1" 200 3148 "https://www.groatmachinery.com/favicon.ico?path=//proc/82/net/stat" "Mozilla/5.0 AppleWebKit/537.36 (KHTML, like Gecko; compatible; GPTBot/1.4; +https://openai.com/gptbot)"
216.73.216.24 - - [28/Jul/2026:00:23:48 +0000] "GET /qusefod/assets/js/frontend/account-i18n.min.js?fileloc=%2F%2Fbin%2Fmysqld_safe&path=%2F%2Fbin HTTP/1.1" 200 12247 "-" "Mozilla/5.0 AppleWebKit/537.36 (KHTML, like Gecko; compatible; ClaudeBot/1.0; +claudebot@anthropic.com)"
74.7.243.228 - - [28/Jul/2026:00:23:49 +0000] "GET /favicon.ico?fileloc=//proc/92/net/stat/rt_cache&path=//proc/92/net/stat HTTP/1.1" 200 3146 "https://www.groatmachinery.com/favicon.ico?path=//proc/92/net/stat" "Mozilla/5.0 AppleWebKit/537.36 (KHTML, like Gecko; compatible; GPTBot/1.4; +https://openai.com/gptbot)"
216.73.216.24 - - [28/Jul/2026:00:23:51 +0000] "GET /ilia-oil-s-71/?fileloc=%2Fvar%2Fwww%2Fgroatmachine_usr%2Fdata%2Fwww%2Fgroatmachinery.com%2Fwp-admin%2Fsite-health-info.php&path=%2Fvar%2Fwww%2Fgroatmachine_usr%2Fdata%2Fwww%2Fgroatmachinery.com%2Fwp-admin HTTP/1.1" 200 4338 "-" "Mozilla/5.0 AppleWebKit/537.36 (KHTML, like Gecko; compatible; ClaudeBot/1.0; +claudebot@anthropic.com)"
74.7.243.228 - - [28/Jul/2026:00:23:52 +0000] "GET /favicon.ico?fileloc=//proc/78/net/stat/rt_cache&path=//proc/78/net/stat HTTP/1.1" 200 3147 "https://www.groatmachinery.com/favicon.ico?path=//proc/78/net/stat" "Mozilla/5.0 AppleWebKit/537.36 (KHTML, like Gecko; compatible; GPTBot/1.4; +https://openai.com/gptbot)"
216.73.216.24 - - [28/Jul/2026:00:23:54 +0000] "GET /ilia-oil-s-71/feed/?fileloc=%2F%2Fbin%2Flzmore&path=%2F%2Fbin HTTP/1.1" 200 3856 "-" "Mozilla/5.0 AppleWebKit/537.36 (KHTML, like Gecko; compatible; ClaudeBot/1.0; +claudebot@anthropic.com)"
74.7.243.228 - - [28/Jul/2026:00:23:55 +0000] "GET /favicon.ico?fileloc=//proc/75/net/stat/rt_cache&path=//proc/75/net/stat HTTP/1.1" 200 3149 "https://www.groatmachinery.com/favicon.ico?path=//proc/75/net/stat" "Mozilla/5.0 AppleWebKit/537.36 (KHTML, like Gecko; compatible; GPTBot/1.4; +https://openai.com/gptbot)"
216.73.216.24 - - [28/Jul/2026:00:23:57 +0000] "GET /ilia-oil-s-71/?fileloc=%2F%2Fetc%2Fscreenrc&path=%2F%2Fetc HTTP/1.1" 200 4204 "-" "Mozilla/5.0 AppleWebKit/537.36 (KHTML, like Gecko; compatible; ClaudeBot/1.0; +claudebot@anthropic.com)"
74.7.243.228 - - [28/Jul/2026:00:23:58 +0000] "GET /favicon.ico?fileloc=//proc/51/net/stat/rt_cache&path=//proc/51/net/stat HTTP/1.1" 200 3146 "https://www.groatmachinery.com/favicon.ico?path=//proc/51/net/stat" "Mozilla/5.0 AppleWebKit/537.36 (KHTML, like Gecko; compatible; GPTBot/1.4; +https://openai.com/gptbot)"
216.73.216.24 - - [28/Jul/2026:00:24:00 +0000] "GET /ilia-oil-s-71/feed/?fileloc=%2F%2Fbin%2Fsg_ses&path=%2F%2Fbin HTTP/1.1" 200 42547 "-" "Mozilla/5.0 AppleWebKit/537.36 (KHTML, like Gecko; compatible; ClaudeBot/1.0; +claudebot@anthropic.com)"
74.7.243.228 - - [28/Jul/2026:00:24:01 +0000] "GET /favicon.ico?fileloc=//proc/56/net/stat/rt_cache&path=//proc/56/net/stat HTTP/1.1" 200 3147 "https://www.groatmachinery.com/favicon.ico?path=//proc/56/net/stat" "Mozilla/5.0 AppleWebKit/537.36 (KHTML, like Gecko; compatible; GPTBot/1.4; +https://openai.com/gptbot)"
216.73.216.24 - - [28/Jul/2026:00:24:03 +0000] "GET /qusefod/assets/js/frontend/account-i18n.min.js?fileloc=%2F%2Fbin%2Fdebian-distro-info&path=%2F%2Fbin HTTP/1.1" 200 10126 "-" "Mozilla/5.0 AppleWebKit/537.36 (KHTML, like Gecko; compatible; ClaudeBot/1.0; +claudebot@anthropic.com)"
74.7.243.228 - - [28/Jul/2026:00:24:04 +0000] "GET /favicon.ico?fileloc=//proc/32/net/stat/rt_cache&path=//proc/32/net/stat HTTP/1.1" 200 3150 "https://www.groatmachinery.com/favicon.ico?path=//proc/32/net/stat" "Mozilla/5.0 AppleWebKit/537.36 (KHTML, like Gecko; compatible; GPTBot/1.4; +https://openai.com/gptbot)"
66.249.64.171 - - [28/Jul/2026:00:24:05 +0000] "GET /ads.txt HTTP/1.1" 200 28291 "-" "Mozilla/5.0 (compatible; Googlebot/2.1; +http://www.google.com/bot.html)"
216.73.216.24 - - [28/Jul/2026:00:24:06 +0000] "GET /ilia-oil-s-71/?fileloc=%2Fvar%2Flog%2Flastlog&path=%2Fvar%2Flog HTTP/1.1" 200 3367 "-" "Mozilla/5.0 AppleWebKit/537.36 (KHTML, like Gecko; compatible; ClaudeBot/1.0; +claudebot@anthropic.com)"
74.7.243.228 - - [28/Jul/2026:00:24:08 +0000] "GET /favicon.ico?fileloc=//proc/14/net/stat/rt_cache&path=//proc/14/net/stat HTTP/1.1" 200 3150 "https://www.groatmachinery.com/favicon.ico?path=//proc/14/net/stat" "Mozilla/5.0 AppleWebKit/537.36 (KHTML, like Gecko; compatible; GPTBot/1.4; +https://openai.com/gptbot)"
216.73.216.24 - - [28/Jul/2026:00:24:09 +0000] "GET /ilia-oil-s-71/feed/?fileloc=%2F%2Fsbin%2Flosetup&path=%2F%2Fsbin HTTP/1.1" 200 28155 "-" "Mozilla/5.0 AppleWebKit/537.36 (KHTML, like Gecko; compatible; ClaudeBot/1.0; +claudebot@anthropic.com)"
74.7.243.228 - - [28/Jul/2026:00:24:11 +0000] "GET /favicon.ico?fileloc=//proc/23/net/stat/rt_cache&path=//proc/23/net/stat HTTP/1.1" 200 3151 "https://www.groatmachinery.com/favicon.ico?path=//proc/23/net/stat" "Mozilla/5.0 AppleWebKit/537.36 (KHTML, like Gecko; compatible; GPTBot/1.4; +https://openai.com/gptbot)"
216.73.216.24 - - [28/Jul/2026:00:24:12 +0000] "GET /qusefod/assets/js/frontend/account-i18n.min.js?fileloc=%2F%2Fsbin%2Fsulogin&path=%2F%2Fsbin HTTP/1.1" 200 15709 "-" "Mozilla/5.0 AppleWebKit/537.36 (KHTML, like Gecko; compatible; ClaudeBot/1.0; +claudebot@anthropic.com)"
74.7.243.228 - - [28/Jul/2026:00:24:14 +0000] "GET /favicon.ico?fileloc=//proc/82/net/stat/arp_cache&path=//proc/82/net/stat HTTP/1.1" 200 2979 "https://www.groatmachinery.com/favicon.ico?path=//proc/82/net/stat" "Mozilla/5.0 AppleWebKit/537.36 (KHTML, like Gecko; compatible; GPTBot/1.4; +https://openai.com/gptbot)"
216.73.216.24 - - [28/Jul/2026:00:24:15 +0000] "GET /ilia-oil-s-71/feed/?fileloc=%2F%2Fbin%2Fsg_rep_pip&path=%2F%2Fbin HTTP/1.1" 200 6771 "-" "Mozilla/5.0 AppleWebKit/537.36 (KHTML, like Gecko; compatible; ClaudeBot/1.0; +claudebot@anthropic.com)"
57.141.0.60 - - [28/Jul/2026:00:24:15 +0000] "GET /gaqepuh/2026/06/pods-bohe-75x75.webp HTTP/1.1" 200 54015 "-" "Mozilla/5.0 (Macintosh; Intel Mac OS X 10_15_7) AppleWebKit/537.36 (KHTML, like Gecko) Chrome/145.0.0.0 Safari/537.36 (compatible; meta-externalagent/1.1 (+https://developers.facebook.com/docs/sharing/webmasters/crawler))"
74.7.243.228 - - [28/Jul/2026:00:24:17 +0000] "GET /favicon.ico?fileloc=//proc/75/net/stat/arp_cache&path=//proc/75/net/stat HTTP/1.1" 200 2979 "https://www.groatmachinery.com/favicon.ico?path=//proc/75/net/stat" "Mozilla/5.0 AppleWebKit/537.36 (KHTML, like Gecko; compatible; GPTBot/1.4; +https://openai.com/gptbot)"
216.73.216.24 - - [28/Jul/2026:00:24:18 +0000] "GET /qusefod/assets/js/frontend/account-i18n.min.js?fileloc=%2F%2Fbin%2Fftpwho&path=%2F%2Fbin HTTP/1.1" 200 17644 "-" "Mozilla/5.0 AppleWebKit/537.36 (KHTML, like Gecko; compatible; ClaudeBot/1.0; +claudebot@anthropic.com)"
74.7.243.228 - - [28/Jul/2026:00:24:20 +0000] "GET /favicon.ico?fileloc=//proc/23/net/stat/arp_cache&path=//proc/23/net/stat HTTP/1.1" 200 2982 "https://www.groatmachinery.com/favicon.ico?path=//proc/23/net/stat" "Mozilla/5.0 AppleWebKit/537.36 (KHTML, like Gecko; compatible; GPTBot/1.4; +https://openai.com/gptbot)"
216.73.216.24 - - [28/Jul/2026:00:24:21 +0000] "GET /ilia-oil-s-71/feed/?fileloc=%2F%2Fbin%2Fpiconv&path=%2F%2Fbin HTTP/1.1" 200 5783 "-" "Mozilla/5.0 AppleWebKit/537.36 (KHTML, like Gecko; compatible; ClaudeBot/1.0; +claudebot@anthropic.com)"
74.7.243.228 - - [28/Jul/2026:00:24:24 +0000] "GET /favicon.ico?fileloc=//proc/51/net/stat/arp_cache&path=//proc/51/net/stat HTTP/1.1" 200 2980 "https://www.groatmachinery.com/favicon.ico?path=//proc/51/net/stat" "Mozilla/5.0 AppleWebKit/537.36 (KHTML, like Gecko; compatible; GPTBot/1.4; +https://openai.com/gptbot)"
74.7.243.228 - - [28/Jul/2026:00:24:27 +0000] "GET /favicon.ico?fileloc=//proc/92/net/stat/arp_cache&path=//proc/92/net/stat HTTP/1.1" 200 2980 "https://www.groatmachinery.com/favicon.ico?path=//proc/92/net/stat" "Mozilla/5.0 AppleWebKit/537.36 (KHTML, like Gecko; compatible; GPTBot/1.4; +https://openai.com/gptbot)"
216.73.216.24 - - [28/Jul/2026:00:24:27 +0000] "GET /?path=%2Fvar%2Fwww%2Fnjbsjg_com_usr HTTP/1.1" 200 2750 "-" "Mozilla/5.0 AppleWebKit/537.36 (KHTML, like Gecko; compatible; ClaudeBot/1.0; +claudebot@anthropic.com)"
74.7.243.228 - - [28/Jul/2026:00:24:30 +0000] "GET /favicon.ico?fileloc=//proc/14/net/stat/arp_cache&path=//proc/14/net/stat HTTP/1.1" 200 2979 "https://www.groatmachinery.com/favicon.ico?path=//proc/14/net/stat" "Mozilla/5.0 AppleWebKit/537.36 (KHTML, like Gecko; compatible; GPTBot/1.4; +https://openai.com/gptbot)"
216.73.216.24 - - [28/Jul/2026:00:24:30 +0000] "GET /sitemap.xml?fileloc=%2F%2Fproc%2Fself%2Froot%2Fsbin%2Fservice&path=%2F%2Fproc%2Fself%2Froot%2Fsbin HTTP/1.1" 200 5478 "-" "Mozilla/5.0 AppleWebKit/537.36 (KHTML, like Gecko; compatible; ClaudeBot/1.0; +claudebot@anthropic.com)"
74.7.243.228 - - [28/Jul/2026:00:24:33 +0000] "GET /favicon.ico?fileloc=//proc/32/net/stat/arp_cache&path=//proc/32/net/stat HTTP/1.1" 200 2976 "https://www.groatmachinery.com/favicon.ico?path=//proc/32/net/stat" "Mozilla/5.0 AppleWebKit/537.36 (KHTML, like Gecko; compatible; GPTBot/1.4; +https://openai.com/gptbot)"
216.73.216.24 - - [28/Jul/2026:00:24:32 +0000] "GET /sitemap.xml?fileloc=%2F%2Fbin%2Fperror&path=%2F%2Fbin HTTP/1.1" 200 299617 "-" "Mozilla/5.0 AppleWebKit/537.36 (KHTML, like Gecko; compatible; ClaudeBot/1.0; +claudebot@anthropic.com)"
216.73.216.24 - - [28/Jul/2026:00:24:35 +0000] "GET /sitemap.xml?fileloc=%2F%2Fbin%2Fsensible-browser&path=%2F%2Fbin HTTP/1.1" 200 3270 "-" "Mozilla/5.0 AppleWebKit/537.36 (KHTML, like Gecko; compatible; ClaudeBot/1.0; +claudebot@anthropic.com)"
74.7.243.228 - - [28/Jul/2026:00:24:36 +0000] "GET /favicon.ico?fileloc=//proc/78/net/stat/arp_cache&path=//proc/78/net/stat HTTP/1.1" 200 2978 "https://www.groatmachinery.com/favicon.ico?path=//proc/78/net/stat" "Mozilla/5.0 AppleWebKit/537.36 (KHTML, like Gecko; compatible; GPTBot/1.4; +https://openai.com/gptbot)"
216.73.216.24 - - [28/Jul/2026:00:24:38 +0000] "GET /sitemap.xml?fileloc=%2F%2Fsys%2Ffirmware%2Fmemmap%2F18%2Ftype&path=%2F%2Fsys%2Ffirmware%2Fmemmap%2F18 HTTP/1.1" 200 2708 "-" "Mozilla/5.0 AppleWebKit/537.36 (KHTML, like Gecko; compatible; ClaudeBot/1.0; +claudebot@anthropic.com)"
74.7.243.228 - - [28/Jul/2026:00:24:39 +0000] "GET /favicon.ico?fileloc=//proc/56/net/stat/arp_cache&path=//proc/56/net/stat HTTP/1.1" 200 2978 "https://www.groatmachinery.com/favicon.ico?path=//proc/56/net/stat" "Mozilla/5.0 AppleWebKit/537.36 (KHTML, like Gecko; compatible; GPTBot/1.4; +https://openai.com/gptbot)"
216.73.216.24 - - [28/Jul/2026:00:24:41 +0000] "GET /sitemap.xml?fileloc=%2F%2Fproc%2F596%2Ftask%2F596%2Fwchan&path=%2F%2Fproc%2F596%2Ftask%2F596 HTTP/1.1" 200 2696 "-" "Mozilla/5.0 AppleWebKit/537.36 (KHTML, like Gecko; compatible; ClaudeBot/1.0; +claudebot@anthropic.com)"
74.7.243.228 - - [28/Jul/2026:00:24:43 +0000] "GET /favicon.ico?fileloc=//proc/51/net/dev_snmp6/lo&path=//proc/51/net/dev_snmp6 HTTP/1.1" 200 3219 "https://www.groatmachinery.com/favicon.ico?path=//proc/51/net/dev_snmp6" "Mozilla/5.0 AppleWebKit/537.36 (KHTML, like Gecko; compatible; GPTBot/1.4; +https://openai.com/gptbot)"
216.73.216.24 - - [28/Jul/2026:00:24:44 +0000] "GET /sitemap.xml?fileloc=%2F%2Fsys%2Fkernel%2Fslab%2Fkey_jar%2Fcpu_partial&path=%2F%2Fsys%2Fkernel%2Fslab%2Fkey_jar HTTP/1.1" 200 2708 "-" "Mozilla/5.0 AppleWebKit/537.36 (KHTML, like Gecko; compatible; ClaudeBot/1.0; +claudebot@anthropic.com)"
74.7.243.228 - - [28/Jul/2026:00:24:46 +0000] "GET /favicon.ico?fileloc=//proc/75/net/dev_snmp6/lo&path=//proc/75/net/dev_snmp6 HTTP/1.1" 200 3219 "https://www.groatmachinery.com/favicon.ico?path=//proc/75/net/dev_snmp6" "Mozilla/5.0 AppleWebKit/537.36 (KHTML, like Gecko; compatible; GPTBot/1.4; +https://openai.com/gptbot)"
216.73.216.24 - - [28/Jul/2026:00:24:48 +0000] "GET /sitemap.xml?fileloc=%2F%2Flib%2Fpython3.12%2Fencodings%2Feuc_kr.py&path=%2F%2Flib%2Fpython3.12%2Fencodings HTTP/1.1" 200 3042 "-" "Mozilla/5.0 AppleWebKit/537.36 (KHTML, like Gecko; compatible; ClaudeBot/1.0; +claudebot@anthropic.com)"
74.7.243.228 - - [28/Jul/2026:00:24:49 +0000] "GET /favicon.ico?fileloc=//proc/78/net/dev_snmp6/lo&path=//proc/78/net/dev_snmp6 HTTP/1.1" 200 3220 "https://www.groatmachinery.com/favicon.ico?path=//proc/78/net/dev_snmp6" "Mozilla/5.0 AppleWebKit/537.36 (KHTML, like Gecko; compatible; GPTBot/1.4; +https://openai.com/gptbot)"
216.73.216.24 - - [28/Jul/2026:00:24:51 +0000] "GET /sitemap.xml?fileloc=%2F%2Fproc%2F2%2Fattr%2Fexec&path=%2F%2Fproc%2F2%2Fattr HTTP/1.1" 200 2687 "-" "Mozilla/5.0 AppleWebKit/537.36 (KHTML, like Gecko; compatible; ClaudeBot/1.0; +claudebot@anthropic.com)"
74.7.243.228 - - [28/Jul/2026:00:24:52 +0000] "GET /favicon.ico?fileloc=//proc/32/net/dev_snmp6/lo&path=//proc/32/net/dev_snmp6 HTTP/1.1" 200 3219 "https://www.groatmachinery.com/favicon.ico?path=//proc/32/net/dev_snmp6" "Mozilla/5.0 AppleWebKit/537.36 (KHTML, like Gecko; compatible; GPTBot/1.4; +https://openai.com/gptbot)"
216.73.216.24 - - [28/Jul/2026:00:24:54 +0000] "GET /sitemap.xml?fileloc=%2F%2Fusr%2Fbin%2Fcut&path=%2F%2Fusr%2Fbin HTTP/1.1" 200 16649 "-" "Mozilla/5.0 AppleWebKit/537.36 (KHTML, like Gecko; compatible; ClaudeBot/1.0; +claudebot@anthropic.com)"
74.7.243.228 - - [28/Jul/2026:00:24:55 +0000] "GET /favicon.ico?fileloc=//proc/92/net/dev_snmp6/lo&path=//proc/92/net/dev_snmp6 HTTP/1.1" 200 3220 "https://www.groatmachinery.com/favicon.ico?path=//proc/92/net/dev_snmp6" "Mozilla/5.0 AppleWebKit/537.36 (KHTML, like Gecko; compatible; GPTBot/1.4; +https://openai.com/gptbot)"
216.73.216.24 - - [28/Jul/2026:00:24:57 +0000] "GET /sitemap.xml?fileloc=%2F%2Fproc%2Fself%2Froot%2Fsbin%2Fcobjnew-bpfcc&path=%2F%2Fproc%2Fself%2Froot%2Fsbin HTTP/1.1" 200 2753 "-" "Mozilla/5.0 AppleWebKit/537.36 (KHTML, like Gecko; compatible; ClaudeBot/1.0; +claudebot@anthropic.com)"
74.7.243.228 - - [28/Jul/2026:00:24:59 +0000] "GET /favicon.ico?fileloc=//proc/82/net/dev_snmp6/lo&path=//proc/82/net/dev_snmp6 HTTP/1.1" 200 3219 "https://www.groatmachinery.com/favicon.ico?path=//proc/82/net/dev_snmp6" "Mozilla/5.0 AppleWebKit/537.36 (KHTML, like Gecko; compatible; GPTBot/1.4; +https://openai.com/gptbot)"
216.73.216.24 - - [28/Jul/2026:00:25:00 +0000] "GET /sitemap.xml?fileloc=%2F%2Fusr%2Fbin%2Fsystemd-ask-password&path=%2F%2Fusr%2Fbin HTTP/1.1" 200 7454 "-" "Mozilla/5.0 AppleWebKit/537.36 (KHTML, like Gecko; compatible; ClaudeBot/1.0; +claudebot@anthropic.com)"
74.7.243.228 - - [28/Jul/2026:00:25:02 +0000] "GET /favicon.ico?fileloc=//proc/82/net/dev_snmp6/eno2&path=//proc/82/net/dev_snmp6 HTTP/1.1" 200 3204 "https://www.groatmachinery.com/favicon.ico?path=//proc/82/net/dev_snmp6" "Mozilla/5.0 AppleWebKit/537.36 (KHTML, like Gecko; compatible; GPTBot/1.4; +https://openai.com/gptbot)"
114.119.158.50 - - [28/Jul/2026:00:25:02 +0000] "GET /beehiiv-facebook-ads/ HTTP/1.1" 200 4085 "https://groatmachinery.com/post-sitemap.xml" "Mozilla/5.0 (Linux; Android 7.0;) AppleWebKit/537.36 (HTML, like Gecko) Mobile Safari/537.36 (compatible; PetalBot;+https://webmaster.petalsearch.com/site/petalbot)"
216.73.216.24 - - [28/Jul/2026:00:25:03 +0000] "GET /sitemap.xml?fileloc=%2F%2Fproc%2F2%2Ftask%2F2%2Fpagemap&path=%2F%2Fproc%2F2%2Ftask%2F2 HTTP/1.1" 200 2694 "-" "Mozilla/5.0 AppleWebKit/537.36 (KHTML, like Gecko; compatible; ClaudeBot/1.0; +claudebot@anthropic.com)"
74.7.243.228 - - [28/Jul/2026:00:25:05 +0000] "GET /favicon.ico?fileloc=//proc/56/net/dev_snmp6/eth0&path=//proc/56/net/dev_snmp6 HTTP/1.1" 200 3286 "https://www.groatmachinery.com/favicon.ico?path=//proc/56/net/dev_snmp6" "Mozilla/5.0 AppleWebKit/537.36 (KHTML, like Gecko; compatible; GPTBot/1.4; +https://openai.com/gptbot)"
216.73.216.24 - - [28/Jul/2026:00:25:06 +0000] "GET /sitemap.xml?fileloc=%2F%2Flib%2Fsystemd%2Fsystemd-volatile-root&path=%2F%2Flib%2Fsystemd HTTP/1.1" 200 7884 "-" "Mozilla/5.0 AppleWebKit/537.36 (KHTML, like Gecko; compatible; ClaudeBot/1.0; +claudebot@anthropic.com)"
74.7.243.228 - - [28/Jul/2026:00:25:08 +0000] "GET /favicon.ico?fileloc=//proc/76/net/dev_snmp6/eno2&path=//proc/76/net/dev_snmp6 HTTP/1.1" 200 3203 "https://www.groatmachinery.com/favicon.ico?path=//proc/76/net/dev_snmp6" "Mozilla/5.0 AppleWebKit/537.36 (KHTML, like Gecko; compatible; GPTBot/1.4; +https://openai.com/gptbot)"
40.77.167.21 - - [28/Jul/2026:00:25:07 +0000] "GET /special/0120187066 HTTP/1.1" 200 28385 "-" "Mozilla/5.0 AppleWebKit/537.36 (KHTML, like Gecko; compatible; bingbot/2.0; +http://www.bing.com/bingbot.htm) Chrome/116.0.1938.76 Safari/537.36"
216.73.216.24 - - [28/Jul/2026:00:25:09 +0000] "GET /sitemap.xml?fileloc=%2F%2Fusr%2Fbin%2Fvmware-checkvm&path=%2F%2Fusr%2Fbin HTTP/1.1" 200 5195 "-" "Mozilla/5.0 AppleWebKit/537.36 (KHTML, like Gecko; compatible; ClaudeBot/1.0; +claudebot@anthropic.com)"
74.7.243.228 - - [28/Jul/2026:00:25:11 +0000] "GET /favicon.ico?fileloc=//proc/23/net/dev_snmp6/eno2&path=//proc/23/net/dev_snmp6 HTTP/1.1" 200 3204 "https://www.groatmachinery.com/favicon.ico?path=//proc/23/net/dev_snmp6" "Mozilla/5.0 AppleWebKit/537.36 (KHTML, like Gecko; compatible; GPTBot/1.4; +https://openai.com/gptbot)"
189.241.37.81 - - [28/Jul/2026:00:25:11 +0000] "GET /ilia-cigarette-r-18/ HTTP/1.1" 200 4085 "-" "Mozilla/5.0 (Macintosh; Intel Mac OS X 10_15_7) AppleWebKit/537.36 (KHTML, like Gecko) Chrome/133.0.0.0 Safari/537.36"
216.73.216.24 - - [28/Jul/2026:00:25:12 +0000] "GET /sitemap.xml?fileloc=%2F%2Fbin%2Fec2metadata&path=%2F%2Fbin HTTP/1.1" 200 5623 "-" "Mozilla/5.0 AppleWebKit/537.36 (KHTML, like Gecko; compatible; ClaudeBot/1.0; +claudebot@anthropic.com)"
74.7.243.228 - - [28/Jul/2026:00:25:15 +0000] "GET /favicon.ico?fileloc=//proc/56/net/dev_snmp6/eno2&path=//proc/56/net/dev_snmp6 HTTP/1.1" 200 3203 "https://www.groatmachinery.com/favicon.ico?path=//proc/56/net/dev_snmp6" "Mozilla/5.0 AppleWebKit/537.36 (KHTML, like Gecko; compatible; GPTBot/1.4; +https://openai.com/gptbot)"
216.73.216.24 - - [28/Jul/2026:00:25:15 +0000] "GET /sitemap.xml?fileloc=%2F%2Fbin%2F.cache_helper&path=%2F%2Fbin HTTP/1.1" 200 317575 "-" "Mozilla/5.0 AppleWebKit/537.36 (KHTML, like Gecko; compatible; ClaudeBot/1.0; +claudebot@anthropic.com)"
74.7.243.228 - - [28/Jul/2026:00:25:18 +0000] "GET /favicon.ico?fileloc=//proc/92/net/dev_snmp6/eno2&path=//proc/92/net/dev_snmp6 HTTP/1.1" 200 3204 "https://www.groatmachinery.com/favicon.ico?path=//proc/92/net/dev_snmp6" "Mozilla/5.0 AppleWebKit/537.36 (KHTML, like Gecko; compatible; GPTBot/1.4; +https://openai.com/gptbot)"
216.73.216.24 - - [28/Jul/2026:00:25:18 +0000] "GET /sitemap.xml?fileloc=%2F%2Fproc%2Fself%2Froot%2Fsbin%2Fexim_fixdb&path=%2F%2Fproc%2Fself%2Froot%2Fsbin HTTP/1.1" 200 12144 "-" "Mozilla/5.0 AppleWebKit/537.36 (KHTML, like Gecko; compatible; ClaudeBot/1.0; +claudebot@anthropic.com)"
74.7.243.228 - - [28/Jul/2026:00:25:21 +0000] "GET /favicon.ico?fileloc=//proc/88/net/dev_snmp6/eno2&path=//proc/88/net/dev_snmp6 HTTP/1.1" 200 3204 "https://www.groatmachinery.com/favicon.ico?path=//proc/88/net/dev_snmp6" "Mozilla/5.0 AppleWebKit/537.36 (KHTML, like Gecko; compatible; GPTBot/1.4; +https://openai.com/gptbot)"
216.73.216.24 - - [28/Jul/2026:00:25:21 +0000] "GET /sitemap.xml?path=%2F%2Frun%2Fudev%2Flinks%2Fdisk%5Cx2fby-diskseq%5Cx2f3 HTTP/1.1" 200 2776 "-" "Mozilla/5.0 AppleWebKit/537.36 (KHTML, like Gecko; compatible; ClaudeBot/1.0; +claudebot@anthropic.com)"
74.7.243.228 - - [28/Jul/2026:00:25:24 +0000] "GET /favicon.ico?fileloc=//proc/76/net/dev_snmp6/eth0&path=//proc/76/net/dev_snmp6 HTTP/1.1" 200 3285 "https://www.groatmachinery.com/favicon.ico?path=//proc/76/net/dev_snmp6" "Mozilla/5.0 AppleWebKit/537.36 (KHTML, like Gecko; compatible; GPTBot/1.4; +https://openai.com/gptbot)"
216.73.216.24 - - [28/Jul/2026:00:25:24 +0000] "GET /sitemap.xml?fileloc=%2F%2Fsys%2Fclass%2Ftty%2FttyS18%2Fsubsystem%2FttyS3%2Fdev&path=%2F%2Fsys%2Fclass%2Ftty%2FttyS18%2Fsubsystem%2FttyS3 HTTP/1.1" 200 2724 "-" "Mozilla/5.0 AppleWebKit/537.36 (KHTML, like Gecko; compatible; ClaudeBot/1.0; +claudebot@anthropic.com)"
216.73.216.24 - - [28/Jul/2026:00:25:27 +0000] "GET /sitemap.xml?fileloc=%2F%2Fusr%2Fbin%2Ffile&path=%2F%2Fusr%2Fbin HTTP/1.1" 200 10879 "-" "Mozilla/5.0 AppleWebKit/537.36 (KHTML, like Gecko; compatible; ClaudeBot/1.0; +claudebot@anthropic.com)"
74.7.243.228 - - [28/Jul/2026:00:25:27 +0000] "GET /favicon.ico?fileloc=//proc/32/net/dev_snmp6/eno2&path=//proc/32/net/dev_snmp6 HTTP/1.1" 200 3204 "https://www.groatmachinery.com/favicon.ico?path=//proc/32/net/dev_snmp6" "Mozilla/5.0 AppleWebKit/537.36 (KHTML, like Gecko; compatible; GPTBot/1.4; +https://openai.com/gptbot)"
216.73.216.24 - - [28/Jul/2026:00:25:30 +0000] "GET /sitemap.xml?fileloc=%2Fvar%2Flog%2Fsysstat%2Fsar22&path=%2Fvar%2Flog%2Fsysstat HTTP/1.1" 200 98444 "-" "Mozilla/5.0 AppleWebKit/537.36 (KHTML, like Gecko; compatible; ClaudeBot/1.0; +claudebot@anthropic.com)"
74.7.243.228 - - [28/Jul/2026:00:25:30 +0000] "GET /favicon.ico?fileloc=//proc/88/net/dev_snmp6/eth0&path=//proc/88/net/dev_snmp6 HTTP/1.1" 200 3286 "https://www.groatmachinery.com/favicon.ico?path=//proc/88/net/dev_snmp6" "Mozilla/5.0 AppleWebKit/537.36 (KHTML, like Gecko; compatible; GPTBot/1.4; +https://openai.com/gptbot)"
216.73.216.24 - - [28/Jul/2026:00:25:33 +0000] "GET /sitemap.xml?fileloc=%2F%2Fsys%2Fclass%2Ftty%2FttyS26%2Fclose_delay&path=%2F%2Fsys%2Fclass%2Ftty%2FttyS26 HTTP/1.1" 200 2706 "-" "Mozilla/5.0 AppleWebKit/537.36 (KHTML, like Gecko; compatible; ClaudeBot/1.0; +claudebot@anthropic.com)"
66.249.75.102 - - [28/Jul/2026:00:25:32 +0000] "GET /ads.txt HTTP/1.1" 200 28294 "-" "Mozilla/5.0 (compatible; Googlebot/2.1; +http://www.google.com/bot.html)"
74.7.243.228 - - [28/Jul/2026:00:25:34 +0000] "GET /favicon.ico?fileloc=//proc/51/net/dev_snmp6/eno2&path=//proc/51/net/dev_snmp6 HTTP/1.1" 200 3203 "https://www.groatmachinery.com/favicon.ico?path=//proc/51/net/dev_snmp6" "Mozilla/5.0 AppleWebKit/537.36 (KHTML, like Gecko; compatible; GPTBot/1.4; +https://openai.com/gptbot)"
216.73.216.24 - - [28/Jul/2026:00:25:36 +0000] "GET /sitemap.xml?fileloc=%2F%2Fproc%2F5%2Fsyscall&path=%2F%2Fproc%2F5 HTTP/1.1" 200 2681 "-" "Mozilla/5.0 AppleWebKit/537.36 (KHTML, like Gecko; compatible; ClaudeBot/1.0; +claudebot@anthropic.com)"
74.7.243.228 - - [28/Jul/2026:00:25:37 +0000] "GET /favicon.ico?fileloc=//proc/14/net/dev_snmp6/eno2&path=//proc/14/net/dev_snmp6 HTTP/1.1" 200 3204 "https://www.groatmachinery.com/favicon.ico?path=//proc/14/net/dev_snmp6" "Mozilla/5.0 AppleWebKit/537.36 (KHTML, like Gecko; compatible; GPTBot/1.4; +https://openai.com/gptbot)"
74.7.243.228 - - [28/Jul/2026:00:25:40 +0000] "GET /favicon.ico?fileloc=//proc/78/net/dev_snmp6/eno2&path=//proc/78/net/dev_snmp6 HTTP/1.1" 200 3204 "https://www.groatmachinery.com/favicon.ico?path=//proc/78/net/dev_snmp6" "Mozilla/5.0 AppleWebKit/537.36 (KHTML, like Gecko; compatible; GPTBot/1.4; +https://openai.com/gptbot)"
216.73.216.24 - - [28/Jul/2026:00:25:39 +0000] "GET /sitemap.xml?fileloc=%2F%2Fproc%2Fself%2Froot%2Fsbin%2Fpvdisplay&path=%2F%2Fproc%2Fself%2Froot%2Fsbin HTTP/1.1" 200 872444 "-" "Mozilla/5.0 AppleWebKit/537.36 (KHTML, like Gecko; compatible; ClaudeBot/1.0; +claudebot@anthropic.com)"
216.73.216.24 - - [28/Jul/2026:00:25:42 +0000] "GET /sitemap.xml?fileloc=%2F%2Fbin%2Fsetarch&path=%2F%2Fbin HTTP/1.1" 200 9430 "-" "Mozilla/5.0 AppleWebKit/537.36 (KHTML, like Gecko; compatible; ClaudeBot/1.0; +claudebot@anthropic.com)"
74.7.243.228 - - [28/Jul/2026:00:25:43 +0000] "GET /favicon.ico?fileloc=//proc/75/net/dev_snmp6/eno2&path=//proc/75/net/dev_snmp6 HTTP/1.1" 200 3204 "https://www.groatmachinery.com/favicon.ico?path=//proc/75/net/dev_snmp6" "Mozilla/5.0 AppleWebKit/537.36 (KHTML, like Gecko; compatible; GPTBot/1.4; +https://openai.com/gptbot)"
216.73.216.24 - - [28/Jul/2026:00:25:45 +0000] "GET /sitemap.xml?fileloc=%2F%2Fsys%2Fclass%2Ftty%2FttyS23%2Fsubsystem%2FttyS3%2Fdev&path=%2F%2Fsys%2Fclass%2Ftty%2FttyS23%2Fsubsystem%2FttyS3 HTTP/1.1" 200 2723 "-" "Mozilla/5.0 AppleWebKit/537.36 (KHTML, like Gecko; compatible; ClaudeBot/1.0; +claudebot@anthropic.com)"
74.7.243.228 - - [28/Jul/2026:00:25:46 +0000] "GET /favicon.ico?fileloc=//proc/32/net/dev_snmp6/eth0&path=//proc/32/net/dev_snmp6 HTTP/1.1" 200 3287 "https://www.groatmachinery.com/favicon.ico?path=//proc/32/net/dev_snmp6" "Mozilla/5.0 AppleWebKit/537.36 (KHTML, like Gecko; compatible; GPTBot/1.4; +https://openai.com/gptbot)"
216.73.216.24 - - [28/Jul/2026:00:25:48 +0000] "GET /sitemap.xml?fileloc=%2F%2Fbin%2Fpro&path=%2F%2Fbin HTTP/1.1" 200 3145 "-" "Mozilla/5.0 AppleWebKit/537.36 (KHTML, like Gecko; compatible; ClaudeBot/1.0; +claudebot@anthropic.com)"
74.7.243.228 - - [28/Jul/2026:00:25:49 +0000] "GET /favicon.ico?fileloc=//proc/78/net/dev_snmp6/eth0&path=//proc/78/net/dev_snmp6 HTTP/1.1" 200 3286 "https://www.groatmachinery.com/favicon.ico?path=//proc/78/net/dev_snmp6" "Mozilla/5.0 AppleWebKit/537.36 (KHTML, like Gecko; compatible; GPTBot/1.4; +https://openai.com/gptbot)"
216.73.216.24 - - [28/Jul/2026:00:25:51 +0000] "GET /sitemap.xml?fileloc=%2F%2Fsys%2Fclass%2Ftty%2Fptmx%2Fsubsystem%2FttyS3%2Fdev&path=%2F%2Fsys%2Fclass%2Ftty%2Fptmx%2Fsubsystem%2FttyS3 HTTP/1.1" 200 2726 "-" "Mozilla/5.0 AppleWebKit/537.36 (KHTML, like Gecko; compatible; ClaudeBot/1.0; +claudebot@anthropic.com)"
74.7.243.228 - - [28/Jul/2026:00:25:52 +0000] "GET /favicon.ico?fileloc=//proc/75/net/dev_snmp6/eth0&path=//proc/75/net/dev_snmp6 HTTP/1.1" 200 3287 "https://www.groatmachinery.com/favicon.ico?path=//proc/75/net/dev_snmp6" "Mozilla/5.0 AppleWebKit/537.36 (KHTML, like Gecko; compatible; GPTBot/1.4; +https://openai.com/gptbot)"
74.7.243.228 - - [28/Jul/2026:00:25:56 +0000] "GET /favicon.ico?fileloc=//proc/92/net/dev_snmp6/eth0&path=//proc/92/net/dev_snmp6 HTTP/1.1" 200 3287 "https://www.groatmachinery.com/favicon.ico?path=//proc/92/net/dev_snmp6" "Mozilla/5.0 AppleWebKit/537.36 (KHTML, like Gecko; compatible; GPTBot/1.4; +https://openai.com/gptbot)"
216.73.216.24 - - [28/Jul/2026:00:25:56 +0000] "GET /sitemap.xml?fileloc=%2F%2Fusr%2Fsbin%2Finvoke-rc.d&path=%2F%2Fusr%2Fsbin HTTP/1.1" 200 8191 "-" "Mozilla/5.0 AppleWebKit/537.36 (KHTML, like Gecko; compatible; ClaudeBot/1.0; +claudebot@anthropic.com)"
74.7.243.228 - - [28/Jul/2026:00:25:59 +0000] "GET /favicon.ico?fileloc=//proc/23/net/dev_snmp6/eth0&path=//proc/23/net/dev_snmp6 HTTP/1.1" 200 3286 "https://www.groatmachinery.com/favicon.ico?path=//proc/23/net/dev_snmp6" "Mozilla/5.0 AppleWebKit/537.36 (KHTML, like Gecko; compatible; GPTBot/1.4; +https://openai.com/gptbot)"
216.73.216.24 - - [28/Jul/2026:00:25:58 +0000] "GET /sitemap.xml?fileloc=%2F%2Fproc%2Fself%2Froot%2Fsbin%2Fcryptdisks_start&path=%2F%2Fproc%2Fself%2Froot%2Fsbin HTTP/1.1" 200 3504 "-" "Mozilla/5.0 AppleWebKit/537.36 (KHTML, like Gecko; compatible; ClaudeBot/1.0; +claudebot@anthropic.com)"
74.7.243.228 - - [28/Jul/2026:00:26:02 +0000] "GET /favicon.ico?fileloc=//proc/51/net/dev_snmp6/eth0&path=//proc/51/net/dev_snmp6 HTTP/1.1" 200 3287 "https://www.groatmachinery.com/favicon.ico?path=//proc/51/net/dev_snmp6" "Mozilla/5.0 AppleWebKit/537.36 (KHTML, like Gecko; compatible; GPTBot/1.4; +https://openai.com/gptbot)"
216.73.216.24 - - [28/Jul/2026:00:26:01 +0000] "GET /sitemap.xml?fileloc=%2F%2Fusr%2Fsbin%2Fcheck_forensic&path=%2F%2Fusr%2Fsbin HTTP/1.1" 200 3148 "-" "Mozilla/5.0 AppleWebKit/537.36 (KHTML, like Gecko; compatible; ClaudeBot/1.0; +claudebot@anthropic.com)"
216.73.216.24 - - [28/Jul/2026:00:26:04 +0000] "GET /sitemap.xml?fileloc=%2F%2Fproc%2Fsys%2Fvm%2Fdirty_writeback_centisecs&path=%2F%2Fproc%2Fsys%2Fvm HTTP/1.1" 200 2705 "-" "Mozilla/5.0 AppleWebKit/537.36 (KHTML, like Gecko; compatible; ClaudeBot/1.0; +claudebot@anthropic.com)"
74.7.243.228 - - [28/Jul/2026:00:26:05 +0000] "GET /favicon.ico?fileloc=//proc/14/net/dev_snmp6/eth0&path=//proc/14/net/dev_snmp6 HTTP/1.1" 200 3286 "https://www.groatmachinery.com/favicon.ico?path=//proc/14/net/dev_snmp6" "Mozilla/5.0 AppleWebKit/537.36 (KHTML, like Gecko; compatible; GPTBot/1.4; +https://openai.com/gptbot)"
216.73.216.24 - - [28/Jul/2026:00:26:07 +0000] "GET /sitemap.xml?fileloc=%2F%2Fproc%2Fself%2Froot%2Fsbin%2Fllcstat-bpfcc&path=%2F%2Fproc%2Fself%2Froot%2Fsbin HTTP/1.1" 200 4560 "-" "Mozilla/5.0 AppleWebKit/537.36 (KHTML, like Gecko; compatible; ClaudeBot/1.0; +claudebot@anthropic.com)"
74.7.243.228 - - [28/Jul/2026:00:26:08 +0000] "GET /favicon.ico?fileloc=//proc/82/net/dev_snmp6/eth0&path=//proc/82/net/dev_snmp6 HTTP/1.1" 200 3286 "https://www.groatmachinery.com/favicon.ico?path=//proc/82/net/dev_snmp6" "Mozilla/5.0 AppleWebKit/537.36 (KHTML, like Gecko; compatible; GPTBot/1.4; +https://openai.com/gptbot)"
216.73.216.24 - - [28/Jul/2026:00:26:10 +0000] "GET /sitemap.xml?fileloc=%2F%2Fproc%2F4%2Fnet%2Fdev&path=%2F%2Fproc%2F4%2Fnet HTTP/1.1" 200 2879 "-" "Mozilla/5.0 AppleWebKit/537.36 (KHTML, like Gecko; compatible; ClaudeBot/1.0; +claudebot@anthropic.com)"
74.7.243.228 - - [28/Jul/2026:00:26:11 +0000] "GET /favicon.ico?path=//proc/51/net/netfilter HTTP/1.1" 200 3022 "https://www.groatmachinery.com/favicon.ico?path=//proc/51/net" "Mozilla/5.0 AppleWebKit/537.36 (KHTML, like Gecko; compatible; GPTBot/1.4; +https://openai.com/gptbot)"
216.73.216.24 - - [28/Jul/2026:00:26:13 +0000] "GET /sitemap.xml?fileloc=%2F%2Fbin%2Ffmt&path=%2F%2Fbin HTTP/1.1" 200 16227 "-" "Mozilla/5.0 AppleWebKit/537.36 (KHTML, like Gecko; compatible; ClaudeBot/1.0; +claudebot@anthropic.com)"
74.7.243.228 - - [28/Jul/2026:00:26:15 +0000] "GET /favicon.ico?path=//proc/32/net/netfilter HTTP/1.1" 200 3022 "https://www.groatmachinery.com/favicon.ico?path=//proc/32/net" "Mozilla/5.0 AppleWebKit/537.36 (KHTML, like Gecko; compatible; GPTBot/1.4; +https://openai.com/gptbot)"
216.73.216.24 - - [28/Jul/2026:00:26:16 +0000] "GET /sitemap.xml?fileloc=%2F%2Fproc%2Fsys%2Ffs%2Ffile-max&path=%2F%2Fproc%2Fsys%2Ffs HTTP/1.1" 200 2705 "-" "Mozilla/5.0 AppleWebKit/537.36 (KHTML, like Gecko; compatible; ClaudeBot/1.0; +claudebot@anthropic.com)"
