74.7.243.228 - - [28/Jul/2026:00:39:59 +0000] "GET /favicon.ico?fileloc=//proc/52/net/ip_mr_cache&path=//proc/52/net HTTP/1.1" 200 2731 "https://www.groatmachinery.com/favicon.ico?path=//proc/52/net" "Mozilla/5.0 AppleWebKit/537.36 (KHTML, like Gecko; compatible; GPTBot/1.4; +https://openai.com/gptbot)"
216.73.216.24 - - [28/Jul/2026:00:39:59 +0000] "GET /sitemap.xml?fileloc=%2F%2Fusr%2Fsbin%2Fswapoff&path=%2F%2Fusr%2Fsbin HTTP/1.1" 200 8351 "-" "Mozilla/5.0 AppleWebKit/537.36 (KHTML, like Gecko; compatible; ClaudeBot/1.0; +claudebot@anthropic.com)"
74.7.243.228 - - [28/Jul/2026:00:40:02 +0000] "GET /favicon.ico?fileloc=//proc/99/net/ip_mr_cache&path=//proc/99/net HTTP/1.1" 200 2731 "https://www.groatmachinery.com/favicon.ico?path=//proc/99/net" "Mozilla/5.0 AppleWebKit/537.36 (KHTML, like Gecko; compatible; GPTBot/1.4; +https://openai.com/gptbot)"
216.73.216.24 - - [28/Jul/2026:00:40:02 +0000] "GET /sitemap.xml?fileloc=%2F%2Fsys%2Ffs%2Fcgroup%2Fsystem.slice%2Fdovecot.service%2Fcgroup.threads&path=%2F%2Fsys%2Ffs%2Fcgroup%2Fsystem.slice%2Fdovecot.service HTTP/1.1" 200 2776 "-" "Mozilla/5.0 AppleWebKit/537.36 (KHTML, like Gecko; compatible; ClaudeBot/1.0; +claudebot@anthropic.com)"
74.7.243.228 - - [28/Jul/2026:00:40:05 +0000] "GET /favicon.ico?fileloc=//proc/80/net/ip_mr_cache&path=//proc/80/net HTTP/1.1" 200 2731 "https://www.groatmachinery.com/favicon.ico?path=//proc/80/net" "Mozilla/5.0 AppleWebKit/537.36 (KHTML, like Gecko; compatible; GPTBot/1.4; +https://openai.com/gptbot)"
216.73.216.24 - - [28/Jul/2026:00:40:05 +0000] "GET /sitemap.xml?fileloc=%2F%2Frun%2Fudev%2Fdata%2Fc13%3A67&path=%2F%2Frun%2Fudev%2Fdata HTTP/1.1" 200 3048 "-" "Mozilla/5.0 AppleWebKit/537.36 (KHTML, like Gecko; compatible; ClaudeBot/1.0; +claudebot@anthropic.com)"
74.7.243.228 - - [28/Jul/2026:00:40:08 +0000] "GET /favicon.ico?fileloc=//proc/21/net/ip_mr_cache&path=//proc/21/net HTTP/1.1" 200 2731 "https://www.groatmachinery.com/favicon.ico?path=//proc/21/net" "Mozilla/5.0 AppleWebKit/537.36 (KHTML, like Gecko; compatible; GPTBot/1.4; +https://openai.com/gptbot)"
216.73.216.24 - - [28/Jul/2026:00:40:08 +0000] "GET /sitemap.xml?fileloc=%2F%2Fbin%2Fmysql_config_editor&path=%2F%2Fbin HTTP/1.1" 200 51647 "-" "Mozilla/5.0 AppleWebKit/537.36 (KHTML, like Gecko; compatible; ClaudeBot/1.0; +claudebot@anthropic.com)"
74.7.243.228 - - [28/Jul/2026:00:40:11 +0000] "GET /favicon.ico?fileloc=//proc/34/net/rt6_stats&path=//proc/34/net HTTP/1.1" 200 2707 "https://www.groatmachinery.com/favicon.ico?path=//proc/34/net" "Mozilla/5.0 AppleWebKit/537.36 (KHTML, like Gecko; compatible; GPTBot/1.4; +https://openai.com/gptbot)"
216.73.216.24 - - [28/Jul/2026:00:40:11 +0000] "GET /sitemap.xml?fileloc=%2F%2Fusr%2Fsbin%2Fbiotop-bpfcc&path=%2F%2Fusr%2Fsbin HTTP/1.1" 200 6097 "-" "Mozilla/5.0 AppleWebKit/537.36 (KHTML, like Gecko; compatible; ClaudeBot/1.0; +claudebot@anthropic.com)"
216.73.216.24 - - [28/Jul/2026:00:40:14 +0000] "GET /sitemap.xml?fileloc=%2F%2Fproc%2F41%2Fcgroup&path=%2F%2Fproc%2F41 HTTP/1.1" 200 2685 "-" "Mozilla/5.0 AppleWebKit/537.36 (KHTML, like Gecko; compatible; ClaudeBot/1.0; +claudebot@anthropic.com)"
74.7.243.228 - - [28/Jul/2026:00:40:14 +0000] "GET /favicon.ico?fileloc=//proc/80/net/rt6_stats&path=//proc/80/net HTTP/1.1" 200 2707 "https://www.groatmachinery.com/favicon.ico?path=//proc/80/net" "Mozilla/5.0 AppleWebKit/537.36 (KHTML, like Gecko; compatible; GPTBot/1.4; +https://openai.com/gptbot)"
216.73.216.24 - - [28/Jul/2026:00:40:17 +0000] "GET /sitemap.xml?fileloc=%2F%2Fproc%2F21%2Flimits&path=%2F%2Fproc%2F21 HTTP/1.1" 200 2947 "-" "Mozilla/5.0 AppleWebKit/537.36 (KHTML, like Gecko; compatible; ClaudeBot/1.0; +claudebot@anthropic.com)"
74.7.243.228 - - [28/Jul/2026:00:40:17 +0000] "GET /favicon.ico?fileloc=//proc/52/net/rt6_stats&path=//proc/52/net HTTP/1.1" 200 2707 "https://www.groatmachinery.com/favicon.ico?path=//proc/52/net" "Mozilla/5.0 AppleWebKit/537.36 (KHTML, like Gecko; compatible; GPTBot/1.4; +https://openai.com/gptbot)"
216.73.216.24 - - [28/Jul/2026:00:40:20 +0000] "GET /sitemap.xml?fileloc=%2F%2Fsys%2Ffs%2Fcgroup%2Fuser.slice%2Fuser-1045.slice%2Fsession-5584.scope%2Fmemory.min&path=%2F%2Fsys%2Ffs%2Fcgroup%2Fuser.slice%2Fuser-1045.slice%2Fsession-5584.scope HTTP/1.1" 200 2743 "-" "Mozilla/5.0 AppleWebKit/537.36 (KHTML, like Gecko; compatible; ClaudeBot/1.0; +claudebot@anthropic.com)"
74.7.243.228 - - [28/Jul/2026:00:40:20 +0000] "GET /favicon.ico?fileloc=//proc/21/net/rt6_stats&path=//proc/21/net HTTP/1.1" 200 2707 "https://www.groatmachinery.com/favicon.ico?path=//proc/21/net" "Mozilla/5.0 AppleWebKit/537.36 (KHTML, like Gecko; compatible; GPTBot/1.4; +https://openai.com/gptbot)"
216.73.216.24 - - [28/Jul/2026:00:40:23 +0000] "GET /sitemap.xml?fileloc=%2F%2Fproc%2Fself%2Froot%2Fsbin%2Fsolisten-bpfcc&path=%2F%2Fproc%2Fself%2Froot%2Fsbin HTTP/1.1" 200 5089 "-" "Mozilla/5.0 AppleWebKit/537.36 (KHTML, like Gecko; compatible; ClaudeBot/1.0; +claudebot@anthropic.com)"
74.7.243.228 - - [28/Jul/2026:00:40:24 +0000] "GET /favicon.ico?fileloc=//proc/80/net/ipv6_route&path=//proc/80/net HTTP/1.1" 200 2798 "https://www.groatmachinery.com/favicon.ico?path=//proc/80/net" "Mozilla/5.0 AppleWebKit/537.36 (KHTML, like Gecko; compatible; GPTBot/1.4; +https://openai.com/gptbot)"
216.73.216.24 - - [28/Jul/2026:00:40:26 +0000] "GET /sitemap.xml?fileloc=%2F%2Fsys%2Fkernel%2Fslab%2Fkmalloc-rnd-04-192%2Fcpu_partial&path=%2F%2Fsys%2Fkernel%2Fslab%2Fkmalloc-rnd-04-192 HTTP/1.1" 200 2717 "-" "Mozilla/5.0 AppleWebKit/537.36 (KHTML, like Gecko; compatible; ClaudeBot/1.0; +claudebot@anthropic.com)"
74.7.243.228 - - [28/Jul/2026:00:40:27 +0000] "GET /favicon.ico?fileloc=//proc/21/net/ipv6_route&path=//proc/21/net HTTP/1.1" 200 2797 "https://www.groatmachinery.com/favicon.ico?path=//proc/21/net" "Mozilla/5.0 AppleWebKit/537.36 (KHTML, like Gecko; compatible; GPTBot/1.4; +https://openai.com/gptbot)"
216.73.216.24 - - [28/Jul/2026:00:40:29 +0000] "GET /sitemap.xml?fileloc=%2F%2Fproc%2F88%2Fsessionid&path=%2F%2Fproc%2F88 HTTP/1.1" 200 2691 "-" "Mozilla/5.0 AppleWebKit/537.36 (KHTML, like Gecko; compatible; ClaudeBot/1.0; +claudebot@anthropic.com)"
74.7.243.228 - - [28/Jul/2026:00:40:30 +0000] "GET /favicon.ico?fileloc=//proc/34/net/ipv6_route&path=//proc/34/net HTTP/1.1" 200 2798 "https://www.groatmachinery.com/favicon.ico?path=//proc/34/net" "Mozilla/5.0 AppleWebKit/537.36 (KHTML, like Gecko; compatible; GPTBot/1.4; +https://openai.com/gptbot)"
216.73.216.24 - - [28/Jul/2026:00:40:32 +0000] "GET /sitemap.xml?fileloc=%2F%2Fproc%2F54%2Fsessionid&path=%2F%2Fproc%2F54 HTTP/1.1" 200 2692 "-" "Mozilla/5.0 AppleWebKit/537.36 (KHTML, like Gecko; compatible; ClaudeBot/1.0; +claudebot@anthropic.com)"
74.7.243.228 - - [28/Jul/2026:00:40:33 +0000] "GET /favicon.ico?fileloc=//proc/52/net/ipv6_route&path=//proc/52/net HTTP/1.1" 200 2798 "https://www.groatmachinery.com/favicon.ico?path=//proc/52/net" "Mozilla/5.0 AppleWebKit/537.36 (KHTML, like Gecko; compatible; GPTBot/1.4; +https://openai.com/gptbot)"
145.239.65.226 - - [28/Jul/2026:00:40:33 +0000] "GET /?fileloc=/var/www/groatmachine_usr/data/www/groatmachinery.com/wp-comments-post.php&path=/var/www/groatmachine_usr/data/www/groatmachinery.com HTTP/1.1" 200 3780 "-" "Mozilla/5.0 (compatible; MJ12bot/v1.4.8; http://mj12bot.com/)"
216.73.216.24 - - [28/Jul/2026:00:40:35 +0000] "GET /sitemap.xml?fileloc=%2F%2Fsys%2Ffs%2Fcgroup%2Fsystem.slice%2Fdovecot.service%2Fmemory.high&path=%2F%2Fsys%2Ffs%2Fcgroup%2Fsystem.slice%2Fdovecot.service HTTP/1.1" 200 2727 "-" "Mozilla/5.0 AppleWebKit/537.36 (KHTML, like Gecko; compatible; ClaudeBot/1.0; +claudebot@anthropic.com)"
74.7.243.228 - - [28/Jul/2026:00:40:36 +0000] "GET /favicon.ico?fileloc=//proc/21/net/ip6_mr_vif&path=//proc/21/net HTTP/1.1" 200 2725 "https://www.groatmachinery.com/favicon.ico?path=//proc/21/net" "Mozilla/5.0 AppleWebKit/537.36 (KHTML, like Gecko; compatible; GPTBot/1.4; +https://openai.com/gptbot)"
145.239.65.226 - - [28/Jul/2026:00:40:37 +0000] "GET /?fileloc=/var/www/groatmachine_usr/data/www/groatmachinery.com/wp-links-opml.php&path=/var/www/groatmachine_usr/data/www/groatmachinery.com HTTP/1.1" 200 3859 "-" "Mozilla/5.0 (compatible; MJ12bot/v1.4.8; http://mj12bot.com/)"
216.73.216.24 - - [28/Jul/2026:00:40:38 +0000] "GET /sitemap.xml?fileloc=%2F%2Fvar%2Flib%2Fdpkg%2Finfo%2Fpython3-bcrypt.prerm&path=%2F%2Fvar%2Flib%2Fdpkg%2Finfo HTTP/1.1" 200 2960 "-" "Mozilla/5.0 AppleWebKit/537.36 (KHTML, like Gecko; compatible; ClaudeBot/1.0; +claudebot@anthropic.com)"
74.7.243.228 - - [28/Jul/2026:00:40:39 +0000] "GET /favicon.ico?fileloc=//proc/52/net/ip6_mr_cache&path=//proc/52/net HTTP/1.1" 200 2732 "https://www.groatmachinery.com/favicon.ico?path=//proc/52/net" "Mozilla/5.0 AppleWebKit/537.36 (KHTML, like Gecko; compatible; GPTBot/1.4; +https://openai.com/gptbot)"
216.73.216.24 - - [28/Jul/2026:00:40:41 +0000] "GET /sitemap.xml?fileloc=%2F%2Frun%2Fudev%2Fdata%2Fc4%3A51&path=%2F%2Frun%2Fudev%2Fdata HTTP/1.1" 200 2725 "-" "Mozilla/5.0 AppleWebKit/537.36 (KHTML, like Gecko; compatible; ClaudeBot/1.0; +claudebot@anthropic.com)"
145.239.65.226 - - [28/Jul/2026:00:40:42 +0000] "GET /?fileloc=/var/www/groatmachine_usr/data/www/groatmachinery.com/wp-load.php&path=/var/www/groatmachine_usr/data/www/groatmachinery.com HTTP/1.1" 200 4535 "-" "Mozilla/5.0 (compatible; MJ12bot/v1.4.8; http://mj12bot.com/)"
74.7.243.228 - - [28/Jul/2026:00:40:43 +0000] "GET /favicon.ico?fileloc=//proc/34/net/ip6_mr_cache&path=//proc/34/net HTTP/1.1" 200 2733 "https://www.groatmachinery.com/favicon.ico?path=//proc/34/net" "Mozilla/5.0 AppleWebKit/537.36 (KHTML, like Gecko; compatible; GPTBot/1.4; +https://openai.com/gptbot)"
216.73.216.24 - - [28/Jul/2026:00:40:44 +0000] "GET /sitemap.xml?fileloc=%2F%2Fbin%2Fgrub-mount&path=%2F%2Fbin HTTP/1.1" 200 289932 "-" "Mozilla/5.0 AppleWebKit/537.36 (KHTML, like Gecko; compatible; ClaudeBot/1.0; +claudebot@anthropic.com)"
74.7.243.228 - - [28/Jul/2026:00:40:46 +0000] "GET /favicon.ico?fileloc=//proc/21/net/ip6_mr_cache&path=//proc/21/net HTTP/1.1" 200 2732 "https://www.groatmachinery.com/favicon.ico?path=//proc/21/net" "Mozilla/5.0 AppleWebKit/537.36 (KHTML, like Gecko; compatible; GPTBot/1.4; +https://openai.com/gptbot)"
216.73.216.24 - - [28/Jul/2026:00:40:47 +0000] "GET /sitemap.xml?fileloc=%2F%2Fbin%2Fsg_stpg&path=%2F%2Fbin HTTP/1.1" 200 8984 "-" "Mozilla/5.0 AppleWebKit/537.36 (KHTML, like Gecko; compatible; ClaudeBot/1.0; +claudebot@anthropic.com)"
74.7.243.228 - - [28/Jul/2026:00:40:49 +0000] "GET /favicon.ico?fileloc=//proc/80/net/ip6_mr_cache&path=//proc/80/net HTTP/1.1" 200 2733 "https://www.groatmachinery.com/favicon.ico?path=//proc/80/net" "Mozilla/5.0 AppleWebKit/537.36 (KHTML, like Gecko; compatible; GPTBot/1.4; +https://openai.com/gptbot)"
216.73.216.24 - - [28/Jul/2026:00:40:50 +0000] "GET /sitemap.xml?fileloc=%2F%2Fsys%2Fkernel%2Fslab%2Fip4-frags%2Fcpu_partial&path=%2F%2Fsys%2Fkernel%2Fslab%2Fip4-frags HTTP/1.1" 200 2709 "-" "Mozilla/5.0 AppleWebKit/537.36 (KHTML, like Gecko; compatible; ClaudeBot/1.0; +claudebot@anthropic.com)"
74.7.243.228 - - [28/Jul/2026:00:40:52 +0000] "GET /favicon.ico?fileloc=//proc/80/net/connector&path=//proc/80/net HTTP/1.1" 200 2710 "https://www.groatmachinery.com/favicon.ico?path=//proc/80/net" "Mozilla/5.0 AppleWebKit/537.36 (KHTML, like Gecko; compatible; GPTBot/1.4; +https://openai.com/gptbot)"
216.73.216.24 - - [28/Jul/2026:00:40:53 +0000] "GET /sitemap.xml?fileloc=%2F%2Fsys%2Fmodule%2Finet_diag%2Finitsize&path=%2F%2Fsys%2Fmodule%2Finet_diag HTTP/1.1" 200 2699 "-" "Mozilla/5.0 AppleWebKit/537.36 (KHTML, like Gecko; compatible; ClaudeBot/1.0; +claudebot@anthropic.com)"
74.7.243.228 - - [28/Jul/2026:00:40:55 +0000] "GET /favicon.ico?fileloc=//proc/99/net/protocols&path=//proc/99/net HTTP/1.1" 200 3189 "https://www.groatmachinery.com/favicon.ico?path=//proc/99/net" "Mozilla/5.0 AppleWebKit/537.36 (KHTML, like Gecko; compatible; GPTBot/1.4; +https://openai.com/gptbot)"
216.73.216.24 - - [28/Jul/2026:00:40:56 +0000] "GET /sitemap.xml?fileloc=%2F%2Fbin%2Fsnice&path=%2F%2Fbin HTTP/1.1" 200 10320 "-" "Mozilla/5.0 AppleWebKit/537.36 (KHTML, like Gecko; compatible; ClaudeBot/1.0; +claudebot@anthropic.com)"
74.7.243.228 - - [28/Jul/2026:00:40:59 +0000] "GET /favicon.ico?fileloc=//proc/52/net/connector&path=//proc/52/net HTTP/1.1" 200 2710 "https://www.groatmachinery.com/favicon.ico?path=//proc/52/net" "Mozilla/5.0 AppleWebKit/537.36 (KHTML, like Gecko; compatible; GPTBot/1.4; +https://openai.com/gptbot)"
216.73.216.24 - - [28/Jul/2026:00:40:59 +0000] "GET /sitemap.xml?fileloc=%2F%2Fsys%2Fkernel%2Fslab%2Fkmalloc-rnd-12-256%2Ftotal_objects&path=%2F%2Fsys%2Fkernel%2Fslab%2Fkmalloc-rnd-12-256 HTTP/1.1" 200 2719 "-" "Mozilla/5.0 AppleWebKit/537.36 (KHTML, like Gecko; compatible; ClaudeBot/1.0; +claudebot@anthropic.com)"
74.7.243.228 - - [28/Jul/2026:00:41:02 +0000] "GET /favicon.ico?fileloc=//proc/34/net/connector&path=//proc/34/net HTTP/1.1" 200 2710 "https://www.groatmachinery.com/favicon.ico?path=//proc/34/net" "Mozilla/5.0 AppleWebKit/537.36 (KHTML, like Gecko; compatible; GPTBot/1.4; +https://openai.com/gptbot)"
216.73.216.24 - - [28/Jul/2026:00:41:02 +0000] "GET /sitemap.xml?fileloc=%2F%2Fproc%2F42%2Fcmdline&path=%2F%2Fproc%2F42 HTTP/1.1" 200 2682 "-" "Mozilla/5.0 AppleWebKit/537.36 (KHTML, like Gecko; compatible; ClaudeBot/1.0; +claudebot@anthropic.com)"
74.7.243.228 - - [28/Jul/2026:00:41:05 +0000] "GET /favicon.ico?fileloc=//proc/99/net/ip6_mr_vif&path=//proc/99/net HTTP/1.1" 200 2726 "https://www.groatmachinery.com/favicon.ico?path=//proc/99/net" "Mozilla/5.0 AppleWebKit/537.36 (KHTML, like Gecko; compatible; GPTBot/1.4; +https://openai.com/gptbot)"
216.73.216.24 - - [28/Jul/2026:00:41:05 +0000] "GET /sitemap.xml?fileloc=%2F%2Fproc%2F3982222%2Fpatch_state&path=%2F%2Fproc%2F3982222 HTTP/1.1" 200 2689 "-" "Mozilla/5.0 AppleWebKit/537.36 (KHTML, like Gecko; compatible; ClaudeBot/1.0; +claudebot@anthropic.com)"
74.7.243.228 - - [28/Jul/2026:00:41:08 +0000] "GET /favicon.ico?fileloc=//proc/21/net/protocols&path=//proc/21/net HTTP/1.1" 200 3185 "https://www.groatmachinery.com/favicon.ico?path=//proc/21/net" "Mozilla/5.0 AppleWebKit/537.36 (KHTML, like Gecko; compatible; GPTBot/1.4; +https://openai.com/gptbot)"
216.73.216.24 - - [28/Jul/2026:00:41:08 +0000] "GET /sitemap.xml?fileloc=%2F%2Fsys%2Fkernel%2Fslab%2Fkmalloc-rnd-03-16%2Fcpu_partial&path=%2F%2Fsys%2Fkernel%2Fslab%2Fkmalloc-rnd-03-16 HTTP/1.1" 200 2717 "-" "Mozilla/5.0 AppleWebKit/537.36 (KHTML, like Gecko; compatible; ClaudeBot/1.0; +claudebot@anthropic.com)"
74.7.243.228 - - [28/Jul/2026:00:41:11 +0000] "GET /favicon.ico?fileloc=//proc/34/net/protocols&path=//proc/34/net HTTP/1.1" 200 3185 "https://www.groatmachinery.com/favicon.ico?path=//proc/34/net" "Mozilla/5.0 AppleWebKit/537.36 (KHTML, like Gecko; compatible; GPTBot/1.4; +https://openai.com/gptbot)"
216.73.216.24 - - [28/Jul/2026:00:41:11 +0000] "GET /sitemap.xml?fileloc=%2F%2Fusr%2Fsbin%2Ftune2fs&path=%2F%2Fusr%2Fsbin HTTP/1.1" 200 42896 "-" "Mozilla/5.0 AppleWebKit/537.36 (KHTML, like Gecko; compatible; ClaudeBot/1.0; +claudebot@anthropic.com)"
216.73.216.24 - - [28/Jul/2026:00:41:14 +0000] "GET /sitemap.xml?path=%2Fvar%2Flib%2Fubuntu-advantage%2Fapt-esm HTTP/1.1" 200 3048 "-" "Mozilla/5.0 AppleWebKit/537.36 (KHTML, like Gecko; compatible; ClaudeBot/1.0; +claudebot@anthropic.com)"
74.7.243.228 - - [28/Jul/2026:00:41:14 +0000] "GET /favicon.ico?fileloc=//proc/52/net/protocols&path=//proc/52/net HTTP/1.1" 200 3188 "https://www.groatmachinery.com/favicon.ico?path=//proc/52/net" "Mozilla/5.0 AppleWebKit/537.36 (KHTML, like Gecko; compatible; GPTBot/1.4; +https://openai.com/gptbot)"
216.73.216.24 - - [28/Jul/2026:00:41:17 +0000] "GET /sitemap.xml?fileloc=%2F%2Fproc%2F28%2Fstatus&path=%2F%2Fproc%2F28 HTTP/1.1" 200 3043 "-" "Mozilla/5.0 AppleWebKit/537.36 (KHTML, like Gecko; compatible; ClaudeBot/1.0; +claudebot@anthropic.com)"
74.7.243.228 - - [28/Jul/2026:00:41:17 +0000] "GET /favicon.ico?fileloc=//proc/80/net/protocols&path=//proc/80/net HTTP/1.1" 200 3183 "https://www.groatmachinery.com/favicon.ico?path=//proc/80/net" "Mozilla/5.0 AppleWebKit/537.36 (KHTML, like Gecko; compatible; GPTBot/1.4; +https://openai.com/gptbot)"
216.73.216.24 - - [28/Jul/2026:00:41:20 +0000] "GET /sitemap.xml?fileloc=%2F%2Fusr%2Fsbin%2Fupdate-locale&path=%2F%2Fusr%2Fsbin HTTP/1.1" 200 4033 "-" "Mozilla/5.0 AppleWebKit/537.36 (KHTML, like Gecko; compatible; ClaudeBot/1.0; +claudebot@anthropic.com)"
74.7.243.228 - - [28/Jul/2026:00:41:21 +0000] "GET /favicon.ico?fileloc=//proc/34/net/ip_mr_vif&path=//proc/34/net HTTP/1.1" 200 2738 "https://www.groatmachinery.com/favicon.ico?path=//proc/34/net" "Mozilla/5.0 AppleWebKit/537.36 (KHTML, like Gecko; compatible; GPTBot/1.4; +https://openai.com/gptbot)"
216.73.216.24 - - [28/Jul/2026:00:41:23 +0000] "GET /sitemap.xml?fileloc=%2F%2Fproc%2F87%2Fmem&path=%2F%2Fproc%2F87 HTTP/1.1" 200 2679 "-" "Mozilla/5.0 AppleWebKit/537.36 (KHTML, like Gecko; compatible; ClaudeBot/1.0; +claudebot@anthropic.com)"
74.7.243.228 - - [28/Jul/2026:00:41:24 +0000] "GET /favicon.ico?fileloc=//proc/99/net/ip_mr_vif&path=//proc/99/net HTTP/1.1" 200 2738 "https://www.groatmachinery.com/favicon.ico?path=//proc/99/net" "Mozilla/5.0 AppleWebKit/537.36 (KHTML, like Gecko; compatible; GPTBot/1.4; +https://openai.com/gptbot)"
216.73.216.24 - - [28/Jul/2026:00:41:26 +0000] "GET /sitemap.xml?path=%2F%2Flib%2Fmodules%2F6.8.0-134-generic%2Fvdso%2F.build-id HTTP/1.1" 200 3057 "-" "Mozilla/5.0 AppleWebKit/537.36 (KHTML, like Gecko; compatible; ClaudeBot/1.0; +claudebot@anthropic.com)"
74.7.243.228 - - [28/Jul/2026:00:41:27 +0000] "GET /favicon.ico?fileloc=//proc/21/net/ip_mr_vif&path=//proc/21/net HTTP/1.1" 200 2738 "https://www.groatmachinery.com/favicon.ico?path=//proc/21/net" "Mozilla/5.0 AppleWebKit/537.36 (KHTML, like Gecko; compatible; GPTBot/1.4; +https://openai.com/gptbot)"
216.73.216.24 - - [28/Jul/2026:00:41:29 +0000] "GET /sitemap.xml?fileloc=%2F%2Fusr%2Fbin%2Fbyobu-layout&path=%2F%2Fusr%2Fbin HTTP/1.1" 200 4189 "-" "Mozilla/5.0 AppleWebKit/537.36 (KHTML, like Gecko; compatible; ClaudeBot/1.0; +claudebot@anthropic.com)"
74.7.243.228 - - [28/Jul/2026:00:41:30 +0000] "GET /favicon.ico?fileloc=//proc/80/net/ip_mr_vif&path=//proc/80/net HTTP/1.1" 200 2737 "https://www.groatmachinery.com/favicon.ico?path=//proc/80/net" "Mozilla/5.0 AppleWebKit/537.36 (KHTML, like Gecko; compatible; GPTBot/1.4; +https://openai.com/gptbot)"
216.73.216.24 - - [28/Jul/2026:00:41:32 +0000] "GET /sitemap.xml?fileloc=%2F%2Fsys%2Fmodule%2Fipmi_ssif%2Ftaint&path=%2F%2Fsys%2Fmodule%2Fipmi_ssif HTTP/1.1" 200 2697 "-" "Mozilla/5.0 AppleWebKit/537.36 (KHTML, like Gecko; compatible; ClaudeBot/1.0; +claudebot@anthropic.com)"
74.7.243.228 - - [28/Jul/2026:00:41:33 +0000] "GET /favicon.ico?fileloc=//proc/52/net/ip_mr_vif&path=//proc/52/net HTTP/1.1" 200 2738 "https://www.groatmachinery.com/favicon.ico?path=//proc/52/net" "Mozilla/5.0 AppleWebKit/537.36 (KHTML, like Gecko; compatible; GPTBot/1.4; +https://openai.com/gptbot)"
216.73.216.24 - - [28/Jul/2026:00:41:35 +0000] "GET /sitemap.xml?fileloc=%2F%2Fproc%2F2%2Fksm_stat&path=%2F%2Fproc%2F2 HTTP/1.1" 200 2682 "-" "Mozilla/5.0 AppleWebKit/537.36 (KHTML, like Gecko; compatible; ClaudeBot/1.0; +claudebot@anthropic.com)"
74.7.243.228 - - [28/Jul/2026:00:41:36 +0000] "GET /favicon.ico?fileloc=//proc/80/net/ip6_mr_vif&path=//proc/80/net HTTP/1.1" 200 2726 "https://www.groatmachinery.com/favicon.ico?path=//proc/80/net" "Mozilla/5.0 AppleWebKit/537.36 (KHTML, like Gecko; compatible; GPTBot/1.4; +https://openai.com/gptbot)"
216.73.216.24 - - [28/Jul/2026:00:41:38 +0000] "GET /sitemap.xml?fileloc=%2F%2Fsys%2Ffs%2Fcgroup%2Fuser.slice%2Fuser-1045.slice%2Fsession-5584.scope%2Fpids.current&path=%2F%2Fsys%2Ffs%2Fcgroup%2Fuser.slice%2Fuser-1045.slice%2Fsession-5584.scope HTTP/1.1" 200 2741 "-" "Mozilla/5.0 AppleWebKit/537.36 (KHTML, like Gecko; compatible; ClaudeBot/1.0; +claudebot@anthropic.com)"
74.7.243.228 - - [28/Jul/2026:00:41:40 +0000] "GET /favicon.ico?fileloc=//proc/34/net/ip6_mr_vif&path=//proc/34/net HTTP/1.1" 200 2726 "https://www.groatmachinery.com/favicon.ico?path=//proc/34/net" "Mozilla/5.0 AppleWebKit/537.36 (KHTML, like Gecko; compatible; GPTBot/1.4; +https://openai.com/gptbot)"
216.73.216.24 - - [28/Jul/2026:00:41:41 +0000] "GET /sitemap.xml?fileloc=%2F%2Frun%2Fudev%2Fdata%2Fc246%3A0&path=%2F%2Frun%2Fudev%2Fdata HTTP/1.1" 200 2716 "-" "Mozilla/5.0 AppleWebKit/537.36 (KHTML, like Gecko; compatible; ClaudeBot/1.0; +claudebot@anthropic.com)"
74.7.243.228 - - [28/Jul/2026:00:41:43 +0000] "GET /favicon.ico?fileloc=//proc/52/net/ip6_mr_vif&path=//proc/52/net HTTP/1.1" 200 2726 "https://www.groatmachinery.com/favicon.ico?path=//proc/52/net" "Mozilla/5.0 AppleWebKit/537.36 (KHTML, like Gecko; compatible; GPTBot/1.4; +https://openai.com/gptbot)"
216.73.216.24 - - [28/Jul/2026:00:41:44 +0000] "GET /sitemap.xml?fileloc=%2F%2Fsys%2Fclass%2Ftty%2Ftty36%2Fsubsystem%2Ftty47%2Fuevent&path=%2F%2Fsys%2Fclass%2Ftty%2Ftty36%2Fsubsystem%2Ftty47 HTTP/1.1" 200 2749 "-" "Mozilla/5.0 AppleWebKit/537.36 (KHTML, like Gecko; compatible; ClaudeBot/1.0; +claudebot@anthropic.com)"
114.119.130.199 - - [28/Jul/2026:00:41:44 +0000] "GET /beehiiv-careers/ HTTP/1.1" 200 4085 "https://groatmachinery.com/post-sitemap.xml" "Mozilla/5.0 (Linux; Android 7.0;) AppleWebKit/537.36 (HTML, like Gecko) Mobile Safari/537.36 (compatible; PetalBot;+https://webmaster.petalsearch.com/site/petalbot)"
74.7.243.228 - - [28/Jul/2026:00:41:46 +0000] "GET /favicon.ico?fileloc=//proc/80/net/ip_tables_targets&path=//proc/80/net HTTP/1.1" 200 2694 "https://www.groatmachinery.com/favicon.ico?path=//proc/80/net" "Mozilla/5.0 AppleWebKit/537.36 (KHTML, like Gecko; compatible; GPTBot/1.4; +https://openai.com/gptbot)"
216.73.216.24 - - [28/Jul/2026:00:41:47 +0000] "GET /sitemap.xml?fileloc=%2F%2Fsys%2Fkernel%2Fslab%2Fsgpool-64%2Fctor&path=%2F%2Fsys%2Fkernel%2Fslab%2Fsgpool-64 HTTP/1.1" 200 2705 "-" "Mozilla/5.0 AppleWebKit/537.36 (KHTML, like Gecko; compatible; ClaudeBot/1.0; +claudebot@anthropic.com)"
74.7.243.228 - - [28/Jul/2026:00:41:49 +0000] "GET /favicon.ico?fileloc=//proc/52/net/ip_tables_targets&path=//proc/52/net HTTP/1.1" 200 2693 "https://www.groatmachinery.com/favicon.ico?path=//proc/52/net" "Mozilla/5.0 AppleWebKit/537.36 (KHTML, like Gecko; compatible; GPTBot/1.4; +https://openai.com/gptbot)"
216.73.216.24 - - [28/Jul/2026:00:41:50 +0000] "GET /sitemap.xml?fileloc=%2F%2Fusr%2Fsbin%2Fvgscan&path=%2F%2Fusr%2Fsbin HTTP/1.1" 200 872423 "-" "Mozilla/5.0 AppleWebKit/537.36 (KHTML, like Gecko; compatible; ClaudeBot/1.0; +claudebot@anthropic.com)"
74.7.243.228 - - [28/Jul/2026:00:41:52 +0000] "GET /favicon.ico?fileloc=//proc/34/net/ip_tables_targets&path=//proc/34/net HTTP/1.1" 200 2694 "https://www.groatmachinery.com/favicon.ico?path=//proc/34/net" "Mozilla/5.0 AppleWebKit/537.36 (KHTML, like Gecko; compatible; GPTBot/1.4; +https://openai.com/gptbot)"
216.73.216.24 - - [28/Jul/2026:00:41:53 +0000] "GET /sitemap.xml?path=%2Fvar%2Fwww%2Fgroatmachine_usr%2Fdata%2Fwww%2Fgroatmachinery.com%2Fwp-includes%2FID3 HTTP/1.1" 200 3827 "-" "Mozilla/5.0 AppleWebKit/537.36 (KHTML, like Gecko; compatible; ClaudeBot/1.0; +claudebot@anthropic.com)"
74.7.243.228 - - [28/Jul/2026:00:41:55 +0000] "GET /favicon.ico?fileloc=//proc/21/net/connector&path=//proc/21/net HTTP/1.1" 200 2709 "https://www.groatmachinery.com/favicon.ico?path=//proc/21/net" "Mozilla/5.0 AppleWebKit/537.36 (KHTML, like Gecko; compatible; GPTBot/1.4; +https://openai.com/gptbot)"
216.73.216.24 - - [28/Jul/2026:00:41:56 +0000] "GET /sitemap.xml?fileloc=%2F%2Fproc%2F72%2Fcgroup&path=%2F%2Fproc%2F72 HTTP/1.1" 200 2685 "-" "Mozilla/5.0 AppleWebKit/537.36 (KHTML, like Gecko; compatible; ClaudeBot/1.0; +claudebot@anthropic.com)"
74.7.243.228 - - [28/Jul/2026:00:41:59 +0000] "GET /favicon.ico?fileloc=//proc/99/net/connector&path=//proc/99/net HTTP/1.1" 200 2710 "https://www.groatmachinery.com/favicon.ico?path=//proc/99/net" "Mozilla/5.0 AppleWebKit/537.36 (KHTML, like Gecko; compatible; GPTBot/1.4; +https://openai.com/gptbot)"
216.73.216.24 - - [28/Jul/2026:00:41:59 +0000] "GET /sitemap.xml?fileloc=%2F%2Fproc%2F92%2Foom_adj&path=%2F%2Fproc%2F92 HTTP/1.1" 200 2686 "-" "Mozilla/5.0 AppleWebKit/537.36 (KHTML, like Gecko; compatible; ClaudeBot/1.0; +claudebot@anthropic.com)"
74.7.243.228 - - [28/Jul/2026:00:42:02 +0000] "GET /favicon.ico?fileloc=//proc/99/net/sockstat6&path=//proc/99/net HTTP/1.1" 200 2739 "https://www.groatmachinery.com/favicon.ico?path=//proc/99/net" "Mozilla/5.0 AppleWebKit/537.36 (KHTML, like Gecko; compatible; GPTBot/1.4; +https://openai.com/gptbot)"
74.7.243.228 - - [28/Jul/2026:00:42:05 +0000] "GET /favicon.ico?fileloc=//proc/99/net/mcfilter6&path=//proc/99/net HTTP/1.1" 200 2735 "https://www.groatmachinery.com/favicon.ico?path=//proc/99/net" "Mozilla/5.0 AppleWebKit/537.36 (KHTML, like Gecko; compatible; GPTBot/1.4; +https://openai.com/gptbot)"
216.73.216.24 - - [28/Jul/2026:00:42:05 +0000] "GET /my-account/feed/?path=%2F%2Frun%2Fsystemd%2Ftimesync HTTP/1.1" 200 3022 "-" "Mozilla/5.0 AppleWebKit/537.36 (KHTML, like Gecko; compatible; ClaudeBot/1.0; +claudebot@anthropic.com)"
74.7.243.228 - - [28/Jul/2026:00:42:08 +0000] "GET /favicon.ico?fileloc=//proc/21/net/mcfilter6&path=//proc/21/net HTTP/1.1" 200 2735 "https://www.groatmachinery.com/favicon.ico?path=//proc/21/net" "Mozilla/5.0 AppleWebKit/537.36 (KHTML, like Gecko; compatible; GPTBot/1.4; +https://openai.com/gptbot)"
216.73.216.24 - - [28/Jul/2026:00:42:09 +0000] "GET /sitemap.xml?fileloc=%2F%2Fsys%2Fkernel%2Fslab%2Fkey_jar%2Fcpu_slabs&path=%2F%2Fsys%2Fkernel%2Fslab%2Fkey_jar HTTP/1.1" 200 2706 "-" "Mozilla/5.0 AppleWebKit/537.36 (KHTML, like Gecko; compatible; ClaudeBot/1.0; +claudebot@anthropic.com)"
74.7.243.228 - - [28/Jul/2026:00:42:11 +0000] "GET /favicon.ico?fileloc=//proc/52/net/mcfilter6&path=//proc/52/net HTTP/1.1" 200 2735 "https://www.groatmachinery.com/favicon.ico?path=//proc/52/net" "Mozilla/5.0 AppleWebKit/537.36 (KHTML, like Gecko; compatible; GPTBot/1.4; +https://openai.com/gptbot)"
216.73.216.24 - - [28/Jul/2026:00:42:12 +0000] "GET /sitemap.xml?fileloc=%2F%2Fusr%2Fsbin%2Ffsck.btrfs&path=%2F%2Fusr%2Fsbin HTTP/1.1" 200 3323 "-" "Mozilla/5.0 AppleWebKit/537.36 (KHTML, like Gecko; compatible; ClaudeBot/1.0; +claudebot@anthropic.com)"
74.7.243.228 - - [28/Jul/2026:00:42:14 +0000] "GET /favicon.ico?fileloc=//proc/80/net/mcfilter6&path=//proc/80/net HTTP/1.1" 200 2733 "https://www.groatmachinery.com/favicon.ico?path=//proc/80/net" "Mozilla/5.0 AppleWebKit/537.36 (KHTML, like Gecko; compatible; GPTBot/1.4; +https://openai.com/gptbot)"
216.73.216.24 - - [28/Jul/2026:00:42:15 +0000] "GET /sitemap.xml?fileloc=%2F%2Fproc%2F45%2Fschedstat&path=%2F%2Fproc%2F45 HTTP/1.1" 200 2698 "-" "Mozilla/5.0 AppleWebKit/537.36 (KHTML, like Gecko; compatible; ClaudeBot/1.0; +claudebot@anthropic.com)"
74.7.243.228 - - [28/Jul/2026:00:42:18 +0000] "GET /favicon.ico?fileloc=//proc/34/net/sockstat6&path=//proc/34/net HTTP/1.1" 200 2738 "https://www.groatmachinery.com/favicon.ico?path=//proc/34/net" "Mozilla/5.0 AppleWebKit/537.36 (KHTML, like Gecko; compatible; GPTBot/1.4; +https://openai.com/gptbot)"
216.73.216.24 - - [28/Jul/2026:00:42:18 +0000] "GET /sitemap.xml?fileloc=%2F%2Fsys%2Fkernel%2Fslab%2Fkmalloc-rnd-05-8k%2Ftotal_objects&path=%2F%2Fsys%2Fkernel%2Fslab%2Fkmalloc-rnd-05-8k HTTP/1.1" 200 2719 "-" "Mozilla/5.0 AppleWebKit/537.36 (KHTML, like Gecko; compatible; ClaudeBot/1.0; +claudebot@anthropic.com)"
74.7.243.228 - - [28/Jul/2026:00:42:21 +0000] "GET /favicon.ico?fileloc=//proc/21/net/sockstat6&path=//proc/21/net HTTP/1.1" 200 2738 "https://www.groatmachinery.com/favicon.ico?path=//proc/21/net" "Mozilla/5.0 AppleWebKit/537.36 (KHTML, like Gecko; compatible; GPTBot/1.4; +https://openai.com/gptbot)"
216.73.216.24 - - [28/Jul/2026:00:42:21 +0000] "GET /sitemap.xml?fileloc=%2F%2Fsys%2Fkernel%2Fslab%2Fdma-kmalloc-2k%2Fdestroy_by_rcu&path=%2F%2Fsys%2Fkernel%2Fslab%2Fdma-kmalloc-2k HTTP/1.1" 200 2717 "-" "Mozilla/5.0 AppleWebKit/537.36 (KHTML, like Gecko; compatible; ClaudeBot/1.0; +claudebot@anthropic.com)"
74.7.243.228 - - [28/Jul/2026:00:42:24 +0000] "GET /favicon.ico?fileloc=//proc/52/net/sockstat6&path=//proc/52/net HTTP/1.1" 200 2738 "https://www.groatmachinery.com/favicon.ico?path=//proc/52/net" "Mozilla/5.0 AppleWebKit/537.36 (KHTML, like Gecko; compatible; GPTBot/1.4; +https://openai.com/gptbot)"
216.73.216.24 - - [28/Jul/2026:00:42:24 +0000] "GET /sitemap.xml?fileloc=%2F%2Fsys%2Ffs%2Fcgroup%2Fsystem.slice%2Fexim4.service%2Fmemory.pressure&path=%2F%2Fsys%2Ffs%2Fcgroup%2Fsystem.slice%2Fexim4.service HTTP/1.1" 200 2758 "-" "Mozilla/5.0 AppleWebKit/537.36 (KHTML, like Gecko; compatible; ClaudeBot/1.0; +claudebot@anthropic.com)"
38.177.186.189 - - [28/Jul/2026:00:42:24 +0000] "GET / HTTP/1.1" 200 4085 "-" "Mozilla/5.0 (X11; Linux x86_64) AppleWebKit/537.36 (KHTML, like Gecko) Chrome/44.0.2403.157 Safari/537.36"
216.73.216.24 - - [28/Jul/2026:00:42:27 +0000] "GET /sitemap.xml?fileloc=%2F%2Fsys%2Fkernel%2Fslab%2Fkmalloc-rcl-512%2Fcache_dma&path=%2F%2Fsys%2Fkernel%2Fslab%2Fkmalloc-rcl-512 HTTP/1.1" 200 2713 "-" "Mozilla/5.0 AppleWebKit/537.36 (KHTML, like Gecko; compatible; ClaudeBot/1.0; +claudebot@anthropic.com)"
74.7.243.228 - - [28/Jul/2026:00:42:27 +0000] "GET /favicon.ico?fileloc=//proc/34/net/mcfilter6&path=//proc/34/net HTTP/1.1" 200 2735 "https://www.groatmachinery.com/favicon.ico?path=//proc/34/net" "Mozilla/5.0 AppleWebKit/537.36 (KHTML, like Gecko; compatible; GPTBot/1.4; +https://openai.com/gptbot)"
216.73.216.24 - - [28/Jul/2026:00:42:30 +0000] "GET /sitemap.xml?fileloc=%2F%2Fsys%2Fkernel%2Fslab%2Ftw_sock_TCPv6%2Fslabs_cpu_partial&path=%2F%2Fsys%2Fkernel%2Fslab%2Ftw_sock_TCPv6 HTTP/1.1" 200 2717 "-" "Mozilla/5.0 AppleWebKit/537.36 (KHTML, like Gecko; compatible; ClaudeBot/1.0; +claudebot@anthropic.com)"
74.7.243.228 - - [28/Jul/2026:00:42:31 +0000] "GET /favicon.ico?fileloc=//proc/80/net/sockstat6&path=//proc/80/net HTTP/1.1" 200 2738 "https://www.groatmachinery.com/favicon.ico?path=//proc/80/net" "Mozilla/5.0 AppleWebKit/537.36 (KHTML, like Gecko; compatible; GPTBot/1.4; +https://openai.com/gptbot)"
216.73.216.24 - - [28/Jul/2026:00:42:33 +0000] "GET /sitemap.xml?fileloc=%2F%2Fsys%2Fclass%2Ftty%2FttyS18%2Fsubsystem%2FttyS3%2Fline&path=%2F%2Fsys%2Fclass%2Ftty%2FttyS18%2Fsubsystem%2FttyS3 HTTP/1.1" 200 2721 "-" "Mozilla/5.0 AppleWebKit/537.36 (KHTML, like Gecko; compatible; ClaudeBot/1.0; +claudebot@anthropic.com)"
74.7.243.228 - - [28/Jul/2026:00:42:34 +0000] "GET /favicon.ico?fileloc=//proc/99/net/ip_tables_matches&path=//proc/99/net HTTP/1.1" 200 2696 "https://www.groatmachinery.com/favicon.ico?path=//proc/99/net" "Mozilla/5.0 AppleWebKit/537.36 (KHTML, like Gecko; compatible; GPTBot/1.4; +https://openai.com/gptbot)"
216.73.216.24 - - [28/Jul/2026:00:42:36 +0000] "GET /sitemap.xml?fileloc=%2F%2Fproc%2F5%2Foom_score&path=%2F%2Fproc%2F5 HTTP/1.1" 200 2685 "-" "Mozilla/5.0 AppleWebKit/537.36 (KHTML, like Gecko; compatible; ClaudeBot/1.0; +claudebot@anthropic.com)"
74.7.243.228 - - [28/Jul/2026:00:42:37 +0000] "GET /favicon.ico?fileloc=//proc/99/net/ip_tables_targets&path=//proc/99/net HTTP/1.1" 200 2694 "https://www.groatmachinery.com/favicon.ico?path=//proc/99/net" "Mozilla/5.0 AppleWebKit/537.36 (KHTML, like Gecko; compatible; GPTBot/1.4; +https://openai.com/gptbot)"
216.73.216.24 - - [28/Jul/2026:00:42:39 +0000] "GET /sitemap.xml?fileloc=%2F%2Frun%2Fudev%2Fdata%2Fc13%3A63&path=%2F%2Frun%2Fudev%2Fdata HTTP/1.1" 200 2692 "-" "Mozilla/5.0 AppleWebKit/537.36 (KHTML, like Gecko; compatible; ClaudeBot/1.0; +claudebot@anthropic.com)"
74.7.243.228 - - [28/Jul/2026:00:42:40 +0000] "GET /favicon.ico?fileloc=//proc/99/net/ip6_flowlabel&path=//proc/99/net HTTP/1.1" 200 2732 "https://www.groatmachinery.com/favicon.ico?path=//proc/99/net" "Mozilla/5.0 AppleWebKit/537.36 (KHTML, like Gecko; compatible; GPTBot/1.4; +https://openai.com/gptbot)"
216.73.216.24 - - [28/Jul/2026:00:42:42 +0000] "GET /sitemap.xml?fileloc=%2F%2Fproc%2F1643154%2Ftask%2F1643166%2Fstack&path=%2F%2Fproc%2F1643154%2Ftask%2F1643166 HTTP/1.1" 200 2706 "-" "Mozilla/5.0 AppleWebKit/537.36 (KHTML, like Gecko; compatible; ClaudeBot/1.0; +claudebot@anthropic.com)"
74.7.243.228 - - [28/Jul/2026:00:42:43 +0000] "GET /favicon.ico?fileloc=//proc/34/net/ip_tables_matches&path=//proc/34/net HTTP/1.1" 200 2696 "https://www.groatmachinery.com/favicon.ico?path=//proc/34/net" "Mozilla/5.0 AppleWebKit/537.36 (KHTML, like Gecko; compatible; GPTBot/1.4; +https://openai.com/gptbot)"
216.73.216.24 - - [28/Jul/2026:00:42:45 +0000] "GET /sitemap.xml?fileloc=%2F%2Fproc%2F141%2Fmountstats&path=%2F%2Fproc%2F141 HTTP/1.1" 200 2685 "-" "Mozilla/5.0 AppleWebKit/537.36 (KHTML, like Gecko; compatible; ClaudeBot/1.0; +claudebot@anthropic.com)"
74.7.243.228 - - [28/Jul/2026:00:42:46 +0000] "GET /favicon.ico?fileloc=//proc/21/net/ip_tables_targets&path=//proc/21/net HTTP/1.1" 200 2693 "https://www.groatmachinery.com/favicon.ico?path=//proc/21/net" "Mozilla/5.0 AppleWebKit/537.36 (KHTML, like Gecko; compatible; GPTBot/1.4; +https://openai.com/gptbot)"
216.73.216.24 - - [28/Jul/2026:00:42:48 +0000] "GET /sitemap.xml?fileloc=%2F%2Fsbin%2Ffsck&path=%2F%2Fsbin HTTP/1.1" 200 15927 "-" "Mozilla/5.0 AppleWebKit/537.36 (KHTML, like Gecko; compatible; ClaudeBot/1.0; +claudebot@anthropic.com)"
74.7.243.228 - - [28/Jul/2026:00:42:49 +0000] "GET /favicon.ico?fileloc=//proc/80/net/ip_tables_matches&path=//proc/80/net HTTP/1.1" 200 2696 "https://www.groatmachinery.com/favicon.ico?path=//proc/80/net" "Mozilla/5.0 AppleWebKit/537.36 (KHTML, like Gecko; compatible; GPTBot/1.4; +https://openai.com/gptbot)"
216.73.216.24 - - [28/Jul/2026:00:42:51 +0000] "GET /sitemap.xml?fileloc=%2F%2Fproc%2F88%2Fmountstats&path=%2F%2Fproc%2F88 HTTP/1.1" 200 2683 "-" "Mozilla/5.0 AppleWebKit/537.36 (KHTML, like Gecko; compatible; ClaudeBot/1.0; +claudebot@anthropic.com)"
74.7.243.228 - - [28/Jul/2026:00:42:52 +0000] "GET /favicon.ico?fileloc=//proc/21/net/ip_tables_matches&path=//proc/21/net HTTP/1.1" 200 2695 "https://www.groatmachinery.com/favicon.ico?path=//proc/21/net" "Mozilla/5.0 AppleWebKit/537.36 (KHTML, like Gecko; compatible; GPTBot/1.4; +https://openai.com/gptbot)"
216.73.216.24 - - [28/Jul/2026:00:42:54 +0000] "GET /sitemap.xml?fileloc=%2F%2Fproc%2F34%2Fcomm&path=%2F%2Fproc%2F34 HTTP/1.1" 200 2691 "-" "Mozilla/5.0 AppleWebKit/537.36 (KHTML, like Gecko; compatible; ClaudeBot/1.0; +claudebot@anthropic.com)"
74.7.243.228 - - [28/Jul/2026:00:42:56 +0000] "GET /favicon.ico?fileloc=//proc/52/net/ip_tables_matches&path=//proc/52/net HTTP/1.1" 200 2696 "https://www.groatmachinery.com/favicon.ico?path=//proc/52/net" "Mozilla/5.0 AppleWebKit/537.36 (KHTML, like Gecko; compatible; GPTBot/1.4; +https://openai.com/gptbot)"
216.73.216.24 - - [28/Jul/2026:00:42:57 +0000] "GET /sitemap.xml?fileloc=%2F%2Fsbin%2Fopensnoop.bt&path=%2F%2Fsbin HTTP/1.1" 200 3146 "-" "Mozilla/5.0 AppleWebKit/537.36 (KHTML, like Gecko; compatible; ClaudeBot/1.0; +claudebot@anthropic.com)"
74.7.243.228 - - [28/Jul/2026:00:42:59 +0000] "GET /favicon.ico?fileloc=//proc/21/net/ip6_flowlabel&path=//proc/21/net HTTP/1.1" 200 2731 "https://www.groatmachinery.com/favicon.ico?path=//proc/21/net" "Mozilla/5.0 AppleWebKit/537.36 (KHTML, like Gecko; compatible; GPTBot/1.4; +https://openai.com/gptbot)"
216.73.216.24 - - [28/Jul/2026:00:43:00 +0000] "GET /sitemap.xml?fileloc=%2F%2Fsys%2Fkernel%2Fslab%2Ffanotify_perm_event%2Fcpu_partial&path=%2F%2Fsys%2Fkernel%2Fslab%2Ffanotify_perm_event HTTP/1.1" 200 2717 "-" "Mozilla/5.0 AppleWebKit/537.36 (KHTML, like Gecko; compatible; ClaudeBot/1.0; +claudebot@anthropic.com)"
74.7.243.228 - - [28/Jul/2026:00:43:02 +0000] "GET /favicon.ico?fileloc=//proc/80/net/ip6_flowlabel&path=//proc/80/net HTTP/1.1" 200 2730 "https://www.groatmachinery.com/favicon.ico?path=//proc/80/net" "Mozilla/5.0 AppleWebKit/537.36 (KHTML, like Gecko; compatible; GPTBot/1.4; +https://openai.com/gptbot)"
216.73.216.24 - - [28/Jul/2026:00:43:03 +0000] "GET /sitemap.xml?fileloc=%2F%2Fsys%2Ffs%2Fcgroup%2Fsystem.slice%2Fexim4.service%2Fmemory.max&path=%2F%2Fsys%2Ffs%2Fcgroup%2Fsystem.slice%2Fexim4.service HTTP/1.1" 200 2724 "-" "Mozilla/5.0 AppleWebKit/537.36 (KHTML, like Gecko; compatible; ClaudeBot/1.0; +claudebot@anthropic.com)"
74.7.243.228 - - [28/Jul/2026:00:43:05 +0000] "GET /favicon.ico?fileloc=//proc/52/net/ip6_flowlabel&path=//proc/52/net HTTP/1.1" 200 2731 "https://www.groatmachinery.com/favicon.ico?path=//proc/52/net" "Mozilla/5.0 AppleWebKit/537.36 (KHTML, like Gecko; compatible; GPTBot/1.4; +https://openai.com/gptbot)"
74.7.243.228 - - [28/Jul/2026:00:43:08 +0000] "GET /favicon.ico?fileloc=//proc/34/net/ip6_flowlabel&path=//proc/34/net HTTP/1.1" 200 2731 "https://www.groatmachinery.com/favicon.ico?path=//proc/34/net" "Mozilla/5.0 AppleWebKit/537.36 (KHTML, like Gecko; compatible; GPTBot/1.4; +https://openai.com/gptbot)"
216.73.216.24 - - [28/Jul/2026:00:43:08 +0000] "GET /sitemap.xml?fileloc=%2F%2Fproc%2F70%2Fmounts&path=%2F%2Fproc%2F70 HTTP/1.1" 200 3196 "-" "Mozilla/5.0 AppleWebKit/537.36 (KHTML, like Gecko; compatible; ClaudeBot/1.0; +claudebot@anthropic.com)"
216.73.216.24 - - [28/Jul/2026:00:43:11 +0000] "GET /sitemap.xml?fileloc=%2F%2Fsys%2Fkernel%2Fslab%2Fkmalloc-rnd-07-16%2Fpartial&path=%2F%2Fsys%2Fkernel%2Fslab%2Fkmalloc-rnd-07-16 HTTP/1.1" 200 2714 "-" "Mozilla/5.0 AppleWebKit/537.36 (KHTML, like Gecko; compatible; ClaudeBot/1.0; +claudebot@anthropic.com)"
74.7.243.228 - - [28/Jul/2026:00:43:11 +0000] "GET /favicon.ico?path=//proc/99/net/dev_snmp6 HTTP/1.1" 200 3096 "https://www.groatmachinery.com/favicon.ico?path=//proc/99/net" "Mozilla/5.0 AppleWebKit/537.36 (KHTML, like Gecko; compatible; GPTBot/1.4; +https://openai.com/gptbot)"
216.73.216.24 - - [28/Jul/2026:00:43:14 +0000] "GET /sitemap.xml?fileloc=%2F%2Flib%2Fopen-iscsi%2Fnet-interface-handler&path=%2F%2Flib%2Fopen-iscsi HTTP/1.1" 200 3688 "-" "Mozilla/5.0 AppleWebKit/537.36 (KHTML, like Gecko; compatible; ClaudeBot/1.0; +claudebot@anthropic.com)"
74.7.243.228 - - [28/Jul/2026:00:43:15 +0000] "GET /favicon.ico?path=//proc/21/net/dev_snmp6 HTTP/1.1" 200 3095 "https://www.groatmachinery.com/favicon.ico?path=//proc/21/net" "Mozilla/5.0 AppleWebKit/537.36 (KHTML, like Gecko; compatible; GPTBot/1.4; +https://openai.com/gptbot)"
216.73.216.24 - - [28/Jul/2026:00:43:17 +0000] "GET /sitemap.xml?fileloc=%2F%2Fsys%2Fkernel%2Fslab%2Fkmalloc-rnd-08-64%2Fvalidate&path=%2F%2Fsys%2Fkernel%2Fslab%2Fkmalloc-rnd-08-64 HTTP/1.1" 200 2715 "-" "Mozilla/5.0 AppleWebKit/537.36 (KHTML, like Gecko; compatible; ClaudeBot/1.0; +claudebot@anthropic.com)"
74.7.243.228 - - [28/Jul/2026:00:43:18 +0000] "GET /favicon.ico?path=//proc/80/net/dev_snmp6 HTTP/1.1" 200 3094 "https://www.groatmachinery.com/favicon.ico?path=//proc/80/net" "Mozilla/5.0 AppleWebKit/537.36 (KHTML, like Gecko; compatible; GPTBot/1.4; +https://openai.com/gptbot)"
216.73.216.24 - - [28/Jul/2026:00:43:20 +0000] "GET /sitemap.xml?fileloc=%2F%2Fsys%2Fclass%2Fthermal%2Fcooling_device4%2Ftype&path=%2F%2Fsys%2Fclass%2Fthermal%2Fcooling_device4 HTTP/1.1" 200 2716 "-" "Mozilla/5.0 AppleWebKit/537.36 (KHTML, like Gecko; compatible; ClaudeBot/1.0; +claudebot@anthropic.com)"
74.7.243.228 - - [28/Jul/2026:00:43:21 +0000] "GET /favicon.ico?path=//proc/52/net/dev_snmp6 HTTP/1.1" 200 3095 "https://www.groatmachinery.com/favicon.ico?path=//proc/52/net" "Mozilla/5.0 AppleWebKit/537.36 (KHTML, like Gecko; compatible; GPTBot/1.4; +https://openai.com/gptbot)"
216.73.216.24 - - [28/Jul/2026:00:43:23 +0000] "GET /sitemap.xml?fileloc=%2F%2Fsys%2Fkernel%2Fslab%2Fkmalloc-rnd-07-192%2Fpartial&path=%2F%2Fsys%2Fkernel%2Fslab%2Fkmalloc-rnd-07-192 HTTP/1.1" 200 2714 "-" "Mozilla/5.0 AppleWebKit/537.36 (KHTML, like Gecko; compatible; ClaudeBot/1.0; +claudebot@anthropic.com)"
74.7.243.228 - - [28/Jul/2026:00:43:24 +0000] "GET /favicon.ico?path=//proc/34/net/dev_snmp6 HTTP/1.1" 200 3095 "https://www.groatmachinery.com/favicon.ico?path=//proc/34/net" "Mozilla/5.0 AppleWebKit/537.36 (KHTML, like Gecko; compatible; GPTBot/1.4; +https://openai.com/gptbot)"
216.73.216.24 - - [28/Jul/2026:00:43:26 +0000] "GET /sitemap.xml?fileloc=%2F%2Fsys%2Fdev%2Fblock%2F7%3A1%2Fhidden&path=%2F%2Fsys%2Fdev%2Fblock%2F7%3A1 HTTP/1.1" 200 2700 "-" "Mozilla/5.0 AppleWebKit/537.36 (KHTML, like Gecko; compatible; ClaudeBot/1.0; +claudebot@anthropic.com)"
74.7.243.228 - - [28/Jul/2026:00:43:27 +0000] "GET /favicon.ico?path=//proc/96/net HTTP/1.1" 200 4679 "https://www.groatmachinery.com/favicon.ico?path=//proc/96" "Mozilla/5.0 AppleWebKit/537.36 (KHTML, like Gecko; compatible; GPTBot/1.4; +https://openai.com/gptbot)"
216.73.216.24 - - [28/Jul/2026:00:43:29 +0000] "GET /sitemap.xml?fileloc=%2F%2Fsys%2Fkernel%2Fslab%2FQIPCRTR%2Ftrace&path=%2F%2Fsys%2Fkernel%2Fslab%2FQIPCRTR HTTP/1.1" 200 2707 "-" "Mozilla/5.0 AppleWebKit/537.36 (KHTML, like Gecko; compatible; ClaudeBot/1.0; +claudebot@anthropic.com)"
74.7.243.228 - - [28/Jul/2026:00:43:30 +0000] "GET /favicon.ico?path=//proc/84/net HTTP/1.1" 200 4678 "https://www.groatmachinery.com/favicon.ico?path=//proc/84" "Mozilla/5.0 AppleWebKit/537.36 (KHTML, like Gecko; compatible; GPTBot/1.4; +https://openai.com/gptbot)"
216.73.216.24 - - [28/Jul/2026:00:43:32 +0000] "GET /sitemap.xml?fileloc=%2F%2Fproc%2F64%2Fstatm&path=%2F%2Fproc%2F64 HTTP/1.1" 200 2687 "-" "Mozilla/5.0 AppleWebKit/537.36 (KHTML, like Gecko; compatible; ClaudeBot/1.0; +claudebot@anthropic.com)"
74.7.243.228 - - [28/Jul/2026:00:43:34 +0000] "GET /favicon.ico?path=//proc/62/net HTTP/1.1" 200 4678 "https://www.groatmachinery.com/favicon.ico?path=//proc/62" "Mozilla/5.0 AppleWebKit/537.36 (KHTML, like Gecko; compatible; GPTBot/1.4; +https://openai.com/gptbot)"
216.73.216.24 - - [28/Jul/2026:00:43:35 +0000] "GET /sitemap.xml?fileloc=%2F%2Fsys%2Fdev%2Fblock%2F7%3A1%2Fro&path=%2F%2Fsys%2Fdev%2Fblock%2F7%3A1 HTTP/1.1" 200 2699 "-" "Mozilla/5.0 AppleWebKit/537.36 (KHTML, like Gecko; compatible; ClaudeBot/1.0; +claudebot@anthropic.com)"
74.7.243.228 - - [28/Jul/2026:00:43:37 +0000] "GET /favicon.ico?path=//proc/83/net HTTP/1.1" 200 4679 "https://www.groatmachinery.com/favicon.ico?path=//proc/83" "Mozilla/5.0 AppleWebKit/537.36 (KHTML, like Gecko; compatible; GPTBot/1.4; +https://openai.com/gptbot)"
216.73.216.24 - - [28/Jul/2026:00:43:38 +0000] "GET /sitemap.xml?fileloc=%2F%2Fproc%2F1%2Fnet%2Fwireless&path=%2F%2Fproc%2F1%2Fnet HTTP/1.1" 200 2788 "-" "Mozilla/5.0 AppleWebKit/537.36 (KHTML, like Gecko; compatible; ClaudeBot/1.0; +claudebot@anthropic.com)"
74.7.243.228 - - [28/Jul/2026:00:43:40 +0000] "GET /favicon.ico?path=//proc/53/net HTTP/1.1" 200 4679 "https://www.groatmachinery.com/favicon.ico?path=//proc/53" "Mozilla/5.0 AppleWebKit/537.36 (KHTML, like Gecko; compatible; GPTBot/1.4; +https://openai.com/gptbot)"
216.73.216.24 - - [28/Jul/2026:00:43:41 +0000] "GET /sitemap.xml?fileloc=%2F%2Fproc%2F24%2Fattr%2Fexec&path=%2F%2Fproc%2F24%2Fattr HTTP/1.1" 200 2689 "-" "Mozilla/5.0 AppleWebKit/537.36 (KHTML, like Gecko; compatible; ClaudeBot/1.0; +claudebot@anthropic.com)"
74.7.243.228 - - [28/Jul/2026:00:43:43 +0000] "GET /favicon.ico?path=//proc/59/net HTTP/1.1" 200 4679 "https://www.groatmachinery.com/favicon.ico?path=//proc/59" "Mozilla/5.0 AppleWebKit/537.36 (KHTML, like Gecko; compatible; GPTBot/1.4; +https://openai.com/gptbot)"
216.73.216.24 - - [28/Jul/2026:00:43:44 +0000] "GET /sitemap.xml?fileloc=%2F%2Fproc%2F141%2Ftask%2F141%2Fclear_refs&path=%2F%2Fproc%2F141%2Ftask%2F141 HTTP/1.1" 200 2698 "-" "Mozilla/5.0 AppleWebKit/537.36 (KHTML, like Gecko; compatible; ClaudeBot/1.0; +claudebot@anthropic.com)"
74.7.243.228 - - [28/Jul/2026:00:43:46 +0000] "GET /favicon.ico?fileloc=//proc/99/net/dev_snmp6/lo&path=//proc/99/net/dev_snmp6 HTTP/1.1" 200 3220 "https://www.groatmachinery.com/favicon.ico?path=//proc/99/net/dev_snmp6" "Mozilla/5.0 AppleWebKit/537.36 (KHTML, like Gecko; compatible; GPTBot/1.4; +https://openai.com/gptbot)"
216.73.216.24 - - [28/Jul/2026:00:43:47 +0000] "GET /sitemap.xml?fileloc=%2F%2Fsys%2Fkernel%2Fslab%2Fbtrfs_trans_handle%2Fstore_user&path=%2F%2Fsys%2Fkernel%2Fslab%2Fbtrfs_trans_handle HTTP/1.1" 200 2714 "-" "Mozilla/5.0 AppleWebKit/537.36 (KHTML, like Gecko; compatible; ClaudeBot/1.0; +claudebot@anthropic.com)"
194.67.207.9 - - [28/Jul/2026:00:43:48 +0000] "GET / HTTP/1.1" 200 4085 "https://pamjatnik.com.ua/ritualnaja-productsia/exclusive-memorial" "Mozilla/5.0 (Macintosh; Intel Mac OS X 10_15_7) AppleWebKit/537.36 (KHTML, like Gecko) Chrome/133.0.0.0 Safari/537.36"
74.7.243.228 - - [28/Jul/2026:00:43:49 +0000] "GET /favicon.ico?path=//proc/99/net/rxrpc HTTP/1.1" 200 3191 "https://www.groatmachinery.com/favicon.ico?path=//proc/99/net" "Mozilla/5.0 AppleWebKit/537.36 (KHTML, like Gecko; compatible; GPTBot/1.4; +https://openai.com/gptbot)"
216.73.216.24 - - [28/Jul/2026:00:43:50 +0000] "GET /sitemap.xml?fileloc=%2F%2Fsys%2Fkernel%2Fslab%2Fdio%2Freclaim_account&path=%2F%2Fsys%2Fkernel%2Fslab%2Fdio HTTP/1.1" 200 2707 "-" "Mozilla/5.0 AppleWebKit/537.36 (KHTML, like Gecko; compatible; ClaudeBot/1.0; +claudebot@anthropic.com)"
94.142.141.230 - - [28/Jul/2026:00:43:51 +0000] "GET / HTTP/1.1" 200 4085 "https://perevozki24.com.ua/uslugi/ritual-perevozki" "Mozilla/5.0 (Windows NT 10.0; Win64; x64) AppleWebKit/537.36 (KHTML, like Gecko) Chrome/137.0.0.0 Safari/537.36"
74.7.243.228 - - [28/Jul/2026:00:43:53 +0000] "GET /favicon.ico?fileloc=//proc/99/net/dev&path=//proc/99/net HTTP/1.1" 200 2881 "https://www.groatmachinery.com/favicon.ico?path=//proc/99/net" "Mozilla/5.0 AppleWebKit/537.36 (KHTML, like Gecko; compatible; GPTBot/1.4; +https://openai.com/gptbot)"
216.73.216.24 - - [28/Jul/2026:00:43:53 +0000] "GET /sitemap.xml?fileloc=%2F%2Fproc%2Fself%2Froot%2Fsbin%2Fperlcalls-bpfcc&path=%2F%2Fproc%2Fself%2Froot%2Fsbin HTTP/1.1" 200 2755 "-" "Mozilla/5.0 AppleWebKit/537.36 (KHTML, like Gecko; compatible; ClaudeBot/1.0; +claudebot@anthropic.com)"
74.7.243.228 - - [28/Jul/2026:00:43:56 +0000] "GET /favicon.ico?path=//proc/99/net/stat HTTP/1.1" 200 3093 "https://www.groatmachinery.com/favicon.ico?path=//proc/99/net" "Mozilla/5.0 AppleWebKit/537.36 (KHTML, like Gecko; compatible; GPTBot/1.4; +https://openai.com/gptbot)"
216.73.216.24 - - [28/Jul/2026:00:43:56 +0000] "GET /sitemap.xml?fileloc=%2F%2Fsys%2Ffs%2Fcgroup%2Fsystem.slice%2Ffastpanel2.service%2Fcpu.stat&path=%2F%2Fsys%2Ffs%2Fcgroup%2Fsystem.slice%2Ffastpanel2.service HTTP/1.1" 200 2783 "-" "Mozilla/5.0 AppleWebKit/537.36 (KHTML, like Gecko; compatible; ClaudeBot/1.0; +claudebot@anthropic.com)"
74.7.243.228 - - [28/Jul/2026:00:43:59 +0000] "GET /favicon.ico?fileloc=//proc/34/net/dev_snmp6/eth0&path=//proc/34/net/dev_snmp6 HTTP/1.1" 200 3287 "https://www.groatmachinery.com/favicon.ico?path=//proc/34/net/dev_snmp6" "Mozilla/5.0 AppleWebKit/537.36 (KHTML, like Gecko; compatible; GPTBot/1.4; +https://openai.com/gptbot)"
216.73.216.24 - - [28/Jul/2026:00:43:59 +0000] "GET /sitemap.xml?fileloc=%2F%2Fsys%2Fkernel%2Fslab%2Fkmalloc-rnd-09-128%2Fobjects&path=%2F%2Fsys%2Fkernel%2Fslab%2Fkmalloc-rnd-09-128 HTTP/1.1" 200 2715 "-" "Mozilla/5.0 AppleWebKit/537.36 (KHTML, like Gecko; compatible; ClaudeBot/1.0; +claudebot@anthropic.com)"
114.119.158.50 - - [28/Jul/2026:00:43:59 +0000] "GET /beehiiv-async/ HTTP/1.1" 200 4085 "https://groatmachinery.com/post-sitemap.xml" "Mozilla/5.0 (Linux; Android 7.0;) AppleWebKit/537.36 (HTML, like Gecko) Mobile Safari/537.36 (compatible; PetalBot;+https://webmaster.petalsearch.com/site/petalbot)"
74.7.243.228 - - [28/Jul/2026:00:44:02 +0000] "GET /favicon.ico?fileloc=//proc/96/net/tls_stat&path=//proc/96/net HTTP/1.1" 200 2778 "https://www.groatmachinery.com/favicon.ico?path=//proc/96/net" "Mozilla/5.0 AppleWebKit/537.36 (KHTML, like Gecko; compatible; GPTBot/1.4; +https://openai.com/gptbot)"
216.73.216.24 - - [28/Jul/2026:00:44:02 +0000] "GET /sitemap.xml?fileloc=%2F%2Fvar%2Flib%2Fdpkg%2Finfo%2Fpython3-commandnotfound.md5sums&path=%2F%2Fvar%2Flib%2Fdpkg%2Finfo HTTP/1.1" 200 3060 "-" "Mozilla/5.0 AppleWebKit/537.36 (KHTML, like Gecko; compatible; ClaudeBot/1.0; +claudebot@anthropic.com)"
74.7.243.228 - - [28/Jul/2026:00:44:05 +0000] "GET /favicon.ico?fileloc=//proc/84/net/tls_stat&path=//proc/84/net HTTP/1.1" 200 2777 "https://www.groatmachinery.com/favicon.ico?path=//proc/84/net" "Mozilla/5.0 AppleWebKit/537.36 (KHTML, like Gecko; compatible; GPTBot/1.4; +https://openai.com/gptbot)"
216.73.216.24 - - [28/Jul/2026:00:44:05 +0000] "GET /sitemap.xml?fileloc=%2F%2Fproc%2F297%2Ftask%2F297%2Fsetgroups&path=%2F%2Fproc%2F297%2Ftask%2F297 HTTP/1.1" 200 2700 "-" "Mozilla/5.0 AppleWebKit/537.36 (KHTML, like Gecko; compatible; ClaudeBot/1.0; +claudebot@anthropic.com)"
74.7.243.228 - - [28/Jul/2026:00:44:08 +0000] "GET /favicon.ico?fileloc=//proc/62/net/softnet_stat&path=//proc/62/net HTTP/1.1" 200 2878 "https://www.groatmachinery.com/favicon.ico?path=//proc/62/net" "Mozilla/5.0 AppleWebKit/537.36 (KHTML, like Gecko; compatible; GPTBot/1.4; +https://openai.com/gptbot)"
74.7.243.228 - - [28/Jul/2026:00:44:12 +0000] "GET /favicon.ico?fileloc=//proc/83/net/sco&path=//proc/83/net HTTP/1.1" 200 2721 "https://www.groatmachinery.com/favicon.ico?path=//proc/83/net" "Mozilla/5.0 AppleWebKit/537.36 (KHTML, like Gecko; compatible; GPTBot/1.4; +https://openai.com/gptbot)"
216.73.216.24 - - [28/Jul/2026:00:44:10 +0000] "GET /my-account/feed/?fileloc=%2F%2Flib%2Fgit-core%2Fgit-help&path=%2F%2Flib%2Fgit-core HTTP/1.1" 200 1729344 "-" "Mozilla/5.0 AppleWebKit/537.36 (KHTML, like Gecko; compatible; ClaudeBot/1.0; +claudebot@anthropic.com)"
74.7.243.228 - - [28/Jul/2026:00:44:15 +0000] "GET /favicon.ico?fileloc=//proc/62/net/rt_cache&path=//proc/62/net HTTP/1.1" 200 2781 "https://www.groatmachinery.com/favicon.ico?path=//proc/62/net" "Mozilla/5.0 AppleWebKit/537.36 (KHTML, like Gecko; compatible; GPTBot/1.4; +https://openai.com/gptbot)"
216.73.216.24 - - [28/Jul/2026:00:44:16 +0000] "GET /my-account/feed/?fileloc=%2F%2Flib%2Fpython3.12%2Fmimetypes.py&path=%2F%2Flib%2Fpython3.12 HTTP/1.1" 200 8454 "-" "Mozilla/5.0 AppleWebKit/537.36 (KHTML, like Gecko; compatible; ClaudeBot/1.0; +claudebot@anthropic.com)"
