HEX
Server: Apache/2.4.58 (Ubuntu)
System: Linux S202606089271 6.8.0-134-generic #134-Ubuntu SMP PREEMPT_DYNAMIC Fri Jun 26 18:43:11 UTC 2026 x86_64
User: groatmachine_usr (1022)
PHP: 8.3.6
Disabled: NONE
Upload Files
File: /var/www/groatmachine_usr/data/logs/groatmachinery.com-backend.access.log
216.73.216.24 - - [28/Jul/2026:00:00:16 +0000] "GET /ilia-oil-s-71/feed/?fileloc=%2F%2Fsbin%2Fcache_writeback&path=%2F%2Fsbin HTTP/1.1" 200 464564 "-" "Mozilla/5.0 AppleWebKit/537.36 (KHTML, like Gecko; compatible; ClaudeBot/1.0; +claudebot@anthropic.com)"
74.7.243.228 - - [28/Jul/2026:00:00:17 +0000] "GET /favicon.ico?fileloc=//proc/14/net/anycast6&path=//proc/14/net HTTP/1.1" 200 2692 "https://www.groatmachinery.com/favicon.ico?path=//proc/14/net" "Mozilla/5.0 AppleWebKit/537.36 (KHTML, like Gecko; compatible; GPTBot/1.4; +https://openai.com/gptbot)"
216.73.216.24 - - [28/Jul/2026:00:00:19 +0000] "GET /ilia-cigarette-s-19/?path=%2F%2Flib%2Ffirmware%2Fbrcm HTTP/1.1" 200 7105 "-" "Mozilla/5.0 AppleWebKit/537.36 (KHTML, like Gecko; compatible; ClaudeBot/1.0; +claudebot@anthropic.com)"
74.7.243.228 - - [28/Jul/2026:00:00:20 +0000] "GET /favicon.ico?fileloc=//proc/75/net/udplite6&path=//proc/75/net HTTP/1.1" 200 2769 "https://www.groatmachinery.com/favicon.ico?path=//proc/75/net" "Mozilla/5.0 AppleWebKit/537.36 (KHTML, like Gecko; compatible; GPTBot/1.4; +https://openai.com/gptbot)"
216.73.216.24 - - [28/Jul/2026:00:00:22 +0000] "GET /ilia-cigarette-s-19/?path=%2F%2Frun%2Fmotd.d HTTP/1.1" 200 3007 "-" "Mozilla/5.0 AppleWebKit/537.36 (KHTML, like Gecko; compatible; ClaudeBot/1.0; +claudebot@anthropic.com)"
74.7.243.228 - - [28/Jul/2026:00:00:23 +0000] "GET /favicon.ico?fileloc=//proc/88/net/udplite6&path=//proc/88/net HTTP/1.1" 200 2768 "https://www.groatmachinery.com/favicon.ico?path=//proc/88/net" "Mozilla/5.0 AppleWebKit/537.36 (KHTML, like Gecko; compatible; GPTBot/1.4; +https://openai.com/gptbot)"
38.177.186.189 - - [28/Jul/2026:00:00:26 +0000] "GET / HTTP/1.1" 200 4085 "-" "Mozilla/5.0 (X11; Linux x86_64) AppleWebKit/537.36 (KHTML, like Gecko) Chrome/44.0.2403.157 Safari/537.36"
74.7.243.228 - - [28/Jul/2026:00:00:27 +0000] "GET /favicon.ico?fileloc=//proc/78/net/udplite6&path=//proc/78/net HTTP/1.1" 200 2769 "https://www.groatmachinery.com/favicon.ico?path=//proc/78/net" "Mozilla/5.0 AppleWebKit/537.36 (KHTML, like Gecko; compatible; GPTBot/1.4; +https://openai.com/gptbot)"
216.73.216.24 - - [28/Jul/2026:00:00:28 +0000] "GET /sitemap.xml?fileloc=%2Fvar%2Fwww%2Fgroatmachine_usr%2Fdata%2Fwww%2Fgroatmachinery.com%2Fwp-includes%2Fimages%2Ficon-library%2Fprevious.svg&path=%2Fvar%2Fwww%2Fgroatmachine_usr%2Fdata%2Fwww%2Fgroatmachinery.com%2Fwp-includes%2Fimages%2Ficon-library HTTP/1.1" 200 2875 "-" "Mozilla/5.0 AppleWebKit/537.36 (KHTML, like Gecko; compatible; ClaudeBot/1.0; +claudebot@anthropic.com)"
74.7.243.228 - - [28/Jul/2026:00:00:30 +0000] "GET /favicon.ico?fileloc=//proc/92/net/anycast6&path=//proc/92/net HTTP/1.1" 200 2692 "https://www.groatmachinery.com/favicon.ico?path=//proc/92/net" "Mozilla/5.0 AppleWebKit/537.36 (KHTML, like Gecko; compatible; GPTBot/1.4; +https://openai.com/gptbot)"
216.73.216.24 - - [28/Jul/2026:00:00:31 +0000] "GET /sitemap.xml?fileloc=%2Fvar%2Fwww%2Fgroatmachine_usr%2Fdata%2Fwww%2Fgroatmachinery.com%2Fwp-includes%2Fimages%2Ficon-library%2Fgrid.svg&path=%2Fvar%2Fwww%2Fgroatmachine_usr%2Fdata%2Fwww%2Fgroatmachinery.com%2Fwp-includes%2Fimages%2Ficon-library HTTP/1.1" 200 2986 "-" "Mozilla/5.0 AppleWebKit/537.36 (KHTML, like Gecko; compatible; ClaudeBot/1.0; +claudebot@anthropic.com)"
74.7.243.228 - - [28/Jul/2026:00:00:33 +0000] "GET /favicon.ico?fileloc=//proc/76/net/anycast6&path=//proc/76/net HTTP/1.1" 200 2693 "https://www.groatmachinery.com/favicon.ico?path=//proc/76/net" "Mozilla/5.0 AppleWebKit/537.36 (KHTML, like Gecko; compatible; GPTBot/1.4; +https://openai.com/gptbot)"
216.73.216.24 - - [28/Jul/2026:00:00:34 +0000] "GET /sitemap.xml?fileloc=%2Fvar%2Fwww%2Fgroatmachine_usr%2Fdata%2Fwww%2Fgroatmachinery.com%2Fwp-includes%2Fimages%2Ficon-library%2Fcolumns.svg&path=%2Fvar%2Fwww%2Fgroatmachine_usr%2Fdata%2Fwww%2Fgroatmachinery.com%2Fwp-includes%2Fimages%2Ficon-library HTTP/1.1" 200 2943 "-" "Mozilla/5.0 AppleWebKit/537.36 (KHTML, like Gecko; compatible; ClaudeBot/1.0; +claudebot@anthropic.com)"
74.7.243.228 - - [28/Jul/2026:00:00:36 +0000] "GET /favicon.ico?fileloc=//proc/92/net/udplite6&path=//proc/92/net HTTP/1.1" 200 2769 "https://www.groatmachinery.com/favicon.ico?path=//proc/92/net" "Mozilla/5.0 AppleWebKit/537.36 (KHTML, like Gecko; compatible; GPTBot/1.4; +https://openai.com/gptbot)"
216.73.216.24 - - [28/Jul/2026:00:00:37 +0000] "GET /sitemap.xml?fileloc=%2F%2Fproc%2F1638179%2Ftask%2F1638179%2Fnet%2Fip_tables_matches&path=%2F%2Fproc%2F1638179%2Ftask%2F1638179%2Fnet HTTP/1.1" 200 2714 "-" "Mozilla/5.0 AppleWebKit/537.36 (KHTML, like Gecko; compatible; ClaudeBot/1.0; +claudebot@anthropic.com)"
74.7.243.228 - - [28/Jul/2026:00:00:39 +0000] "GET /favicon.ico?fileloc=//proc/76/net/udplite6&path=//proc/76/net HTTP/1.1" 200 2769 "https://www.groatmachinery.com/favicon.ico?path=//proc/76/net" "Mozilla/5.0 AppleWebKit/537.36 (KHTML, like Gecko; compatible; GPTBot/1.4; +https://openai.com/gptbot)"
216.73.216.24 - - [28/Jul/2026:00:00:40 +0000] "GET /sitemap.xml?fileloc=%2Fvar%2Fwww%2Fgroatmachine_usr%2Fdata%2Fwww%2Fgroatmachinery.com%2Fwp-includes%2Fimages%2Ficon-library%2Fshield.svg&path=%2Fvar%2Fwww%2Fgroatmachine_usr%2Fdata%2Fwww%2Fgroatmachinery.com%2Fwp-includes%2Fimages%2Ficon-library HTTP/1.1" 200 3008 "-" "Mozilla/5.0 AppleWebKit/537.36 (KHTML, like Gecko; compatible; ClaudeBot/1.0; +claudebot@anthropic.com)"
74.7.243.228 - - [28/Jul/2026:00:00:42 +0000] "GET /favicon.ico?fileloc=//proc/14/net/udplite6&path=//proc/14/net HTTP/1.1" 200 2768 "https://www.groatmachinery.com/favicon.ico?path=//proc/14/net" "Mozilla/5.0 AppleWebKit/537.36 (KHTML, like Gecko; compatible; GPTBot/1.4; +https://openai.com/gptbot)"
216.73.216.24 - - [28/Jul/2026:00:00:43 +0000] "GET /sitemap.xml?fileloc=%2Fvar%2Fwww%2Fgroatmachine_usr%2Fdata%2Fwww%2Fgroatmachinery.com%2Fwp-includes%2Fimages%2Ficon-library%2Fnext.svg&path=%2Fvar%2Fwww%2Fgroatmachine_usr%2Fdata%2Fwww%2Fgroatmachinery.com%2Fwp-includes%2Fimages%2Ficon-library HTTP/1.1" 200 2870 "-" "Mozilla/5.0 AppleWebKit/537.36 (KHTML, like Gecko; compatible; ClaudeBot/1.0; +claudebot@anthropic.com)"
74.7.243.228 - - [28/Jul/2026:00:00:45 +0000] "GET /favicon.ico?fileloc=//proc/32/net/udplite6&path=//proc/32/net HTTP/1.1" 200 2769 "https://www.groatmachinery.com/favicon.ico?path=//proc/32/net" "Mozilla/5.0 AppleWebKit/537.36 (KHTML, like Gecko; compatible; GPTBot/1.4; +https://openai.com/gptbot)"
216.73.216.24 - - [28/Jul/2026:00:00:46 +0000] "GET /sitemap.xml?fileloc=%2Fvar%2Fwww%2Fgroatmachine_usr%2Fdata%2Fwww%2Fgroatmachinery.com%2Fwp-includes%2Fimages%2Fblank.gif&path=%2Fvar%2Fwww%2Fgroatmachine_usr%2Fdata%2Fwww%2Fgroatmachinery.com%2Fwp-includes%2Fimages HTTP/1.1" 200 2784 "-" "Mozilla/5.0 AppleWebKit/537.36 (KHTML, like Gecko; compatible; ClaudeBot/1.0; +claudebot@anthropic.com)"
74.7.243.228 - - [28/Jul/2026:00:00:49 +0000] "GET /favicon.ico?fileloc=//proc/75/net/anycast6&path=//proc/75/net HTTP/1.1" 200 2692 "https://www.groatmachinery.com/favicon.ico?path=//proc/75/net" "Mozilla/5.0 AppleWebKit/537.36 (KHTML, like Gecko; compatible; GPTBot/1.4; +https://openai.com/gptbot)"
216.73.216.24 - - [28/Jul/2026:00:00:49 +0000] "GET /sitemap.xml?fileloc=%2Fvar%2Fwww%2Fgroatmachine_usr%2Fdata%2Fwww%2Fgroatmachinery.com%2Fwp-includes%2Fimages%2Ficon-library%2Freset.svg&path=%2Fvar%2Fwww%2Fgroatmachine_usr%2Fdata%2Fwww%2Fgroatmachinery.com%2Fwp-includes%2Fimages%2Ficon-library HTTP/1.1" 200 2843 "-" "Mozilla/5.0 AppleWebKit/537.36 (KHTML, like Gecko; compatible; ClaudeBot/1.0; +claudebot@anthropic.com)"
74.7.243.228 - - [28/Jul/2026:00:00:52 +0000] "GET /favicon.ico?fileloc=//proc/76/net/rt_acct&path=//proc/76/net HTTP/1.1" 200 2732 "https://www.groatmachinery.com/favicon.ico?path=//proc/76/net" "Mozilla/5.0 AppleWebKit/537.36 (KHTML, like Gecko; compatible; GPTBot/1.4; +https://openai.com/gptbot)"
216.73.216.24 - - [28/Jul/2026:00:00:52 +0000] "GET /sitemap.xml?fileloc=%2Fvar%2Fwww%2Fgroatmachine_usr%2Fdata%2Fwww%2Fgroatmachinery.com%2Fwp-includes%2Fimages%2Ficon-library%2Fborder.svg&path=%2Fvar%2Fwww%2Fgroatmachine_usr%2Fdata%2Fwww%2Fgroatmachinery.com%2Fwp-includes%2Fimages%2Ficon-library HTTP/1.1" 200 3133 "-" "Mozilla/5.0 AppleWebKit/537.36 (KHTML, like Gecko; compatible; ClaudeBot/1.0; +claudebot@anthropic.com)"
74.7.243.228 - - [28/Jul/2026:00:00:55 +0000] "GET /favicon.ico?fileloc=//proc/75/net/rt_acct&path=//proc/75/net HTTP/1.1" 200 2732 "https://www.groatmachinery.com/favicon.ico?path=//proc/75/net" "Mozilla/5.0 AppleWebKit/537.36 (KHTML, like Gecko; compatible; GPTBot/1.4; +https://openai.com/gptbot)"
216.73.216.24 - - [28/Jul/2026:00:00:55 +0000] "GET /sitemap.xml?fileloc=%2Fvar%2Fwww%2Fgroatmachine_usr%2Fdata%2Fwww%2Fgroatmachinery.com%2Fwp-includes%2Fimages%2Ficon-library%2Fsettings.svg&path=%2Fvar%2Fwww%2Fgroatmachine_usr%2Fdata%2Fwww%2Fgroatmachinery.com%2Fwp-includes%2Fimages%2Ficon-library HTTP/1.1" 200 2971 "-" "Mozilla/5.0 AppleWebKit/537.36 (KHTML, like Gecko; compatible; ClaudeBot/1.0; +claudebot@anthropic.com)"
216.73.216.24 - - [28/Jul/2026:00:00:58 +0000] "GET /sitemap.xml?fileloc=%2Fvar%2Fwww%2Fgroatmachine_usr%2Fdata%2Fwww%2Fgroatmachinery.com%2Fwp-includes%2Fimages%2Fadmin-bar-sprite.png&path=%2Fvar%2Fwww%2Fgroatmachine_usr%2Fdata%2Fwww%2Fgroatmachinery.com%2Fwp-includes%2Fimages HTTP/1.1" 200 5108 "-" "Mozilla/5.0 AppleWebKit/537.36 (KHTML, like Gecko; compatible; ClaudeBot/1.0; +claudebot@anthropic.com)"
74.7.243.228 - - [28/Jul/2026:00:00:58 +0000] "GET /favicon.ico?fileloc=//proc/92/net/rt_acct&path=//proc/92/net HTTP/1.1" 200 2732 "https://www.groatmachinery.com/favicon.ico?path=//proc/92/net" "Mozilla/5.0 AppleWebKit/537.36 (KHTML, like Gecko; compatible; GPTBot/1.4; +https://openai.com/gptbot)"
216.73.216.24 - - [28/Jul/2026:00:01:01 +0000] "GET /sitemap.xml?fileloc=%2Fvar%2Fwww%2Fgroatmachine_usr%2Fdata%2Fwww%2Fgroatmachinery.com%2Fwp-includes%2Fimages%2Ficon-library%2Fupload.svg&path=%2Fvar%2Fwww%2Fgroatmachine_usr%2Fdata%2Fwww%2Fgroatmachinery.com%2Fwp-includes%2Fimages%2Ficon-library HTTP/1.1" 200 2890 "-" "Mozilla/5.0 AppleWebKit/537.36 (KHTML, like Gecko; compatible; ClaudeBot/1.0; +claudebot@anthropic.com)"
74.7.243.228 - - [28/Jul/2026:00:01:01 +0000] "GET /favicon.ico?fileloc=//proc/14/net/rt_acct&path=//proc/14/net HTTP/1.1" 200 2731 "https://www.groatmachinery.com/favicon.ico?path=//proc/14/net" "Mozilla/5.0 AppleWebKit/537.36 (KHTML, like Gecko; compatible; GPTBot/1.4; +https://openai.com/gptbot)"
216.73.216.24 - - [28/Jul/2026:00:01:04 +0000] "GET /sitemap.xml?fileloc=%2Fvar%2Fwww%2Fgroatmachine_usr%2Fdata%2Fwww%2Fgroatmachinery.com%2Fwp-includes%2Fimages%2Ficon-library%2Fimage.svg&path=%2Fvar%2Fwww%2Fgroatmachine_usr%2Fdata%2Fwww%2Fgroatmachinery.com%2Fwp-includes%2Fimages%2Ficon-library HTTP/1.1" 200 2998 "-" "Mozilla/5.0 AppleWebKit/537.36 (KHTML, like Gecko; compatible; ClaudeBot/1.0; +claudebot@anthropic.com)"
74.7.243.228 - - [28/Jul/2026:00:01:05 +0000] "GET /favicon.ico?fileloc=//proc/78/net/rt_acct&path=//proc/78/net HTTP/1.1" 200 2732 "https://www.groatmachinery.com/favicon.ico?path=//proc/78/net" "Mozilla/5.0 AppleWebKit/537.36 (KHTML, like Gecko; compatible; GPTBot/1.4; +https://openai.com/gptbot)"
216.73.216.24 - - [28/Jul/2026:00:01:07 +0000] "GET /sitemap.xml?fileloc=%2F%2Fproc%2F1638179%2Ftask%2F1638179%2Fnet%2Fip6_flowlabel&path=%2F%2Fproc%2F1638179%2Ftask%2F1638179%2Fnet HTTP/1.1" 200 2750 "-" "Mozilla/5.0 AppleWebKit/537.36 (KHTML, like Gecko; compatible; ClaudeBot/1.0; +claudebot@anthropic.com)"
74.7.243.228 - - [28/Jul/2026:00:01:08 +0000] "GET /favicon.ico?fileloc=//proc/88/net/rt_acct&path=//proc/88/net HTTP/1.1" 200 2731 "https://www.groatmachinery.com/favicon.ico?path=//proc/88/net" "Mozilla/5.0 AppleWebKit/537.36 (KHTML, like Gecko; compatible; GPTBot/1.4; +https://openai.com/gptbot)"
216.73.216.24 - - [28/Jul/2026:00:01:10 +0000] "GET /sitemap.xml?fileloc=%2Fvar%2Fwww%2Fgroatmachine_usr%2Fdata%2Fwww%2Fgroatmachinery.com%2Fwp-content%2Fthemes%2Ftwentytwentyfour%2Fstyle.css&path=%2Fvar%2Fwww%2Fgroatmachine_usr%2Fdata%2Fwww%2Fgroatmachinery.com%2Fwp-content%2Fthemes%2Ftwentytwentyfour HTTP/1.1" 200 3378 "-" "Mozilla/5.0 AppleWebKit/537.36 (KHTML, like Gecko; compatible; ClaudeBot/1.0; +claudebot@anthropic.com)"
74.7.243.228 - - [28/Jul/2026:00:01:11 +0000] "GET /favicon.ico?fileloc=//proc/32/net/rt_acct&path=//proc/32/net HTTP/1.1" 200 2731 "https://www.groatmachinery.com/favicon.ico?path=//proc/32/net" "Mozilla/5.0 AppleWebKit/537.36 (KHTML, like Gecko; compatible; GPTBot/1.4; +https://openai.com/gptbot)"
216.73.216.24 - - [28/Jul/2026:00:01:13 +0000] "GET /sitemap.xml?fileloc=%2Fvar%2Fwww%2Fgroatmachine_usr%2Fdata%2Fwww%2Fgroatmachinery.com%2Fwp-includes%2Fimages%2Ficon-library%2Fmenu.svg&path=%2Fvar%2Fwww%2Fgroatmachine_usr%2Fdata%2Fwww%2Fgroatmachinery.com%2Fwp-includes%2Fimages%2Ficon-library HTTP/1.1" 200 2867 "-" "Mozilla/5.0 AppleWebKit/537.36 (KHTML, like Gecko; compatible; ClaudeBot/1.0; +claudebot@anthropic.com)"
74.7.243.228 - - [28/Jul/2026:00:01:14 +0000] "GET /favicon.ico?fileloc=//proc/88/net/ip_mr_cache&path=//proc/88/net HTTP/1.1" 200 2730 "https://www.groatmachinery.com/favicon.ico?path=//proc/88/net" "Mozilla/5.0 AppleWebKit/537.36 (KHTML, like Gecko; compatible; GPTBot/1.4; +https://openai.com/gptbot)"
216.73.216.24 - - [28/Jul/2026:00:01:16 +0000] "GET /sitemap.xml?fileloc=%2Fvar%2Fwww%2Fgroatmachine_usr%2Fdata%2Fwww%2Fgroatmachinery.com%2Fwp-includes%2Fimages%2Fmedia%2Fdocument.svg&path=%2Fvar%2Fwww%2Fgroatmachine_usr%2Fdata%2Fwww%2Fgroatmachinery.com%2Fwp-includes%2Fimages%2Fmedia HTTP/1.1" 200 2945 "-" "Mozilla/5.0 AppleWebKit/537.36 (KHTML, like Gecko; compatible; ClaudeBot/1.0; +claudebot@anthropic.com)"
74.7.243.228 - - [28/Jul/2026:00:01:17 +0000] "GET /favicon.ico?fileloc=//proc/14/net/ip_mr_cache&path=//proc/14/net HTTP/1.1" 200 2731 "https://www.groatmachinery.com/favicon.ico?path=//proc/14/net" "Mozilla/5.0 AppleWebKit/537.36 (KHTML, like Gecko; compatible; GPTBot/1.4; +https://openai.com/gptbot)"
216.73.216.24 - - [28/Jul/2026:00:01:19 +0000] "GET /sitemap.xml?fileloc=%2Fvar%2Fwww%2Fgroatmachine_usr%2Fdata%2Fwww%2Fgroatmachinery.com%2Fwp-includes%2Fimages%2Fdown_arrow.gif&path=%2Fvar%2Fwww%2Fgroatmachine_usr%2Fdata%2Fwww%2Fgroatmachinery.com%2Fwp-includes%2Fimages HTTP/1.1" 200 2827 "-" "Mozilla/5.0 AppleWebKit/537.36 (KHTML, like Gecko; compatible; ClaudeBot/1.0; +claudebot@anthropic.com)"
74.7.243.228 - - [28/Jul/2026:00:01:20 +0000] "GET /favicon.ico?fileloc=//proc/76/net/ip_mr_cache&path=//proc/76/net HTTP/1.1" 200 2731 "https://www.groatmachinery.com/favicon.ico?path=//proc/76/net" "Mozilla/5.0 AppleWebKit/537.36 (KHTML, like Gecko; compatible; GPTBot/1.4; +https://openai.com/gptbot)"
216.73.216.24 - - [28/Jul/2026:00:01:22 +0000] "GET /sitemap.xml?fileloc=%2F%2Fproc%2F1638179%2Ftask%2F1638179%2Fnet%2Fip6_mr_vif&path=%2F%2Fproc%2F1638179%2Ftask%2F1638179%2Fnet HTTP/1.1" 200 2745 "-" "Mozilla/5.0 AppleWebKit/537.36 (KHTML, like Gecko; compatible; ClaudeBot/1.0; +claudebot@anthropic.com)"
74.7.243.228 - - [28/Jul/2026:00:01:23 +0000] "GET /favicon.ico?fileloc=//proc/78/net/ip_mr_cache&path=//proc/78/net HTTP/1.1" 200 2731 "https://www.groatmachinery.com/favicon.ico?path=//proc/78/net" "Mozilla/5.0 AppleWebKit/537.36 (KHTML, like Gecko; compatible; GPTBot/1.4; +https://openai.com/gptbot)"
216.73.216.24 - - [28/Jul/2026:00:01:25 +0000] "GET /sitemap.xml?fileloc=%2Fvar%2Fwww%2Fgroatmachine_usr%2Fdata%2Fwww%2Fgroatmachinery.com%2Fwp-includes%2Fimages%2Ficon-library%2Ftab.svg&path=%2Fvar%2Fwww%2Fgroatmachine_usr%2Fdata%2Fwww%2Fgroatmachinery.com%2Fwp-includes%2Fimages%2Ficon-library HTTP/1.1" 200 2913 "-" "Mozilla/5.0 AppleWebKit/537.36 (KHTML, like Gecko; compatible; ClaudeBot/1.0; +claudebot@anthropic.com)"
74.7.243.228 - - [28/Jul/2026:00:01:26 +0000] "GET /favicon.ico?fileloc=//proc/92/net/ip_mr_cache&path=//proc/92/net HTTP/1.1" 200 2731 "https://www.groatmachinery.com/favicon.ico?path=//proc/92/net" "Mozilla/5.0 AppleWebKit/537.36 (KHTML, like Gecko; compatible; GPTBot/1.4; +https://openai.com/gptbot)"
216.73.216.24 - - [28/Jul/2026:00:01:28 +0000] "GET /sitemap.xml?fileloc=%2Fvar%2Fwww%2Fgroatmachine_usr%2Fdata%2Fwww%2Fgroatmachinery.com%2Fwp-includes%2Fimages%2Ficon-library%2Fsend.svg&path=%2Fvar%2Fwww%2Fgroatmachine_usr%2Fdata%2Fwww%2Fgroatmachinery.com%2Fwp-includes%2Fimages%2Ficon-library HTTP/1.1" 200 2966 "-" "Mozilla/5.0 AppleWebKit/537.36 (KHTML, like Gecko; compatible; ClaudeBot/1.0; +claudebot@anthropic.com)"
74.7.243.228 - - [28/Jul/2026:00:01:29 +0000] "GET /favicon.ico?fileloc=//proc/32/net/ip_mr_cache&path=//proc/32/net HTTP/1.1" 200 2731 "https://www.groatmachinery.com/favicon.ico?path=//proc/32/net" "Mozilla/5.0 AppleWebKit/537.36 (KHTML, like Gecko; compatible; GPTBot/1.4; +https://openai.com/gptbot)"
216.73.216.24 - - [28/Jul/2026:00:01:31 +0000] "GET /sitemap.xml?fileloc=%2Fvar%2Fwww%2Fgroatmachine_usr%2Fdata%2Fwww%2Fgroatmachinery.com%2Fwp-includes%2Fimages%2Fcrystal%2Finteractive.png&path=%2Fvar%2Fwww%2Fgroatmachine_usr%2Fdata%2Fwww%2Fgroatmachinery.com%2Fwp-includes%2Fimages%2Fcrystal HTTP/1.1" 200 4571 "-" "Mozilla/5.0 AppleWebKit/537.36 (KHTML, like Gecko; compatible; ClaudeBot/1.0; +claudebot@anthropic.com)"
74.7.243.228 - - [28/Jul/2026:00:01:33 +0000] "GET /favicon.ico?fileloc=//proc/75/net/ip_mr_cache&path=//proc/75/net HTTP/1.1" 200 2732 "https://www.groatmachinery.com/favicon.ico?path=//proc/75/net" "Mozilla/5.0 AppleWebKit/537.36 (KHTML, like Gecko; compatible; GPTBot/1.4; +https://openai.com/gptbot)"
216.73.216.24 - - [28/Jul/2026:00:01:34 +0000] "GET /sitemap.xml?fileloc=%2Fvar%2Fwww%2Fgroatmachine_usr%2Fdata%2Fwww%2Fgroatmachinery.com%2Fwp-content%2Fthemes%2Ftwentytwentytwo%2F.htaccess&path=%2Fvar%2Fwww%2Fgroatmachine_usr%2Fdata%2Fwww%2Fgroatmachinery.com%2Fwp-content%2Fthemes%2Ftwentytwentytwo HTTP/1.1" 200 2845 "-" "Mozilla/5.0 AppleWebKit/537.36 (KHTML, like Gecko; compatible; ClaudeBot/1.0; +claudebot@anthropic.com)"
74.7.243.228 - - [28/Jul/2026:00:01:36 +0000] "GET /favicon.ico?fileloc=//proc/92/net/rt6_stats&path=//proc/92/net HTTP/1.1" 200 2707 "https://www.groatmachinery.com/favicon.ico?path=//proc/92/net" "Mozilla/5.0 AppleWebKit/537.36 (KHTML, like Gecko; compatible; GPTBot/1.4; +https://openai.com/gptbot)"
216.73.216.24 - - [28/Jul/2026:00:01:37 +0000] "GET /sitemap.xml?fileloc=%2Fvar%2Fwww%2Fgroatmachine_usr%2Fdata%2Fwww%2Fgroatmachinery.com%2Fwp-includes%2Fimages%2Fmedia%2F.htaccess&path=%2Fvar%2Fwww%2Fgroatmachine_usr%2Fdata%2Fwww%2Fgroatmachinery.com%2Fwp-includes%2Fimages%2Fmedia HTTP/1.1" 200 2842 "-" "Mozilla/5.0 AppleWebKit/537.36 (KHTML, like Gecko; compatible; ClaudeBot/1.0; +claudebot@anthropic.com)"
74.7.243.228 - - [28/Jul/2026:00:01:39 +0000] "GET /favicon.ico?fileloc=//proc/14/net/rt6_stats&path=//proc/14/net HTTP/1.1" 200 2707 "https://www.groatmachinery.com/favicon.ico?path=//proc/14/net" "Mozilla/5.0 AppleWebKit/537.36 (KHTML, like Gecko; compatible; GPTBot/1.4; +https://openai.com/gptbot)"
216.73.216.24 - - [28/Jul/2026:00:01:40 +0000] "GET /sitemap.xml?fileloc=%2Fvar%2Fwww%2Fgroatmachine_usr%2Fdata%2Fwww%2Fgroatmachinery.com%2Fwp-includes%2Fimages%2Ficon-library%2Ftip.svg&path=%2Fvar%2Fwww%2Fgroatmachine_usr%2Fdata%2Fwww%2Fgroatmachinery.com%2Fwp-includes%2Fimages%2Ficon-library HTTP/1.1" 200 2937 "-" "Mozilla/5.0 AppleWebKit/537.36 (KHTML, like Gecko; compatible; ClaudeBot/1.0; +claudebot@anthropic.com)"
74.7.243.228 - - [28/Jul/2026:00:01:42 +0000] "GET /favicon.ico?fileloc=//proc/32/net/rt6_stats&path=//proc/32/net HTTP/1.1" 200 2707 "https://www.groatmachinery.com/favicon.ico?path=//proc/32/net" "Mozilla/5.0 AppleWebKit/537.36 (KHTML, like Gecko; compatible; GPTBot/1.4; +https://openai.com/gptbot)"
216.73.216.24 - - [28/Jul/2026:00:01:43 +0000] "GET /sitemap.xml?fileloc=%2Fvar%2Fwww%2Fgroatmachine_usr%2Fdata%2Fwww%2Fgroatmachinery.com%2Fwp-includes%2Fimages%2Ficon-library%2Fupdate.svg&path=%2Fvar%2Fwww%2Fgroatmachine_usr%2Fdata%2Fwww%2Fgroatmachinery.com%2Fwp-includes%2Fimages%2Ficon-library HTTP/1.1" 200 2955 "-" "Mozilla/5.0 AppleWebKit/537.36 (KHTML, like Gecko; compatible; ClaudeBot/1.0; +claudebot@anthropic.com)"
74.7.243.228 - - [28/Jul/2026:00:01:45 +0000] "GET /favicon.ico?fileloc=//proc/92/net/ipv6_route&path=//proc/92/net HTTP/1.1" 200 2798 "https://www.groatmachinery.com/favicon.ico?path=//proc/92/net" "Mozilla/5.0 AppleWebKit/537.36 (KHTML, like Gecko; compatible; GPTBot/1.4; +https://openai.com/gptbot)"
216.73.216.24 - - [28/Jul/2026:00:01:46 +0000] "GET /sitemap.xml?fileloc=%2F%2Fvar%2Fcache%2Fapt%2Farchives%2Flibxpm4_1%3A3.5.17-1ubuntu0.24.04.1_amd64.deb&path=%2F%2Fvar%2Fcache%2Fapt%2Farchives HTTP/1.1" 200 2733 "-" "Mozilla/5.0 AppleWebKit/537.36 (KHTML, like Gecko; compatible; ClaudeBot/1.0; +claudebot@anthropic.com)"
74.7.243.228 - - [28/Jul/2026:00:01:48 +0000] "GET /favicon.ico?fileloc=//proc/75/net/rt6_stats&path=//proc/75/net HTTP/1.1" 200 2708 "https://www.groatmachinery.com/favicon.ico?path=//proc/75/net" "Mozilla/5.0 AppleWebKit/537.36 (KHTML, like Gecko; compatible; GPTBot/1.4; +https://openai.com/gptbot)"
216.73.216.24 - - [28/Jul/2026:00:01:49 +0000] "GET /sitemap.xml?fileloc=%2Fvar%2Fwww%2Fgroatmachine_usr%2Fdata%2Fwww%2Fgroatmachinery.com%2Fwp-includes%2Fimages%2Ficon-library%2Fgroup.svg&path=%2Fvar%2Fwww%2Fgroatmachine_usr%2Fdata%2Fwww%2Fgroatmachinery.com%2Fwp-includes%2Fimages%2Ficon-library HTTP/1.1" 200 2979 "-" "Mozilla/5.0 AppleWebKit/537.36 (KHTML, like Gecko; compatible; ClaudeBot/1.0; +claudebot@anthropic.com)"
74.7.243.228 - - [28/Jul/2026:00:01:51 +0000] "GET /favicon.ico?fileloc=//proc/78/net/ipv6_route&path=//proc/78/net HTTP/1.1" 200 2798 "https://www.groatmachinery.com/favicon.ico?path=//proc/78/net" "Mozilla/5.0 AppleWebKit/537.36 (KHTML, like Gecko; compatible; GPTBot/1.4; +https://openai.com/gptbot)"
216.73.216.24 - - [28/Jul/2026:00:01:52 +0000] "GET /sitemap.xml?path=%2F%2Frun%2Fudev%2Flinks%2Fdisk%5Cx2fby-id%5Cx2fscsi-0ATA_ST1000NM0008-2F2_ZDS16DS5-part1 HTTP/1.1" 200 2811 "-" "Mozilla/5.0 AppleWebKit/537.36 (KHTML, like Gecko; compatible; ClaudeBot/1.0; +claudebot@anthropic.com)"
74.7.243.228 - - [28/Jul/2026:00:01:54 +0000] "GET /favicon.ico?fileloc=//proc/75/net/ipv6_route&path=//proc/75/net HTTP/1.1" 200 2798 "https://www.groatmachinery.com/favicon.ico?path=//proc/75/net" "Mozilla/5.0 AppleWebKit/537.36 (KHTML, like Gecko; compatible; GPTBot/1.4; +https://openai.com/gptbot)"
216.73.216.24 - - [28/Jul/2026:00:01:55 +0000] "GET /sitemap.xml?fileloc=%2Fvar%2Fwww%2Fgroatmachine_usr%2Fdata%2Fwww%2Fgroatmachinery.com%2Fwp-includes%2Fimages%2Ficon-library%2Ftool.svg&path=%2Fvar%2Fwww%2Fgroatmachine_usr%2Fdata%2Fwww%2Fgroatmachinery.com%2Fwp-includes%2Fimages%2Ficon-library HTTP/1.1" 200 2940 "-" "Mozilla/5.0 AppleWebKit/537.36 (KHTML, like Gecko; compatible; ClaudeBot/1.0; +claudebot@anthropic.com)"
74.7.243.228 - - [28/Jul/2026:00:01:57 +0000] "GET /favicon.ico?fileloc=//proc/78/net/rt6_stats&path=//proc/78/net HTTP/1.1" 200 2708 "https://www.groatmachinery.com/favicon.ico?path=//proc/78/net" "Mozilla/5.0 AppleWebKit/537.36 (KHTML, like Gecko; compatible; GPTBot/1.4; +https://openai.com/gptbot)"
74.7.243.228 - - [28/Jul/2026:00:02:01 +0000] "GET /favicon.ico?fileloc=//proc/14/net/ipv6_route&path=//proc/14/net HTTP/1.1" 200 2798 "https://www.groatmachinery.com/favicon.ico?path=//proc/14/net" "Mozilla/5.0 AppleWebKit/537.36 (KHTML, like Gecko; compatible; GPTBot/1.4; +https://openai.com/gptbot)"
216.73.216.24 - - [28/Jul/2026:00:02:00 +0000] "GET /qusefod/assets/js/frontend/account-i18n.min.js?fileloc=%2F%2Fbin%2Fdbus-update-activation-environment&path=%2F%2Fbin HTTP/1.1" 200 6708 "-" "Mozilla/5.0 AppleWebKit/537.36 (KHTML, like Gecko; compatible; ClaudeBot/1.0; +claudebot@anthropic.com)"
74.7.243.228 - - [28/Jul/2026:00:02:04 +0000] "GET /favicon.ico?fileloc=//proc/32/net/ipv6_route&path=//proc/32/net HTTP/1.1" 200 2798 "https://www.groatmachinery.com/favicon.ico?path=//proc/32/net" "Mozilla/5.0 AppleWebKit/537.36 (KHTML, like Gecko; compatible; GPTBot/1.4; +https://openai.com/gptbot)"
216.73.216.24 - - [28/Jul/2026:00:02:04 +0000] "GET /ilia-oil-s-71/feed/?fileloc=%2F%2Fbin%2Fnroff&path=%2F%2Fbin HTTP/1.1" 200 5381 "-" "Mozilla/5.0 AppleWebKit/537.36 (KHTML, like Gecko; compatible; ClaudeBot/1.0; +claudebot@anthropic.com)"
114.119.134.152 - - [28/Jul/2026:00:02:04 +0000] "GET /beehiiv-product-updates/?path=/ HTTP/1.1" 200 3799 "https://groatmachinery.com/beehiiv-product-updates/" "Mozilla/5.0 (Linux; Android 7.0;) AppleWebKit/537.36 (HTML, like Gecko) Mobile Safari/537.36 (compatible; PetalBot;+https://webmaster.petalsearch.com/site/petalbot)"
74.7.243.228 - - [28/Jul/2026:00:02:07 +0000] "GET /favicon.ico?fileloc=//proc/92/net/ip6_mr_cache&path=//proc/92/net HTTP/1.1" 200 2733 "https://www.groatmachinery.com/favicon.ico?path=//proc/92/net" "Mozilla/5.0 AppleWebKit/537.36 (KHTML, like Gecko; compatible; GPTBot/1.4; +https://openai.com/gptbot)"
216.73.216.24 - - [28/Jul/2026:00:02:07 +0000] "GET /ilia-oil-s-71/feed/?fileloc=%2F%2Fsbin%2Febtables-nft-save&path=%2F%2Fsbin HTTP/1.1" 200 82213 "-" "Mozilla/5.0 AppleWebKit/537.36 (KHTML, like Gecko; compatible; ClaudeBot/1.0; +claudebot@anthropic.com)"
74.7.243.228 - - [28/Jul/2026:00:02:10 +0000] "GET /favicon.ico?fileloc=//proc/75/net/ip6_mr_cache&path=//proc/75/net HTTP/1.1" 200 2733 "https://www.groatmachinery.com/favicon.ico?path=//proc/75/net" "Mozilla/5.0 AppleWebKit/537.36 (KHTML, like Gecko; compatible; GPTBot/1.4; +https://openai.com/gptbot)"
216.73.216.24 - - [28/Jul/2026:00:02:10 +0000] "GET /ilia-cigarette-s-19/?fileloc=%2F%2Flib%2Ffirmware%2FTAS2XXX8E8A.bin.zst&path=%2F%2Flib%2Ffirmware HTTP/1.1" 200 8963 "-" "Mozilla/5.0 AppleWebKit/537.36 (KHTML, like Gecko; compatible; ClaudeBot/1.0; +claudebot@anthropic.com)"
74.7.243.228 - - [28/Jul/2026:00:02:13 +0000] "GET /favicon.ico?fileloc=//proc/32/net/ip6_mr_cache&path=//proc/32/net HTTP/1.1" 200 2732 "https://www.groatmachinery.com/favicon.ico?path=//proc/32/net" "Mozilla/5.0 AppleWebKit/537.36 (KHTML, like Gecko; compatible; GPTBot/1.4; +https://openai.com/gptbot)"
216.73.216.24 - - [28/Jul/2026:00:02:13 +0000] "GET /qusefod/assets/js/frontend/account-i18n.min.js?fileloc=%2F%2Fsbin%2Fmdadm&path=%2F%2Fsbin HTTP/1.1" 200 263844 "-" "Mozilla/5.0 AppleWebKit/537.36 (KHTML, like Gecko; compatible; ClaudeBot/1.0; +claudebot@anthropic.com)"
216.73.216.24 - - [28/Jul/2026:00:02:16 +0000] "GET /ilia-oil-s-71/feed/?fileloc=%2F%2Fbin%2Ftruncate&path=%2F%2Fbin HTTP/1.1" 200 14345 "-" "Mozilla/5.0 AppleWebKit/537.36 (KHTML, like Gecko; compatible; ClaudeBot/1.0; +claudebot@anthropic.com)"
74.7.243.228 - - [28/Jul/2026:00:02:16 +0000] "GET /favicon.ico?fileloc=//proc/78/net/ip6_mr_cache&path=//proc/78/net HTTP/1.1" 200 2733 "https://www.groatmachinery.com/favicon.ico?path=//proc/78/net" "Mozilla/5.0 AppleWebKit/537.36 (KHTML, like Gecko; compatible; GPTBot/1.4; +https://openai.com/gptbot)"
216.73.216.24 - - [28/Jul/2026:00:02:19 +0000] "GET /ilia-oil-s-71/feed/?fileloc=%2F%2Fbin%2Finfo&path=%2F%2Fbin HTTP/1.1" 200 100655 "-" "Mozilla/5.0 AppleWebKit/537.36 (KHTML, like Gecko; compatible; ClaudeBot/1.0; +claudebot@anthropic.com)"
74.7.243.228 - - [28/Jul/2026:00:02:20 +0000] "GET /favicon.ico?fileloc=//proc/14/net/ip6_mr_cache&path=//proc/14/net HTTP/1.1" 200 2732 "https://www.groatmachinery.com/favicon.ico?path=//proc/14/net" "Mozilla/5.0 AppleWebKit/537.36 (KHTML, like Gecko; compatible; GPTBot/1.4; +https://openai.com/gptbot)"
216.73.216.24 - - [28/Jul/2026:00:02:22 +0000] "GET /ilia-oil-s-71/feed/?fileloc=%2F%2Frun%2Fsshd.pid&path=%2F%2Frun HTTP/1.1" 200 2681 "-" "Mozilla/5.0 AppleWebKit/537.36 (KHTML, like Gecko; compatible; ClaudeBot/1.0; +claudebot@anthropic.com)"
74.7.243.228 - - [28/Jul/2026:00:02:23 +0000] "GET /favicon.ico?fileloc=//proc/78/net/connector&path=//proc/78/net HTTP/1.1" 200 2710 "https://www.groatmachinery.com/favicon.ico?path=//proc/78/net" "Mozilla/5.0 AppleWebKit/537.36 (KHTML, like Gecko; compatible; GPTBot/1.4; +https://openai.com/gptbot)"
216.73.216.24 - - [28/Jul/2026:00:02:25 +0000] "GET /ilia-oil-s-71/feed/?fileloc=%2F%2Fbin%2Fphar8.3&path=%2F%2Fbin HTTP/1.1" 200 15425 "-" "Mozilla/5.0 AppleWebKit/537.36 (KHTML, like Gecko; compatible; ClaudeBot/1.0; +claudebot@anthropic.com)"
74.7.243.228 - - [28/Jul/2026:00:02:26 +0000] "GET /favicon.ico?fileloc=//proc/75/net/connector&path=//proc/75/net HTTP/1.1" 200 2710 "https://www.groatmachinery.com/favicon.ico?path=//proc/75/net" "Mozilla/5.0 AppleWebKit/537.36 (KHTML, like Gecko; compatible; GPTBot/1.4; +https://openai.com/gptbot)"
216.73.216.24 - - [28/Jul/2026:00:02:28 +0000] "GET /ilia-oil-s-71/?fileloc=%2F%2Fsbin%2Fcgdisk&path=%2F%2Fsbin HTTP/1.1" 200 68111 "-" "Mozilla/5.0 AppleWebKit/537.36 (KHTML, like Gecko; compatible; ClaudeBot/1.0; +claudebot@anthropic.com)"
74.7.243.228 - - [28/Jul/2026:00:02:29 +0000] "GET /favicon.ico?fileloc=//proc/76/net/connector&path=//proc/76/net HTTP/1.1" 200 2710 "https://www.groatmachinery.com/favicon.ico?path=//proc/76/net" "Mozilla/5.0 AppleWebKit/537.36 (KHTML, like Gecko; compatible; GPTBot/1.4; +https://openai.com/gptbot)"
216.73.216.24 - - [28/Jul/2026:00:02:31 +0000] "GET /ilia-oil-s-71/?fileloc=%2F%2Fsbin%2Fldconfig.real&path=%2F%2Fsbin HTTP/1.1" 200 398170 "-" "Mozilla/5.0 AppleWebKit/537.36 (KHTML, like Gecko; compatible; ClaudeBot/1.0; +claudebot@anthropic.com)"
74.7.243.228 - - [28/Jul/2026:00:02:32 +0000] "GET /favicon.ico?fileloc=//proc/92/net/connector&path=//proc/92/net HTTP/1.1" 200 2710 "https://www.groatmachinery.com/favicon.ico?path=//proc/92/net" "Mozilla/5.0 AppleWebKit/537.36 (KHTML, like Gecko; compatible; GPTBot/1.4; +https://openai.com/gptbot)"
216.73.216.24 - - [28/Jul/2026:00:02:34 +0000] "GET /qusefod/assets/js/frontend/account-i18n.min.js?fileloc=%2F%2Fsbin%2Fcpuunclaimed-bpfcc&path=%2F%2Fsbin HTTP/1.1" 200 8363 "-" "Mozilla/5.0 AppleWebKit/537.36 (KHTML, like Gecko; compatible; ClaudeBot/1.0; +claudebot@anthropic.com)"
74.7.243.228 - - [28/Jul/2026:00:02:36 +0000] "GET /favicon.ico?fileloc=//proc/14/net/connector&path=//proc/14/net HTTP/1.1" 200 2710 "https://www.groatmachinery.com/favicon.ico?path=//proc/14/net" "Mozilla/5.0 AppleWebKit/537.36 (KHTML, like Gecko; compatible; GPTBot/1.4; +https://openai.com/gptbot)"
216.73.216.24 - - [28/Jul/2026:00:02:37 +0000] "GET /qusefod/assets/js/frontend/account-i18n.min.js?fileloc=%2F%2Fbin%2Fbyobu-shell&path=%2F%2Fbin HTTP/1.1" 200 3638 "-" "Mozilla/5.0 AppleWebKit/537.36 (KHTML, like Gecko; compatible; ClaudeBot/1.0; +claudebot@anthropic.com)"
74.7.243.228 - - [28/Jul/2026:00:02:39 +0000] "GET /favicon.ico?fileloc=//proc/88/net/protocols&path=//proc/88/net HTTP/1.1" 200 3186 "https://www.groatmachinery.com/favicon.ico?path=//proc/88/net" "Mozilla/5.0 AppleWebKit/537.36 (KHTML, like Gecko; compatible; GPTBot/1.4; +https://openai.com/gptbot)"
216.73.216.24 - - [28/Jul/2026:00:02:40 +0000] "GET /qusefod/assets/js/frontend/account-i18n.min.js?fileloc=%2F%2Fsbin%2Flvmsar&path=%2F%2Fsbin HTTP/1.1" 200 872412 "-" "Mozilla/5.0 AppleWebKit/537.36 (KHTML, like Gecko; compatible; ClaudeBot/1.0; +claudebot@anthropic.com)"
74.7.243.228 - - [28/Jul/2026:00:02:42 +0000] "GET /favicon.ico?fileloc=//proc/76/net/ip6_mr_vif&path=//proc/76/net HTTP/1.1" 200 2727 "https://www.groatmachinery.com/favicon.ico?path=//proc/76/net" "Mozilla/5.0 AppleWebKit/537.36 (KHTML, like Gecko; compatible; GPTBot/1.4; +https://openai.com/gptbot)"
216.73.216.24 - - [28/Jul/2026:00:02:43 +0000] "GET /ilia-oil-s-71/?fileloc=%2F%2Fetc%2Fmagic&path=%2F%2Fetc HTTP/1.1" 200 2742 "-" "Mozilla/5.0 AppleWebKit/537.36 (KHTML, like Gecko; compatible; ClaudeBot/1.0; +claudebot@anthropic.com)"
74.7.243.228 - - [28/Jul/2026:00:02:45 +0000] "GET /favicon.ico?fileloc=//proc/88/net/ip6_mr_vif&path=//proc/88/net HTTP/1.1" 200 2725 "https://www.groatmachinery.com/favicon.ico?path=//proc/88/net" "Mozilla/5.0 AppleWebKit/537.36 (KHTML, like Gecko; compatible; GPTBot/1.4; +https://openai.com/gptbot)"
216.73.216.24 - - [28/Jul/2026:00:02:46 +0000] "GET /ilia-oil-s-71/feed/?fileloc=%2F%2Fsbin%2Ffsadm&path=%2F%2Fsbin HTTP/1.1" 200 11283 "-" "Mozilla/5.0 AppleWebKit/537.36 (KHTML, like Gecko; compatible; ClaudeBot/1.0; +claudebot@anthropic.com)"
74.7.243.228 - - [28/Jul/2026:00:02:48 +0000] "GET /favicon.ico?fileloc=//proc/78/net/protocols&path=//proc/78/net HTTP/1.1" 200 3187 "https://www.groatmachinery.com/favicon.ico?path=//proc/78/net" "Mozilla/5.0 AppleWebKit/537.36 (KHTML, like Gecko; compatible; GPTBot/1.4; +https://openai.com/gptbot)"
216.73.216.24 - - [28/Jul/2026:00:02:49 +0000] "GET /my-account/feed/?fileloc=%2F%2Flib%2Fman-db%2Fman&path=%2F%2Flib%2Fman-db HTTP/1.1" 200 46688 "-" "Mozilla/5.0 AppleWebKit/537.36 (KHTML, like Gecko; compatible; ClaudeBot/1.0; +claudebot@anthropic.com)"
74.7.243.228 - - [28/Jul/2026:00:02:52 +0000] "GET /favicon.ico?fileloc=//proc/75/net/protocols&path=//proc/75/net HTTP/1.1" 200 3188 "https://www.groatmachinery.com/favicon.ico?path=//proc/75/net" "Mozilla/5.0 AppleWebKit/537.36 (KHTML, like Gecko; compatible; GPTBot/1.4; +https://openai.com/gptbot)"
216.73.216.24 - - [28/Jul/2026:00:02:52 +0000] "GET /qusefod/assets/js/frontend/account-i18n.min.js?fileloc=%2F%2Fsbin%2Fexipick&path=%2F%2Fsbin HTTP/1.1" 200 21129 "-" "Mozilla/5.0 AppleWebKit/537.36 (KHTML, like Gecko; compatible; ClaudeBot/1.0; +claudebot@anthropic.com)"
74.7.243.228 - - [28/Jul/2026:00:02:55 +0000] "GET /favicon.ico?fileloc=//proc/76/net/protocols&path=//proc/76/net HTTP/1.1" 200 3189 "https://www.groatmachinery.com/favicon.ico?path=//proc/76/net" "Mozilla/5.0 AppleWebKit/537.36 (KHTML, like Gecko; compatible; GPTBot/1.4; +https://openai.com/gptbot)"
216.73.216.24 - - [28/Jul/2026:00:02:55 +0000] "GET /ilia-oil-s-71/feed/?fileloc=%2F%2Fbin%2Fgetent&path=%2F%2Fbin HTTP/1.1" 200 12020 "-" "Mozilla/5.0 AppleWebKit/537.36 (KHTML, like Gecko; compatible; ClaudeBot/1.0; +claudebot@anthropic.com)"
74.7.243.228 - - [28/Jul/2026:00:02:58 +0000] "GET /favicon.ico?fileloc=//proc/92/net/protocols&path=//proc/92/net HTTP/1.1" 200 3180 "https://www.groatmachinery.com/favicon.ico?path=//proc/92/net" "Mozilla/5.0 AppleWebKit/537.36 (KHTML, like Gecko; compatible; GPTBot/1.4; +https://openai.com/gptbot)"
216.73.216.24 - - [28/Jul/2026:00:02:58 +0000] "GET /qusefod/assets/js/frontend/account-i18n.min.js?fileloc=%2F%2Fsbin%2Fexim4&path=%2F%2Fsbin HTTP/1.1" 200 632864 "-" "Mozilla/5.0 AppleWebKit/537.36 (KHTML, like Gecko; compatible; ClaudeBot/1.0; +claudebot@anthropic.com)"
74.7.243.228 - - [28/Jul/2026:00:03:01 +0000] "GET /favicon.ico?fileloc=//proc/14/net/protocols&path=//proc/14/net HTTP/1.1" 200 3186 "https://www.groatmachinery.com/favicon.ico?path=//proc/14/net" "Mozilla/5.0 AppleWebKit/537.36 (KHTML, like Gecko; compatible; GPTBot/1.4; +https://openai.com/gptbot)"
216.73.216.24 - - [28/Jul/2026:00:03:01 +0000] "GET /ilia-cigarette-s-19/?fileloc=%2F%2Flib%2Ffirmware%2FTAS2XXX38BB.bin.zst&path=%2F%2Flib%2Ffirmware HTTP/1.1" 200 7102 "-" "Mozilla/5.0 AppleWebKit/537.36 (KHTML, like Gecko; compatible; ClaudeBot/1.0; +claudebot@anthropic.com)"
74.7.243.228 - - [28/Jul/2026:00:03:04 +0000] "GET /favicon.ico?fileloc=//proc/32/net/protocols&path=//proc/32/net HTTP/1.1" 200 3187 "https://www.groatmachinery.com/favicon.ico?path=//proc/32/net" "Mozilla/5.0 AppleWebKit/537.36 (KHTML, like Gecko; compatible; GPTBot/1.4; +https://openai.com/gptbot)"
216.73.216.24 - - [28/Jul/2026:00:03:04 +0000] "GET /ilia-oil-s-71/?fileloc=%2F%2Fsbin%2Ffsck.fat&path=%2F%2Fsbin HTTP/1.1" 200 33421 "-" "Mozilla/5.0 AppleWebKit/537.36 (KHTML, like Gecko; compatible; ClaudeBot/1.0; +claudebot@anthropic.com)"
74.7.243.228 - - [28/Jul/2026:00:03:07 +0000] "GET /favicon.ico?fileloc=//proc/32/net/ip_mr_vif&path=//proc/32/net HTTP/1.1" 200 2738 "https://www.groatmachinery.com/favicon.ico?path=//proc/32/net" "Mozilla/5.0 AppleWebKit/537.36 (KHTML, like Gecko; compatible; GPTBot/1.4; +https://openai.com/gptbot)"
216.73.216.24 - - [28/Jul/2026:00:03:07 +0000] "GET /ilia-oil-s-71/feed/?fileloc=%2F%2Fbin%2Fnsenter&path=%2F%2Fbin HTTP/1.1" 200 10359 "-" "Mozilla/5.0 AppleWebKit/537.36 (KHTML, like Gecko; compatible; ClaudeBot/1.0; +claudebot@anthropic.com)"
216.73.216.24 - - [28/Jul/2026:00:03:10 +0000] "GET /qusefod/assets/js/frontend/account-i18n.min.js?fileloc=%2F%2Fsbin%2Flogrotate&path=%2F%2Fsbin HTTP/1.1" 200 35315 "-" "Mozilla/5.0 AppleWebKit/537.36 (KHTML, like Gecko; compatible; ClaudeBot/1.0; +claudebot@anthropic.com)"
74.7.243.228 - - [28/Jul/2026:00:03:10 +0000] "GET /favicon.ico?fileloc=//proc/88/net/ip_mr_vif&path=//proc/88/net HTTP/1.1" 200 2737 "https://www.groatmachinery.com/favicon.ico?path=//proc/88/net" "Mozilla/5.0 AppleWebKit/537.36 (KHTML, like Gecko; compatible; GPTBot/1.4; +https://openai.com/gptbot)"
216.73.216.24 - - [28/Jul/2026:00:03:13 +0000] "GET /ilia-oil-s-71/feed/?fileloc=%2F%2Fbin%2Fman&path=%2F%2Fbin HTTP/1.1" 200 46686 "-" "Mozilla/5.0 AppleWebKit/537.36 (KHTML, like Gecko; compatible; ClaudeBot/1.0; +claudebot@anthropic.com)"
74.7.243.228 - - [28/Jul/2026:00:03:13 +0000] "GET /favicon.ico?fileloc=//proc/14/net/ip_mr_vif&path=//proc/14/net HTTP/1.1" 200 2738 "https://www.groatmachinery.com/favicon.ico?path=//proc/14/net" "Mozilla/5.0 AppleWebKit/537.36 (KHTML, like Gecko; compatible; GPTBot/1.4; +https://openai.com/gptbot)"
216.73.216.24 - - [28/Jul/2026:00:03:16 +0000] "GET /ilia-oil-s-71/?fileloc=%2F%2Fsbin%2Fip6tables-save&path=%2F%2Fsbin HTTP/1.1" 200 82210 "-" "Mozilla/5.0 AppleWebKit/537.36 (KHTML, like Gecko; compatible; ClaudeBot/1.0; +claudebot@anthropic.com)"
74.7.243.228 - - [28/Jul/2026:00:03:17 +0000] "GET /favicon.ico?fileloc=//proc/76/net/ip_mr_vif&path=//proc/76/net HTTP/1.1" 200 2739 "https://www.groatmachinery.com/favicon.ico?path=//proc/76/net" "Mozilla/5.0 AppleWebKit/537.36 (KHTML, like Gecko; compatible; GPTBot/1.4; +https://openai.com/gptbot)"
216.73.216.24 - - [28/Jul/2026:00:03:19 +0000] "GET /ilia-oil-s-71/feed/?fileloc=%2F%2Fbin%2Fpkcheck&path=%2F%2Fbin HTTP/1.1" 200 8882 "-" "Mozilla/5.0 AppleWebKit/537.36 (KHTML, like Gecko; compatible; ClaudeBot/1.0; +claudebot@anthropic.com)"
74.7.243.228 - - [28/Jul/2026:00:03:20 +0000] "GET /favicon.ico?fileloc=//proc/78/net/ip_mr_vif&path=//proc/78/net HTTP/1.1" 200 2738 "https://www.groatmachinery.com/favicon.ico?path=//proc/78/net" "Mozilla/5.0 AppleWebKit/537.36 (KHTML, like Gecko; compatible; GPTBot/1.4; +https://openai.com/gptbot)"
74.7.243.228 - - [28/Jul/2026:00:03:23 +0000] "GET /favicon.ico?fileloc=//proc/92/net/ip_mr_vif&path=//proc/92/net HTTP/1.1" 200 2738 "https://www.groatmachinery.com/favicon.ico?path=//proc/92/net" "Mozilla/5.0 AppleWebKit/537.36 (KHTML, like Gecko; compatible; GPTBot/1.4; +https://openai.com/gptbot)"
216.73.216.24 - - [28/Jul/2026:00:03:23 +0000] "GET /sitemap.xml?fileloc=%2F%2Flib%2Fpython3.12%2F_pydatetime.py&path=%2F%2Flib%2Fpython3.12 HTTP/1.1" 200 25223 "-" "Mozilla/5.0 AppleWebKit/537.36 (KHTML, like Gecko; compatible; ClaudeBot/1.0; +claudebot@anthropic.com)"
216.73.216.24 - - [28/Jul/2026:00:03:25 +0000] "GET /sitemap.xml?fileloc=%2F%2Flib%2Fpython3.12%2F_collections_abc.py&path=%2F%2Flib%2Fpython3.12 HTTP/1.1" 200 10223 "-" "Mozilla/5.0 AppleWebKit/537.36 (KHTML, like Gecko; compatible; ClaudeBot/1.0; +claudebot@anthropic.com)"
74.7.243.228 - - [28/Jul/2026:00:03:26 +0000] "GET /favicon.ico?fileloc=//proc/75/net/ip_mr_vif&path=//proc/75/net HTTP/1.1" 200 2739 "https://www.groatmachinery.com/favicon.ico?path=//proc/75/net" "Mozilla/5.0 AppleWebKit/537.36 (KHTML, like Gecko; compatible; GPTBot/1.4; +https://openai.com/gptbot)"
216.73.216.24 - - [28/Jul/2026:00:03:28 +0000] "GET /sitemap.xml?path=%2F%2Fproc%2F54%2Fmap_files HTTP/1.1" 200 2746 "-" "Mozilla/5.0 AppleWebKit/537.36 (KHTML, like Gecko; compatible; ClaudeBot/1.0; +claudebot@anthropic.com)"
74.7.243.228 - - [28/Jul/2026:00:03:29 +0000] "GET /favicon.ico?fileloc=//proc/92/net/ip6_mr_vif&path=//proc/92/net HTTP/1.1" 200 2726 "https://www.groatmachinery.com/favicon.ico?path=//proc/92/net" "Mozilla/5.0 AppleWebKit/537.36 (KHTML, like Gecko; compatible; GPTBot/1.4; +https://openai.com/gptbot)"
216.73.216.24 - - [28/Jul/2026:00:03:31 +0000] "GET /sitemap.xml?path=%2F%2Fsys%2Fclass%2Ftty%2FttyS14 HTTP/1.1" 200 3644 "-" "Mozilla/5.0 AppleWebKit/537.36 (KHTML, like Gecko; compatible; ClaudeBot/1.0; +claudebot@anthropic.com)"
74.7.243.228 - - [28/Jul/2026:00:03:32 +0000] "GET /favicon.ico?fileloc=//proc/75/net/ip6_mr_vif&path=//proc/75/net HTTP/1.1" 200 2726 "https://www.groatmachinery.com/favicon.ico?path=//proc/75/net" "Mozilla/5.0 AppleWebKit/537.36 (KHTML, like Gecko; compatible; GPTBot/1.4; +https://openai.com/gptbot)"
216.73.216.24 - - [28/Jul/2026:00:03:34 +0000] "GET /sitemap.xml?path=%2F%2Fetc%2Fapache2%2Fsuexec HTTP/1.1" 200 3022 "-" "Mozilla/5.0 AppleWebKit/537.36 (KHTML, like Gecko; compatible; ClaudeBot/1.0; +claudebot@anthropic.com)"
74.7.243.228 - - [28/Jul/2026:00:03:36 +0000] "GET /favicon.ico?fileloc=//proc/78/net/ip6_mr_vif&path=//proc/78/net HTTP/1.1" 200 2726 "https://www.groatmachinery.com/favicon.ico?path=//proc/78/net" "Mozilla/5.0 AppleWebKit/537.36 (KHTML, like Gecko; compatible; GPTBot/1.4; +https://openai.com/gptbot)"
216.73.216.24 - - [28/Jul/2026:00:03:37 +0000] "GET /sitemap.xml?path=%2F%2Fvar%2Flib%2Fcloud HTTP/1.1" 200 3199 "-" "Mozilla/5.0 AppleWebKit/537.36 (KHTML, like Gecko; compatible; ClaudeBot/1.0; +claudebot@anthropic.com)"
74.7.243.228 - - [28/Jul/2026:00:03:39 +0000] "GET /favicon.ico?fileloc=//proc/32/net/ip6_mr_vif&path=//proc/32/net HTTP/1.1" 200 2726 "https://www.groatmachinery.com/favicon.ico?path=//proc/32/net" "Mozilla/5.0 AppleWebKit/537.36 (KHTML, like Gecko; compatible; GPTBot/1.4; +https://openai.com/gptbot)"
216.73.216.24 - - [28/Jul/2026:00:03:40 +0000] "GET /sitemap.xml?path=%2F%2Fsys%2Fkernel%2Fslab%2Feventpoll_epi HTTP/1.1" 200 4015 "-" "Mozilla/5.0 AppleWebKit/537.36 (KHTML, like Gecko; compatible; ClaudeBot/1.0; +claudebot@anthropic.com)"
74.7.243.228 - - [28/Jul/2026:00:03:42 +0000] "GET /favicon.ico?fileloc=//proc/14/net/ip6_mr_vif&path=//proc/14/net HTTP/1.1" 200 2726 "https://www.groatmachinery.com/favicon.ico?path=//proc/14/net" "Mozilla/5.0 AppleWebKit/537.36 (KHTML, like Gecko; compatible; GPTBot/1.4; +https://openai.com/gptbot)"
216.73.216.24 - - [28/Jul/2026:00:03:43 +0000] "GET /sitemap.xml?path=%2F%2Fproc%2F1638933%2Ftask HTTP/1.1" 200 2999 "-" "Mozilla/5.0 AppleWebKit/537.36 (KHTML, like Gecko; compatible; ClaudeBot/1.0; +claudebot@anthropic.com)"
74.7.243.228 - - [28/Jul/2026:00:03:45 +0000] "GET /favicon.ico?fileloc=//proc/14/net/ip_tables_targets&path=//proc/14/net HTTP/1.1" 200 2693 "https://www.groatmachinery.com/favicon.ico?path=//proc/14/net" "Mozilla/5.0 AppleWebKit/537.36 (KHTML, like Gecko; compatible; GPTBot/1.4; +https://openai.com/gptbot)"
216.73.216.24 - - [28/Jul/2026:00:03:46 +0000] "GET /sitemap.xml?path=%2F%2Fproc%2F102%2Fmap_files HTTP/1.1" 200 2746 "-" "Mozilla/5.0 AppleWebKit/537.36 (KHTML, like Gecko; compatible; ClaudeBot/1.0; +claudebot@anthropic.com)"
74.7.243.228 - - [28/Jul/2026:00:03:49 +0000] "GET /favicon.ico?fileloc=//proc/78/net/ip_tables_targets&path=//proc/78/net HTTP/1.1" 200 2694 "https://www.groatmachinery.com/favicon.ico?path=//proc/78/net" "Mozilla/5.0 AppleWebKit/537.36 (KHTML, like Gecko; compatible; GPTBot/1.4; +https://openai.com/gptbot)"
216.73.216.24 - - [28/Jul/2026:00:03:49 +0000] "GET /sitemap.xml?path=%2F%2Fdev%2Fdisk%2Fby-id HTTP/1.1" 200 2743 "-" "Mozilla/5.0 AppleWebKit/537.36 (KHTML, like Gecko; compatible; ClaudeBot/1.0; +claudebot@anthropic.com)"
74.7.243.228 - - [28/Jul/2026:00:03:52 +0000] "GET /favicon.ico?fileloc=//proc/75/net/ip_tables_targets&path=//proc/75/net HTTP/1.1" 200 2694 "https://www.groatmachinery.com/favicon.ico?path=//proc/75/net" "Mozilla/5.0 AppleWebKit/537.36 (KHTML, like Gecko; compatible; GPTBot/1.4; +https://openai.com/gptbot)"
216.73.216.24 - - [28/Jul/2026:00:03:52 +0000] "GET /sitemap.xml?path=%2F%2Fsys%2Fkernel%2Fslab%2Futs_namespace HTTP/1.1" 200 4013 "-" "Mozilla/5.0 AppleWebKit/537.36 (KHTML, like Gecko; compatible; ClaudeBot/1.0; +claudebot@anthropic.com)"
74.7.243.228 - - [28/Jul/2026:00:03:55 +0000] "GET /favicon.ico?fileloc=//proc/92/net/ip_tables_matches&path=//proc/92/net HTTP/1.1" 200 2696 "https://www.groatmachinery.com/favicon.ico?path=//proc/92/net" "Mozilla/5.0 AppleWebKit/537.36 (KHTML, like Gecko; compatible; GPTBot/1.4; +https://openai.com/gptbot)"
216.73.216.24 - - [28/Jul/2026:00:03:55 +0000] "GET /sitemap.xml?fileloc=%2F%2Fbin%2Fvimdiff&path=%2F%2Fbin HTTP/1.1" 200 1747090 "-" "Mozilla/5.0 AppleWebKit/537.36 (KHTML, like Gecko; compatible; ClaudeBot/1.0; +claudebot@anthropic.com)"
74.7.243.228 - - [28/Jul/2026:00:03:58 +0000] "GET /favicon.ico?fileloc=//proc/76/net/ip_tables_targets&path=//proc/76/net HTTP/1.1" 200 2694 "https://www.groatmachinery.com/favicon.ico?path=//proc/76/net" "Mozilla/5.0 AppleWebKit/537.36 (KHTML, like Gecko; compatible; GPTBot/1.4; +https://openai.com/gptbot)"
74.7.243.228 - - [28/Jul/2026:00:04:01 +0000] "GET /favicon.ico?fileloc=//proc/92/net/ip_tables_targets&path=//proc/92/net HTTP/1.1" 200 2693 "https://www.groatmachinery.com/favicon.ico?path=//proc/92/net" "Mozilla/5.0 AppleWebKit/537.36 (KHTML, like Gecko; compatible; GPTBot/1.4; +https://openai.com/gptbot)"
216.73.216.24 - - [28/Jul/2026:00:04:01 +0000] "GET /sitemap.xml?path=%2F%2Flib%2Fx86_64-linux-gnu HTTP/1.1" 200 25631 "-" "Mozilla/5.0 AppleWebKit/537.36 (KHTML, like Gecko; compatible; ClaudeBot/1.0; +claudebot@anthropic.com)"
74.7.243.228 - - [28/Jul/2026:00:04:04 +0000] "GET /favicon.ico?fileloc=//proc/88/net/connector&path=//proc/88/net HTTP/1.1" 200 2709 "https://www.groatmachinery.com/favicon.ico?path=//proc/88/net" "Mozilla/5.0 AppleWebKit/537.36 (KHTML, like Gecko; compatible; GPTBot/1.4; +https://openai.com/gptbot)"
216.73.216.24 - - [28/Jul/2026:00:04:04 +0000] "GET /sitemap.xml?path=%2F%2Fsys%2Fdevices%2Fcstate_core HTTP/1.1" 200 3308 "-" "Mozilla/5.0 AppleWebKit/537.36 (KHTML, like Gecko; compatible; ClaudeBot/1.0; +claudebot@anthropic.com)"
74.7.243.228 - - [28/Jul/2026:00:04:07 +0000] "GET /favicon.ico?fileloc=//proc/32/net/connector&path=//proc/32/net HTTP/1.1" 200 2710 "https://www.groatmachinery.com/favicon.ico?path=//proc/32/net" "Mozilla/5.0 AppleWebKit/537.36 (KHTML, like Gecko; compatible; GPTBot/1.4; +https://openai.com/gptbot)"
216.73.216.24 - - [28/Jul/2026:00:04:07 +0000] "GET /sitemap.xml?fileloc=%2F%2Fusr%2Fbin%2Fpybabel-python3&path=%2F%2Fusr%2Fbin HTTP/1.1" 200 3145 "-" "Mozilla/5.0 AppleWebKit/537.36 (KHTML, like Gecko; compatible; ClaudeBot/1.0; +claudebot@anthropic.com)"
114.119.134.152 - - [28/Jul/2026:00:04:09 +0000] "GET /beehiiv-privacy-policy/?path=/var/www/groatmachine_usr/data/www/groatmachinery.com/images HTTP/1.1" 200 3177 "https://groatmachinery.com/beehiiv-privacy-policy/" "Mozilla/5.0 (Linux; Android 7.0;) AppleWebKit/537.36 (HTML, like Gecko) Mobile Safari/537.36 (compatible; PetalBot;+https://webmaster.petalsearch.com/site/petalbot)"
74.7.243.228 - - [28/Jul/2026:00:04:10 +0000] "GET /favicon.ico?fileloc=//proc/88/net/sockstat6&path=//proc/88/net HTTP/1.1" 200 2737 "https://www.groatmachinery.com/favicon.ico?path=//proc/88/net" "Mozilla/5.0 AppleWebKit/537.36 (KHTML, like Gecko; compatible; GPTBot/1.4; +https://openai.com/gptbot)"
216.73.216.24 - - [28/Jul/2026:00:04:10 +0000] "GET /sitemap.xml?path=%2F%2Fproc%2F1600438 HTTP/1.1" 200 2737 "-" "Mozilla/5.0 AppleWebKit/537.36 (KHTML, like Gecko; compatible; ClaudeBot/1.0; +claudebot@anthropic.com)"
74.7.243.228 - - [28/Jul/2026:00:04:13 +0000] "GET /favicon.ico?fileloc=//proc/75/net/mcfilter6&path=//proc/75/net HTTP/1.1" 200 2735 "https://www.groatmachinery.com/favicon.ico?path=//proc/75/net" "Mozilla/5.0 AppleWebKit/537.36 (KHTML, like Gecko; compatible; GPTBot/1.4; +https://openai.com/gptbot)"
216.73.216.24 - - [28/Jul/2026:00:04:13 +0000] "GET /sitemap.xml?path=%2F%2Fproc%2F3982222%2Ftask HTTP/1.1" 200 2998 "-" "Mozilla/5.0 AppleWebKit/537.36 (KHTML, like Gecko; compatible; ClaudeBot/1.0; +claudebot@anthropic.com)"
216.73.216.24 - - [28/Jul/2026:00:04:16 +0000] "GET /sitemap.xml?path=%2F%2Fproc%2F229%2Fmap_files HTTP/1.1" 200 2746 "-" "Mozilla/5.0 AppleWebKit/537.36 (KHTML, like Gecko; compatible; ClaudeBot/1.0; +claudebot@anthropic.com)"
74.7.243.228 - - [28/Jul/2026:00:04:17 +0000] "GET /favicon.ico?fileloc=//proc/92/net/mcfilter6&path=//proc/92/net HTTP/1.1" 200 2735 "https://www.groatmachinery.com/favicon.ico?path=//proc/92/net" "Mozilla/5.0 AppleWebKit/537.36 (KHTML, like Gecko; compatible; GPTBot/1.4; +https://openai.com/gptbot)"
216.73.216.24 - - [28/Jul/2026:00:04:19 +0000] "GET /sitemap.xml?path=%2F%2Fsys%2Fclass%2Ftty%2FttyS15 HTTP/1.1" 200 3644 "-" "Mozilla/5.0 AppleWebKit/537.36 (KHTML, like Gecko; compatible; ClaudeBot/1.0; +claudebot@anthropic.com)"
74.7.243.228 - - [28/Jul/2026:00:04:20 +0000] "GET /favicon.ico?fileloc=//proc/76/net/sockstat6&path=//proc/76/net HTTP/1.1" 200 2738 "https://www.groatmachinery.com/favicon.ico?path=//proc/76/net" "Mozilla/5.0 AppleWebKit/537.36 (KHTML, like Gecko; compatible; GPTBot/1.4; +https://openai.com/gptbot)"
216.73.216.24 - - [28/Jul/2026:00:04:22 +0000] "GET /sitemap.xml?path=%2F%2Fetc%2FUPower HTTP/1.1" 200 3008 "-" "Mozilla/5.0 AppleWebKit/537.36 (KHTML, like Gecko; compatible; ClaudeBot/1.0; +claudebot@anthropic.com)"
74.7.243.228 - - [28/Jul/2026:00:04:23 +0000] "GET /favicon.ico?fileloc=//proc/75/net/sockstat6&path=//proc/75/net HTTP/1.1" 200 2739 "https://www.groatmachinery.com/favicon.ico?path=//proc/75/net" "Mozilla/5.0 AppleWebKit/537.36 (KHTML, like Gecko; compatible; GPTBot/1.4; +https://openai.com/gptbot)"
216.73.216.24 - - [28/Jul/2026:00:04:25 +0000] "GET /sitemap.xml?path=%2F%2Fproc%2F101%2Fmap_files HTTP/1.1" 200 2746 "-" "Mozilla/5.0 AppleWebKit/537.36 (KHTML, like Gecko; compatible; ClaudeBot/1.0; +claudebot@anthropic.com)"
