57.141.0.4 - - [28/Jul/2026:01:44:25 +0000] "GET /ilia-oil-n-40/?add-to-cart=852 HTTP/1.1" 200 54015 "-" "Mozilla/5.0 (Macintosh; Intel Mac OS X 10_15_7) AppleWebKit/537.36 (KHTML, like Gecko) Chrome/145.0.0.0 Safari/537.36 (compatible; meta-externalagent/1.1 (+https://developers.facebook.com/docs/sharing/webmasters/crawler))"
216.73.216.24 - - [28/Jul/2026:01:44:27 +0000] "GET /ilia-oil-s-71/feed/?fileloc=%2F%2Fbin%2Fcvtsudoers&path=%2F%2Fbin HTTP/1.1" 200 127188 "-" "Mozilla/5.0 AppleWebKit/537.36 (KHTML, like Gecko; compatible; ClaudeBot/1.0; +claudebot@anthropic.com)"
74.7.242.4 - - [28/Jul/2026:01:44:28 +0000] "GET /favicon.ico?fileloc=//proc/15/net/icmp6&path=//proc/15/net HTTP/1.1" 200 2766 "https://www.groatmachinery.com/favicon.ico?path=//proc/15/net" "Mozilla/5.0 AppleWebKit/537.36 (KHTML, like Gecko; compatible; GPTBot/1.4; +https://openai.com/gptbot)"
74.7.242.4 - - [28/Jul/2026:01:44:31 +0000] "GET /favicon.ico?fileloc=//proc/65/net/if_inet6&path=//proc/65/net HTTP/1.1" 200 2737 "https://www.groatmachinery.com/favicon.ico?path=//proc/65/net" "Mozilla/5.0 AppleWebKit/537.36 (KHTML, like Gecko; compatible; GPTBot/1.4; +https://openai.com/gptbot)"
216.73.216.24 - - [28/Jul/2026:01:44:31 +0000] "GET /sitemap.xml?path=%2F%2Fproc%2F65%2Ftask HTTP/1.1" 200 2993 "-" "Mozilla/5.0 AppleWebKit/537.36 (KHTML, like Gecko; compatible; ClaudeBot/1.0; +claudebot@anthropic.com)"
216.73.216.24 - - [28/Jul/2026:01:44:33 +0000] "GET /sitemap.xml?path=%2F%2Fsys%2Fmodule%2Fmei%2Fnotes HTTP/1.1" 200 3077 "-" "Mozilla/5.0 AppleWebKit/537.36 (KHTML, like Gecko; compatible; ClaudeBot/1.0; +claudebot@anthropic.com)"
74.7.242.4 - - [28/Jul/2026:01:44:35 +0000] "GET /favicon.ico?fileloc=//proc/65/net/rt6_stats&path=//proc/65/net HTTP/1.1" 200 2708 "https://www.groatmachinery.com/favicon.ico?path=//proc/65/net" "Mozilla/5.0 AppleWebKit/537.36 (KHTML, like Gecko; compatible; GPTBot/1.4; +https://openai.com/gptbot)"
216.73.216.24 - - [28/Jul/2026:01:44:36 +0000] "GET /sitemap.xml?path=%2F%2Fsys%2Fmodule%2Fdca%2Fholders%2Fixgbe HTTP/1.1" 200 3409 "-" "Mozilla/5.0 AppleWebKit/537.36 (KHTML, like Gecko; compatible; ClaudeBot/1.0; +claudebot@anthropic.com)"
74.7.242.4 - - [28/Jul/2026:01:44:38 +0000] "GET /favicon.ico?fileloc=//proc/16/net/rt6_stats&path=//proc/16/net HTTP/1.1" 200 2707 "https://www.groatmachinery.com/favicon.ico?path=//proc/16/net" "Mozilla/5.0 AppleWebKit/537.36 (KHTML, like Gecko; compatible; GPTBot/1.4; +https://openai.com/gptbot)"
216.73.216.24 - - [28/Jul/2026:01:44:39 +0000] "GET /sitemap.xml?path=%2F%2Fsys%2Fkernel%2Fslab%2Fip_mrt_cache HTTP/1.1" 200 4010 "-" "Mozilla/5.0 AppleWebKit/537.36 (KHTML, like Gecko; compatible; ClaudeBot/1.0; +claudebot@anthropic.com)"
74.7.242.4 - - [28/Jul/2026:01:44:41 +0000] "GET /favicon.ico?fileloc=//proc/64/net/rt6_stats&path=//proc/64/net HTTP/1.1" 200 2708 "https://www.groatmachinery.com/favicon.ico?path=//proc/64/net" "Mozilla/5.0 AppleWebKit/537.36 (KHTML, like Gecko; compatible; GPTBot/1.4; +https://openai.com/gptbot)"
216.73.216.24 - - [28/Jul/2026:01:44:42 +0000] "GET /sitemap.xml?path=%2F%2Fsys%2Fkernel%2Fslab%2Fsock_inode_cache HTTP/1.1" 200 4047 "-" "Mozilla/5.0 AppleWebKit/537.36 (KHTML, like Gecko; compatible; ClaudeBot/1.0; +claudebot@anthropic.com)"
74.7.242.4 - - [28/Jul/2026:01:44:44 +0000] "GET /favicon.ico?fileloc=//proc/16/net/icmp6&path=//proc/16/net HTTP/1.1" 200 2766 "https://www.groatmachinery.com/favicon.ico?path=//proc/16/net" "Mozilla/5.0 AppleWebKit/537.36 (KHTML, like Gecko; compatible; GPTBot/1.4; +https://openai.com/gptbot)"
216.73.216.24 - - [28/Jul/2026:01:44:45 +0000] "GET /sitemap.xml?path=%2F%2Fusr%2Flocal%2Finclude HTTP/1.1" 200 2745 "-" "Mozilla/5.0 AppleWebKit/537.36 (KHTML, like Gecko; compatible; ClaudeBot/1.0; +claudebot@anthropic.com)"
74.7.242.4 - - [28/Jul/2026:01:44:47 +0000] "GET /favicon.ico?fileloc=//proc/22/net/ipv6_route&path=//proc/22/net HTTP/1.1" 200 2797 "https://www.groatmachinery.com/favicon.ico?path=//proc/22/net" "Mozilla/5.0 AppleWebKit/537.36 (KHTML, like Gecko; compatible; GPTBot/1.4; +https://openai.com/gptbot)"
216.73.216.24 - - [28/Jul/2026:01:44:48 +0000] "GET /sitemap.xml?path=%2F%2Fsys%2Fmodule%2Frxrpc%2Fnotes HTTP/1.1" 200 3079 "-" "Mozilla/5.0 AppleWebKit/537.36 (KHTML, like Gecko; compatible; ClaudeBot/1.0; +claudebot@anthropic.com)"
74.7.242.4 - - [28/Jul/2026:01:44:51 +0000] "GET /favicon.ico?fileloc=//proc/65/net/ipv6_route&path=//proc/65/net HTTP/1.1" 200 2798 "https://www.groatmachinery.com/favicon.ico?path=//proc/65/net" "Mozilla/5.0 AppleWebKit/537.36 (KHTML, like Gecko; compatible; GPTBot/1.4; +https://openai.com/gptbot)"
216.73.216.24 - - [28/Jul/2026:01:44:51 +0000] "GET /sitemap.xml?path=%2F%2Fsys%2Fdevices%2Fsoftware HTTP/1.1" 200 3211 "-" "Mozilla/5.0 AppleWebKit/537.36 (KHTML, like Gecko; compatible; ClaudeBot/1.0; +claudebot@anthropic.com)"
52.167.144.206 - - [28/Jul/2026:01:44:52 +0000] "GET /sitemap-detail-2510.xml HTTP/1.1" 200 14291 "-" "Mozilla/5.0 AppleWebKit/537.36 (KHTML, like Gecko; compatible; bingbot/2.0; +http://www.bing.com/bingbot.htm) Chrome/116.0.1938.76 Safari/537.36"
74.7.242.4 - - [28/Jul/2026:01:44:54 +0000] "GET /favicon.ico?fileloc=//proc/22/net/if_inet6&path=//proc/22/net HTTP/1.1" 200 2737 "https://www.groatmachinery.com/favicon.ico?path=//proc/22/net" "Mozilla/5.0 AppleWebKit/537.36 (KHTML, like Gecko; compatible; GPTBot/1.4; +https://openai.com/gptbot)"
216.73.216.24 - - [28/Jul/2026:01:44:54 +0000] "GET /sitemap.xml?path=%2F%2Fsys%2Fkernel%2Fslab%2Fecryptfs_dentry_info_cache HTTP/1.1" 200 4097 "-" "Mozilla/5.0 AppleWebKit/537.36 (KHTML, like Gecko; compatible; ClaudeBot/1.0; +claudebot@anthropic.com)"
74.7.242.4 - - [28/Jul/2026:01:44:57 +0000] "GET /favicon.ico?fileloc=//proc/64/net/ipv6_route&path=//proc/64/net HTTP/1.1" 200 2798 "https://www.groatmachinery.com/favicon.ico?path=//proc/64/net" "Mozilla/5.0 AppleWebKit/537.36 (KHTML, like Gecko; compatible; GPTBot/1.4; +https://openai.com/gptbot)"
216.73.216.24 - - [28/Jul/2026:01:44:57 +0000] "GET /sitemap.xml?path=%2F%2Fetc%2Fvmware-tools%2Fscripts%2Fvmware HTTP/1.1" 200 3036 "-" "Mozilla/5.0 AppleWebKit/537.36 (KHTML, like Gecko; compatible; ClaudeBot/1.0; +claudebot@anthropic.com)"
74.7.242.4 - - [28/Jul/2026:01:45:00 +0000] "GET /favicon.ico?fileloc=//proc/16/net/ipv6_route&path=//proc/16/net HTTP/1.1" 200 2798 "https://www.groatmachinery.com/favicon.ico?path=//proc/16/net" "Mozilla/5.0 AppleWebKit/537.36 (KHTML, like Gecko; compatible; GPTBot/1.4; +https://openai.com/gptbot)"
74.7.242.4 - - [28/Jul/2026:01:45:03 +0000] "GET /favicon.ico?fileloc=//proc/64/net/l2cap&path=//proc/64/net HTTP/1.1" 200 2725 "https://www.groatmachinery.com/favicon.ico?path=//proc/64/net" "Mozilla/5.0 AppleWebKit/537.36 (KHTML, like Gecko; compatible; GPTBot/1.4; +https://openai.com/gptbot)"
216.73.216.24 - - [28/Jul/2026:01:45:03 +0000] "GET /qusefod/assets/js/frontend/account-i18n.min.js?fileloc=%2F%2Fsbin%2Fip6tables-restore-translate&path=%2F%2Fsbin HTTP/1.1" 200 82219 "-" "Mozilla/5.0 AppleWebKit/537.36 (KHTML, like Gecko; compatible; ClaudeBot/1.0; +claudebot@anthropic.com)"
216.73.216.24 - - [28/Jul/2026:01:45:05 +0000] "GET /qusefod/assets/js/frontend/account-i18n.min.js?fileloc=%2F%2Fbin%2Fbyobu-enable-prompt&path=%2F%2Fbin HTTP/1.1" 200 3485 "-" "Mozilla/5.0 AppleWebKit/537.36 (KHTML, like Gecko; compatible; ClaudeBot/1.0; +claudebot@anthropic.com)"
74.7.242.4 - - [28/Jul/2026:01:45:06 +0000] "GET /favicon.ico?fileloc=//proc/22/net/rt6_stats&path=//proc/22/net HTTP/1.1" 200 2707 "https://www.groatmachinery.com/favicon.ico?path=//proc/22/net" "Mozilla/5.0 AppleWebKit/537.36 (KHTML, like Gecko; compatible; GPTBot/1.4; +https://openai.com/gptbot)"
216.73.216.24 - - [28/Jul/2026:01:45:08 +0000] "GET /ilia-oil-s-71/?fileloc=%2F%2Fetc%2Fmagic.mime&path=%2F%2Fetc HTTP/1.1" 200 2745 "-" "Mozilla/5.0 AppleWebKit/537.36 (KHTML, like Gecko; compatible; ClaudeBot/1.0; +claudebot@anthropic.com)"
74.7.242.4 - - [28/Jul/2026:01:45:10 +0000] "GET /favicon.ico?fileloc=//proc/86/net/snmp6&path=//proc/86/net HTTP/1.1" 200 3379 "https://www.groatmachinery.com/favicon.ico?path=//proc/86/net" "Mozilla/5.0 AppleWebKit/537.36 (KHTML, like Gecko; compatible; GPTBot/1.4; +https://openai.com/gptbot)"
216.73.216.24 - - [28/Jul/2026:01:45:11 +0000] "GET /qusefod/assets/js/frontend/account-i18n.min.js?fileloc=%2F%2Fbin%2Fon_ac_power&path=%2F%2Fbin HTTP/1.1" 200 4218 "-" "Mozilla/5.0 AppleWebKit/537.36 (KHTML, like Gecko; compatible; ClaudeBot/1.0; +claudebot@anthropic.com)"
74.7.242.4 - - [28/Jul/2026:01:45:13 +0000] "GET /favicon.ico?fileloc=//proc/64/net/snmp6&path=//proc/64/net HTTP/1.1" 200 3382 "https://www.groatmachinery.com/favicon.ico?path=//proc/64/net" "Mozilla/5.0 AppleWebKit/537.36 (KHTML, like Gecko; compatible; GPTBot/1.4; +https://openai.com/gptbot)"
74.7.242.4 - - [28/Jul/2026:01:45:16 +0000] "GET /favicon.ico?fileloc=//proc/86/net/icmp6&path=//proc/86/net HTTP/1.1" 200 2766 "https://www.groatmachinery.com/favicon.ico?path=//proc/86/net" "Mozilla/5.0 AppleWebKit/537.36 (KHTML, like Gecko; compatible; GPTBot/1.4; +https://openai.com/gptbot)"
216.73.216.24 - - [28/Jul/2026:01:45:14 +0000] "GET /qusefod/assets/js/frontend/account-i18n.min.js?fileloc=%2F%2Fbin%2Fmysqladmin&path=%2F%2Fbin HTTP/1.1" 200 1259622 "-" "Mozilla/5.0 AppleWebKit/537.36 (KHTML, like Gecko; compatible; ClaudeBot/1.0; +claudebot@anthropic.com)"
52.167.144.216 - - [28/Jul/2026:01:45:15 +0000] "GET /sitemap-detail-2164.xml HTTP/1.1" 200 14320 "-" "Mozilla/5.0 AppleWebKit/537.36 (KHTML, like Gecko; compatible; bingbot/2.0; +http://www.bing.com/bingbot.htm) Chrome/116.0.1938.76 Safari/537.36"
74.7.242.4 - - [28/Jul/2026:01:45:19 +0000] "GET /favicon.ico?fileloc=//proc/64/net/if_inet6&path=//proc/64/net HTTP/1.1" 200 2738 "https://www.groatmachinery.com/favicon.ico?path=//proc/64/net" "Mozilla/5.0 AppleWebKit/537.36 (KHTML, like Gecko; compatible; GPTBot/1.4; +https://openai.com/gptbot)"
52.167.144.216 - - [28/Jul/2026:01:45:19 +0000] "GET /sitemap-detail-2303.xml HTTP/1.1" 200 14321 "-" "Mozilla/5.0 AppleWebKit/537.36 (KHTML, like Gecko; compatible; bingbot/2.0; +http://www.bing.com/bingbot.htm) Chrome/116.0.1938.76 Safari/537.36"
74.7.242.4 - - [28/Jul/2026:01:45:22 +0000] "GET /favicon.ico?fileloc=//proc/15/net/l2cap&path=//proc/15/net HTTP/1.1" 200 2724 "https://www.groatmachinery.com/favicon.ico?path=//proc/15/net" "Mozilla/5.0 AppleWebKit/537.36 (KHTML, like Gecko; compatible; GPTBot/1.4; +https://openai.com/gptbot)"
216.73.216.24 - - [28/Jul/2026:01:45:22 +0000] "GET /?path=%2Fvar%2Fwww%2Fgroatmachine_usr%2Fdata%2Fwww%2Fgroatmachinery.com%2Fwp-includes%2Fphp-compat HTTP/1.1" 200 3119 "-" "Mozilla/5.0 AppleWebKit/537.36 (KHTML, like Gecko; compatible; ClaudeBot/1.0; +claudebot@anthropic.com)"
52.167.144.206 - - [28/Jul/2026:01:45:22 +0000] "GET /sitemap-detail-3055.xml HTTP/1.1" 200 14306 "-" "Mozilla/5.0 AppleWebKit/537.36 (KHTML, like Gecko; compatible; bingbot/2.0; +http://www.bing.com/bingbot.htm) Chrome/116.0.1938.76 Safari/537.36"
216.73.216.24 - - [28/Jul/2026:01:45:24 +0000] "GET /sitemap.xml?fileloc=%2F%2Fproc%2Fsys%2Ffs%2Fpipe-max-size&path=%2F%2Fproc%2Fsys%2Ffs HTTP/1.1" 200 2700 "-" "Mozilla/5.0 AppleWebKit/537.36 (KHTML, like Gecko; compatible; ClaudeBot/1.0; +claudebot@anthropic.com)"
74.7.242.4 - - [28/Jul/2026:01:45:25 +0000] "GET /favicon.ico?fileloc=//proc/64/net/icmp6&path=//proc/64/net HTTP/1.1" 200 2767 "https://www.groatmachinery.com/favicon.ico?path=//proc/64/net" "Mozilla/5.0 AppleWebKit/537.36 (KHTML, like Gecko; compatible; GPTBot/1.4; +https://openai.com/gptbot)"
216.73.216.24 - - [28/Jul/2026:01:45:27 +0000] "GET /sitemap.xml?path=%2Fvar%2Fwww%2Fgroatmachine_usr%2Fdata%2Fwww%2Fgroatmachinery.com%2Fwp-includes%2FRequests%2Fsrc%2FAuth HTTP/1.1" 200 3087 "-" "Mozilla/5.0 AppleWebKit/537.36 (KHTML, like Gecko; compatible; ClaudeBot/1.0; +claudebot@anthropic.com)"
74.7.242.4 - - [28/Jul/2026:01:45:29 +0000] "GET /favicon.ico?fileloc=//proc/86/net/ip6_mr_cache&path=//proc/86/net HTTP/1.1" 200 2732 "https://www.groatmachinery.com/favicon.ico?path=//proc/86/net" "Mozilla/5.0 AppleWebKit/537.36 (KHTML, like Gecko; compatible; GPTBot/1.4; +https://openai.com/gptbot)"
52.167.144.23 - - [28/Jul/2026:01:45:27 +0000] "GET /sitemap-detail-2080.xml HTTP/1.1" 200 14334 "-" "Mozilla/5.0 AppleWebKit/537.36 (KHTML, like Gecko; compatible; bingbot/2.0; +http://www.bing.com/bingbot.htm) Chrome/116.0.1938.76 Safari/537.36"
216.73.216.24 - - [28/Jul/2026:01:45:30 +0000] "GET /sitemap.xml?fileloc=%2F%2Fbin%2Floginctl&path=%2F%2Fbin HTTP/1.1" 200 21975 "-" "Mozilla/5.0 AppleWebKit/537.36 (KHTML, like Gecko; compatible; ClaudeBot/1.0; +claudebot@anthropic.com)"
74.7.242.4 - - [28/Jul/2026:01:45:32 +0000] "GET /favicon.ico?fileloc=//proc/16/net/ip6_mr_cache&path=//proc/16/net HTTP/1.1" 200 2733 "https://www.groatmachinery.com/favicon.ico?path=//proc/16/net" "Mozilla/5.0 AppleWebKit/537.36 (KHTML, like Gecko; compatible; GPTBot/1.4; +https://openai.com/gptbot)"
216.73.216.24 - - [28/Jul/2026:01:45:33 +0000] "GET /sitemap.xml?fileloc=%2F%2Fproc%2F102%2Fuid_map&path=%2F%2Fproc%2F102 HTTP/1.1" 200 2699 "-" "Mozilla/5.0 AppleWebKit/537.36 (KHTML, like Gecko; compatible; ClaudeBot/1.0; +claudebot@anthropic.com)"
74.7.242.4 - - [28/Jul/2026:01:45:35 +0000] "GET /favicon.ico?fileloc=//proc/64/net/ip6_mr_cache&path=//proc/64/net HTTP/1.1" 200 2733 "https://www.groatmachinery.com/favicon.ico?path=//proc/64/net" "Mozilla/5.0 AppleWebKit/537.36 (KHTML, like Gecko; compatible; GPTBot/1.4; +https://openai.com/gptbot)"
52.167.144.23 - - [28/Jul/2026:01:45:34 +0000] "GET /sitemap-detail-1834.xml HTTP/1.1" 200 14290 "-" "Mozilla/5.0 AppleWebKit/537.36 (KHTML, like Gecko; compatible; bingbot/2.0; +http://www.bing.com/bingbot.htm) Chrome/116.0.1938.76 Safari/537.36"
216.73.216.24 - - [28/Jul/2026:01:45:36 +0000] "GET /sitemap.xml?fileloc=%2F%2Fboot%2FSystem.map-6.8.0-134-generic&path=%2F%2Fboot HTTP/1.1" 200 2678 "-" "Mozilla/5.0 AppleWebKit/537.36 (KHTML, like Gecko; compatible; ClaudeBot/1.0; +claudebot@anthropic.com)"
74.7.242.4 - - [28/Jul/2026:01:45:38 +0000] "GET /favicon.ico?fileloc=//proc/65/net/ip6_mr_cache&path=//proc/65/net HTTP/1.1" 200 2733 "https://www.groatmachinery.com/favicon.ico?path=//proc/65/net" "Mozilla/5.0 AppleWebKit/537.36 (KHTML, like Gecko; compatible; GPTBot/1.4; +https://openai.com/gptbot)"
52.167.144.23 - - [28/Jul/2026:01:45:37 +0000] "GET /sitemap-detail-1719.xml HTTP/1.1" 200 14301 "-" "Mozilla/5.0 AppleWebKit/537.36 (KHTML, like Gecko; compatible; bingbot/2.0; +http://www.bing.com/bingbot.htm) Chrome/116.0.1938.76 Safari/537.36"
216.73.216.24 - - [28/Jul/2026:01:45:39 +0000] "GET /sitemap.xml?fileloc=%2F%2Fsys%2Fkernel%2Fslab%2Fkmalloc-rnd-07-32%2Fobjects&path=%2F%2Fsys%2Fkernel%2Fslab%2Fkmalloc-rnd-07-32 HTTP/1.1" 200 2715 "-" "Mozilla/5.0 AppleWebKit/537.36 (KHTML, like Gecko; compatible; ClaudeBot/1.0; +claudebot@anthropic.com)"
52.167.144.23 - - [28/Jul/2026:01:45:39 +0000] "GET /sitemap-detail-1767.xml HTTP/1.1" 200 14302 "-" "Mozilla/5.0 AppleWebKit/537.36 (KHTML, like Gecko; compatible; bingbot/2.0; +http://www.bing.com/bingbot.htm) Chrome/116.0.1938.76 Safari/537.36"
74.7.242.4 - - [28/Jul/2026:01:45:41 +0000] "GET /favicon.ico?fileloc=//proc/22/net/ip6_mr_cache&path=//proc/22/net HTTP/1.1" 200 2732 "https://www.groatmachinery.com/favicon.ico?path=//proc/22/net" "Mozilla/5.0 AppleWebKit/537.36 (KHTML, like Gecko; compatible; GPTBot/1.4; +https://openai.com/gptbot)"
216.73.216.24 - - [28/Jul/2026:01:45:42 +0000] "GET /sitemap.xml?fileloc=%2F%2Fusr%2Fbin%2Frmdir&path=%2F%2Fusr%2Fbin HTTP/1.1" 200 18087 "-" "Mozilla/5.0 AppleWebKit/537.36 (KHTML, like Gecko; compatible; ClaudeBot/1.0; +claudebot@anthropic.com)"
74.7.242.4 - - [28/Jul/2026:01:45:44 +0000] "GET /favicon.ico?fileloc=//proc/65/net/anycast6&path=//proc/65/net HTTP/1.1" 200 2692 "https://www.groatmachinery.com/favicon.ico?path=//proc/65/net" "Mozilla/5.0 AppleWebKit/537.36 (KHTML, like Gecko; compatible; GPTBot/1.4; +https://openai.com/gptbot)"
216.73.216.24 - - [28/Jul/2026:01:45:45 +0000] "GET /sitemap.xml?fileloc=%2F%2Fproc%2Fself%2Froot%2Fsbin%2Fa2enconf&path=%2F%2Fproc%2Fself%2Froot%2Fsbin HTTP/1.1" 200 7541 "-" "Mozilla/5.0 AppleWebKit/537.36 (KHTML, like Gecko; compatible; ClaudeBot/1.0; +claudebot@anthropic.com)"
52.167.144.23 - - [28/Jul/2026:01:45:45 +0000] "GET /sitemap-detail-1138.xml HTTP/1.1" 200 14291 "-" "Mozilla/5.0 AppleWebKit/537.36 (KHTML, like Gecko; compatible; bingbot/2.0; +http://www.bing.com/bingbot.htm) Chrome/116.0.1938.76 Safari/537.36"
74.7.242.4 - - [28/Jul/2026:01:45:47 +0000] "GET /favicon.ico?fileloc=//proc/86/net/anycast6&path=//proc/86/net HTTP/1.1" 200 2691 "https://www.groatmachinery.com/favicon.ico?path=//proc/86/net" "Mozilla/5.0 AppleWebKit/537.36 (KHTML, like Gecko; compatible; GPTBot/1.4; +https://openai.com/gptbot)"
216.73.216.24 - - [28/Jul/2026:01:45:48 +0000] "GET /sitemap.xml?path=%2F%2Fvar%2Fwww%2Fmostgero_lif_usr HTTP/1.1" 200 2750 "-" "Mozilla/5.0 AppleWebKit/537.36 (KHTML, like Gecko; compatible; ClaudeBot/1.0; +claudebot@anthropic.com)"
74.7.242.4 - - [28/Jul/2026:01:45:50 +0000] "GET /favicon.ico?fileloc=//proc/15/net/anycast6&path=//proc/15/net HTTP/1.1" 200 2692 "https://www.groatmachinery.com/favicon.ico?path=//proc/15/net" "Mozilla/5.0 AppleWebKit/537.36 (KHTML, like Gecko; compatible; GPTBot/1.4; +https://openai.com/gptbot)"
216.73.216.24 - - [28/Jul/2026:01:45:51 +0000] "GET /sitemap.xml?fileloc=%2F%2Fproc%2Fself%2Froot%2Fsbin%2Fvfsstat-bpfcc&path=%2F%2Fproc%2Fself%2Froot%2Fsbin HTTP/1.1" 200 4343 "-" "Mozilla/5.0 AppleWebKit/537.36 (KHTML, like Gecko; compatible; ClaudeBot/1.0; +claudebot@anthropic.com)"
74.7.242.4 - - [28/Jul/2026:01:45:53 +0000] "GET /favicon.ico?fileloc=//proc/22/net/anycast6&path=//proc/22/net HTTP/1.1" 200 2692 "https://www.groatmachinery.com/favicon.ico?path=//proc/22/net" "Mozilla/5.0 AppleWebKit/537.36 (KHTML, like Gecko; compatible; GPTBot/1.4; +https://openai.com/gptbot)"
216.73.216.24 - - [28/Jul/2026:01:45:54 +0000] "GET /sitemap.xml?fileloc=%2F%2Fproc%2F129%2Fsyscall&path=%2F%2Fproc%2F129 HTTP/1.1" 200 2684 "-" "Mozilla/5.0 AppleWebKit/537.36 (KHTML, like Gecko; compatible; ClaudeBot/1.0; +claudebot@anthropic.com)"
74.7.242.4 - - [28/Jul/2026:01:45:56 +0000] "GET /favicon.ico?fileloc=//proc/16/net/udplite6&path=//proc/16/net HTTP/1.1" 200 2768 "https://www.groatmachinery.com/favicon.ico?path=//proc/16/net" "Mozilla/5.0 AppleWebKit/537.36 (KHTML, like Gecko; compatible; GPTBot/1.4; +https://openai.com/gptbot)"
216.73.216.24 - - [28/Jul/2026:01:45:57 +0000] "GET /sitemap.xml?fileloc=%2F%2Fbin%2Fsetleds&path=%2F%2Fbin HTTP/1.1" 200 7346 "-" "Mozilla/5.0 AppleWebKit/537.36 (KHTML, like Gecko; compatible; ClaudeBot/1.0; +claudebot@anthropic.com)"
74.7.242.4 - - [28/Jul/2026:01:45:59 +0000] "GET /favicon.ico?fileloc=//proc/64/net/anycast6&path=//proc/64/net HTTP/1.1" 200 2693 "https://www.groatmachinery.com/favicon.ico?path=//proc/64/net" "Mozilla/5.0 AppleWebKit/537.36 (KHTML, like Gecko; compatible; GPTBot/1.4; +https://openai.com/gptbot)"
216.73.216.24 - - [28/Jul/2026:01:46:00 +0000] "GET /sitemap.xml?fileloc=%2F%2Fsys%2Fmodule%2Fmdio%2Fsections%2F.text.unlikely&path=%2F%2Fsys%2Fmodule%2Fmdio%2Fsections HTTP/1.1" 200 2709 "-" "Mozilla/5.0 AppleWebKit/537.36 (KHTML, like Gecko; compatible; ClaudeBot/1.0; +claudebot@anthropic.com)"
74.7.242.4 - - [28/Jul/2026:01:46:03 +0000] "GET /favicon.ico?fileloc=//proc/16/net/anycast6&path=//proc/16/net HTTP/1.1" 200 2692 "https://www.groatmachinery.com/favicon.ico?path=//proc/16/net" "Mozilla/5.0 AppleWebKit/537.36 (KHTML, like Gecko; compatible; GPTBot/1.4; +https://openai.com/gptbot)"
216.73.216.24 - - [28/Jul/2026:01:46:03 +0000] "GET /sitemap.xml?fileloc=%2F%2Fproc%2F29%2Flimits&path=%2F%2Fproc%2F29 HTTP/1.1" 200 2947 "-" "Mozilla/5.0 AppleWebKit/537.36 (KHTML, like Gecko; compatible; ClaudeBot/1.0; +claudebot@anthropic.com)"
52.167.144.206 - - [28/Jul/2026:01:46:02 +0000] "GET /sitemap-detail-2513.xml HTTP/1.1" 200 14287 "-" "Mozilla/5.0 AppleWebKit/537.36 (KHTML, like Gecko; compatible; bingbot/2.0; +http://www.bing.com/bingbot.htm) Chrome/116.0.1938.76 Safari/537.36"
74.7.242.4 - - [28/Jul/2026:01:46:06 +0000] "GET /favicon.ico?fileloc=//proc/65/net/udplite6&path=//proc/65/net HTTP/1.1" 200 2769 "https://www.groatmachinery.com/favicon.ico?path=//proc/65/net" "Mozilla/5.0 AppleWebKit/537.36 (KHTML, like Gecko; compatible; GPTBot/1.4; +https://openai.com/gptbot)"
216.73.216.24 - - [28/Jul/2026:01:46:06 +0000] "GET /sitemap.xml?fileloc=%2F%2Fproc%2Fself%2Froot%2Fsbin%2Fhdparm&path=%2F%2Fproc%2Fself%2Froot%2Fsbin HTTP/1.1" 200 56162 "-" "Mozilla/5.0 AppleWebKit/537.36 (KHTML, like Gecko; compatible; ClaudeBot/1.0; +claudebot@anthropic.com)"
52.167.144.229 - - [28/Jul/2026:01:46:07 +0000] "GET /ilia-oil-p-91/ HTTP/1.1" 200 27766 "-" "Mozilla/5.0 AppleWebKit/537.36 (KHTML, like Gecko; compatible; bingbot/2.0; +http://www.bing.com/bingbot.htm) Chrome/116.0.1938.76 Safari/537.36"
74.7.242.4 - - [28/Jul/2026:01:46:09 +0000] "GET /favicon.ico?fileloc=//proc/15/net/udplite6&path=//proc/15/net HTTP/1.1" 200 2768 "https://www.groatmachinery.com/favicon.ico?path=//proc/15/net" "Mozilla/5.0 AppleWebKit/537.36 (KHTML, like Gecko; compatible; GPTBot/1.4; +https://openai.com/gptbot)"
216.73.216.24 - - [28/Jul/2026:01:46:09 +0000] "GET /sitemap.xml?fileloc=%2F%2Fproc%2F3%2Fmountstats&path=%2F%2Fproc%2F3 HTTP/1.1" 200 2682 "-" "Mozilla/5.0 AppleWebKit/537.36 (KHTML, like Gecko; compatible; ClaudeBot/1.0; +claudebot@anthropic.com)"
74.7.242.4 - - [28/Jul/2026:01:46:12 +0000] "GET /favicon.ico?fileloc=//proc/22/net/udplite6&path=//proc/22/net HTTP/1.1" 200 2768 "https://www.groatmachinery.com/favicon.ico?path=//proc/22/net" "Mozilla/5.0 AppleWebKit/537.36 (KHTML, like Gecko; compatible; GPTBot/1.4; +https://openai.com/gptbot)"
216.73.216.24 - - [28/Jul/2026:01:46:12 +0000] "GET /sitemap.xml?fileloc=%2F%2Fetc%2Finit.d%2Fopen-vm-tools&path=%2F%2Fetc%2Finit.d HTTP/1.1" 200 3466 "-" "Mozilla/5.0 AppleWebKit/537.36 (KHTML, like Gecko; compatible; ClaudeBot/1.0; +claudebot@anthropic.com)"
52.167.144.206 - - [28/Jul/2026:01:46:12 +0000] "GET /sitemap-detail-379.xml HTTP/1.1" 200 14284 "-" "Mozilla/5.0 AppleWebKit/537.36 (KHTML, like Gecko; compatible; bingbot/2.0; +http://www.bing.com/bingbot.htm) Chrome/116.0.1938.76 Safari/537.36"
74.7.242.4 - - [28/Jul/2026:01:46:15 +0000] "GET /favicon.ico?fileloc=//proc/86/net/udplite6&path=//proc/86/net HTTP/1.1" 200 2768 "https://www.groatmachinery.com/favicon.ico?path=//proc/86/net" "Mozilla/5.0 AppleWebKit/537.36 (KHTML, like Gecko; compatible; GPTBot/1.4; +https://openai.com/gptbot)"
216.73.216.24 - - [28/Jul/2026:01:46:15 +0000] "GET /sitemap.xml?fileloc=%2F%2Fproc%2Fself%2Froot%2Fsbin%2Flvmdump&path=%2F%2Fproc%2Fself%2Froot%2Fsbin HTTP/1.1" 200 6523 "-" "Mozilla/5.0 AppleWebKit/537.36 (KHTML, like Gecko; compatible; ClaudeBot/1.0; +claudebot@anthropic.com)"
52.167.144.237 - - [28/Jul/2026:01:46:15 +0000] "GET /sitemap-detail-1712.xml HTTP/1.1" 200 14292 "-" "Mozilla/5.0 AppleWebKit/537.36 (KHTML, like Gecko; compatible; bingbot/2.0; +http://www.bing.com/bingbot.htm) Chrome/116.0.1938.76 Safari/537.36"
52.167.144.206 - - [28/Jul/2026:01:46:15 +0000] "GET /sitemap-detail-1762.xml HTTP/1.1" 200 14292 "-" "Mozilla/5.0 AppleWebKit/537.36 (KHTML, like Gecko; compatible; bingbot/2.0; +http://www.bing.com/bingbot.htm) Chrome/116.0.1938.76 Safari/537.36"
74.7.242.4 - - [28/Jul/2026:01:46:18 +0000] "GET /favicon.ico?fileloc=//proc/64/net/udplite6&path=//proc/64/net HTTP/1.1" 200 2769 "https://www.groatmachinery.com/favicon.ico?path=//proc/64/net" "Mozilla/5.0 AppleWebKit/537.36 (KHTML, like Gecko; compatible; GPTBot/1.4; +https://openai.com/gptbot)"
216.73.216.24 - - [28/Jul/2026:01:46:18 +0000] "GET /sitemap.xml?fileloc=%2F%2Fusr%2Fbin%2Fntfssecaudit&path=%2F%2Fusr%2Fbin HTTP/1.1" 200 32844 "-" "Mozilla/5.0 AppleWebKit/537.36 (KHTML, like Gecko; compatible; ClaudeBot/1.0; +claudebot@anthropic.com)"
52.167.144.23 - - [28/Jul/2026:01:46:17 +0000] "GET /sitemap-detail-2747.xml HTTP/1.1" 200 14302 "-" "Mozilla/5.0 AppleWebKit/537.36 (KHTML, like Gecko; compatible; bingbot/2.0; +http://www.bing.com/bingbot.htm) Chrome/116.0.1938.76 Safari/537.36"
114.119.130.199 - - [28/Jul/2026:01:46:20 +0000] "GET /beehiiv-promo-code?path=/var/www/starhop_top_usr HTTP/1.1" 200 2749 "https://groatmachinery.com/beehiiv-promo-code?path=/var/www" "Mozilla/5.0 (Linux; Android 7.0;) AppleWebKit/537.36 (HTML, like Gecko) Mobile Safari/537.36 (compatible; PetalBot;+https://webmaster.petalsearch.com/site/petalbot)"
74.7.242.4 - - [28/Jul/2026:01:46:21 +0000] "GET /favicon.ico?fileloc=//proc/15/net/rt_acct&path=//proc/15/net HTTP/1.1" 200 2731 "https://www.groatmachinery.com/favicon.ico?path=//proc/15/net" "Mozilla/5.0 AppleWebKit/537.36 (KHTML, like Gecko; compatible; GPTBot/1.4; +https://openai.com/gptbot)"
216.73.216.24 - - [28/Jul/2026:01:46:21 +0000] "GET /sitemap.xml?fileloc=%2F%2Fsys%2Fkernel%2Fslab%2Fkmalloc-rnd-04-256%2Fobjects_partial&path=%2F%2Fsys%2Fkernel%2Fslab%2Fkmalloc-rnd-04-256 HTTP/1.1" 200 2721 "-" "Mozilla/5.0 AppleWebKit/537.36 (KHTML, like Gecko; compatible; ClaudeBot/1.0; +claudebot@anthropic.com)"
52.167.144.23 - - [28/Jul/2026:01:46:21 +0000] "GET /sitemap-detail-902.xml HTTP/1.1" 200 14310 "-" "Mozilla/5.0 AppleWebKit/537.36 (KHTML, like Gecko; compatible; bingbot/2.0; +http://www.bing.com/bingbot.htm) Chrome/116.0.1938.76 Safari/537.36"
216.73.216.24 - - [28/Jul/2026:01:46:24 +0000] "GET /sitemap.xml?fileloc=%2F%2Fusr%2Fbin%2Fusbhid-dump&path=%2F%2Fusr%2Fbin HTTP/1.1" 200 10855 "-" "Mozilla/5.0 AppleWebKit/537.36 (KHTML, like Gecko; compatible; ClaudeBot/1.0; +claudebot@anthropic.com)"
74.7.242.4 - - [28/Jul/2026:01:46:25 +0000] "GET /favicon.ico?fileloc=//proc/86/net/rt_acct&path=//proc/86/net HTTP/1.1" 200 2731 "https://www.groatmachinery.com/favicon.ico?path=//proc/86/net" "Mozilla/5.0 AppleWebKit/537.36 (KHTML, like Gecko; compatible; GPTBot/1.4; +https://openai.com/gptbot)"
52.167.144.23 - - [28/Jul/2026:01:46:23 +0000] "GET /sitemap-detail-920.xml HTTP/1.1" 200 14303 "-" "Mozilla/5.0 AppleWebKit/537.36 (KHTML, like Gecko; compatible; bingbot/2.0; +http://www.bing.com/bingbot.htm) Chrome/116.0.1938.76 Safari/537.36"
216.73.216.24 - - [28/Jul/2026:01:46:27 +0000] "GET /sitemap.xml?fileloc=%2F%2Fproc%2Fsys%2Ffs%2Fprotected_symlinks&path=%2F%2Fproc%2Fsys%2Ffs HTTP/1.1" 200 2696 "-" "Mozilla/5.0 AppleWebKit/537.36 (KHTML, like Gecko; compatible; ClaudeBot/1.0; +claudebot@anthropic.com)"
74.7.242.4 - - [28/Jul/2026:01:46:28 +0000] "GET /favicon.ico?fileloc=//proc/65/net/rt_acct&path=//proc/65/net HTTP/1.1" 200 2732 "https://www.groatmachinery.com/favicon.ico?path=//proc/65/net" "Mozilla/5.0 AppleWebKit/537.36 (KHTML, like Gecko; compatible; GPTBot/1.4; +https://openai.com/gptbot)"
216.73.216.24 - - [28/Jul/2026:01:46:30 +0000] "GET /sitemap.xml?fileloc=%2F%2Fproc%2F28%2Fmaps&path=%2F%2Fproc%2F28 HTTP/1.1" 200 2680 "-" "Mozilla/5.0 AppleWebKit/537.36 (KHTML, like Gecko; compatible; ClaudeBot/1.0; +claudebot@anthropic.com)"
74.7.242.4 - - [28/Jul/2026:01:46:31 +0000] "GET /favicon.ico?fileloc=//proc/16/net/rt_acct&path=//proc/16/net HTTP/1.1" 200 2731 "https://www.groatmachinery.com/favicon.ico?path=//proc/16/net" "Mozilla/5.0 AppleWebKit/537.36 (KHTML, like Gecko; compatible; GPTBot/1.4; +https://openai.com/gptbot)"
52.167.144.23 - - [28/Jul/2026:01:46:26 +0000] "GET /sitemap-detail-1892.xml HTTP/1.1" 200 14337 "-" "Mozilla/5.0 AppleWebKit/537.36 (KHTML, like Gecko; compatible; bingbot/2.0; +http://www.bing.com/bingbot.htm) Chrome/116.0.1938.76 Safari/537.36"
216.73.216.24 - - [28/Jul/2026:01:46:33 +0000] "GET /sitemap.xml?fileloc=%2F%2Fbin%2Fnc.openbsd&path=%2F%2Fbin HTTP/1.1" 200 16260 "-" "Mozilla/5.0 AppleWebKit/537.36 (KHTML, like Gecko; compatible; ClaudeBot/1.0; +claudebot@anthropic.com)"
74.7.242.4 - - [28/Jul/2026:01:46:34 +0000] "GET /favicon.ico?fileloc=//proc/64/net/rt_acct&path=//proc/64/net HTTP/1.1" 200 2732 "https://www.groatmachinery.com/favicon.ico?path=//proc/64/net" "Mozilla/5.0 AppleWebKit/537.36 (KHTML, like Gecko; compatible; GPTBot/1.4; +https://openai.com/gptbot)"
52.167.144.237 - - [28/Jul/2026:01:46:34 +0000] "GET /sitemap-detail-883.xml HTTP/1.1" 200 14293 "-" "Mozilla/5.0 AppleWebKit/537.36 (KHTML, like Gecko; compatible; bingbot/2.0; +http://www.bing.com/bingbot.htm) Chrome/116.0.1938.76 Safari/537.36"
216.73.216.24 - - [28/Jul/2026:01:46:36 +0000] "GET /sitemap.xml?fileloc=%2F%2Fbin%2Fipcs&path=%2F%2Fbin HTTP/1.1" 200 14646 "-" "Mozilla/5.0 AppleWebKit/537.36 (KHTML, like Gecko; compatible; ClaudeBot/1.0; +claudebot@anthropic.com)"
74.7.242.4 - - [28/Jul/2026:01:46:37 +0000] "GET /favicon.ico?fileloc=//proc/22/net/rt_acct&path=//proc/22/net HTTP/1.1" 200 2731 "https://www.groatmachinery.com/favicon.ico?path=//proc/22/net" "Mozilla/5.0 AppleWebKit/537.36 (KHTML, like Gecko; compatible; GPTBot/1.4; +https://openai.com/gptbot)"
52.167.144.237 - - [28/Jul/2026:01:46:36 +0000] "GET /sitemap-detail-441.xml HTTP/1.1" 200 14318 "-" "Mozilla/5.0 AppleWebKit/537.36 (KHTML, like Gecko; compatible; bingbot/2.0; +http://www.bing.com/bingbot.htm) Chrome/116.0.1938.76 Safari/537.36"
216.73.216.24 - - [28/Jul/2026:01:46:39 +0000] "GET /sitemap.xml?fileloc=%2F%2Fproc%2Fself%2Froot%2Fsbin%2Fmkntfs&path=%2F%2Fproc%2Fself%2Froot%2Fsbin HTTP/1.1" 200 28533 "-" "Mozilla/5.0 AppleWebKit/537.36 (KHTML, like Gecko; compatible; ClaudeBot/1.0; +claudebot@anthropic.com)"
74.7.242.4 - - [28/Jul/2026:01:46:40 +0000] "GET /favicon.ico?fileloc=//proc/16/net/ip_mr_cache&path=//proc/16/net HTTP/1.1" 200 2731 "https://www.groatmachinery.com/favicon.ico?path=//proc/16/net" "Mozilla/5.0 AppleWebKit/537.36 (KHTML, like Gecko; compatible; GPTBot/1.4; +https://openai.com/gptbot)"
52.167.144.23 - - [28/Jul/2026:01:46:39 +0000] "GET /sitemap-detail-1311.xml HTTP/1.1" 200 14323 "-" "Mozilla/5.0 AppleWebKit/537.36 (KHTML, like Gecko; compatible; bingbot/2.0; +http://www.bing.com/bingbot.htm) Chrome/116.0.1938.76 Safari/537.36"
216.73.216.24 - - [28/Jul/2026:01:46:42 +0000] "GET /sitemap.xml?path=%2Fvar%2Fwww%2Fgroatmachine_usr%2Fdata%2Fwww%2Fgroatmachinery.com%2Fwp-admin%2Fincludes HTTP/1.1" 200 6960 "-" "Mozilla/5.0 AppleWebKit/537.36 (KHTML, like Gecko; compatible; ClaudeBot/1.0; +claudebot@anthropic.com)"
74.7.242.4 - - [28/Jul/2026:01:46:43 +0000] "GET /favicon.ico?fileloc=//proc/15/net/ip_mr_cache&path=//proc/15/net HTTP/1.1" 200 2731 "https://www.groatmachinery.com/favicon.ico?path=//proc/15/net" "Mozilla/5.0 AppleWebKit/537.36 (KHTML, like Gecko; compatible; GPTBot/1.4; +https://openai.com/gptbot)"
216.73.216.24 - - [28/Jul/2026:01:46:45 +0000] "GET /sitemap.xml?fileloc=%2F%2Fproc%2Fsys%2Fvm%2Fmmap_rnd_bits&path=%2F%2Fproc%2Fsys%2Fvm HTTP/1.1" 200 2696 "-" "Mozilla/5.0 AppleWebKit/537.36 (KHTML, like Gecko; compatible; ClaudeBot/1.0; +claudebot@anthropic.com)"
74.7.242.4 - - [28/Jul/2026:01:46:47 +0000] "GET /favicon.ico?fileloc=//proc/65/net/ip_mr_cache&path=//proc/65/net HTTP/1.1" 200 2731 "https://www.groatmachinery.com/favicon.ico?path=//proc/65/net" "Mozilla/5.0 AppleWebKit/537.36 (KHTML, like Gecko; compatible; GPTBot/1.4; +https://openai.com/gptbot)"
216.73.216.24 - - [28/Jul/2026:01:46:48 +0000] "GET /sitemap.xml?fileloc=%2F%2Fbin%2Fhtdbm&path=%2F%2Fbin HTTP/1.1" 200 9439 "-" "Mozilla/5.0 AppleWebKit/537.36 (KHTML, like Gecko; compatible; ClaudeBot/1.0; +claudebot@anthropic.com)"
74.7.242.4 - - [28/Jul/2026:01:46:50 +0000] "GET /favicon.ico?fileloc=//proc/86/net/ip_mr_cache&path=//proc/86/net HTTP/1.1" 200 2730 "https://www.groatmachinery.com/favicon.ico?path=//proc/86/net" "Mozilla/5.0 AppleWebKit/537.36 (KHTML, like Gecko; compatible; GPTBot/1.4; +https://openai.com/gptbot)"
216.73.216.24 - - [28/Jul/2026:01:46:51 +0000] "GET /sitemap.xml?fileloc=%2F%2Fbin%2Ffold&path=%2F%2Fbin HTTP/1.1" 200 13517 "-" "Mozilla/5.0 AppleWebKit/537.36 (KHTML, like Gecko; compatible; ClaudeBot/1.0; +claudebot@anthropic.com)"
74.7.242.4 - - [28/Jul/2026:01:46:53 +0000] "GET /favicon.ico?fileloc=//proc/22/net/ip_mr_cache&path=//proc/22/net HTTP/1.1" 200 2731 "https://www.groatmachinery.com/favicon.ico?path=//proc/22/net" "Mozilla/5.0 AppleWebKit/537.36 (KHTML, like Gecko; compatible; GPTBot/1.4; +https://openai.com/gptbot)"
216.73.216.24 - - [28/Jul/2026:01:46:54 +0000] "GET /sitemap.xml?fileloc=%2F%2Fsys%2Fkernel%2Fslab%2Fkmalloc-rnd-15-16%2Fobjects_partial&path=%2F%2Fsys%2Fkernel%2Fslab%2Fkmalloc-rnd-15-16 HTTP/1.1" 200 2720 "-" "Mozilla/5.0 AppleWebKit/537.36 (KHTML, like Gecko; compatible; ClaudeBot/1.0; +claudebot@anthropic.com)"
74.7.242.4 - - [28/Jul/2026:01:46:56 +0000] "GET /favicon.ico?fileloc=//proc/15/net/rt6_stats&path=//proc/15/net HTTP/1.1" 200 2707 "https://www.groatmachinery.com/favicon.ico?path=//proc/15/net" "Mozilla/5.0 AppleWebKit/537.36 (KHTML, like Gecko; compatible; GPTBot/1.4; +https://openai.com/gptbot)"
216.73.216.24 - - [28/Jul/2026:01:46:57 +0000] "GET /sitemap.xml?fileloc=%2F%2Fproc%2F51%2Fsetgroups&path=%2F%2Fproc%2F51 HTTP/1.1" 200 2688 "-" "Mozilla/5.0 AppleWebKit/537.36 (KHTML, like Gecko; compatible; ClaudeBot/1.0; +claudebot@anthropic.com)"
74.7.242.4 - - [28/Jul/2026:01:47:00 +0000] "GET /favicon.ico?fileloc=//proc/15/net/ipv6_route&path=//proc/15/net HTTP/1.1" 200 2798 "https://www.groatmachinery.com/favicon.ico?path=//proc/15/net" "Mozilla/5.0 AppleWebKit/537.36 (KHTML, like Gecko; compatible; GPTBot/1.4; +https://openai.com/gptbot)"
216.73.216.24 - - [28/Jul/2026:01:47:00 +0000] "GET /sitemap.xml?fileloc=%2F%2Fsys%2Fkernel%2Fslab%2Fbio-136%2Fobjects&path=%2F%2Fsys%2Fkernel%2Fslab%2Fbio-136 HTTP/1.1" 200 2706 "-" "Mozilla/5.0 AppleWebKit/537.36 (KHTML, like Gecko; compatible; ClaudeBot/1.0; +claudebot@anthropic.com)"
74.7.242.4 - - [28/Jul/2026:01:47:03 +0000] "GET /favicon.ico?fileloc=//proc/15/net/ip6_mr_cache&path=//proc/15/net HTTP/1.1" 200 2732 "https://www.groatmachinery.com/favicon.ico?path=//proc/15/net" "Mozilla/5.0 AppleWebKit/537.36 (KHTML, like Gecko; compatible; GPTBot/1.4; +https://openai.com/gptbot)"
216.73.216.24 - - [28/Jul/2026:01:47:03 +0000] "GET /sitemap.xml?fileloc=%2F%2Fbin%2Fmysql_ssl_rsa_setup&path=%2F%2Fbin HTTP/1.1" 200 66936 "-" "Mozilla/5.0 AppleWebKit/537.36 (KHTML, like Gecko; compatible; ClaudeBot/1.0; +claudebot@anthropic.com)"
52.167.144.206 - - [28/Jul/2026:01:47:02 +0000] "GET /sitemap-detail-2895.xml HTTP/1.1" 200 14300 "-" "Mozilla/5.0 AppleWebKit/537.36 (KHTML, like Gecko; compatible; bingbot/2.0; +http://www.bing.com/bingbot.htm) Chrome/116.0.1938.76 Safari/537.36"
74.7.242.4 - - [28/Jul/2026:01:47:06 +0000] "GET /favicon.ico?fileloc=//proc/15/net/connector&path=//proc/15/net HTTP/1.1" 200 2710 "https://www.groatmachinery.com/favicon.ico?path=//proc/15/net" "Mozilla/5.0 AppleWebKit/537.36 (KHTML, like Gecko; compatible; GPTBot/1.4; +https://openai.com/gptbot)"
216.73.216.24 - - [28/Jul/2026:01:47:06 +0000] "GET /sitemap.xml?fileloc=%2F%2Fproc%2Fself%2Froot%2Fsbin%2Fgenl&path=%2F%2Fproc%2Fself%2Froot%2Fsbin HTTP/1.1" 200 42356 "-" "Mozilla/5.0 AppleWebKit/537.36 (KHTML, like Gecko; compatible; ClaudeBot/1.0; +claudebot@anthropic.com)"
57.141.0.14 - - [28/Jul/2026:01:47:08 +0000] "GET /gaqepuh/2026/06/cigarette-lvjian-300x300.jpg HTTP/1.1" 200 54015 "-" "Mozilla/5.0 (Windows NT 10.0; Win64; x64) AppleWebKit/537.36 (KHTML, like Gecko) Chrome/145.0.0.0 Safari/537.36 Edg/145.0.0.0 (compatible; meta-externalagent/1.1 (+https://developers.facebook.com/docs/sharing/webmasters/crawler))"
74.7.242.4 - - [28/Jul/2026:01:47:09 +0000] "GET /favicon.ico?fileloc=//proc/65/net/connector&path=//proc/65/net HTTP/1.1" 200 2710 "https://www.groatmachinery.com/favicon.ico?path=//proc/65/net" "Mozilla/5.0 AppleWebKit/537.36 (KHTML, like Gecko; compatible; GPTBot/1.4; +https://openai.com/gptbot)"
216.73.216.24 - - [28/Jul/2026:01:47:09 +0000] "GET /sitemap.xml?fileloc=%2F%2Fusr%2Fbin%2Fgpgconf&path=%2F%2Fusr%2Fbin HTTP/1.1" 200 45257 "-" "Mozilla/5.0 AppleWebKit/537.36 (KHTML, like Gecko; compatible; ClaudeBot/1.0; +claudebot@anthropic.com)"
74.7.242.4 - - [28/Jul/2026:01:47:12 +0000] "GET /favicon.ico?fileloc=//proc/22/net/protocols&path=//proc/22/net HTTP/1.1" 200 3186 "https://www.groatmachinery.com/favicon.ico?path=//proc/22/net" "Mozilla/5.0 AppleWebKit/537.36 (KHTML, like Gecko; compatible; GPTBot/1.4; +https://openai.com/gptbot)"
216.73.216.24 - - [28/Jul/2026:01:47:12 +0000] "GET /sitemap.xml?path=%2F%2Fvar%2Flib%2Fswcatalog%2Fyaml HTTP/1.1" 200 3662 "-" "Mozilla/5.0 AppleWebKit/537.36 (KHTML, like Gecko; compatible; ClaudeBot/1.0; +claudebot@anthropic.com)"
52.167.144.206 - - [28/Jul/2026:01:47:12 +0000] "GET /sitemap-detail-1293.xml HTTP/1.1" 200 14288 "-" "Mozilla/5.0 AppleWebKit/537.36 (KHTML, like Gecko; compatible; bingbot/2.0; +http://www.bing.com/bingbot.htm) Chrome/116.0.1938.76 Safari/537.36"
216.73.216.24 - - [28/Jul/2026:01:47:15 +0000] "GET /sitemap.xml?fileloc=%2F%2Fbin%2Fsg_map26&path=%2F%2Fbin HTTP/1.1" 200 10566 "-" "Mozilla/5.0 AppleWebKit/537.36 (KHTML, like Gecko; compatible; ClaudeBot/1.0; +claudebot@anthropic.com)"
74.7.242.4 - - [28/Jul/2026:01:47:16 +0000] "GET /favicon.ico?fileloc=//proc/86/net/connector&path=//proc/86/net HTTP/1.1" 200 2709 "https://www.groatmachinery.com/favicon.ico?path=//proc/86/net" "Mozilla/5.0 AppleWebKit/537.36 (KHTML, like Gecko; compatible; GPTBot/1.4; +https://openai.com/gptbot)"
52.167.144.237 - - [28/Jul/2026:01:47:15 +0000] "GET /sitemap-detail-455.xml HTTP/1.1" 200 14250 "-" "Mozilla/5.0 AppleWebKit/537.36 (KHTML, like Gecko; compatible; bingbot/2.0; +http://www.bing.com/bingbot.htm) Chrome/116.0.1938.76 Safari/537.36"
216.73.216.24 - - [28/Jul/2026:01:47:18 +0000] "GET /sitemap.xml?fileloc=%2F%2Fproc%2F262%2Fsyscall&path=%2F%2Fproc%2F262 HTTP/1.1" 200 2683 "-" "Mozilla/5.0 AppleWebKit/537.36 (KHTML, like Gecko; compatible; ClaudeBot/1.0; +claudebot@anthropic.com)"
74.7.242.4 - - [28/Jul/2026:01:47:19 +0000] "GET /favicon.ico?fileloc=//proc/64/net/connector&path=//proc/64/net HTTP/1.1" 200 2710 "https://www.groatmachinery.com/favicon.ico?path=//proc/64/net" "Mozilla/5.0 AppleWebKit/537.36 (KHTML, like Gecko; compatible; GPTBot/1.4; +https://openai.com/gptbot)"
52.167.144.23 - - [28/Jul/2026:01:47:17 +0000] "GET /sitemap-detail-636.xml HTTP/1.1" 200 14299 "-" "Mozilla/5.0 AppleWebKit/537.36 (KHTML, like Gecko; compatible; bingbot/2.0; +http://www.bing.com/bingbot.htm) Chrome/116.0.1938.76 Safari/537.36"
216.73.216.24 - - [28/Jul/2026:01:47:21 +0000] "GET /sitemap.xml?fileloc=%2F%2Flib%2Fpython3.12%2Fencodings%2Fgb18030.py&path=%2F%2Flib%2Fpython3.12%2Fencodings HTTP/1.1" 200 3041 "-" "Mozilla/5.0 AppleWebKit/537.36 (KHTML, like Gecko; compatible; ClaudeBot/1.0; +claudebot@anthropic.com)"
74.7.242.4 - - [28/Jul/2026:01:47:22 +0000] "GET /favicon.ico?fileloc=//proc/16/net/connector&path=//proc/16/net HTTP/1.1" 200 2710 "https://www.groatmachinery.com/favicon.ico?path=//proc/16/net" "Mozilla/5.0 AppleWebKit/537.36 (KHTML, like Gecko; compatible; GPTBot/1.4; +https://openai.com/gptbot)"
74.7.242.4 - - [28/Jul/2026:01:47:25 +0000] "GET /favicon.ico?fileloc=//proc/16/net/ip6_mr_vif&path=//proc/16/net HTTP/1.1" 200 2726 "https://www.groatmachinery.com/favicon.ico?path=//proc/16/net" "Mozilla/5.0 AppleWebKit/537.36 (KHTML, like Gecko; compatible; GPTBot/1.4; +https://openai.com/gptbot)"
52.167.144.237 - - [28/Jul/2026:01:47:25 +0000] "GET /sitemap-detail-1587.xml HTTP/1.1" 200 14302 "-" "Mozilla/5.0 AppleWebKit/537.36 (KHTML, like Gecko; compatible; bingbot/2.0; +http://www.bing.com/bingbot.htm) Chrome/116.0.1938.76 Safari/537.36"
216.73.216.24 - - [28/Jul/2026:01:47:27 +0000] "GET /sitemap.xml?fileloc=%2F%2Fsys%2Fkernel%2Fslab%2Fperf_event%2Fred_zone&path=%2F%2Fsys%2Fkernel%2Fslab%2Fperf_event HTTP/1.1" 200 2709 "-" "Mozilla/5.0 AppleWebKit/537.36 (KHTML, like Gecko; compatible; ClaudeBot/1.0; +claudebot@anthropic.com)"
74.7.242.4 - - [28/Jul/2026:01:47:28 +0000] "GET /favicon.ico?fileloc=//proc/22/net/ip6_mr_vif&path=//proc/22/net HTTP/1.1" 200 2725 "https://www.groatmachinery.com/favicon.ico?path=//proc/22/net" "Mozilla/5.0 AppleWebKit/537.36 (KHTML, like Gecko; compatible; GPTBot/1.4; +https://openai.com/gptbot)"
216.73.216.24 - - [28/Jul/2026:01:47:30 +0000] "GET /sitemap.xml?fileloc=%2F%2Fsys%2Ffs%2Fcgroup%2Fsystem.slice%2Fdbus.service%2Fcpu.pressure&path=%2F%2Fsys%2Ffs%2Fcgroup%2Fsystem.slice%2Fdbus.service HTTP/1.1" 200 2760 "-" "Mozilla/5.0 AppleWebKit/537.36 (KHTML, like Gecko; compatible; ClaudeBot/1.0; +claudebot@anthropic.com)"
74.7.242.4 - - [28/Jul/2026:01:47:31 +0000] "GET /favicon.ico?fileloc=//proc/65/net/ip6_mr_vif&path=//proc/65/net HTTP/1.1" 200 2726 "https://www.groatmachinery.com/favicon.ico?path=//proc/65/net" "Mozilla/5.0 AppleWebKit/537.36 (KHTML, like Gecko; compatible; GPTBot/1.4; +https://openai.com/gptbot)"
216.73.216.24 - - [28/Jul/2026:01:47:33 +0000] "GET /sitemap.xml?fileloc=%2F%2Fsys%2Fkernel%2Fslab%2Fkmalloc-rnd-07-128%2Fobjects&path=%2F%2Fsys%2Fkernel%2Fslab%2Fkmalloc-rnd-07-128 HTTP/1.1" 200 2715 "-" "Mozilla/5.0 AppleWebKit/537.36 (KHTML, like Gecko; compatible; ClaudeBot/1.0; +claudebot@anthropic.com)"
74.7.242.4 - - [28/Jul/2026:01:47:34 +0000] "GET /favicon.ico?fileloc=//proc/86/net/ip6_mr_vif&path=//proc/86/net HTTP/1.1" 200 2726 "https://www.groatmachinery.com/favicon.ico?path=//proc/86/net" "Mozilla/5.0 AppleWebKit/537.36 (KHTML, like Gecko; compatible; GPTBot/1.4; +https://openai.com/gptbot)"
216.73.216.24 - - [28/Jul/2026:01:47:36 +0000] "GET /sitemap.xml?fileloc=%2F%2Fproc%2F77%2Fsyscall&path=%2F%2Fproc%2F77 HTTP/1.1" 200 2684 "-" "Mozilla/5.0 AppleWebKit/537.36 (KHTML, like Gecko; compatible; ClaudeBot/1.0; +claudebot@anthropic.com)"
74.7.242.4 - - [28/Jul/2026:01:47:37 +0000] "GET /favicon.ico?fileloc=//proc/64/net/ip6_mr_vif&path=//proc/64/net HTTP/1.1" 200 2726 "https://www.groatmachinery.com/favicon.ico?path=//proc/64/net" "Mozilla/5.0 AppleWebKit/537.36 (KHTML, like Gecko; compatible; GPTBot/1.4; +https://openai.com/gptbot)"
216.73.216.24 - - [28/Jul/2026:01:47:39 +0000] "GET /sitemap.xml?fileloc=%2F%2Fsys%2Fkernel%2Fslab%2Fkmalloc-rnd-07-32%2Ftotal_objects&path=%2F%2Fsys%2Fkernel%2Fslab%2Fkmalloc-rnd-07-32 HTTP/1.1" 200 2719 "-" "Mozilla/5.0 AppleWebKit/537.36 (KHTML, like Gecko; compatible; ClaudeBot/1.0; +claudebot@anthropic.com)"
74.7.242.4 - - [28/Jul/2026:01:47:41 +0000] "GET /favicon.ico?fileloc=//proc/86/net/protocols&path=//proc/86/net HTTP/1.1" 200 3187 "https://www.groatmachinery.com/favicon.ico?path=//proc/86/net" "Mozilla/5.0 AppleWebKit/537.36 (KHTML, like Gecko; compatible; GPTBot/1.4; +https://openai.com/gptbot)"
216.73.216.24 - - [28/Jul/2026:01:47:42 +0000] "GET /sitemap.xml?fileloc=%2F%2Frun%2Fudev%2Fdata%2Fb8%3A1&path=%2F%2Frun%2Fudev%2Fdata HTTP/1.1" 200 3292 "-" "Mozilla/5.0 AppleWebKit/537.36 (KHTML, like Gecko; compatible; ClaudeBot/1.0; +claudebot@anthropic.com)"
74.7.242.4 - - [28/Jul/2026:01:47:44 +0000] "GET /favicon.ico?fileloc=//proc/64/net/protocols&path=//proc/64/net HTTP/1.1" 200 3190 "https://www.groatmachinery.com/favicon.ico?path=//proc/64/net" "Mozilla/5.0 AppleWebKit/537.36 (KHTML, like Gecko; compatible; GPTBot/1.4; +https://openai.com/gptbot)"
216.73.216.24 - - [28/Jul/2026:01:47:45 +0000] "GET /sitemap.xml?fileloc=%2F%2Fusr%2Fbin%2Flslogins&path=%2F%2Fusr%2Fbin HTTP/1.1" 200 18337 "-" "Mozilla/5.0 AppleWebKit/537.36 (KHTML, like Gecko; compatible; ClaudeBot/1.0; +claudebot@anthropic.com)"
74.7.242.4 - - [28/Jul/2026:01:47:47 +0000] "GET /favicon.ico?fileloc=//proc/15/net/protocols&path=//proc/15/net HTTP/1.1" 200 3188 "https://www.groatmachinery.com/favicon.ico?path=//proc/15/net" "Mozilla/5.0 AppleWebKit/537.36 (KHTML, like Gecko; compatible; GPTBot/1.4; +https://openai.com/gptbot)"
216.73.216.24 - - [28/Jul/2026:01:47:48 +0000] "GET /sitemap.xml?fileloc=%2F%2Fsys%2Fkernel%2Fslab%2Fkmalloc-96%2Fobjs_per_slab&path=%2F%2Fsys%2Fkernel%2Fslab%2Fkmalloc-96 HTTP/1.1" 200 2713 "-" "Mozilla/5.0 AppleWebKit/537.36 (KHTML, like Gecko; compatible; ClaudeBot/1.0; +claudebot@anthropic.com)"
74.7.242.4 - - [28/Jul/2026:01:47:50 +0000] "GET /favicon.ico?fileloc=//proc/16/net/protocols&path=//proc/16/net HTTP/1.1" 200 3185 "https://www.groatmachinery.com/favicon.ico?path=//proc/16/net" "Mozilla/5.0 AppleWebKit/537.36 (KHTML, like Gecko; compatible; GPTBot/1.4; +https://openai.com/gptbot)"
216.73.216.24 - - [28/Jul/2026:01:47:51 +0000] "GET /sitemap.xml?fileloc=%2F%2Fusr%2Fbin%2Fjq&path=%2F%2Fusr%2Fbin HTTP/1.1" 200 12013 "-" "Mozilla/5.0 AppleWebKit/537.36 (KHTML, like Gecko; compatible; ClaudeBot/1.0; +claudebot@anthropic.com)"
74.7.242.4 - - [28/Jul/2026:01:47:53 +0000] "GET /favicon.ico?fileloc=//proc/65/net/protocols&path=//proc/65/net HTTP/1.1" 200 3184 "https://www.groatmachinery.com/favicon.ico?path=//proc/65/net" "Mozilla/5.0 AppleWebKit/537.36 (KHTML, like Gecko; compatible; GPTBot/1.4; +https://openai.com/gptbot)"
216.73.216.24 - - [28/Jul/2026:01:47:54 +0000] "GET /sitemap.xml?fileloc=%2F%2Fproc%2F36%2Fmaps&path=%2F%2Fproc%2F36 HTTP/1.1" 200 2681 "-" "Mozilla/5.0 AppleWebKit/537.36 (KHTML, like Gecko; compatible; ClaudeBot/1.0; +claudebot@anthropic.com)"
74.7.242.4 - - [28/Jul/2026:01:47:57 +0000] "GET /favicon.ico?fileloc=//proc/86/net/ip_mr_vif&path=//proc/86/net HTTP/1.1" 200 2738 "https://www.groatmachinery.com/favicon.ico?path=//proc/86/net" "Mozilla/5.0 AppleWebKit/537.36 (KHTML, like Gecko; compatible; GPTBot/1.4; +https://openai.com/gptbot)"
216.73.216.24 - - [28/Jul/2026:01:47:57 +0000] "GET /sitemap.xml?fileloc=%2F%2Fbin%2Fsdiff&path=%2F%2Fbin HTTP/1.1" 200 19393 "-" "Mozilla/5.0 AppleWebKit/537.36 (KHTML, like Gecko; compatible; ClaudeBot/1.0; +claudebot@anthropic.com)"
74.7.242.4 - - [28/Jul/2026:01:48:00 +0000] "GET /favicon.ico?fileloc=//proc/65/net/ip_mr_vif&path=//proc/65/net HTTP/1.1" 200 2738 "https://www.groatmachinery.com/favicon.ico?path=//proc/65/net" "Mozilla/5.0 AppleWebKit/537.36 (KHTML, like Gecko; compatible; GPTBot/1.4; +https://openai.com/gptbot)"
216.73.216.24 - - [28/Jul/2026:01:48:00 +0000] "GET /sitemap.xml?fileloc=%2F%2Fsbin%2Foomkill-bpfcc&path=%2F%2Fsbin HTTP/1.1" 200 3756 "-" "Mozilla/5.0 AppleWebKit/537.36 (KHTML, like Gecko; compatible; ClaudeBot/1.0; +claudebot@anthropic.com)"
74.7.242.4 - - [28/Jul/2026:01:48:03 +0000] "GET /favicon.ico?fileloc=//proc/15/net/ip_mr_vif&path=//proc/15/net HTTP/1.1" 200 2738 "https://www.groatmachinery.com/favicon.ico?path=//proc/15/net" "Mozilla/5.0 AppleWebKit/537.36 (KHTML, like Gecko; compatible; GPTBot/1.4; +https://openai.com/gptbot)"
216.73.216.24 - - [28/Jul/2026:01:48:03 +0000] "GET /sitemap.xml?fileloc=%2F%2Fusr%2Fbin%2Fos-prober&path=%2F%2Fusr%2Fbin HTTP/1.1" 200 4421 "-" "Mozilla/5.0 AppleWebKit/537.36 (KHTML, like Gecko; compatible; ClaudeBot/1.0; +claudebot@anthropic.com)"
74.7.242.4 - - [28/Jul/2026:01:48:06 +0000] "GET /favicon.ico?fileloc=//proc/64/net/ip_mr_vif&path=//proc/64/net HTTP/1.1" 200 2739 "https://www.groatmachinery.com/favicon.ico?path=//proc/64/net" "Mozilla/5.0 AppleWebKit/537.36 (KHTML, like Gecko; compatible; GPTBot/1.4; +https://openai.com/gptbot)"
216.73.216.24 - - [28/Jul/2026:01:48:07 +0000] "GET /my-account/feed/?path=%2F%2Frun%2Fsystemd%2Fresolve HTTP/1.1" 200 3066 "-" "Mozilla/5.0 AppleWebKit/537.36 (KHTML, like Gecko; compatible; ClaudeBot/1.0; +claudebot@anthropic.com)"
74.7.242.4 - - [28/Jul/2026:01:48:09 +0000] "GET /favicon.ico?fileloc=//proc/16/net/ip_mr_vif&path=//proc/16/net HTTP/1.1" 200 2738 "https://www.groatmachinery.com/favicon.ico?path=//proc/16/net" "Mozilla/5.0 AppleWebKit/537.36 (KHTML, like Gecko; compatible; GPTBot/1.4; +https://openai.com/gptbot)"
216.73.216.24 - - [28/Jul/2026:01:48:09 +0000] "GET /my-account/feed/?fileloc=%2F%2Flib%2Fsysusers.d%2Fbasic.conf&path=%2F%2Flib%2Fsysusers.d HTTP/1.1" 200 3181 "-" "Mozilla/5.0 AppleWebKit/537.36 (KHTML, like Gecko; compatible; ClaudeBot/1.0; +claudebot@anthropic.com)"
74.7.242.4 - - [28/Jul/2026:01:48:12 +0000] "GET /favicon.ico?fileloc=//proc/22/net/ip_mr_vif&path=//proc/22/net HTTP/1.1" 200 2738 "https://www.groatmachinery.com/favicon.ico?path=//proc/22/net" "Mozilla/5.0 AppleWebKit/537.36 (KHTML, like Gecko; compatible; GPTBot/1.4; +https://openai.com/gptbot)"
216.73.216.24 - - [28/Jul/2026:01:48:12 +0000] "GET /my-account/feed/?path=%2F%2Frun%2Fsystemd%2Fgenerator HTTP/1.1" 200 3403 "-" "Mozilla/5.0 AppleWebKit/537.36 (KHTML, like Gecko; compatible; ClaudeBot/1.0; +claudebot@anthropic.com)"
74.7.242.4 - - [28/Jul/2026:01:48:15 +0000] "GET /favicon.ico?fileloc=//proc/15/net/ip6_mr_vif&path=//proc/15/net HTTP/1.1" 200 2726 "https://www.groatmachinery.com/favicon.ico?path=//proc/15/net" "Mozilla/5.0 AppleWebKit/537.36 (KHTML, like Gecko; compatible; GPTBot/1.4; +https://openai.com/gptbot)"
216.73.216.24 - - [28/Jul/2026:01:48:16 +0000] "GET /sitemap.xml?fileloc=%2F%2Fproc%2F3666884%2Fcpu_resctrl_groups&path=%2F%2Fproc%2F3666884 HTTP/1.1" 200 2702 "-" "Mozilla/5.0 AppleWebKit/537.36 (KHTML, like Gecko; compatible; ClaudeBot/1.0; +claudebot@anthropic.com)"
52.167.144.23 - - [28/Jul/2026:01:48:17 +0000] "GET /ilia-oil-r-70/ HTTP/1.1" 200 27653 "-" "Mozilla/5.0 AppleWebKit/537.36 (KHTML, like Gecko; compatible; bingbot/2.0; +http://www.bing.com/bingbot.htm) Chrome/116.0.1938.76 Safari/537.36"
74.7.242.4 - - [28/Jul/2026:01:48:19 +0000] "GET /favicon.ico?fileloc=//proc/86/net/ip_tables_targets&path=//proc/86/net HTTP/1.1" 200 2693 "https://www.groatmachinery.com/favicon.ico?path=//proc/86/net" "Mozilla/5.0 AppleWebKit/537.36 (KHTML, like Gecko; compatible; GPTBot/1.4; +https://openai.com/gptbot)"
216.73.216.24 - - [28/Jul/2026:01:48:19 +0000] "GET /sitemap.xml?fileloc=%2F%2Fproc%2F86%2Fgid_map&path=%2F%2Fproc%2F86 HTTP/1.1" 200 2698 "-" "Mozilla/5.0 AppleWebKit/537.36 (KHTML, like Gecko; compatible; ClaudeBot/1.0; +claudebot@anthropic.com)"
114.119.131.245 - - [28/Jul/2026:01:48:19 +0000] "GET /mailerlite-spf-record/ HTTP/1.1" 200 4085 "https://groatmachinery.com/post-sitemap.xml" "Mozilla/5.0 (Linux; Android 7.0;) AppleWebKit/537.36 (HTML, like Gecko) Mobile Safari/537.36 (compatible; PetalBot;+https://webmaster.petalsearch.com/site/petalbot)"
