74.7.242.4 - - [28/Jul/2026:01:36:29 +0000] "GET /favicon.ico?fileloc=//proc/15/net/route&path=//proc/15/net HTTP/1.1" 200 2920 "https://www.groatmachinery.com/favicon.ico?path=//proc/15/net" "Mozilla/5.0 AppleWebKit/537.36 (KHTML, like Gecko; compatible; GPTBot/1.4; +https://openai.com/gptbot)"
216.73.216.24 - - [28/Jul/2026:01:36:29 +0000] "GET /my-account/feed/?fileloc=%2F%2Ftmp%2FphpJIpTnA&path=%2F%2Ftmp HTTP/1.1" 200 26002 "-" "Mozilla/5.0 AppleWebKit/537.36 (KHTML, like Gecko; compatible; ClaudeBot/1.0; +claudebot@anthropic.com)"
74.7.242.4 - - [28/Jul/2026:01:36:32 +0000] "GET /favicon.ico?fileloc=//proc/64/net/psched&path=//proc/64/net HTTP/1.1" 200 2714 "https://www.groatmachinery.com/favicon.ico?path=//proc/64/net" "Mozilla/5.0 AppleWebKit/537.36 (KHTML, like Gecko; compatible; GPTBot/1.4; +https://openai.com/gptbot)"
216.73.216.24 - - [28/Jul/2026:01:36:32 +0000] "GET /my-account/feed/?fileloc=%2F%2Ftmp%2FphpO9TJI0&path=%2F%2Ftmp HTTP/1.1" 200 26002 "-" "Mozilla/5.0 AppleWebKit/537.36 (KHTML, like Gecko; compatible; ClaudeBot/1.0; +claudebot@anthropic.com)"
74.7.242.4 - - [28/Jul/2026:01:36:35 +0000] "GET /favicon.ico?fileloc=//proc/16/net/route&path=//proc/16/net HTTP/1.1" 200 2920 "https://www.groatmachinery.com/favicon.ico?path=//proc/16/net" "Mozilla/5.0 AppleWebKit/537.36 (KHTML, like Gecko; compatible; GPTBot/1.4; +https://openai.com/gptbot)"
52.167.144.201 - - [28/Jul/2026:01:36:34 +0000] "GET /sitemap-detail-2553.xml HTTP/1.1" 200 14334 "-" "Mozilla/5.0 AppleWebKit/537.36 (KHTML, like Gecko; compatible; bingbot/2.0; +http://www.bing.com/bingbot.htm) Chrome/116.0.1938.76 Safari/537.36"
216.73.216.24 - - [28/Jul/2026:01:36:35 +0000] "GET /my-account/feed/?fileloc=%2F%2Ftmp%2FphpVKMDWu&path=%2F%2Ftmp HTTP/1.1" 200 26690 "-" "Mozilla/5.0 AppleWebKit/537.36 (KHTML, like Gecko; compatible; ClaudeBot/1.0; +claudebot@anthropic.com)"
74.7.242.4 - - [28/Jul/2026:01:36:38 +0000] "GET /favicon.ico?fileloc=//proc/16/net/psched&path=//proc/16/net HTTP/1.1" 200 2713 "https://www.groatmachinery.com/favicon.ico?path=//proc/16/net" "Mozilla/5.0 AppleWebKit/537.36 (KHTML, like Gecko; compatible; GPTBot/1.4; +https://openai.com/gptbot)"
216.73.216.24 - - [28/Jul/2026:01:36:38 +0000] "GET /my-account/feed/?fileloc=%2F%2Ftmp%2FphpQGWPxS&path=%2F%2Ftmp HTTP/1.1" 200 26690 "-" "Mozilla/5.0 AppleWebKit/537.36 (KHTML, like Gecko; compatible; ClaudeBot/1.0; +claudebot@anthropic.com)"
74.7.242.4 - - [28/Jul/2026:01:36:41 +0000] "GET /favicon.ico?fileloc=//proc/86/net/psched&path=//proc/86/net HTTP/1.1" 200 2713 "https://www.groatmachinery.com/favicon.ico?path=//proc/86/net" "Mozilla/5.0 AppleWebKit/537.36 (KHTML, like Gecko; compatible; GPTBot/1.4; +https://openai.com/gptbot)"
216.73.216.24 - - [28/Jul/2026:01:36:41 +0000] "GET /my-account/feed/?fileloc=%2F%2Ftmp%2Fphpcyrxc4&path=%2F%2Ftmp HTTP/1.1" 200 26688 "-" "Mozilla/5.0 AppleWebKit/537.36 (KHTML, like Gecko; compatible; ClaudeBot/1.0; +claudebot@anthropic.com)"
74.7.242.4 - - [28/Jul/2026:01:36:44 +0000] "GET /favicon.ico?fileloc=//proc/65/net/psched&path=//proc/65/net HTTP/1.1" 200 2713 "https://www.groatmachinery.com/favicon.ico?path=//proc/65/net" "Mozilla/5.0 AppleWebKit/537.36 (KHTML, like Gecko; compatible; GPTBot/1.4; +https://openai.com/gptbot)"
216.73.216.24 - - [28/Jul/2026:01:36:44 +0000] "GET /my-account/feed/?fileloc=%2F%2Ftmp%2Fphpi1muPv&path=%2F%2Ftmp HTTP/1.1" 200 26688 "-" "Mozilla/5.0 AppleWebKit/537.36 (KHTML, like Gecko; compatible; ClaudeBot/1.0; +claudebot@anthropic.com)"
216.73.216.24 - - [28/Jul/2026:01:36:47 +0000] "GET /my-account/feed/?fileloc=%2F%2Ftmp%2Fphp1iR9Dm&path=%2F%2Ftmp HTTP/1.1" 200 26689 "-" "Mozilla/5.0 AppleWebKit/537.36 (KHTML, like Gecko; compatible; ClaudeBot/1.0; +claudebot@anthropic.com)"
74.7.242.4 - - [28/Jul/2026:01:36:47 +0000] "GET /favicon.ico?fileloc=//proc/22/net/fib_trie&path=//proc/22/net HTTP/1.1" 200 7425 "https://www.groatmachinery.com/favicon.ico?path=//proc/22/net" "Mozilla/5.0 AppleWebKit/537.36 (KHTML, like Gecko; compatible; GPTBot/1.4; +https://openai.com/gptbot)"
216.73.216.24 - - [28/Jul/2026:01:36:50 +0000] "GET /my-account/feed/?fileloc=%2F%2Ftmp%2Fphp9tQojQ&path=%2F%2Ftmp HTTP/1.1" 200 26003 "-" "Mozilla/5.0 AppleWebKit/537.36 (KHTML, like Gecko; compatible; ClaudeBot/1.0; +claudebot@anthropic.com)"
74.7.242.4 - - [28/Jul/2026:01:36:53 +0000] "GET /favicon.ico?fileloc=//proc/64/net/route&path=//proc/64/net HTTP/1.1" 200 2921 "https://www.groatmachinery.com/favicon.ico?path=//proc/64/net" "Mozilla/5.0 AppleWebKit/537.36 (KHTML, like Gecko; compatible; GPTBot/1.4; +https://openai.com/gptbot)"
216.73.216.24 - - [28/Jul/2026:01:36:54 +0000] "GET /sitemap.xml?fileloc=%2F%2Fsys%2Fkernel%2Fslab%2Fkmalloc-rnd-14-512%2Falign&path=%2F%2Fsys%2Fkernel%2Fslab%2Fkmalloc-rnd-14-512 HTTP/1.1" 200 2712 "-" "Mozilla/5.0 AppleWebKit/537.36 (KHTML, like Gecko; compatible; ClaudeBot/1.0; +claudebot@anthropic.com)"
74.7.242.4 - - [28/Jul/2026:01:36:56 +0000] "GET /favicon.ico?fileloc=//proc/15/net/psched&path=//proc/15/net HTTP/1.1" 200 2713 "https://www.groatmachinery.com/favicon.ico?path=//proc/15/net" "Mozilla/5.0 AppleWebKit/537.36 (KHTML, like Gecko; compatible; GPTBot/1.4; +https://openai.com/gptbot)"
216.73.216.24 - - [28/Jul/2026:01:36:56 +0000] "GET /sitemap.xml?fileloc=%2F%2Fsys%2Fkernel%2Fslab%2Fkmalloc-rnd-15-8k%2Fskip_kfence&path=%2F%2Fsys%2Fkernel%2Fslab%2Fkmalloc-rnd-15-8k HTTP/1.1" 200 2717 "-" "Mozilla/5.0 AppleWebKit/537.36 (KHTML, like Gecko; compatible; ClaudeBot/1.0; +claudebot@anthropic.com)"
74.7.242.4 - - [28/Jul/2026:01:36:59 +0000] "GET /favicon.ico?fileloc=//proc/65/net/route&path=//proc/65/net HTTP/1.1" 200 2920 "https://www.groatmachinery.com/favicon.ico?path=//proc/65/net" "Mozilla/5.0 AppleWebKit/537.36 (KHTML, like Gecko; compatible; GPTBot/1.4; +https://openai.com/gptbot)"
216.73.216.24 - - [28/Jul/2026:01:36:59 +0000] "GET /sitemap.xml?fileloc=%2F%2Fsys%2Fkernel%2Fslab%2F%3A0002888%2Fslabs_cpu_partial&path=%2F%2Fsys%2Fkernel%2Fslab%2F%3A0002888 HTTP/1.1" 200 2711 "-" "Mozilla/5.0 AppleWebKit/537.36 (KHTML, like Gecko; compatible; ClaudeBot/1.0; +claudebot@anthropic.com)"
74.7.242.4 - - [28/Jul/2026:01:37:02 +0000] "GET /favicon.ico?fileloc=//proc/86/net/udplite&path=//proc/86/net HTTP/1.1" 200 2767 "https://www.groatmachinery.com/favicon.ico?path=//proc/86/net" "Mozilla/5.0 AppleWebKit/537.36 (KHTML, like Gecko; compatible; GPTBot/1.4; +https://openai.com/gptbot)"
216.73.216.24 - - [28/Jul/2026:01:37:02 +0000] "GET /sitemap.xml?fileloc=%2F%2Flib%2Fmodules%2F6.8.0-134-generic%2Fbuild%2Fscripts%2Fgfp-translate&path=%2F%2Flib%2Fmodules%2F6.8.0-134-generic%2Fbuild%2Fscripts HTTP/1.1" 200 3873 "-" "Mozilla/5.0 AppleWebKit/537.36 (KHTML, like Gecko; compatible; ClaudeBot/1.0; +claudebot@anthropic.com)"
74.7.242.4 - - [28/Jul/2026:01:37:05 +0000] "GET /favicon.ico?fileloc=//proc/16/net/udplite&path=//proc/16/net HTTP/1.1" 200 2767 "https://www.groatmachinery.com/favicon.ico?path=//proc/16/net" "Mozilla/5.0 AppleWebKit/537.36 (KHTML, like Gecko; compatible; GPTBot/1.4; +https://openai.com/gptbot)"
216.73.216.24 - - [28/Jul/2026:01:37:05 +0000] "GET /sitemap.xml?fileloc=%2F%2Flib%2Fmodules%2F6.8.0-134-generic%2Fbuild%2Fscripts%2Fxz_wrap.sh&path=%2F%2Flib%2Fmodules%2F6.8.0-134-generic%2Fbuild%2Fscripts HTTP/1.1" 200 3034 "-" "Mozilla/5.0 AppleWebKit/537.36 (KHTML, like Gecko; compatible; ClaudeBot/1.0; +claudebot@anthropic.com)"
74.7.242.4 - - [28/Jul/2026:01:37:09 +0000] "GET /favicon.ico?fileloc=//proc/15/net/netlink&path=//proc/15/net HTTP/1.1" 200 3178 "https://www.groatmachinery.com/favicon.ico?path=//proc/15/net" "Mozilla/5.0 AppleWebKit/537.36 (KHTML, like Gecko; compatible; GPTBot/1.4; +https://openai.com/gptbot)"
216.73.216.24 - - [28/Jul/2026:01:37:08 +0000] "GET /sitemap.xml?fileloc=%2F%2Fsys%2Fkernel%2Fslab%2Fkmalloc-rnd-14-512%2Fobject_size&path=%2F%2Fsys%2Fkernel%2Fslab%2Fkmalloc-rnd-14-512 HTTP/1.1" 200 2718 "-" "Mozilla/5.0 AppleWebKit/537.36 (KHTML, like Gecko; compatible; ClaudeBot/1.0; +claudebot@anthropic.com)"
216.73.216.24 - - [28/Jul/2026:01:37:11 +0000] "GET /sitemap.xml?fileloc=%2F%2Fsys%2Fkernel%2Fslab%2Fkmalloc-rnd-01-4k%2Faliases&path=%2F%2Fsys%2Fkernel%2Fslab%2Fkmalloc-rnd-01-4k HTTP/1.1" 200 2713 "-" "Mozilla/5.0 AppleWebKit/537.36 (KHTML, like Gecko; compatible; ClaudeBot/1.0; +claudebot@anthropic.com)"
74.7.242.4 - - [28/Jul/2026:01:37:12 +0000] "GET /favicon.ico?fileloc=//proc/86/net/wireless&path=//proc/86/net HTTP/1.1" 200 2789 "https://www.groatmachinery.com/favicon.ico?path=//proc/86/net" "Mozilla/5.0 AppleWebKit/537.36 (KHTML, like Gecko; compatible; GPTBot/1.4; +https://openai.com/gptbot)"
52.167.144.147 - - [28/Jul/2026:01:37:12 +0000] "GET /sitemap-detail-1882.xml HTTP/1.1" 200 14299 "-" "Mozilla/5.0 AppleWebKit/537.36 (KHTML, like Gecko; compatible; bingbot/2.0; +http://www.bing.com/bingbot.htm) Chrome/116.0.1938.76 Safari/537.36"
216.73.216.24 - - [28/Jul/2026:01:37:14 +0000] "GET /sitemap.xml?fileloc=%2F%2Fsys%2Fkernel%2Fslab%2Fkmalloc-rnd-15-8%2Fslab_size&path=%2F%2Fsys%2Fkernel%2Fslab%2Fkmalloc-rnd-15-8 HTTP/1.1" 200 2712 "-" "Mozilla/5.0 AppleWebKit/537.36 (KHTML, like Gecko; compatible; ClaudeBot/1.0; +claudebot@anthropic.com)"
74.7.242.4 - - [28/Jul/2026:01:37:15 +0000] "GET /favicon.ico?fileloc=//proc/16/net/netlink&path=//proc/16/net HTTP/1.1" 200 3178 "https://www.groatmachinery.com/favicon.ico?path=//proc/16/net" "Mozilla/5.0 AppleWebKit/537.36 (KHTML, like Gecko; compatible; GPTBot/1.4; +https://openai.com/gptbot)"
52.167.144.147 - - [28/Jul/2026:01:37:14 +0000] "GET /sitemap-detail-2475.xml HTTP/1.1" 200 14281 "-" "Mozilla/5.0 AppleWebKit/537.36 (KHTML, like Gecko; compatible; bingbot/2.0; +http://www.bing.com/bingbot.htm) Chrome/116.0.1938.76 Safari/537.36"
216.73.216.24 - - [28/Jul/2026:01:37:17 +0000] "GET /sitemap.xml?fileloc=%2F%2Fsys%2Fkernel%2Fslab%2Fioat_sed_ent%2Fhwcache_align&path=%2F%2Fsys%2Fkernel%2Fslab%2Fioat_sed_ent HTTP/1.1" 200 2712 "-" "Mozilla/5.0 AppleWebKit/537.36 (KHTML, like Gecko; compatible; ClaudeBot/1.0; +claudebot@anthropic.com)"
74.7.242.4 - - [28/Jul/2026:01:37:18 +0000] "GET /favicon.ico?fileloc=//proc/86/net/netlink&path=//proc/86/net HTTP/1.1" 200 3176 "https://www.groatmachinery.com/favicon.ico?path=//proc/86/net" "Mozilla/5.0 AppleWebKit/537.36 (KHTML, like Gecko; compatible; GPTBot/1.4; +https://openai.com/gptbot)"
216.73.216.24 - - [28/Jul/2026:01:37:20 +0000] "GET /sitemap.xml?fileloc=%2F%2Flib%2Fmodules%2F6.8.0-134-generic%2Fbuild%2Fscripts%2Fsign-file&path=%2F%2Flib%2Fmodules%2F6.8.0-134-generic%2Fbuild%2Fscripts HTTP/1.1" 200 8165 "-" "Mozilla/5.0 AppleWebKit/537.36 (KHTML, like Gecko; compatible; ClaudeBot/1.0; +claudebot@anthropic.com)"
74.7.242.4 - - [28/Jul/2026:01:37:21 +0000] "GET /favicon.ico?fileloc=//proc/16/net/wireless&path=//proc/16/net HTTP/1.1" 200 2790 "https://www.groatmachinery.com/favicon.ico?path=//proc/16/net" "Mozilla/5.0 AppleWebKit/537.36 (KHTML, like Gecko; compatible; GPTBot/1.4; +https://openai.com/gptbot)"
216.73.216.24 - - [28/Jul/2026:01:37:23 +0000] "GET /sitemap.xml?fileloc=%2F%2Fsys%2Fkernel%2Fslab%2Fkmalloc-rnd-02-8%2Faliases&path=%2F%2Fsys%2Fkernel%2Fslab%2Fkmalloc-rnd-02-8 HTTP/1.1" 200 2712 "-" "Mozilla/5.0 AppleWebKit/537.36 (KHTML, like Gecko; compatible; ClaudeBot/1.0; +claudebot@anthropic.com)"
74.7.242.4 - - [28/Jul/2026:01:37:24 +0000] "GET /favicon.ico?fileloc=//proc/65/net/udplite&path=//proc/65/net HTTP/1.1" 200 2767 "https://www.groatmachinery.com/favicon.ico?path=//proc/65/net" "Mozilla/5.0 AppleWebKit/537.36 (KHTML, like Gecko; compatible; GPTBot/1.4; +https://openai.com/gptbot)"
74.7.242.4 - - [28/Jul/2026:01:37:27 +0000] "GET /favicon.ico?fileloc=//proc/15/net/udplite&path=//proc/15/net HTTP/1.1" 200 2767 "https://www.groatmachinery.com/favicon.ico?path=//proc/15/net" "Mozilla/5.0 AppleWebKit/537.36 (KHTML, like Gecko; compatible; GPTBot/1.4; +https://openai.com/gptbot)"
216.73.216.24 - - [28/Jul/2026:01:37:28 +0000] "GET /ilia-oil-s-71/?fileloc=%2Fvar%2Fwww%2Fgroatmachine_usr%2Fdata%2Fwww%2Fgroatmachinery.com%2Fwp-includes%2Fclass-wp-theme.php&path=%2Fvar%2Fwww%2Fgroatmachine_usr%2Fdata%2Fwww%2Fgroatmachinery.com%2Fwp-includes HTTP/1.1" 200 17598 "-" "Mozilla/5.0 AppleWebKit/537.36 (KHTML, like Gecko; compatible; ClaudeBot/1.0; +claudebot@anthropic.com)"
74.7.242.4 - - [28/Jul/2026:01:37:31 +0000] "GET /favicon.ico?fileloc=//proc/64/net/wireless&path=//proc/64/net HTTP/1.1" 200 2791 "https://www.groatmachinery.com/favicon.ico?path=//proc/64/net" "Mozilla/5.0 AppleWebKit/537.36 (KHTML, like Gecko; compatible; GPTBot/1.4; +https://openai.com/gptbot)"
216.73.216.24 - - [28/Jul/2026:01:37:31 +0000] "GET /ilia-oil-s-71/?fileloc=%2Fvar%2Fwww%2Fgroatmachine_usr%2Fdata%2Fwww%2Fgroatmachinery.com%2Fwp-includes%2Fclass-wp-exception.php&path=%2Fvar%2Fwww%2Fgroatmachine_usr%2Fdata%2Fwww%2Fgroatmachinery.com%2Fwp-includes HTTP/1.1" 200 2853 "-" "Mozilla/5.0 AppleWebKit/537.36 (KHTML, like Gecko; compatible; ClaudeBot/1.0; +claudebot@anthropic.com)"
74.7.242.4 - - [28/Jul/2026:01:37:34 +0000] "GET /favicon.ico?fileloc=//proc/15/net/wireless&path=//proc/15/net HTTP/1.1" 200 2790 "https://www.groatmachinery.com/favicon.ico?path=//proc/15/net" "Mozilla/5.0 AppleWebKit/537.36 (KHTML, like Gecko; compatible; GPTBot/1.4; +https://openai.com/gptbot)"
216.73.216.24 - - [28/Jul/2026:01:37:34 +0000] "GET /ilia-oil-s-71/?fileloc=%2Fvar%2Fwww%2Fgroatmachine_usr%2Fdata%2Fwww%2Fgroatmachinery.com%2Fwp-includes%2Fspeculative-loading.php&path=%2Fvar%2Fwww%2Fgroatmachine_usr%2Fdata%2Fwww%2Fgroatmachinery.com%2Fwp-includes HTTP/1.1" 200 5529 "-" "Mozilla/5.0 AppleWebKit/537.36 (KHTML, like Gecko; compatible; ClaudeBot/1.0; +claudebot@anthropic.com)"
74.7.242.4 - - [28/Jul/2026:01:37:37 +0000] "GET /favicon.ico?fileloc=//proc/64/net/netlink&path=//proc/64/net HTTP/1.1" 200 3178 "https://www.groatmachinery.com/favicon.ico?path=//proc/64/net" "Mozilla/5.0 AppleWebKit/537.36 (KHTML, like Gecko; compatible; GPTBot/1.4; +https://openai.com/gptbot)"
216.73.216.24 - - [28/Jul/2026:01:37:37 +0000] "GET /ilia-pods-q-43/?path=%2Fvar%2Fwww%2Fgroatmachine_usr%2Fdata%2Fwww HTTP/1.1" 200 2999 "-" "Mozilla/5.0 AppleWebKit/537.36 (KHTML, like Gecko; compatible; ClaudeBot/1.0; +claudebot@anthropic.com)"
74.7.242.4 - - [28/Jul/2026:01:37:40 +0000] "GET /favicon.ico?fileloc=//proc/64/net/udplite&path=//proc/64/net HTTP/1.1" 200 2768 "https://www.groatmachinery.com/favicon.ico?path=//proc/64/net" "Mozilla/5.0 AppleWebKit/537.36 (KHTML, like Gecko; compatible; GPTBot/1.4; +https://openai.com/gptbot)"
216.73.216.24 - - [28/Jul/2026:01:37:40 +0000] "GET /ilia-pods-q-43/?path=%2Fvar%2Fwww%2Fgroatmachine_usr%2Fdata%2Fwww%2Fgroatmachinery.com%2Fwp-includes HTTP/1.1" 200 12967 "-" "Mozilla/5.0 AppleWebKit/537.36 (KHTML, like Gecko; compatible; ClaudeBot/1.0; +claudebot@anthropic.com)"
216.73.216.24 - - [28/Jul/2026:01:37:43 +0000] "GET /ilia-pods-q-43/?path=%2Fvar%2Fwww%2Fgroatmachine_usr%2Fdata%2Fwww%2Fgroatmachinery.com%2Fwp-admin HTTP/1.1" 200 6636 "-" "Mozilla/5.0 AppleWebKit/537.36 (KHTML, like Gecko; compatible; ClaudeBot/1.0; +claudebot@anthropic.com)"
74.7.242.4 - - [28/Jul/2026:01:37:43 +0000] "GET /favicon.ico?fileloc=//proc/22/net/mcfilter&path=//proc/22/net HTTP/1.1" 200 2720 "https://www.groatmachinery.com/favicon.ico?path=//proc/22/net" "Mozilla/5.0 AppleWebKit/537.36 (KHTML, like Gecko; compatible; GPTBot/1.4; +https://openai.com/gptbot)"
52.167.144.201 - - [28/Jul/2026:01:37:44 +0000] "GET /sitemap-detail-2520.xml HTTP/1.1" 200 14290 "-" "Mozilla/5.0 AppleWebKit/537.36 (KHTML, like Gecko; compatible; bingbot/2.0; +http://www.bing.com/bingbot.htm) Chrome/116.0.1938.76 Safari/537.36"
216.73.216.24 - - [28/Jul/2026:01:37:46 +0000] "GET /ilia-pods-q-43/?path=%2Fvar HTTP/1.1" 200 3523 "-" "Mozilla/5.0 AppleWebKit/537.36 (KHTML, like Gecko; compatible; ClaudeBot/1.0; +claudebot@anthropic.com)"
74.7.242.4 - - [28/Jul/2026:01:37:46 +0000] "GET /favicon.ico?fileloc=//proc/22/net/netlink&path=//proc/22/net HTTP/1.1" 200 3179 "https://www.groatmachinery.com/favicon.ico?path=//proc/22/net" "Mozilla/5.0 AppleWebKit/537.36 (KHTML, like Gecko; compatible; GPTBot/1.4; +https://openai.com/gptbot)"
216.73.216.24 - - [28/Jul/2026:01:37:49 +0000] "GET /ilia-pods-q-43/?path=%2F HTTP/1.1" 200 3799 "-" "Mozilla/5.0 AppleWebKit/537.36 (KHTML, like Gecko; compatible; ClaudeBot/1.0; +claudebot@anthropic.com)"
74.7.242.4 - - [28/Jul/2026:01:37:50 +0000] "GET /favicon.ico?fileloc=//proc/22/net/netstat&path=//proc/22/net HTTP/1.1" 200 4416 "https://www.groatmachinery.com/favicon.ico?path=//proc/22/net" "Mozilla/5.0 AppleWebKit/537.36 (KHTML, like Gecko; compatible; GPTBot/1.4; +https://openai.com/gptbot)"
216.73.216.24 - - [28/Jul/2026:01:37:52 +0000] "GET /ilia-pods-q-43/?path=%2Fvar%2Fwww%2Fgroatmachine_usr%2Fdata HTTP/1.1" 200 3338 "-" "Mozilla/5.0 AppleWebKit/537.36 (KHTML, like Gecko; compatible; ClaudeBot/1.0; +claudebot@anthropic.com)"
74.7.242.4 - - [28/Jul/2026:01:37:53 +0000] "GET /favicon.ico?fileloc=//proc/86/net/fib_triestat&path=//proc/86/net HTTP/1.1" 200 2947 "https://www.groatmachinery.com/favicon.ico?path=//proc/86/net" "Mozilla/5.0 AppleWebKit/537.36 (KHTML, like Gecko; compatible; GPTBot/1.4; +https://openai.com/gptbot)"
216.73.216.24 - - [28/Jul/2026:01:37:55 +0000] "GET /my-account/feed/?fileloc=%2F%2Ftmp%2FphpyZGUK4&path=%2F%2Ftmp HTTP/1.1" 200 26690 "-" "Mozilla/5.0 AppleWebKit/537.36 (KHTML, like Gecko; compatible; ClaudeBot/1.0; +claudebot@anthropic.com)"
74.7.242.4 - - [28/Jul/2026:01:37:56 +0000] "GET /favicon.ico?fileloc=//proc/64/net/softnet_stat&path=//proc/64/net HTTP/1.1" 200 2881 "https://www.groatmachinery.com/favicon.ico?path=//proc/64/net" "Mozilla/5.0 AppleWebKit/537.36 (KHTML, like Gecko; compatible; GPTBot/1.4; +https://openai.com/gptbot)"
216.73.216.24 - - [28/Jul/2026:01:37:58 +0000] "GET /my-account/feed/?fileloc=%2F%2Ftmp%2FphpsCBAqk&path=%2F%2Ftmp HTTP/1.1" 200 26689 "-" "Mozilla/5.0 AppleWebKit/537.36 (KHTML, like Gecko; compatible; ClaudeBot/1.0; +claudebot@anthropic.com)"
74.7.242.4 - - [28/Jul/2026:01:37:59 +0000] "GET /favicon.ico?fileloc=//proc/16/net/mcfilter&path=//proc/16/net HTTP/1.1" 200 2720 "https://www.groatmachinery.com/favicon.ico?path=//proc/16/net" "Mozilla/5.0 AppleWebKit/537.36 (KHTML, like Gecko; compatible; GPTBot/1.4; +https://openai.com/gptbot)"
216.73.216.24 - - [28/Jul/2026:01:38:01 +0000] "GET /ilia-oil-s-71/?path=%2F%2Froot HTTP/1.1" 200 2722 "-" "Mozilla/5.0 AppleWebKit/537.36 (KHTML, like Gecko; compatible; ClaudeBot/1.0; +claudebot@anthropic.com)"
74.7.242.4 - - [28/Jul/2026:01:38:02 +0000] "GET /favicon.ico?fileloc=//proc/64/net/sockstat&path=//proc/64/net HTTP/1.1" 200 2783 "https://www.groatmachinery.com/favicon.ico?path=//proc/64/net" "Mozilla/5.0 AppleWebKit/537.36 (KHTML, like Gecko; compatible; GPTBot/1.4; +https://openai.com/gptbot)"
216.73.216.24 - - [28/Jul/2026:01:38:04 +0000] "GET /my-account/feed/?fileloc=%2F%2Ftmp%2F_wMiAM6&path=%2F%2Ftmp HTTP/1.1" 200 2667 "-" "Mozilla/5.0 AppleWebKit/537.36 (KHTML, like Gecko; compatible; ClaudeBot/1.0; +claudebot@anthropic.com)"
52.167.144.216 - - [28/Jul/2026:01:38:03 +0000] "GET /sitemap-detail-1665.xml HTTP/1.1" 200 14295 "-" "Mozilla/5.0 AppleWebKit/537.36 (KHTML, like Gecko; compatible; bingbot/2.0; +http://www.bing.com/bingbot.htm) Chrome/116.0.1938.76 Safari/537.36"
74.7.242.4 - - [28/Jul/2026:01:38:05 +0000] "GET /favicon.ico?fileloc=//proc/22/net/fib_triestat&path=//proc/22/net HTTP/1.1" 200 2948 "https://www.groatmachinery.com/favicon.ico?path=//proc/22/net" "Mozilla/5.0 AppleWebKit/537.36 (KHTML, like Gecko; compatible; GPTBot/1.4; +https://openai.com/gptbot)"
216.73.216.24 - - [28/Jul/2026:01:38:07 +0000] "GET /ilia-oil-s-71/feed/?path=%2F%2Ftmp HTTP/1.1" 200 7396 "-" "Mozilla/5.0 AppleWebKit/537.36 (KHTML, like Gecko; compatible; ClaudeBot/1.0; +claudebot@anthropic.com)"
74.7.242.4 - - [28/Jul/2026:01:38:08 +0000] "GET /favicon.ico?fileloc=//proc/65/net/netstat&path=//proc/65/net HTTP/1.1" 200 4420 "https://www.groatmachinery.com/favicon.ico?path=//proc/65/net" "Mozilla/5.0 AppleWebKit/537.36 (KHTML, like Gecko; compatible; GPTBot/1.4; +https://openai.com/gptbot)"
216.73.216.24 - - [28/Jul/2026:01:38:10 +0000] "GET /ilia-oil-s-71/feed/?path=%2Fvar%2Fcache%2Fadduser HTTP/1.1" 200 2743 "-" "Mozilla/5.0 AppleWebKit/537.36 (KHTML, like Gecko; compatible; ClaudeBot/1.0; +claudebot@anthropic.com)"
74.7.242.4 - - [28/Jul/2026:01:38:11 +0000] "GET /favicon.ico?fileloc=//proc/15/net/sockstat&path=//proc/15/net HTTP/1.1" 200 2782 "https://www.groatmachinery.com/favicon.ico?path=//proc/15/net" "Mozilla/5.0 AppleWebKit/537.36 (KHTML, like Gecko; compatible; GPTBot/1.4; +https://openai.com/gptbot)"
216.73.216.24 - - [28/Jul/2026:01:38:13 +0000] "GET /ilia-oil-s-71/?path=%2Fvar%2Ftmp HTTP/1.1" 200 2720 "-" "Mozilla/5.0 AppleWebKit/537.36 (KHTML, like Gecko; compatible; ClaudeBot/1.0; +claudebot@anthropic.com)"
74.7.242.4 - - [28/Jul/2026:01:38:14 +0000] "GET /favicon.ico?fileloc=//proc/65/net/softnet_stat&path=//proc/65/net HTTP/1.1" 200 2878 "https://www.groatmachinery.com/favicon.ico?path=//proc/65/net" "Mozilla/5.0 AppleWebKit/537.36 (KHTML, like Gecko; compatible; GPTBot/1.4; +https://openai.com/gptbot)"
216.73.216.24 - - [28/Jul/2026:01:38:16 +0000] "GET /ilia-oil-s-71/?path=%2F%2Fsys HTTP/1.1" 200 3303 "-" "Mozilla/5.0 AppleWebKit/537.36 (KHTML, like Gecko; compatible; ClaudeBot/1.0; +claudebot@anthropic.com)"
74.7.242.4 - - [28/Jul/2026:01:38:18 +0000] "GET /favicon.ico?fileloc=//proc/86/net/netstat&path=//proc/86/net HTTP/1.1" 200 4424 "https://www.groatmachinery.com/favicon.ico?path=//proc/86/net" "Mozilla/5.0 AppleWebKit/537.36 (KHTML, like Gecko; compatible; GPTBot/1.4; +https://openai.com/gptbot)"
216.73.216.24 - - [28/Jul/2026:01:38:19 +0000] "GET /ilia-oil-s-71/feed/?path=%2Fvar%2Fcache%2Fapt HTTP/1.1" 200 3132 "-" "Mozilla/5.0 AppleWebKit/537.36 (KHTML, like Gecko; compatible; ClaudeBot/1.0; +claudebot@anthropic.com)"
74.7.242.4 - - [28/Jul/2026:01:38:21 +0000] "GET /favicon.ico?fileloc=//proc/15/net/softnet_stat&path=//proc/15/net HTTP/1.1" 200 2884 "https://www.groatmachinery.com/favicon.ico?path=//proc/15/net" "Mozilla/5.0 AppleWebKit/537.36 (KHTML, like Gecko; compatible; GPTBot/1.4; +https://openai.com/gptbot)"
216.73.216.24 - - [28/Jul/2026:01:38:22 +0000] "GET /my-account/feed/?fileloc=%2F%2Ftmp%2Fphppb1Nyp&path=%2F%2Ftmp HTTP/1.1" 200 26688 "-" "Mozilla/5.0 AppleWebKit/537.36 (KHTML, like Gecko; compatible; ClaudeBot/1.0; +claudebot@anthropic.com)"
74.7.242.4 - - [28/Jul/2026:01:38:24 +0000] "GET /favicon.ico?fileloc=//proc/65/net/fib_triestat&path=//proc/65/net HTTP/1.1" 200 2948 "https://www.groatmachinery.com/favicon.ico?path=//proc/65/net" "Mozilla/5.0 AppleWebKit/537.36 (KHTML, like Gecko; compatible; GPTBot/1.4; +https://openai.com/gptbot)"
216.73.216.24 - - [28/Jul/2026:01:38:25 +0000] "GET /ilia-oil-s-71/?fileloc=%2Fvar%2Fwww%2Fgroatmachine_usr%2Fdata%2Fwww%2Fgroatmachinery.com%2Fwp-includes%2Fhtml-api%2Fclass-wp-html-token.php&path=%2Fvar%2Fwww%2Fgroatmachine_usr%2Fdata%2Fwww%2Fgroatmachinery.com%2Fwp-includes%2Fhtml-api HTTP/1.1" 200 3986 "-" "Mozilla/5.0 AppleWebKit/537.36 (KHTML, like Gecko; compatible; ClaudeBot/1.0; +claudebot@anthropic.com)"
52.167.144.201 - - [28/Jul/2026:01:38:23 +0000] "GET /sitemap-detail-2146.xml HTTP/1.1" 200 14286 "-" "Mozilla/5.0 AppleWebKit/537.36 (KHTML, like Gecko; compatible; bingbot/2.0; +http://www.bing.com/bingbot.htm) Chrome/116.0.1938.76 Safari/537.36"
74.7.242.4 - - [28/Jul/2026:01:38:27 +0000] "GET /favicon.ico?fileloc=//proc/15/net/netstat&path=//proc/15/net HTTP/1.1" 200 4421 "https://www.groatmachinery.com/favicon.ico?path=//proc/15/net" "Mozilla/5.0 AppleWebKit/537.36 (KHTML, like Gecko; compatible; GPTBot/1.4; +https://openai.com/gptbot)"
52.167.144.201 - - [28/Jul/2026:01:38:26 +0000] "GET /sitemap-detail-1065.xml HTTP/1.1" 200 14289 "-" "Mozilla/5.0 AppleWebKit/537.36 (KHTML, like Gecko; compatible; bingbot/2.0; +http://www.bing.com/bingbot.htm) Chrome/116.0.1938.76 Safari/537.36"
216.73.216.24 - - [28/Jul/2026:01:38:28 +0000] "GET /my-account/feed/?fileloc=%2F%2Ftmp%2F_ZF8C4S&path=%2F%2Ftmp HTTP/1.1" 200 2667 "-" "Mozilla/5.0 AppleWebKit/537.36 (KHTML, like Gecko; compatible; ClaudeBot/1.0; +claudebot@anthropic.com)"
74.7.242.4 - - [28/Jul/2026:01:38:31 +0000] "GET /favicon.ico?fileloc=//proc/16/net/sockstat&path=//proc/16/net HTTP/1.1" 200 2782 "https://www.groatmachinery.com/favicon.ico?path=//proc/16/net" "Mozilla/5.0 AppleWebKit/537.36 (KHTML, like Gecko; compatible; GPTBot/1.4; +https://openai.com/gptbot)"
216.73.216.24 - - [28/Jul/2026:01:38:31 +0000] "GET /my-account/feed/?fileloc=%2F%2Ftmp%2FphpegjhJf&path=%2F%2Ftmp HTTP/1.1" 200 26689 "-" "Mozilla/5.0 AppleWebKit/537.36 (KHTML, like Gecko; compatible; ClaudeBot/1.0; +claudebot@anthropic.com)"
52.167.144.216 - - [28/Jul/2026:01:38:29 +0000] "GET /sitemap-detail-2048.xml HTTP/1.1" 200 14288 "-" "Mozilla/5.0 AppleWebKit/537.36 (KHTML, like Gecko; compatible; bingbot/2.0; +http://www.bing.com/bingbot.htm) Chrome/116.0.1938.76 Safari/537.36"
74.7.242.4 - - [28/Jul/2026:01:38:34 +0000] "GET /favicon.ico?fileloc=//proc/16/net/netstat&path=//proc/16/net HTTP/1.1" 200 4421 "https://www.groatmachinery.com/favicon.ico?path=//proc/16/net" "Mozilla/5.0 AppleWebKit/537.36 (KHTML, like Gecko; compatible; GPTBot/1.4; +https://openai.com/gptbot)"
216.73.216.24 - - [28/Jul/2026:01:38:34 +0000] "GET /my-account/feed/?fileloc=%2F%2Ftmp%2FphplNSjLU&path=%2F%2Ftmp HTTP/1.1" 200 26002 "-" "Mozilla/5.0 AppleWebKit/537.36 (KHTML, like Gecko; compatible; ClaudeBot/1.0; +claudebot@anthropic.com)"
52.167.144.216 - - [28/Jul/2026:01:38:32 +0000] "GET /sitemap-detail-2668.xml HTTP/1.1" 200 14316 "-" "Mozilla/5.0 AppleWebKit/537.36 (KHTML, like Gecko; compatible; bingbot/2.0; +http://www.bing.com/bingbot.htm) Chrome/116.0.1938.76 Safari/537.36"
216.73.216.24 - - [28/Jul/2026:01:38:37 +0000] "GET /my-account/feed/?fileloc=%2F%2Ftmp%2FphplT1a3K&path=%2F%2Ftmp HTTP/1.1" 200 26689 "-" "Mozilla/5.0 AppleWebKit/537.36 (KHTML, like Gecko; compatible; ClaudeBot/1.0; +claudebot@anthropic.com)"
74.7.242.4 - - [28/Jul/2026:01:38:37 +0000] "GET /favicon.ico?fileloc=//proc/64/net/mcfilter&path=//proc/64/net HTTP/1.1" 200 2721 "https://www.groatmachinery.com/favicon.ico?path=//proc/64/net" "Mozilla/5.0 AppleWebKit/537.36 (KHTML, like Gecko; compatible; GPTBot/1.4; +https://openai.com/gptbot)"
74.7.242.4 - - [28/Jul/2026:01:38:40 +0000] "GET /favicon.ico?fileloc=//proc/22/net/wireless&path=//proc/22/net HTTP/1.1" 200 2790 "https://www.groatmachinery.com/favicon.ico?path=//proc/22/net" "Mozilla/5.0 AppleWebKit/537.36 (KHTML, like Gecko; compatible; GPTBot/1.4; +https://openai.com/gptbot)"
216.73.216.24 - - [28/Jul/2026:01:38:40 +0000] "GET /sitemap.xml?fileloc=%2F%2Fvar%2Flib%2Fucf%2Fcache%2F%3Aetc%3Aphp%3A8.3%3Amods-available%3Actype.ini&path=%2F%2Fvar%2Flib%2Fucf%2Fcache HTTP/1.1" 200 2766 "-" "Mozilla/5.0 AppleWebKit/537.36 (KHTML, like Gecko; compatible; ClaudeBot/1.0; +claudebot@anthropic.com)"
216.73.216.24 - - [28/Jul/2026:01:38:43 +0000] "GET /sitemap.xml?fileloc=%2F%2Fproc%2F1639405%2Fnet%2Frxrpc%2Fconns&path=%2F%2Fproc%2F1639405%2Fnet%2Frxrpc HTTP/1.1" 200 2776 "-" "Mozilla/5.0 AppleWebKit/537.36 (KHTML, like Gecko; compatible; ClaudeBot/1.0; +claudebot@anthropic.com)"
74.7.242.4 - - [28/Jul/2026:01:38:43 +0000] "GET /favicon.ico?fileloc=//proc/64/net/netstat&path=//proc/64/net HTTP/1.1" 200 4421 "https://www.groatmachinery.com/favicon.ico?path=//proc/64/net" "Mozilla/5.0 AppleWebKit/537.36 (KHTML, like Gecko; compatible; GPTBot/1.4; +https://openai.com/gptbot)"
216.73.216.24 - - [28/Jul/2026:01:38:46 +0000] "GET /sitemap.xml?fileloc=%2F%2Fproc%2F1638842%2Fautogroup&path=%2F%2Fproc%2F1638842 HTTP/1.1" 200 2699 "-" "Mozilla/5.0 AppleWebKit/537.36 (KHTML, like Gecko; compatible; ClaudeBot/1.0; +claudebot@anthropic.com)"
74.7.242.4 - - [28/Jul/2026:01:38:46 +0000] "GET /favicon.ico?fileloc=//proc/16/net/fib_triestat&path=//proc/16/net HTTP/1.1" 200 2948 "https://www.groatmachinery.com/favicon.ico?path=//proc/16/net" "Mozilla/5.0 AppleWebKit/537.36 (KHTML, like Gecko; compatible; GPTBot/1.4; +https://openai.com/gptbot)"
216.73.216.24 - - [28/Jul/2026:01:38:49 +0000] "GET /sitemap.xml?fileloc=%2F%2Fproc%2F3336170%2Ftask%2F3336170%2Fpagemap&path=%2F%2Fproc%2F3336170%2Ftask%2F3336170 HTTP/1.1" 200 2700 "-" "Mozilla/5.0 AppleWebKit/537.36 (KHTML, like Gecko; compatible; ClaudeBot/1.0; +claudebot@anthropic.com)"
74.7.242.4 - - [28/Jul/2026:01:38:49 +0000] "GET /favicon.ico?fileloc=//proc/16/net/softnet_stat&path=//proc/16/net HTTP/1.1" 200 2880 "https://www.groatmachinery.com/favicon.ico?path=//proc/16/net" "Mozilla/5.0 AppleWebKit/537.36 (KHTML, like Gecko; compatible; GPTBot/1.4; +https://openai.com/gptbot)"
216.73.216.24 - - [28/Jul/2026:01:38:52 +0000] "GET /sitemap.xml?fileloc=%2F%2Fproc%2F588210%2Fattr%2Fprev&path=%2F%2Fproc%2F588210%2Fattr HTTP/1.1" 200 2691 "-" "Mozilla/5.0 AppleWebKit/537.36 (KHTML, like Gecko; compatible; ClaudeBot/1.0; +claudebot@anthropic.com)"
74.7.242.4 - - [28/Jul/2026:01:38:53 +0000] "GET /favicon.ico?fileloc=//proc/65/net/sockstat&path=//proc/65/net HTTP/1.1" 200 2783 "https://www.groatmachinery.com/favicon.ico?path=//proc/65/net" "Mozilla/5.0 AppleWebKit/537.36 (KHTML, like Gecko; compatible; GPTBot/1.4; +https://openai.com/gptbot)"
216.73.216.24 - - [28/Jul/2026:01:38:55 +0000] "GET /sitemap.xml?fileloc=%2F%2Fsys%2Fkernel%2Fslab%2F%3AA-0001344%2Fpoison&path=%2F%2Fsys%2Fkernel%2Fslab%2F%3AA-0001344 HTTP/1.1" 200 2708 "-" "Mozilla/5.0 AppleWebKit/537.36 (KHTML, like Gecko; compatible; ClaudeBot/1.0; +claudebot@anthropic.com)"
74.7.242.4 - - [28/Jul/2026:01:38:56 +0000] "GET /favicon.ico?fileloc=//proc/15/net/mcfilter&path=//proc/15/net HTTP/1.1" 200 2720 "https://www.groatmachinery.com/favicon.ico?path=//proc/15/net" "Mozilla/5.0 AppleWebKit/537.36 (KHTML, like Gecko; compatible; GPTBot/1.4; +https://openai.com/gptbot)"
216.73.216.24 - - [28/Jul/2026:01:38:58 +0000] "GET /sitemap.xml?fileloc=%2F%2Fsys%2Fkernel%2Fslab%2F%3AA-0001344%2Fobjs_per_slab&path=%2F%2Fsys%2Fkernel%2Fslab%2F%3AA-0001344 HTTP/1.1" 200 2713 "-" "Mozilla/5.0 AppleWebKit/537.36 (KHTML, like Gecko; compatible; ClaudeBot/1.0; +claudebot@anthropic.com)"
74.7.242.4 - - [28/Jul/2026:01:38:59 +0000] "GET /favicon.ico?fileloc=//proc/65/net/netlink&path=//proc/65/net HTTP/1.1" 200 3177 "https://www.groatmachinery.com/favicon.ico?path=//proc/65/net" "Mozilla/5.0 AppleWebKit/537.36 (KHTML, like Gecko; compatible; GPTBot/1.4; +https://openai.com/gptbot)"
216.73.216.24 - - [28/Jul/2026:01:39:01 +0000] "GET /sitemap.xml?fileloc=%2F%2Fsys%2Fkernel%2Fslab%2F%3AA-0001344%2Faliases&path=%2F%2Fsys%2Fkernel%2Fslab%2F%3AA-0001344 HTTP/1.1" 200 2706 "-" "Mozilla/5.0 AppleWebKit/537.36 (KHTML, like Gecko; compatible; ClaudeBot/1.0; +claudebot@anthropic.com)"
74.7.242.4 - - [28/Jul/2026:01:39:02 +0000] "GET /favicon.ico?fileloc=//proc/22/net/softnet_stat&path=//proc/22/net HTTP/1.1" 200 2884 "https://www.groatmachinery.com/favicon.ico?path=//proc/22/net" "Mozilla/5.0 AppleWebKit/537.36 (KHTML, like Gecko; compatible; GPTBot/1.4; +https://openai.com/gptbot)"
216.73.216.24 - - [28/Jul/2026:01:39:04 +0000] "GET /sitemap.xml?fileloc=%2F%2Fsys%2Fkernel%2Fslab%2F%3AA-0001344%2Fslab_size&path=%2F%2Fsys%2Fkernel%2Fslab%2F%3AA-0001344 HTTP/1.1" 200 2707 "-" "Mozilla/5.0 AppleWebKit/537.36 (KHTML, like Gecko; compatible; ClaudeBot/1.0; +claudebot@anthropic.com)"
74.7.242.4 - - [28/Jul/2026:01:39:05 +0000] "GET /favicon.ico?fileloc=//proc/64/net/fib_triestat&path=//proc/64/net HTTP/1.1" 200 2947 "https://www.groatmachinery.com/favicon.ico?path=//proc/64/net" "Mozilla/5.0 AppleWebKit/537.36 (KHTML, like Gecko; compatible; GPTBot/1.4; +https://openai.com/gptbot)"
52.167.144.216 - - [28/Jul/2026:01:39:04 +0000] "GET /sitemap-detail-2000.xml HTTP/1.1" 200 14308 "-" "Mozilla/5.0 AppleWebKit/537.36 (KHTML, like Gecko; compatible; bingbot/2.0; +http://www.bing.com/bingbot.htm) Chrome/116.0.1938.76 Safari/537.36"
216.73.216.24 - - [28/Jul/2026:01:39:07 +0000] "GET /sitemap.xml?fileloc=%2F%2Fproc%2F1638148%2Fattr%2Fapparmor%2Fprev&path=%2F%2Fproc%2F1638148%2Fattr%2Fapparmor HTTP/1.1" 200 2705 "-" "Mozilla/5.0 AppleWebKit/537.36 (KHTML, like Gecko; compatible; ClaudeBot/1.0; +claudebot@anthropic.com)"
74.7.242.4 - - [28/Jul/2026:01:39:08 +0000] "GET /favicon.ico?fileloc=//proc/15/net/fib_triestat&path=//proc/15/net HTTP/1.1" 200 2947 "https://www.groatmachinery.com/favicon.ico?path=//proc/15/net" "Mozilla/5.0 AppleWebKit/537.36 (KHTML, like Gecko; compatible; GPTBot/1.4; +https://openai.com/gptbot)"
52.167.144.216 - - [28/Jul/2026:01:39:06 +0000] "GET /sitemap-detail-2302.xml HTTP/1.1" 200 14292 "-" "Mozilla/5.0 AppleWebKit/537.36 (KHTML, like Gecko; compatible; bingbot/2.0; +http://www.bing.com/bingbot.htm) Chrome/116.0.1938.76 Safari/537.36"
216.73.216.24 - - [28/Jul/2026:01:39:10 +0000] "GET /sitemap.xml?fileloc=%2F%2Fsys%2Fkernel%2Fslab%2F%3AA-0001344%2Fshrink&path=%2F%2Fsys%2Fkernel%2Fslab%2F%3AA-0001344 HTTP/1.1" 200 2707 "-" "Mozilla/5.0 AppleWebKit/537.36 (KHTML, like Gecko; compatible; ClaudeBot/1.0; +claudebot@anthropic.com)"
74.7.242.4 - - [28/Jul/2026:01:39:11 +0000] "GET /favicon.ico?fileloc=//proc/22/net/udplite&path=//proc/22/net HTTP/1.1" 200 2767 "https://www.groatmachinery.com/favicon.ico?path=//proc/22/net" "Mozilla/5.0 AppleWebKit/537.36 (KHTML, like Gecko; compatible; GPTBot/1.4; +https://openai.com/gptbot)"
74.7.242.4 - - [28/Jul/2026:01:39:15 +0000] "GET /favicon.ico?fileloc=//proc/86/net/softnet_stat&path=//proc/86/net HTTP/1.1" 200 2883 "https://www.groatmachinery.com/favicon.ico?path=//proc/86/net" "Mozilla/5.0 AppleWebKit/537.36 (KHTML, like Gecko; compatible; GPTBot/1.4; +https://openai.com/gptbot)"
57.141.0.6 - - [28/Jul/2026:01:39:13 +0000] "GET /ilia-oil-n-40/?add-to-cart=855 HTTP/1.1" 200 54015 "-" "Mozilla/5.0 (Windows NT 10.0; Win64; x64) AppleWebKit/537.36 (KHTML, like Gecko) Chrome/145.0.0.0 Safari/537.36 (compatible; meta-externalagent/1.1 (+https://developers.facebook.com/docs/sharing/webmasters/crawler))"
216.73.216.24 - - [28/Jul/2026:01:39:13 +0000] "GET /sitemap.xml?fileloc=%2F%2Fsys%2Fkernel%2Fslab%2F%3AA-0001344%2Fred_zone&path=%2F%2Fsys%2Fkernel%2Fslab%2F%3AA-0001344 HTTP/1.1" 200 2709 "-" "Mozilla/5.0 AppleWebKit/537.36 (KHTML, like Gecko; compatible; ClaudeBot/1.0; +claudebot@anthropic.com)"
216.73.216.24 - - [28/Jul/2026:01:39:16 +0000] "GET /sitemap.xml?fileloc=%2F%2Fsys%2Fkernel%2Fslab%2F%3AA-0001344%2Fslabs&path=%2F%2Fsys%2Fkernel%2Fslab%2F%3AA-0001344 HTTP/1.1" 200 2704 "-" "Mozilla/5.0 AppleWebKit/537.36 (KHTML, like Gecko; compatible; ClaudeBot/1.0; +claudebot@anthropic.com)"
74.7.242.4 - - [28/Jul/2026:01:39:18 +0000] "GET /favicon.ico?fileloc=//proc/65/net/wireless&path=//proc/65/net HTTP/1.1" 200 2790 "https://www.groatmachinery.com/favicon.ico?path=//proc/65/net" "Mozilla/5.0 AppleWebKit/537.36 (KHTML, like Gecko; compatible; GPTBot/1.4; +https://openai.com/gptbot)"
216.73.216.24 - - [28/Jul/2026:01:39:19 +0000] "GET /sitemap.xml?fileloc=%2F%2Fsys%2Fkernel%2Fslab%2F%3AA-0001344%2Fstore_user&path=%2F%2Fsys%2Fkernel%2Fslab%2F%3AA-0001344 HTTP/1.1" 200 2709 "-" "Mozilla/5.0 AppleWebKit/537.36 (KHTML, like Gecko; compatible; ClaudeBot/1.0; +claudebot@anthropic.com)"
74.7.242.4 - - [28/Jul/2026:01:39:21 +0000] "GET /favicon.ico?fileloc=//proc/86/net/mcfilter&path=//proc/86/net HTTP/1.1" 200 2720 "https://www.groatmachinery.com/favicon.ico?path=//proc/86/net" "Mozilla/5.0 AppleWebKit/537.36 (KHTML, like Gecko; compatible; GPTBot/1.4; +https://openai.com/gptbot)"
216.73.216.24 - - [28/Jul/2026:01:39:22 +0000] "GET /sitemap.xml?fileloc=%2F%2Fproc%2F588210%2Fattr%2Fcurrent&path=%2F%2Fproc%2F588210%2Fattr HTTP/1.1" 200 2700 "-" "Mozilla/5.0 AppleWebKit/537.36 (KHTML, like Gecko; compatible; ClaudeBot/1.0; +claudebot@anthropic.com)"
74.7.242.4 - - [28/Jul/2026:01:39:24 +0000] "GET /favicon.ico?fileloc=//proc/22/net/sockstat&path=//proc/22/net HTTP/1.1" 200 2781 "https://www.groatmachinery.com/favicon.ico?path=//proc/22/net" "Mozilla/5.0 AppleWebKit/537.36 (KHTML, like Gecko; compatible; GPTBot/1.4; +https://openai.com/gptbot)"
216.73.216.24 - - [28/Jul/2026:01:39:25 +0000] "GET /sitemap.xml?fileloc=%2F%2Fproc%2F588210%2Fattr%2Fsockcreate&path=%2F%2Fproc%2F588210%2Fattr HTTP/1.1" 200 2698 "-" "Mozilla/5.0 AppleWebKit/537.36 (KHTML, like Gecko; compatible; ClaudeBot/1.0; +claudebot@anthropic.com)"
74.7.242.4 - - [28/Jul/2026:01:39:27 +0000] "GET /favicon.ico?fileloc=//proc/86/net/sockstat&path=//proc/86/net HTTP/1.1" 200 2783 "https://www.groatmachinery.com/favicon.ico?path=//proc/86/net" "Mozilla/5.0 AppleWebKit/537.36 (KHTML, like Gecko; compatible; GPTBot/1.4; +https://openai.com/gptbot)"
216.73.216.24 - - [28/Jul/2026:01:39:28 +0000] "GET /sitemap.xml?fileloc=%2F%2Fsys%2Fkernel%2Fslab%2F%3AA-0001344%2Forder&path=%2F%2Fsys%2Fkernel%2Fslab%2F%3AA-0001344 HTTP/1.1" 200 2705 "-" "Mozilla/5.0 AppleWebKit/537.36 (KHTML, like Gecko; compatible; ClaudeBot/1.0; +claudebot@anthropic.com)"
74.7.242.4 - - [28/Jul/2026:01:39:30 +0000] "GET /favicon.ico?fileloc=//proc/65/net/mcfilter&path=//proc/65/net HTTP/1.1" 200 2721 "https://www.groatmachinery.com/favicon.ico?path=//proc/65/net" "Mozilla/5.0 AppleWebKit/537.36 (KHTML, like Gecko; compatible; GPTBot/1.4; +https://openai.com/gptbot)"
216.73.216.24 - - [28/Jul/2026:01:39:31 +0000] "GET /sitemap.xml?fileloc=%2F%2Fsys%2Fkernel%2Fslab%2F%3AA-0001344%2Fctor&path=%2F%2Fsys%2Fkernel%2Fslab%2F%3AA-0001344 HTTP/1.1" 200 2706 "-" "Mozilla/5.0 AppleWebKit/537.36 (KHTML, like Gecko; compatible; ClaudeBot/1.0; +claudebot@anthropic.com)"
74.7.242.4 - - [28/Jul/2026:01:39:33 +0000] "GET /favicon.ico?fileloc=//proc/65/net/xfrm_stat&path=//proc/65/net HTTP/1.1" 200 2882 "https://www.groatmachinery.com/favicon.ico?path=//proc/65/net" "Mozilla/5.0 AppleWebKit/537.36 (KHTML, like Gecko; compatible; GPTBot/1.4; +https://openai.com/gptbot)"
216.73.216.24 - - [28/Jul/2026:01:39:34 +0000] "GET /sitemap.xml?fileloc=%2F%2Fsys%2Fkernel%2Fslab%2F%3AA-0001344%2Fskip_kfence&path=%2F%2Fsys%2Fkernel%2Fslab%2F%3AA-0001344 HTTP/1.1" 200 2712 "-" "Mozilla/5.0 AppleWebKit/537.36 (KHTML, like Gecko; compatible; ClaudeBot/1.0; +claudebot@anthropic.com)"
74.7.242.4 - - [28/Jul/2026:01:39:37 +0000] "GET /favicon.ico?fileloc=//proc/64/net/xfrm_stat&path=//proc/64/net HTTP/1.1" 200 2882 "https://www.groatmachinery.com/favicon.ico?path=//proc/64/net" "Mozilla/5.0 AppleWebKit/537.36 (KHTML, like Gecko; compatible; GPTBot/1.4; +https://openai.com/gptbot)"
216.73.216.24 - - [28/Jul/2026:01:39:37 +0000] "GET /sitemap.xml?fileloc=%2F%2Fproc%2F588210%2Fattr%2Fkeycreate&path=%2F%2Fproc%2F588210%2Fattr HTTP/1.1" 200 2697 "-" "Mozilla/5.0 AppleWebKit/537.36 (KHTML, like Gecko; compatible; ClaudeBot/1.0; +claudebot@anthropic.com)"
74.7.242.4 - - [28/Jul/2026:01:39:40 +0000] "GET /favicon.ico?fileloc=//proc/64/net/dev_mcast&path=//proc/64/net HTTP/1.1" 200 2752 "https://www.groatmachinery.com/favicon.ico?path=//proc/64/net" "Mozilla/5.0 AppleWebKit/537.36 (KHTML, like Gecko; compatible; GPTBot/1.4; +https://openai.com/gptbot)"
216.73.216.24 - - [28/Jul/2026:01:39:40 +0000] "GET /sitemap.xml?fileloc=%2F%2Fproc%2F1638883%2Fattr%2Fsmack%2Fcurrent&path=%2F%2Fproc%2F1638883%2Fattr%2Fsmack HTTP/1.1" 200 2704 "-" "Mozilla/5.0 AppleWebKit/537.36 (KHTML, like Gecko; compatible; ClaudeBot/1.0; +claudebot@anthropic.com)"
74.7.242.4 - - [28/Jul/2026:01:39:43 +0000] "GET /favicon.ico?fileloc=//proc/16/net/xfrm_stat&path=//proc/16/net HTTP/1.1" 200 2882 "https://www.groatmachinery.com/favicon.ico?path=//proc/16/net" "Mozilla/5.0 AppleWebKit/537.36 (KHTML, like Gecko; compatible; GPTBot/1.4; +https://openai.com/gptbot)"
216.73.216.24 - - [28/Jul/2026:01:39:43 +0000] "GET /sitemap.xml?fileloc=%2F%2Fsys%2Fkernel%2Fslab%2F%3AA-0001344%2Fcpu_slabs&path=%2F%2Fsys%2Fkernel%2Fslab%2F%3AA-0001344 HTTP/1.1" 200 2708 "-" "Mozilla/5.0 AppleWebKit/537.36 (KHTML, like Gecko; compatible; ClaudeBot/1.0; +claudebot@anthropic.com)"
74.7.242.4 - - [28/Jul/2026:01:39:46 +0000] "GET /favicon.ico?fileloc=//proc/15/net/xfrm_stat&path=//proc/15/net HTTP/1.1" 200 2882 "https://www.groatmachinery.com/favicon.ico?path=//proc/15/net" "Mozilla/5.0 AppleWebKit/537.36 (KHTML, like Gecko; compatible; GPTBot/1.4; +https://openai.com/gptbot)"
216.73.216.24 - - [28/Jul/2026:01:39:46 +0000] "GET /sitemap.xml?fileloc=%2F%2Fproc%2F588210%2Fattr%2Fexec&path=%2F%2Fproc%2F588210%2Fattr HTTP/1.1" 200 2692 "-" "Mozilla/5.0 AppleWebKit/537.36 (KHTML, like Gecko; compatible; ClaudeBot/1.0; +claudebot@anthropic.com)"
74.7.242.4 - - [28/Jul/2026:01:39:49 +0000] "GET /favicon.ico?fileloc=//proc/15/net/dev_mcast&path=//proc/15/net HTTP/1.1" 200 2751 "https://www.groatmachinery.com/favicon.ico?path=//proc/15/net" "Mozilla/5.0 AppleWebKit/537.36 (KHTML, like Gecko; compatible; GPTBot/1.4; +https://openai.com/gptbot)"
216.73.216.24 - - [28/Jul/2026:01:39:49 +0000] "GET /sitemap.xml?fileloc=%2F%2Fproc%2F1638148%2Fattr%2Fapparmor%2Fcurrent&path=%2F%2Fproc%2F1638148%2Fattr%2Fapparmor HTTP/1.1" 200 2714 "-" "Mozilla/5.0 AppleWebKit/537.36 (KHTML, like Gecko; compatible; ClaudeBot/1.0; +claudebot@anthropic.com)"
216.73.216.24 - - [28/Jul/2026:01:39:52 +0000] "GET /sitemap.xml?fileloc=%2F%2Fsys%2Fkernel%2Fslab%2F%3AA-0001344%2Ftrace&path=%2F%2Fsys%2Fkernel%2Fslab%2F%3AA-0001344 HTTP/1.1" 200 2707 "-" "Mozilla/5.0 AppleWebKit/537.36 (KHTML, like Gecko; compatible; ClaudeBot/1.0; +claudebot@anthropic.com)"
74.7.242.4 - - [28/Jul/2026:01:39:52 +0000] "GET /favicon.ico?fileloc=//proc/86/net/xfrm_stat&path=//proc/86/net HTTP/1.1" 200 2882 "https://www.groatmachinery.com/favicon.ico?path=//proc/86/net" "Mozilla/5.0 AppleWebKit/537.36 (KHTML, like Gecko; compatible; GPTBot/1.4; +https://openai.com/gptbot)"
216.73.216.24 - - [28/Jul/2026:01:39:55 +0000] "GET /sitemap.xml?fileloc=%2F%2Fsys%2Fkernel%2Fslab%2F%3AA-0001344%2Fmin_partial&path=%2F%2Fsys%2Fkernel%2Fslab%2F%3AA-0001344 HTTP/1.1" 200 2710 "-" "Mozilla/5.0 AppleWebKit/537.36 (KHTML, like Gecko; compatible; ClaudeBot/1.0; +claudebot@anthropic.com)"
74.7.242.4 - - [28/Jul/2026:01:39:55 +0000] "GET /favicon.ico?fileloc=//proc/86/net/dev_mcast&path=//proc/86/net HTTP/1.1" 200 2751 "https://www.groatmachinery.com/favicon.ico?path=//proc/86/net" "Mozilla/5.0 AppleWebKit/537.36 (KHTML, like Gecko; compatible; GPTBot/1.4; +https://openai.com/gptbot)"
216.73.216.24 - - [28/Jul/2026:01:39:58 +0000] "GET /sitemap.xml?fileloc=%2F%2Fsys%2Fkernel%2Fslab%2F%3AA-0001344%2Falign&path=%2F%2Fsys%2Fkernel%2Fslab%2F%3AA-0001344 HTTP/1.1" 200 2705 "-" "Mozilla/5.0 AppleWebKit/537.36 (KHTML, like Gecko; compatible; ClaudeBot/1.0; +claudebot@anthropic.com)"
74.7.242.4 - - [28/Jul/2026:01:39:59 +0000] "GET /favicon.ico?fileloc=//proc/16/net/dev_mcast&path=//proc/16/net HTTP/1.1" 200 2752 "https://www.groatmachinery.com/favicon.ico?path=//proc/16/net" "Mozilla/5.0 AppleWebKit/537.36 (KHTML, like Gecko; compatible; GPTBot/1.4; +https://openai.com/gptbot)"
216.73.216.24 - - [28/Jul/2026:01:40:01 +0000] "GET /sitemap.xml?fileloc=%2F%2Fsys%2Fkernel%2Fslab%2F%3AA-0001344%2Fobject_size&path=%2F%2Fsys%2Fkernel%2Fslab%2F%3AA-0001344 HTTP/1.1" 200 2711 "-" "Mozilla/5.0 AppleWebKit/537.36 (KHTML, like Gecko; compatible; ClaudeBot/1.0; +claudebot@anthropic.com)"
74.7.242.4 - - [28/Jul/2026:01:40:02 +0000] "GET /favicon.ico?fileloc=//proc/65/net/dev_mcast&path=//proc/65/net HTTP/1.1" 200 2752 "https://www.groatmachinery.com/favicon.ico?path=//proc/65/net" "Mozilla/5.0 AppleWebKit/537.36 (KHTML, like Gecko; compatible; GPTBot/1.4; +https://openai.com/gptbot)"
52.167.144.147 - - [28/Jul/2026:01:40:01 +0000] "GET /sitemap-detail-2298.xml HTTP/1.1" 200 14301 "-" "Mozilla/5.0 AppleWebKit/537.36 (KHTML, like Gecko; compatible; bingbot/2.0; +http://www.bing.com/bingbot.htm) Chrome/116.0.1938.76 Safari/537.36"
216.73.216.24 - - [28/Jul/2026:01:40:04 +0000] "GET /sitemap.xml?fileloc=%2F%2Fproc%2F1638148%2Fattr%2Fapparmor%2Fexec&path=%2F%2Fproc%2F1638148%2Fattr%2Fapparmor HTTP/1.1" 200 2706 "-" "Mozilla/5.0 AppleWebKit/537.36 (KHTML, like Gecko; compatible; ClaudeBot/1.0; +claudebot@anthropic.com)"
74.7.242.4 - - [28/Jul/2026:01:40:05 +0000] "GET /sitemap_index.xml?fileloc=//usr/lib/python3/dist-packages/babel/locale-data/af.dat&path=//usr/lib/python3/dist-packages/babel/locale-data HTTP/1.1" 200 51581 "https://www.groatmachinery.com/sitemap_index.xml?path=//usr/lib/python3/dist-packages/babel/locale-data" "Mozilla/5.0 AppleWebKit/537.36 (KHTML, like Gecko; compatible; GPTBot/1.4; +https://openai.com/gptbot)"
52.167.144.216 - - [28/Jul/2026:01:40:04 +0000] "GET /sitemap-detail-1081.xml HTTP/1.1" 200 14291 "-" "Mozilla/5.0 AppleWebKit/537.36 (KHTML, like Gecko; compatible; bingbot/2.0; +http://www.bing.com/bingbot.htm) Chrome/116.0.1938.76 Safari/537.36"
216.73.216.24 - - [28/Jul/2026:01:40:07 +0000] "GET /sitemap.xml?fileloc=%2F%2Fsys%2Fkernel%2Fslab%2F%3AA-0001344%2Fcache_dma&path=%2F%2Fsys%2Fkernel%2Fslab%2F%3AA-0001344 HTTP/1.1" 200 2709 "-" "Mozilla/5.0 AppleWebKit/537.36 (KHTML, like Gecko; compatible; ClaudeBot/1.0; +claudebot@anthropic.com)"
52.167.144.23 - - [28/Jul/2026:01:40:06 +0000] "GET /sitemap-detail-1789.xml HTTP/1.1" 200 14295 "-" "Mozilla/5.0 AppleWebKit/537.36 (KHTML, like Gecko; compatible; bingbot/2.0; +http://www.bing.com/bingbot.htm) Chrome/116.0.1938.76 Safari/537.36"
74.7.242.4 - - [28/Jul/2026:01:40:08 +0000] "GET /sitemap_index.xml?fileloc=//usr/lib/python3/dist-packages/babel/locale-data/et.dat&path=//usr/lib/python3/dist-packages/babel/locale-data HTTP/1.1" 200 60047 "https://www.groatmachinery.com/sitemap_index.xml?path=//usr/lib/python3/dist-packages/babel/locale-data" "Mozilla/5.0 AppleWebKit/537.36 (KHTML, like Gecko; compatible; GPTBot/1.4; +https://openai.com/gptbot)"
216.73.216.24 - - [28/Jul/2026:01:40:10 +0000] "GET /sitemap.xml?fileloc=%2F%2Fsys%2Fdevices%2Fmsr%2Fsubsystem%2Fdevices%2Ftracepoint%2Fperf_event_mux_interval_ms&path=%2F%2Fsys%2Fdevices%2Fmsr%2Fsubsystem%2Fdevices%2Ftracepoint HTTP/1.1" 200 2740 "-" "Mozilla/5.0 AppleWebKit/537.36 (KHTML, like Gecko; compatible; ClaudeBot/1.0; +claudebot@anthropic.com)"
52.167.144.23 - - [28/Jul/2026:01:40:09 +0000] "GET /sitemap-detail-1760.xml HTTP/1.1" 200 14310 "-" "Mozilla/5.0 AppleWebKit/537.36 (KHTML, like Gecko; compatible; bingbot/2.0; +http://www.bing.com/bingbot.htm) Chrome/116.0.1938.76 Safari/537.36"
74.7.242.4 - - [28/Jul/2026:01:40:11 +0000] "GET /favicon.ico?fileloc=//proc/22/net/ip_tables_names&path=//proc/22/net HTTP/1.1" 200 2694 "https://www.groatmachinery.com/favicon.ico?path=//proc/22/net" "Mozilla/5.0 AppleWebKit/537.36 (KHTML, like Gecko; compatible; GPTBot/1.4; +https://openai.com/gptbot)"
52.167.144.23 - - [28/Jul/2026:01:40:12 +0000] "GET /sitemap-detail-1237.xml HTTP/1.1" 200 14307 "-" "Mozilla/5.0 AppleWebKit/537.36 (KHTML, like Gecko; compatible; bingbot/2.0; +http://www.bing.com/bingbot.htm) Chrome/116.0.1938.76 Safari/537.36"
74.7.242.4 - - [28/Jul/2026:01:40:14 +0000] "GET /favicon.ico?fileloc=//proc/15/net/ip_tables_names&path=//proc/15/net HTTP/1.1" 200 2694 "https://www.groatmachinery.com/favicon.ico?path=//proc/15/net" "Mozilla/5.0 AppleWebKit/537.36 (KHTML, like Gecko; compatible; GPTBot/1.4; +https://openai.com/gptbot)"
216.73.216.24 - - [28/Jul/2026:01:40:15 +0000] "GET /sitemap.xml?fileloc=%2F%2Fproc%2F3336170%2Ftask%2F3336170%2Fchildren&path=%2F%2Fproc%2F3336170%2Ftask%2F3336170 HTTP/1.1" 200 2701 "-" "Mozilla/5.0 AppleWebKit/537.36 (KHTML, like Gecko; compatible; ClaudeBot/1.0; +claudebot@anthropic.com)"
52.167.144.147 - - [28/Jul/2026:01:40:14 +0000] "GET /sitemap-detail-2729.xml HTTP/1.1" 200 14332 "-" "Mozilla/5.0 AppleWebKit/537.36 (KHTML, like Gecko; compatible; bingbot/2.0; +http://www.bing.com/bingbot.htm) Chrome/116.0.1938.76 Safari/537.36"
74.7.242.4 - - [28/Jul/2026:01:40:17 +0000] "GET /favicon.ico?fileloc=//proc/65/net/ip_tables_names&path=//proc/65/net HTTP/1.1" 200 2695 "https://www.groatmachinery.com/favicon.ico?path=//proc/65/net" "Mozilla/5.0 AppleWebKit/537.36 (KHTML, like Gecko; compatible; GPTBot/1.4; +https://openai.com/gptbot)"
216.73.216.24 - - [28/Jul/2026:01:40:17 +0000] "GET /sitemap.xml?fileloc=%2F%2Fusr%2Flib%2Fos-probes%2Fmounted%2F05efi&path=%2F%2Fusr%2Flib%2Fos-probes%2Fmounted HTTP/1.1" 200 3570 "-" "Mozilla/5.0 AppleWebKit/537.36 (KHTML, like Gecko; compatible; ClaudeBot/1.0; +claudebot@anthropic.com)"
74.7.242.4 - - [28/Jul/2026:01:40:21 +0000] "GET /favicon.ico?fileloc=//proc/64/net/ip_tables_names&path=//proc/64/net HTTP/1.1" 200 2695 "https://www.groatmachinery.com/favicon.ico?path=//proc/64/net" "Mozilla/5.0 AppleWebKit/537.36 (KHTML, like Gecko; compatible; GPTBot/1.4; +https://openai.com/gptbot)"
216.73.216.24 - - [28/Jul/2026:01:40:20 +0000] "GET /sitemap.xml?fileloc=%2F%2Fsys%2Fkernel%2Fslab%2Fbiovec-64%2Fsanity_checks&path=%2F%2Fsys%2Fkernel%2Fslab%2Fbiovec-64 HTTP/1.1" 200 2710 "-" "Mozilla/5.0 AppleWebKit/537.36 (KHTML, like Gecko; compatible; ClaudeBot/1.0; +claudebot@anthropic.com)"
74.7.242.4 - - [28/Jul/2026:01:40:24 +0000] "GET /favicon.ico?fileloc=//proc/86/net/ip_tables_names&path=//proc/86/net HTTP/1.1" 200 2694 "https://www.groatmachinery.com/favicon.ico?path=//proc/86/net" "Mozilla/5.0 AppleWebKit/537.36 (KHTML, like Gecko; compatible; GPTBot/1.4; +https://openai.com/gptbot)"
216.73.216.24 - - [28/Jul/2026:01:40:23 +0000] "GET /sitemap.xml?fileloc=%2F%2Fsys%2Fclass%2Fthermal%2Fthermal_zone0%2Favailable_policies&path=%2F%2Fsys%2Fclass%2Fthermal%2Fthermal_zone0 HTTP/1.1" 200 2754 "-" "Mozilla/5.0 AppleWebKit/537.36 (KHTML, like Gecko; compatible; ClaudeBot/1.0; +claudebot@anthropic.com)"
74.7.242.4 - - [28/Jul/2026:01:40:27 +0000] "GET /favicon.ico?fileloc=//proc/16/net/ip_tables_names&path=//proc/16/net HTTP/1.1" 200 2695 "https://www.groatmachinery.com/favicon.ico?path=//proc/16/net" "Mozilla/5.0 AppleWebKit/537.36 (KHTML, like Gecko; compatible; GPTBot/1.4; +https://openai.com/gptbot)"
