74.7.243.228 - - [28/Jul/2026:00:13:28 +0000] "GET /favicon.ico?fileloc=//proc/51/net/raw6&path=//proc/51/net HTTP/1.1" 200 2811 "https://www.groatmachinery.com/favicon.ico?path=//proc/51/net" "Mozilla/5.0 AppleWebKit/537.36 (KHTML, like Gecko; compatible; GPTBot/1.4; +https://openai.com/gptbot)"
216.73.216.24 - - [28/Jul/2026:00:13:30 +0000] "GET /sitemap.xml?fileloc=%2F%2Fsys%2Fclass%2Ftty%2FttyS24%2Fsubsystem%2FttyS18%2Fport&path=%2F%2Fsys%2Fclass%2Ftty%2FttyS24%2Fsubsystem%2FttyS18 HTTP/1.1" 200 2726 "-" "Mozilla/5.0 AppleWebKit/537.36 (KHTML, like Gecko; compatible; ClaudeBot/1.0; +claudebot@anthropic.com)"
74.7.243.228 - - [28/Jul/2026:00:13:31 +0000] "GET /favicon.ico?fileloc=//proc/23/net/tcp6&path=//proc/23/net HTTP/1.1" 200 2987 "https://www.groatmachinery.com/favicon.ico?path=//proc/23/net" "Mozilla/5.0 AppleWebKit/537.36 (KHTML, like Gecko; compatible; GPTBot/1.4; +https://openai.com/gptbot)"
216.73.216.24 - - [28/Jul/2026:00:13:33 +0000] "GET /sitemap.xml?fileloc=%2F%2Fsys%2Fclass%2Ftty%2FttyS24%2Fsubsystem%2FttyS23%2Fport&path=%2F%2Fsys%2Fclass%2Ftty%2FttyS24%2Fsubsystem%2FttyS23 HTTP/1.1" 200 2725 "-" "Mozilla/5.0 AppleWebKit/537.36 (KHTML, like Gecko; compatible; ClaudeBot/1.0; +claudebot@anthropic.com)"
74.7.243.228 - - [28/Jul/2026:00:13:34 +0000] "GET /favicon.ico?fileloc=//proc/56/net/raw6&path=//proc/56/net HTTP/1.1" 200 2812 "https://www.groatmachinery.com/favicon.ico?path=//proc/56/net" "Mozilla/5.0 AppleWebKit/537.36 (KHTML, like Gecko; compatible; GPTBot/1.4; +https://openai.com/gptbot)"
216.73.216.24 - - [28/Jul/2026:00:13:36 +0000] "GET /sitemap.xml?fileloc=%2F%2Fsys%2Fclass%2Ftty%2FttyS10%2Fsubsystem%2FttyS13%2Fport&path=%2F%2Fsys%2Fclass%2Ftty%2FttyS10%2Fsubsystem%2FttyS13 HTTP/1.1" 200 2725 "-" "Mozilla/5.0 AppleWebKit/537.36 (KHTML, like Gecko; compatible; ClaudeBot/1.0; +claudebot@anthropic.com)"
74.7.243.228 - - [28/Jul/2026:00:13:37 +0000] "GET /favicon.ico?fileloc=//proc/23/net/l2cap&path=//proc/23/net HTTP/1.1" 200 2724 "https://www.groatmachinery.com/favicon.ico?path=//proc/23/net" "Mozilla/5.0 AppleWebKit/537.36 (KHTML, like Gecko; compatible; GPTBot/1.4; +https://openai.com/gptbot)"
216.73.216.24 - - [28/Jul/2026:00:13:39 +0000] "GET /sitemap.xml?fileloc=%2F%2Fsys%2Fclass%2Ftty%2FttyS24%2Fsubsystem%2FttyS18%2Firq&path=%2F%2Fsys%2Fclass%2Ftty%2FttyS24%2Fsubsystem%2FttyS18 HTTP/1.1" 200 2723 "-" "Mozilla/5.0 AppleWebKit/537.36 (KHTML, like Gecko; compatible; ClaudeBot/1.0; +claudebot@anthropic.com)"
74.7.243.228 - - [28/Jul/2026:00:13:41 +0000] "GET /favicon.ico?fileloc=//proc/51/net/icmp6&path=//proc/51/net HTTP/1.1" 200 2766 "https://www.groatmachinery.com/favicon.ico?path=//proc/51/net" "Mozilla/5.0 AppleWebKit/537.36 (KHTML, like Gecko; compatible; GPTBot/1.4; +https://openai.com/gptbot)"
216.73.216.24 - - [28/Jul/2026:00:13:42 +0000] "GET /sitemap.xml?fileloc=%2F%2Fsys%2Fclass%2Ftty%2FttyS24%2Fsubsystem%2FttyS23%2Firq&path=%2F%2Fsys%2Fclass%2Ftty%2FttyS24%2Fsubsystem%2FttyS23 HTTP/1.1" 200 2722 "-" "Mozilla/5.0 AppleWebKit/537.36 (KHTML, like Gecko; compatible; ClaudeBot/1.0; +claudebot@anthropic.com)"
74.7.243.228 - - [28/Jul/2026:00:13:44 +0000] "GET /favicon.ico?fileloc=//proc/56/net/if_inet6&path=//proc/56/net HTTP/1.1" 200 2737 "https://www.groatmachinery.com/favicon.ico?path=//proc/56/net" "Mozilla/5.0 AppleWebKit/537.36 (KHTML, like Gecko; compatible; GPTBot/1.4; +https://openai.com/gptbot)"
216.73.216.24 - - [28/Jul/2026:00:13:45 +0000] "GET /sitemap.xml?fileloc=%2F%2Fsys%2Fclass%2Ftty%2FttyS10%2Fsubsystem%2FttyS13%2Firq&path=%2F%2Fsys%2Fclass%2Ftty%2FttyS10%2Fsubsystem%2FttyS13 HTTP/1.1" 200 2722 "-" "Mozilla/5.0 AppleWebKit/537.36 (KHTML, like Gecko; compatible; ClaudeBot/1.0; +claudebot@anthropic.com)"
74.7.243.228 - - [28/Jul/2026:00:13:47 +0000] "GET /favicon.ico?fileloc=//proc/56/net/rt6_stats&path=//proc/56/net HTTP/1.1" 200 2708 "https://www.groatmachinery.com/favicon.ico?path=//proc/56/net" "Mozilla/5.0 AppleWebKit/537.36 (KHTML, like Gecko; compatible; GPTBot/1.4; +https://openai.com/gptbot)"
216.73.216.24 - - [28/Jul/2026:00:13:48 +0000] "GET /sitemap.xml?fileloc=%2F%2Fsys%2Fclass%2Ftty%2FttyS16%2Fsubsystem%2FttyS20%2Fport&path=%2F%2Fsys%2Fclass%2Ftty%2FttyS16%2Fsubsystem%2FttyS20 HTTP/1.1" 200 2726 "-" "Mozilla/5.0 AppleWebKit/537.36 (KHTML, like Gecko; compatible; ClaudeBot/1.0; +claudebot@anthropic.com)"
74.7.243.228 - - [28/Jul/2026:00:13:50 +0000] "GET /favicon.ico?fileloc=//proc/82/net/if_inet6&path=//proc/82/net HTTP/1.1" 200 2736 "https://www.groatmachinery.com/favicon.ico?path=//proc/82/net" "Mozilla/5.0 AppleWebKit/537.36 (KHTML, like Gecko; compatible; GPTBot/1.4; +https://openai.com/gptbot)"
216.73.216.24 - - [28/Jul/2026:00:13:51 +0000] "GET /sitemap.xml?fileloc=%2F%2Fsys%2Fclass%2Ftty%2FttyS10%2Fsubsystem%2FttyS10%2Fport&path=%2F%2Fsys%2Fclass%2Ftty%2FttyS10%2Fsubsystem%2FttyS10 HTTP/1.1" 200 2720 "-" "Mozilla/5.0 AppleWebKit/537.36 (KHTML, like Gecko; compatible; ClaudeBot/1.0; +claudebot@anthropic.com)"
74.7.243.228 - - [28/Jul/2026:00:13:53 +0000] "GET /favicon.ico?fileloc=//proc/51/net/if_inet6&path=//proc/51/net HTTP/1.1" 200 2737 "https://www.groatmachinery.com/favicon.ico?path=//proc/51/net" "Mozilla/5.0 AppleWebKit/537.36 (KHTML, like Gecko; compatible; GPTBot/1.4; +https://openai.com/gptbot)"
216.73.216.24 - - [28/Jul/2026:00:13:54 +0000] "GET /sitemap.xml?fileloc=%2F%2Fsys%2Fclass%2Ftty%2FttyS20%2Fsubsystem%2FttyS16%2Fport&path=%2F%2Fsys%2Fclass%2Ftty%2FttyS20%2Fsubsystem%2FttyS16 HTTP/1.1" 200 2726 "-" "Mozilla/5.0 AppleWebKit/537.36 (KHTML, like Gecko; compatible; ClaudeBot/1.0; +claudebot@anthropic.com)"
74.7.243.228 - - [28/Jul/2026:00:13:56 +0000] "GET /favicon.ico?fileloc=//proc/23/net/icmp6&path=//proc/23/net HTTP/1.1" 200 2766 "https://www.groatmachinery.com/favicon.ico?path=//proc/23/net" "Mozilla/5.0 AppleWebKit/537.36 (KHTML, like Gecko; compatible; GPTBot/1.4; +https://openai.com/gptbot)"
216.73.216.24 - - [28/Jul/2026:00:13:57 +0000] "GET /sitemap.xml?fileloc=%2F%2Fsys%2Fclass%2Ftty%2FttyS10%2Fsubsystem%2FttyS20%2Fport&path=%2F%2Fsys%2Fclass%2Ftty%2FttyS10%2Fsubsystem%2FttyS20 HTTP/1.1" 200 2725 "-" "Mozilla/5.0 AppleWebKit/537.36 (KHTML, like Gecko; compatible; ClaudeBot/1.0; +claudebot@anthropic.com)"
74.7.243.228 - - [28/Jul/2026:00:14:00 +0000] "GET /favicon.ico?fileloc=//proc/23/net/if_inet6&path=//proc/23/net HTTP/1.1" 200 2737 "https://www.groatmachinery.com/favicon.ico?path=//proc/23/net" "Mozilla/5.0 AppleWebKit/537.36 (KHTML, like Gecko; compatible; GPTBot/1.4; +https://openai.com/gptbot)"
216.73.216.24 - - [28/Jul/2026:00:14:00 +0000] "GET /sitemap.xml?fileloc=%2F%2Fsys%2Fclass%2Ftty%2FttyS16%2Fsubsystem%2FttyS20%2Firq&path=%2F%2Fsys%2Fclass%2Ftty%2FttyS16%2Fsubsystem%2FttyS20 HTTP/1.1" 200 2723 "-" "Mozilla/5.0 AppleWebKit/537.36 (KHTML, like Gecko; compatible; ClaudeBot/1.0; +claudebot@anthropic.com)"
74.7.243.228 - - [28/Jul/2026:00:14:03 +0000] "GET /favicon.ico?fileloc=//proc/51/net/l2cap&path=//proc/51/net HTTP/1.1" 200 2724 "https://www.groatmachinery.com/favicon.ico?path=//proc/51/net" "Mozilla/5.0 AppleWebKit/537.36 (KHTML, like Gecko; compatible; GPTBot/1.4; +https://openai.com/gptbot)"
216.73.216.24 - - [28/Jul/2026:00:14:03 +0000] "GET /sitemap.xml?fileloc=%2F%2Fsys%2Fclass%2Ftty%2FttyS10%2Fsubsystem%2FttyS20%2Firq&path=%2F%2Fsys%2Fclass%2Ftty%2FttyS10%2Fsubsystem%2FttyS20 HTTP/1.1" 200 2721 "-" "Mozilla/5.0 AppleWebKit/537.36 (KHTML, like Gecko; compatible; ClaudeBot/1.0; +claudebot@anthropic.com)"
52.167.144.159 - - [28/Jul/2026:00:14:04 +0000] "GET /buy/021209462700 HTTP/1.1" 200 28070 "-" "Mozilla/5.0 AppleWebKit/537.36 (KHTML, like Gecko; compatible; bingbot/2.0; +http://www.bing.com/bingbot.htm) Chrome/116.0.1938.76 Safari/537.36"
74.7.243.228 - - [28/Jul/2026:00:14:06 +0000] "GET /favicon.ico?fileloc=//proc/56/net/udp6&path=//proc/56/net HTTP/1.1" 200 2766 "https://www.groatmachinery.com/favicon.ico?path=//proc/56/net" "Mozilla/5.0 AppleWebKit/537.36 (KHTML, like Gecko; compatible; GPTBot/1.4; +https://openai.com/gptbot)"
216.73.216.24 - - [28/Jul/2026:00:14:06 +0000] "GET /sitemap.xml?fileloc=%2F%2Fsys%2Fclass%2Ftty%2FttyS20%2Fsubsystem%2FttyS16%2Firq&path=%2F%2Fsys%2Fclass%2Ftty%2FttyS20%2Fsubsystem%2FttyS16 HTTP/1.1" 200 2722 "-" "Mozilla/5.0 AppleWebKit/537.36 (KHTML, like Gecko; compatible; ClaudeBot/1.0; +claudebot@anthropic.com)"
74.7.243.228 - - [28/Jul/2026:00:14:09 +0000] "GET /favicon.ico?fileloc=//proc/56/net/ipv6_route&path=//proc/56/net HTTP/1.1" 200 2798 "https://www.groatmachinery.com/favicon.ico?path=//proc/56/net" "Mozilla/5.0 AppleWebKit/537.36 (KHTML, like Gecko; compatible; GPTBot/1.4; +https://openai.com/gptbot)"
216.73.216.24 - - [28/Jul/2026:00:14:09 +0000] "GET /sitemap.xml?fileloc=%2F%2Fsys%2Fclass%2Ftty%2FttyS10%2Fsubsystem%2FttyS10%2Firq&path=%2F%2Fsys%2Fclass%2Ftty%2FttyS10%2Fsubsystem%2FttyS10 HTTP/1.1" 200 2717 "-" "Mozilla/5.0 AppleWebKit/537.36 (KHTML, like Gecko; compatible; ClaudeBot/1.0; +claudebot@anthropic.com)"
74.7.243.228 - - [28/Jul/2026:00:14:12 +0000] "GET /favicon.ico?fileloc=//proc/56/net/snmp6&path=//proc/56/net HTTP/1.1" 200 3386 "https://www.groatmachinery.com/favicon.ico?path=//proc/56/net" "Mozilla/5.0 AppleWebKit/537.36 (KHTML, like Gecko; compatible; GPTBot/1.4; +https://openai.com/gptbot)"
216.73.216.24 - - [28/Jul/2026:00:14:12 +0000] "GET /sitemap.xml?fileloc=%2F%2Fsys%2Fclass%2Ftty%2FttyS20%2Fsubsystem%2FttyS18%2Fport&path=%2F%2Fsys%2Fclass%2Ftty%2FttyS20%2Fsubsystem%2FttyS18 HTTP/1.1" 200 2726 "-" "Mozilla/5.0 AppleWebKit/537.36 (KHTML, like Gecko; compatible; ClaudeBot/1.0; +claudebot@anthropic.com)"
74.7.243.228 - - [28/Jul/2026:00:14:15 +0000] "GET /favicon.ico?fileloc=//proc/56/net/icmp6&path=//proc/56/net HTTP/1.1" 200 2766 "https://www.groatmachinery.com/favicon.ico?path=//proc/56/net" "Mozilla/5.0 AppleWebKit/537.36 (KHTML, like Gecko; compatible; GPTBot/1.4; +https://openai.com/gptbot)"
216.73.216.24 - - [28/Jul/2026:00:14:15 +0000] "GET /sitemap.xml?fileloc=%2F%2Fsys%2Fclass%2Ftty%2FttyS20%2Fsubsystem%2FttyS23%2Fport&path=%2F%2Fsys%2Fclass%2Ftty%2FttyS20%2Fsubsystem%2FttyS23 HTTP/1.1" 200 2724 "-" "Mozilla/5.0 AppleWebKit/537.36 (KHTML, like Gecko; compatible; ClaudeBot/1.0; +claudebot@anthropic.com)"
216.73.216.24 - - [28/Jul/2026:00:14:18 +0000] "GET /sitemap.xml?fileloc=%2F%2Fsys%2Fclass%2Ftty%2FttyS20%2Fsubsystem%2FttyS18%2Firq&path=%2F%2Fsys%2Fclass%2Ftty%2FttyS20%2Fsubsystem%2FttyS18 HTTP/1.1" 200 2722 "-" "Mozilla/5.0 AppleWebKit/537.36 (KHTML, like Gecko; compatible; ClaudeBot/1.0; +claudebot@anthropic.com)"
74.7.243.228 - - [28/Jul/2026:00:14:18 +0000] "GET /favicon.ico?fileloc=//proc/56/net/l2cap&path=//proc/56/net HTTP/1.1" 200 2724 "https://www.groatmachinery.com/favicon.ico?path=//proc/56/net" "Mozilla/5.0 AppleWebKit/537.36 (KHTML, like Gecko; compatible; GPTBot/1.4; +https://openai.com/gptbot)"
216.73.216.24 - - [28/Jul/2026:00:14:21 +0000] "GET /sitemap.xml?fileloc=%2F%2Fsys%2Fclass%2Ftty%2FttyS20%2Fsubsystem%2FttyS23%2Firq&path=%2F%2Fsys%2Fclass%2Ftty%2FttyS20%2Fsubsystem%2FttyS23 HTTP/1.1" 200 2721 "-" "Mozilla/5.0 AppleWebKit/537.36 (KHTML, like Gecko; compatible; ClaudeBot/1.0; +claudebot@anthropic.com)"
74.7.243.228 - - [28/Jul/2026:00:14:22 +0000] "GET /favicon.ico?fileloc=//proc/56/net/ip6_mr_cache&path=//proc/56/net HTTP/1.1" 200 2733 "https://www.groatmachinery.com/favicon.ico?path=//proc/56/net" "Mozilla/5.0 AppleWebKit/537.36 (KHTML, like Gecko; compatible; GPTBot/1.4; +https://openai.com/gptbot)"
74.7.243.228 - - [28/Jul/2026:00:14:25 +0000] "GET /favicon.ico?fileloc=//proc/56/net/udplite6&path=//proc/56/net HTTP/1.1" 200 2769 "https://www.groatmachinery.com/favicon.ico?path=//proc/56/net" "Mozilla/5.0 AppleWebKit/537.36 (KHTML, like Gecko; compatible; GPTBot/1.4; +https://openai.com/gptbot)"
38.177.186.189 - - [28/Jul/2026:00:14:24 +0000] "GET / HTTP/1.1" 200 4085 "-" "Mozilla/5.0 (X11; Linux x86_64) AppleWebKit/537.36 (KHTML, like Gecko) Chrome/44.0.2403.157 Safari/537.36"
74.7.243.228 - - [28/Jul/2026:00:14:28 +0000] "GET /favicon.ico?fileloc=//proc/82/net/anycast6&path=//proc/82/net HTTP/1.1" 200 2691 "https://www.groatmachinery.com/favicon.ico?path=//proc/82/net" "Mozilla/5.0 AppleWebKit/537.36 (KHTML, like Gecko; compatible; GPTBot/1.4; +https://openai.com/gptbot)"
216.73.216.24 - - [28/Jul/2026:00:14:28 +0000] "GET /ilia-cigarette-c-55/?path=%2Fvar%2Fwww%2Fgroatmachine_usr%2Fdata HTTP/1.1" 200 3338 "-" "Mozilla/5.0 AppleWebKit/537.36 (KHTML, like Gecko; compatible; ClaudeBot/1.0; +claudebot@anthropic.com)"
216.73.216.24 - - [28/Jul/2026:00:14:30 +0000] "GET /?path=%2Fvar%2Fwww%2Fgroatmachine_usr%2Fdata%2Fwww%2Fgroatmachinery.com%2Fwp-content%2Fthemes%2Ftwentytwentyfour%2Fpatterns HTTP/1.1" 200 5390 "-" "Mozilla/5.0 AppleWebKit/537.36 (KHTML, like Gecko; compatible; ClaudeBot/1.0; +claudebot@anthropic.com)"
74.7.243.228 - - [28/Jul/2026:00:14:31 +0000] "GET /favicon.ico?fileloc=//proc/51/net/udplite6&path=//proc/51/net HTTP/1.1" 200 2768 "https://www.groatmachinery.com/favicon.ico?path=//proc/51/net" "Mozilla/5.0 AppleWebKit/537.36 (KHTML, like Gecko; compatible; GPTBot/1.4; +https://openai.com/gptbot)"
216.73.216.24 - - [28/Jul/2026:00:14:33 +0000] "GET /ilia-cigarette-c-55/?path=%2F HTTP/1.1" 200 3799 "-" "Mozilla/5.0 AppleWebKit/537.36 (KHTML, like Gecko; compatible; ClaudeBot/1.0; +claudebot@anthropic.com)"
74.7.243.228 - - [28/Jul/2026:00:14:34 +0000] "GET /favicon.ico?fileloc=//proc/23/net/anycast6&path=//proc/23/net HTTP/1.1" 200 2692 "https://www.groatmachinery.com/favicon.ico?path=//proc/23/net" "Mozilla/5.0 AppleWebKit/537.36 (KHTML, like Gecko; compatible; GPTBot/1.4; +https://openai.com/gptbot)"
216.73.216.24 - - [28/Jul/2026:00:14:37 +0000] "GET /sitemap.xml?fileloc=%2F%2Fproc%2F727150%2Fsmaps&path=%2F%2Fproc%2F727150 HTTP/1.1" 200 2684 "-" "Mozilla/5.0 AppleWebKit/537.36 (KHTML, like Gecko; compatible; ClaudeBot/1.0; +claudebot@anthropic.com)"
74.7.243.228 - - [28/Jul/2026:00:14:37 +0000] "GET /favicon.ico?fileloc=//proc/51/net/anycast6&path=//proc/51/net HTTP/1.1" 200 2692 "https://www.groatmachinery.com/favicon.ico?path=//proc/51/net" "Mozilla/5.0 AppleWebKit/537.36 (KHTML, like Gecko; compatible; GPTBot/1.4; +https://openai.com/gptbot)"
216.73.216.24 - - [28/Jul/2026:00:14:39 +0000] "GET /sitemap.xml?fileloc=%2F%2Fproc%2F3764440%2Fstat&path=%2F%2Fproc%2F3764440 HTTP/1.1" 200 2771 "-" "Mozilla/5.0 AppleWebKit/537.36 (KHTML, like Gecko; compatible; ClaudeBot/1.0; +claudebot@anthropic.com)"
74.7.243.228 - - [28/Jul/2026:00:14:40 +0000] "GET /favicon.ico?fileloc=//proc/82/net/udplite6&path=//proc/82/net HTTP/1.1" 200 2768 "https://www.groatmachinery.com/favicon.ico?path=//proc/82/net" "Mozilla/5.0 AppleWebKit/537.36 (KHTML, like Gecko; compatible; GPTBot/1.4; +https://openai.com/gptbot)"
216.73.216.24 - - [28/Jul/2026:00:14:42 +0000] "GET /sitemap.xml?fileloc=%2F%2Fproc%2F608%2Fpagemap&path=%2F%2Fproc%2F608 HTTP/1.1" 200 2683 "-" "Mozilla/5.0 AppleWebKit/537.36 (KHTML, like Gecko; compatible; ClaudeBot/1.0; +claudebot@anthropic.com)"
74.7.243.228 - - [28/Jul/2026:00:14:44 +0000] "GET /favicon.ico?fileloc=//proc/56/net/anycast6&path=//proc/56/net HTTP/1.1" 200 2692 "https://www.groatmachinery.com/favicon.ico?path=//proc/56/net" "Mozilla/5.0 AppleWebKit/537.36 (KHTML, like Gecko; compatible; GPTBot/1.4; +https://openai.com/gptbot)"
216.73.216.24 - - [28/Jul/2026:00:14:45 +0000] "GET /sitemap.xml?fileloc=%2F%2Fsys%2Fkernel%2Fslab%2Fkmalloc-rnd-01-8k%2Faliases&path=%2F%2Fsys%2Fkernel%2Fslab%2Fkmalloc-rnd-01-8k HTTP/1.1" 200 2712 "-" "Mozilla/5.0 AppleWebKit/537.36 (KHTML, like Gecko; compatible; ClaudeBot/1.0; +claudebot@anthropic.com)"
74.7.243.228 - - [28/Jul/2026:00:14:47 +0000] "GET /favicon.ico?fileloc=//proc/23/net/udplite6&path=//proc/23/net HTTP/1.1" 200 2769 "https://www.groatmachinery.com/favicon.ico?path=//proc/23/net" "Mozilla/5.0 AppleWebKit/537.36 (KHTML, like Gecko; compatible; GPTBot/1.4; +https://openai.com/gptbot)"
216.73.216.24 - - [28/Jul/2026:00:14:48 +0000] "GET /sitemap.xml?fileloc=%2F%2Fsys%2Fdevices%2Fmsr%2Fsubsystem%2Fdevices%2Fcstate_core%2Fcpumask&path=%2F%2Fsys%2Fdevices%2Fmsr%2Fsubsystem%2Fdevices%2Fcstate_core HTTP/1.1" 200 2730 "-" "Mozilla/5.0 AppleWebKit/537.36 (KHTML, like Gecko; compatible; ClaudeBot/1.0; +claudebot@anthropic.com)"
74.7.243.228 - - [28/Jul/2026:00:14:50 +0000] "GET /favicon.ico?fileloc=//proc/82/net/rt_acct&path=//proc/82/net HTTP/1.1" 200 2731 "https://www.groatmachinery.com/favicon.ico?path=//proc/82/net" "Mozilla/5.0 AppleWebKit/537.36 (KHTML, like Gecko; compatible; GPTBot/1.4; +https://openai.com/gptbot)"
216.73.216.24 - - [28/Jul/2026:00:14:51 +0000] "GET /sitemap.xml?fileloc=%2F%2Fproc%2F158%2Fpagemap&path=%2F%2Fproc%2F158 HTTP/1.1" 200 2683 "-" "Mozilla/5.0 AppleWebKit/537.36 (KHTML, like Gecko; compatible; ClaudeBot/1.0; +claudebot@anthropic.com)"
74.7.243.228 - - [28/Jul/2026:00:14:53 +0000] "GET /favicon.ico?fileloc=//proc/56/net/rt_acct&path=//proc/56/net HTTP/1.1" 200 2732 "https://www.groatmachinery.com/favicon.ico?path=//proc/56/net" "Mozilla/5.0 AppleWebKit/537.36 (KHTML, like Gecko; compatible; GPTBot/1.4; +https://openai.com/gptbot)"
216.73.216.24 - - [28/Jul/2026:00:14:54 +0000] "GET /sitemap.xml?path=%2Fvar%2Fwww%2Fgroatmachine_usr%2Fdata%2Fwww%2Fgroatmachinery.com%2Fwp-includes%2Fsodium_compat%2Fnamespaced%2FCore HTTP/1.1" 200 3675 "-" "Mozilla/5.0 AppleWebKit/537.36 (KHTML, like Gecko; compatible; ClaudeBot/1.0; +claudebot@anthropic.com)"
74.7.243.228 - - [28/Jul/2026:00:14:56 +0000] "GET /favicon.ico?fileloc=//proc/51/net/rt_acct&path=//proc/51/net HTTP/1.1" 200 2731 "https://www.groatmachinery.com/favicon.ico?path=//proc/51/net" "Mozilla/5.0 AppleWebKit/537.36 (KHTML, like Gecko; compatible; GPTBot/1.4; +https://openai.com/gptbot)"
216.73.216.24 - - [28/Jul/2026:00:14:57 +0000] "GET /sitemap.xml?fileloc=%2F%2Fusr%2Fsbin%2Fpwhistory_helper&path=%2F%2Fusr%2Fsbin HTTP/1.1" 200 7649 "-" "Mozilla/5.0 AppleWebKit/537.36 (KHTML, like Gecko; compatible; ClaudeBot/1.0; +claudebot@anthropic.com)"
74.7.243.228 - - [28/Jul/2026:00:14:59 +0000] "GET /favicon.ico?fileloc=//proc/51/net/ip_mr_cache&path=//proc/51/net HTTP/1.1" 200 2731 "https://www.groatmachinery.com/favicon.ico?path=//proc/51/net" "Mozilla/5.0 AppleWebKit/537.36 (KHTML, like Gecko; compatible; GPTBot/1.4; +https://openai.com/gptbot)"
216.73.216.24 - - [28/Jul/2026:00:15:00 +0000] "GET /sitemap.xml?fileloc=%2F%2Fsys%2Fkernel%2Fslab%2Fkmalloc-rnd-07-256%2Fobjs_per_slab&path=%2F%2Fsys%2Fkernel%2Fslab%2Fkmalloc-rnd-07-256 HTTP/1.1" 200 2720 "-" "Mozilla/5.0 AppleWebKit/537.36 (KHTML, like Gecko; compatible; ClaudeBot/1.0; +claudebot@anthropic.com)"
74.7.243.228 - - [28/Jul/2026:00:15:02 +0000] "GET /favicon.ico?fileloc=//proc/23/net/rt_acct&path=//proc/23/net HTTP/1.1" 200 2731 "https://www.groatmachinery.com/favicon.ico?path=//proc/23/net" "Mozilla/5.0 AppleWebKit/537.36 (KHTML, like Gecko; compatible; GPTBot/1.4; +https://openai.com/gptbot)"
216.73.216.24 - - [28/Jul/2026:00:15:03 +0000] "GET /sitemap.xml?fileloc=%2F%2Fsys%2Fkernel%2Fslab%2Fkmalloc-rnd-01-2k%2Fdestroy_by_rcu&path=%2F%2Fsys%2Fkernel%2Fslab%2Fkmalloc-rnd-01-2k HTTP/1.1" 200 2721 "-" "Mozilla/5.0 AppleWebKit/537.36 (KHTML, like Gecko; compatible; ClaudeBot/1.0; +claudebot@anthropic.com)"
74.7.243.228 - - [28/Jul/2026:00:15:05 +0000] "GET /favicon.ico?fileloc=//proc/82/net/ip_mr_cache&path=//proc/82/net HTTP/1.1" 200 2730 "https://www.groatmachinery.com/favicon.ico?path=//proc/82/net" "Mozilla/5.0 AppleWebKit/537.36 (KHTML, like Gecko; compatible; GPTBot/1.4; +https://openai.com/gptbot)"
216.73.216.24 - - [28/Jul/2026:00:15:06 +0000] "GET /sitemap.xml?fileloc=%2F%2Fproc%2F71%2Fnet%2Fipv6_route&path=%2F%2Fproc%2F71%2Fnet HTTP/1.1" 200 2798 "-" "Mozilla/5.0 AppleWebKit/537.36 (KHTML, like Gecko; compatible; ClaudeBot/1.0; +claudebot@anthropic.com)"
74.7.243.228 - - [28/Jul/2026:00:15:08 +0000] "GET /favicon.ico?fileloc=//proc/56/net/ip_mr_cache&path=//proc/56/net HTTP/1.1" 200 2731 "https://www.groatmachinery.com/favicon.ico?path=//proc/56/net" "Mozilla/5.0 AppleWebKit/537.36 (KHTML, like Gecko; compatible; GPTBot/1.4; +https://openai.com/gptbot)"
216.73.216.24 - - [28/Jul/2026:00:15:09 +0000] "GET /sitemap.xml?fileloc=%2F%2Fvar%2Flog%2Falternatives.log.1&path=%2F%2Fvar%2Flog HTTP/1.1" 200 6063 "-" "Mozilla/5.0 AppleWebKit/537.36 (KHTML, like Gecko; compatible; ClaudeBot/1.0; +claudebot@anthropic.com)"
74.7.243.228 - - [28/Jul/2026:00:15:12 +0000] "GET /favicon.ico?fileloc=//proc/23/net/ip_mr_cache&path=//proc/23/net HTTP/1.1" 200 2731 "https://www.groatmachinery.com/favicon.ico?path=//proc/23/net" "Mozilla/5.0 AppleWebKit/537.36 (KHTML, like Gecko; compatible; GPTBot/1.4; +https://openai.com/gptbot)"
216.73.216.24 - - [28/Jul/2026:00:15:12 +0000] "GET /sitemap.xml?fileloc=%2F%2Fproc%2F88%2Ftimens_offsets&path=%2F%2Fproc%2F88 HTTP/1.1" 200 2708 "-" "Mozilla/5.0 AppleWebKit/537.36 (KHTML, like Gecko; compatible; ClaudeBot/1.0; +claudebot@anthropic.com)"
74.7.243.228 - - [28/Jul/2026:00:15:15 +0000] "GET /favicon.ico?fileloc=//proc/51/net/rt6_stats&path=//proc/51/net HTTP/1.1" 200 2707 "https://www.groatmachinery.com/favicon.ico?path=//proc/51/net" "Mozilla/5.0 AppleWebKit/537.36 (KHTML, like Gecko; compatible; GPTBot/1.4; +https://openai.com/gptbot)"
216.73.216.24 - - [28/Jul/2026:00:15:15 +0000] "GET /sitemap.xml?fileloc=%2F%2Fproc%2F2968851%2Fsyscall&path=%2F%2Fproc%2F2968851 HTTP/1.1" 200 2687 "-" "Mozilla/5.0 AppleWebKit/537.36 (KHTML, like Gecko; compatible; ClaudeBot/1.0; +claudebot@anthropic.com)"
74.7.243.228 - - [28/Jul/2026:00:15:18 +0000] "GET /favicon.ico?fileloc=//proc/23/net/rt6_stats&path=//proc/23/net HTTP/1.1" 200 2707 "https://www.groatmachinery.com/favicon.ico?path=//proc/23/net" "Mozilla/5.0 AppleWebKit/537.36 (KHTML, like Gecko; compatible; GPTBot/1.4; +https://openai.com/gptbot)"
216.73.216.24 - - [28/Jul/2026:00:15:18 +0000] "GET /sitemap.xml?fileloc=%2F%2Fproc%2F4%2Fnet%2Fip_tables_targets&path=%2F%2Fproc%2F4%2Fnet HTTP/1.1" 200 2692 "-" "Mozilla/5.0 AppleWebKit/537.36 (KHTML, like Gecko; compatible; ClaudeBot/1.0; +claudebot@anthropic.com)"
114.119.158.50 - - [28/Jul/2026:00:15:18 +0000] "GET /beehiiv-premium-only-subscription/?path=/var/www/groatmachine_usr/data/www/groatmachinery.com/images HTTP/1.1" 200 3177 "https://groatmachinery.com/beehiiv-premium-only-subscription/" "Mozilla/5.0 (Linux; Android 7.0;) AppleWebKit/537.36 (HTML, like Gecko) Mobile Safari/537.36 (compatible; PetalBot;+https://webmaster.petalsearch.com/site/petalbot)"
74.7.243.228 - - [28/Jul/2026:00:15:21 +0000] "GET /favicon.ico?fileloc=//proc/82/net/rt6_stats&path=//proc/82/net HTTP/1.1" 200 2706 "https://www.groatmachinery.com/favicon.ico?path=//proc/82/net" "Mozilla/5.0 AppleWebKit/537.36 (KHTML, like Gecko; compatible; GPTBot/1.4; +https://openai.com/gptbot)"
216.73.216.24 - - [28/Jul/2026:00:15:21 +0000] "GET /sitemap.xml?fileloc=%2F%2Fproc%2F1639404%2Fstat&path=%2F%2Fproc%2F1639404 HTTP/1.1" 200 2787 "-" "Mozilla/5.0 AppleWebKit/537.36 (KHTML, like Gecko; compatible; ClaudeBot/1.0; +claudebot@anthropic.com)"
74.7.243.228 - - [28/Jul/2026:00:15:24 +0000] "GET /favicon.ico?fileloc=//proc/82/net/ipv6_route&path=//proc/82/net HTTP/1.1" 200 2797 "https://www.groatmachinery.com/favicon.ico?path=//proc/82/net" "Mozilla/5.0 AppleWebKit/537.36 (KHTML, like Gecko; compatible; GPTBot/1.4; +https://openai.com/gptbot)"
216.73.216.24 - - [28/Jul/2026:00:15:24 +0000] "GET /sitemap.xml?fileloc=%2F%2Fproc%2F727150%2Fstatm&path=%2F%2Fproc%2F727150 HTTP/1.1" 200 2685 "-" "Mozilla/5.0 AppleWebKit/537.36 (KHTML, like Gecko; compatible; ClaudeBot/1.0; +claudebot@anthropic.com)"
74.7.243.228 - - [28/Jul/2026:00:15:27 +0000] "GET /favicon.ico?fileloc=//proc/51/net/ipv6_route&path=//proc/51/net HTTP/1.1" 200 2798 "https://www.groatmachinery.com/favicon.ico?path=//proc/51/net" "Mozilla/5.0 AppleWebKit/537.36 (KHTML, like Gecko; compatible; GPTBot/1.4; +https://openai.com/gptbot)"
216.73.216.24 - - [28/Jul/2026:00:15:27 +0000] "GET /sitemap.xml?fileloc=%2F%2Fsys%2Fclass%2Fbdi%2F7%3A7%2Fstrict_limit&path=%2F%2Fsys%2Fclass%2Fbdi%2F7%3A7 HTTP/1.1" 200 2705 "-" "Mozilla/5.0 AppleWebKit/537.36 (KHTML, like Gecko; compatible; ClaudeBot/1.0; +claudebot@anthropic.com)"
74.7.243.228 - - [28/Jul/2026:00:15:31 +0000] "GET /favicon.ico?fileloc=//proc/23/net/ipv6_route&path=//proc/23/net HTTP/1.1" 200 2798 "https://www.groatmachinery.com/favicon.ico?path=//proc/23/net" "Mozilla/5.0 AppleWebKit/537.36 (KHTML, like Gecko; compatible; GPTBot/1.4; +https://openai.com/gptbot)"
216.73.216.24 - - [28/Jul/2026:00:15:30 +0000] "GET /sitemap.xml?fileloc=%2F%2Fproc%2F763293%2Ftask%2F763293%2Fsmaps&path=%2F%2Fproc%2F763293%2Ftask%2F763293 HTTP/1.1" 200 2698 "-" "Mozilla/5.0 AppleWebKit/537.36 (KHTML, like Gecko; compatible; ClaudeBot/1.0; +claudebot@anthropic.com)"
74.7.243.228 - - [28/Jul/2026:00:15:34 +0000] "GET /favicon.ico?fileloc=//proc/51/net/ip6_mr_cache&path=//proc/51/net HTTP/1.1" 200 2732 "https://www.groatmachinery.com/favicon.ico?path=//proc/51/net" "Mozilla/5.0 AppleWebKit/537.36 (KHTML, like Gecko; compatible; GPTBot/1.4; +https://openai.com/gptbot)"
216.73.216.24 - - [28/Jul/2026:00:15:35 +0000] "GET /sitemap.xml?path=%2F%2Fproc%2F3336170%2Fattr HTTP/1.1" 200 2746 "-" "Mozilla/5.0 AppleWebKit/537.36 (KHTML, like Gecko; compatible; ClaudeBot/1.0; +claudebot@anthropic.com)"
74.7.243.228 - - [28/Jul/2026:00:15:37 +0000] "GET /favicon.ico?fileloc=//proc/82/net/ip6_mr_cache&path=//proc/82/net HTTP/1.1" 200 2732 "https://www.groatmachinery.com/favicon.ico?path=//proc/82/net" "Mozilla/5.0 AppleWebKit/537.36 (KHTML, like Gecko; compatible; GPTBot/1.4; +https://openai.com/gptbot)"
216.73.216.24 - - [28/Jul/2026:00:15:37 +0000] "GET /sitemap.xml?fileloc=%2F%2Flib%2Fgit-core%2Fgit-remote-ftps&path=%2F%2Flib%2Fgit-core HTTP/1.1" 200 323395 "-" "Mozilla/5.0 AppleWebKit/537.36 (KHTML, like Gecko; compatible; ClaudeBot/1.0; +claudebot@anthropic.com)"
74.7.243.228 - - [28/Jul/2026:00:15:40 +0000] "GET /favicon.ico?fileloc=//proc/23/net/ip6_mr_cache&path=//proc/23/net HTTP/1.1" 200 2732 "https://www.groatmachinery.com/favicon.ico?path=//proc/23/net" "Mozilla/5.0 AppleWebKit/537.36 (KHTML, like Gecko; compatible; GPTBot/1.4; +https://openai.com/gptbot)"
216.73.216.24 - - [28/Jul/2026:00:15:40 +0000] "GET /sitemap.xml?fileloc=%2F%2Fsys%2Fmodule%2Fata_generic%2Fversion&path=%2F%2Fsys%2Fmodule%2Fata_generic HTTP/1.1" 200 2701 "-" "Mozilla/5.0 AppleWebKit/537.36 (KHTML, like Gecko; compatible; ClaudeBot/1.0; +claudebot@anthropic.com)"
74.7.243.228 - - [28/Jul/2026:00:15:43 +0000] "GET /favicon.ico?fileloc=//proc/82/net/connector&path=//proc/82/net HTTP/1.1" 200 2709 "https://www.groatmachinery.com/favicon.ico?path=//proc/82/net" "Mozilla/5.0 AppleWebKit/537.36 (KHTML, like Gecko; compatible; GPTBot/1.4; +https://openai.com/gptbot)"
216.73.216.24 - - [28/Jul/2026:00:15:43 +0000] "GET /sitemap.xml?path=%2F%2Fsys%2Fdevices%2Fmsr%2Fsubsystem%2Fdevices%2Fsoftware%2Fpower HTTP/1.1" 200 3379 "-" "Mozilla/5.0 AppleWebKit/537.36 (KHTML, like Gecko; compatible; ClaudeBot/1.0; +claudebot@anthropic.com)"
74.7.243.228 - - [28/Jul/2026:00:15:46 +0000] "GET /favicon.ico?fileloc=//proc/56/net/connector&path=//proc/56/net HTTP/1.1" 200 2710 "https://www.groatmachinery.com/favicon.ico?path=//proc/56/net" "Mozilla/5.0 AppleWebKit/537.36 (KHTML, like Gecko; compatible; GPTBot/1.4; +https://openai.com/gptbot)"
216.73.216.24 - - [28/Jul/2026:00:15:46 +0000] "GET /sitemap.xml?path=%2F%2Fproc%2F727150%2Ffdinfo HTTP/1.1" 200 2745 "-" "Mozilla/5.0 AppleWebKit/537.36 (KHTML, like Gecko; compatible; ClaudeBot/1.0; +claudebot@anthropic.com)"
216.73.216.24 - - [28/Jul/2026:00:15:49 +0000] "GET /sitemap.xml?fileloc=%2F%2Fusr%2Finclude%2Fnet%2Fif.h&path=%2F%2Fusr%2Finclude%2Fnet HTTP/1.1" 200 5409 "-" "Mozilla/5.0 AppleWebKit/537.36 (KHTML, like Gecko; compatible; ClaudeBot/1.0; +claudebot@anthropic.com)"
74.7.243.228 - - [28/Jul/2026:00:15:50 +0000] "GET /favicon.ico?fileloc=//proc/51/net/connector&path=//proc/51/net HTTP/1.1" 200 2710 "https://www.groatmachinery.com/favicon.ico?path=//proc/51/net" "Mozilla/5.0 AppleWebKit/537.36 (KHTML, like Gecko; compatible; GPTBot/1.4; +https://openai.com/gptbot)"
216.73.216.24 - - [28/Jul/2026:00:15:52 +0000] "GET /sitemap.xml?fileloc=%2F%2Fsys%2Fblock%2Floop1%2Fevents&path=%2F%2Fsys%2Fblock%2Floop1 HTTP/1.1" 200 2701 "-" "Mozilla/5.0 AppleWebKit/537.36 (KHTML, like Gecko; compatible; ClaudeBot/1.0; +claudebot@anthropic.com)"
74.7.243.228 - - [28/Jul/2026:00:15:53 +0000] "GET /favicon.ico?fileloc=//proc/56/net/ip6_mr_vif&path=//proc/56/net HTTP/1.1" 200 2726 "https://www.groatmachinery.com/favicon.ico?path=//proc/56/net" "Mozilla/5.0 AppleWebKit/537.36 (KHTML, like Gecko; compatible; GPTBot/1.4; +https://openai.com/gptbot)"
216.73.216.24 - - [28/Jul/2026:00:15:55 +0000] "GET /sitemap.xml?path=%2F%2Fsys%2Fclass%2Ftty%2FttyS20%2Fsubsystem%2FttyS5%2Fpower HTTP/1.1" 200 3674 "-" "Mozilla/5.0 AppleWebKit/537.36 (KHTML, like Gecko; compatible; ClaudeBot/1.0; +claudebot@anthropic.com)"
74.7.243.228 - - [28/Jul/2026:00:15:56 +0000] "GET /favicon.ico?fileloc=//proc/51/net/protocols&path=//proc/51/net HTTP/1.1" 200 3184 "https://www.groatmachinery.com/favicon.ico?path=//proc/51/net" "Mozilla/5.0 AppleWebKit/537.36 (KHTML, like Gecko; compatible; GPTBot/1.4; +https://openai.com/gptbot)"
57.141.0.27 - - [28/Jul/2026:00:15:57 +0000] "GET /ilia-oil-n-40/?add-to-cart=943 HTTP/1.1" 200 54015 "-" "Mozilla/5.0 (Windows NT 10.0; Win64; x64) AppleWebKit/537.36 (KHTML, like Gecko) Chrome/145.0.0.0 Safari/537.36 (compatible; meta-externalagent/1.1 (+https://developers.facebook.com/docs/sharing/webmasters/crawler))"
216.73.216.24 - - [28/Jul/2026:00:15:58 +0000] "GET /sitemap.xml?path=%2F%2Fproc%2Firq%2F15 HTTP/1.1" 200 3237 "-" "Mozilla/5.0 AppleWebKit/537.36 (KHTML, like Gecko; compatible; ClaudeBot/1.0; +claudebot@anthropic.com)"
74.7.243.228 - - [28/Jul/2026:00:15:59 +0000] "GET /favicon.ico?fileloc=//proc/56/net/protocols&path=//proc/56/net HTTP/1.1" 200 3184 "https://www.groatmachinery.com/favicon.ico?path=//proc/56/net" "Mozilla/5.0 AppleWebKit/537.36 (KHTML, like Gecko; compatible; GPTBot/1.4; +https://openai.com/gptbot)"
74.7.243.228 - - [28/Jul/2026:00:16:02 +0000] "GET /favicon.ico?fileloc=//proc/23/net/protocols&path=//proc/23/net HTTP/1.1" 200 3183 "https://www.groatmachinery.com/favicon.ico?path=//proc/23/net" "Mozilla/5.0 AppleWebKit/537.36 (KHTML, like Gecko; compatible; GPTBot/1.4; +https://openai.com/gptbot)"
216.73.216.24 - - [28/Jul/2026:00:16:03 +0000] "GET /ilia-oil-s-71/feed/?fileloc=%2Fvar%2Fwww%2Fgroatmachine_usr%2Fdata%2Fwww%2Fgroatmachinery.com%2Fimages%2F.htaccess&path=%2Fvar%2Fwww%2Fgroatmachine_usr%2Fdata%2Fwww%2Fgroatmachinery.com%2Fimages HTTP/1.1" 200 2816 "-" "Mozilla/5.0 AppleWebKit/537.36 (KHTML, like Gecko; compatible; ClaudeBot/1.0; +claudebot@anthropic.com)"
74.7.243.228 - - [28/Jul/2026:00:16:05 +0000] "GET /favicon.ico?fileloc=//proc/82/net/protocols&path=//proc/82/net HTTP/1.1" 200 3185 "https://www.groatmachinery.com/favicon.ico?path=//proc/82/net" "Mozilla/5.0 AppleWebKit/537.36 (KHTML, like Gecko; compatible; GPTBot/1.4; +https://openai.com/gptbot)"
216.73.216.24 - - [28/Jul/2026:00:16:05 +0000] "GET /qusefod/assets/js/frontend/account-i18n.min.js?fileloc=%2Fvar%2Fwww%2Fgroatmachine_usr%2Fdata%2Fwww%2Fgroatmachinery.com%2Frobots.txt&path=%2Fvar%2Fwww%2Fgroatmachine_usr%2Fdata%2Fwww%2Fgroatmachinery.com HTTP/1.1" 200 2751 "-" "Mozilla/5.0 AppleWebKit/537.36 (KHTML, like Gecko; compatible; ClaudeBot/1.0; +claudebot@anthropic.com)"
74.7.243.228 - - [28/Jul/2026:00:16:09 +0000] "GET /favicon.ico?fileloc=//proc/56/net/ip_mr_vif&path=//proc/56/net HTTP/1.1" 200 2738 "https://www.groatmachinery.com/favicon.ico?path=//proc/56/net" "Mozilla/5.0 AppleWebKit/537.36 (KHTML, like Gecko; compatible; GPTBot/1.4; +https://openai.com/gptbot)"
216.73.216.24 - - [28/Jul/2026:00:16:08 +0000] "GET /ilia-pods-q-43/feed/?fileloc=%2Fvar%2Fwww%2Fgroatmachine_usr%2Fdata%2Fwww%2Fgroatmachinery.com%2Frobots.txt&path=%2Fvar%2Fwww%2Fgroatmachine_usr%2Fdata%2Fwww%2Fgroatmachinery.com HTTP/1.1" 200 2751 "-" "Mozilla/5.0 AppleWebKit/537.36 (KHTML, like Gecko; compatible; ClaudeBot/1.0; +claudebot@anthropic.com)"
74.7.243.228 - - [28/Jul/2026:00:16:12 +0000] "GET /favicon.ico?fileloc=//proc/23/net/ip_mr_vif&path=//proc/23/net HTTP/1.1" 200 2738 "https://www.groatmachinery.com/favicon.ico?path=//proc/23/net" "Mozilla/5.0 AppleWebKit/537.36 (KHTML, like Gecko; compatible; GPTBot/1.4; +https://openai.com/gptbot)"
216.73.216.24 - - [28/Jul/2026:00:16:11 +0000] "GET /qusefod/assets/js/frontend/account-i18n.min.js?fileloc=%2F%2Fswap.img&path=%2F HTTP/1.1" 200 2662 "-" "Mozilla/5.0 AppleWebKit/537.36 (KHTML, like Gecko; compatible; ClaudeBot/1.0; +claudebot@anthropic.com)"
74.7.243.228 - - [28/Jul/2026:00:16:15 +0000] "GET /favicon.ico?fileloc=//proc/82/net/ip_mr_vif&path=//proc/82/net HTTP/1.1" 200 2737 "https://www.groatmachinery.com/favicon.ico?path=//proc/82/net" "Mozilla/5.0 AppleWebKit/537.36 (KHTML, like Gecko; compatible; GPTBot/1.4; +https://openai.com/gptbot)"
216.73.216.24 - - [28/Jul/2026:00:16:14 +0000] "GET /ilia-oil-s-71/feed/?fileloc=%2F%2Fswap.img&path=%2F HTTP/1.1" 200 2662 "-" "Mozilla/5.0 AppleWebKit/537.36 (KHTML, like Gecko; compatible; ClaudeBot/1.0; +claudebot@anthropic.com)"
216.73.216.24 - - [28/Jul/2026:00:16:17 +0000] "GET /ilia-pods-q-43/?add-to-cart=915 HTTP/1.1" 200 4085 "-" "Mozilla/5.0 AppleWebKit/537.36 (KHTML, like Gecko; compatible; ClaudeBot/1.0; +claudebot@anthropic.com)"
74.7.243.228 - - [28/Jul/2026:00:16:18 +0000] "GET /favicon.ico?fileloc=//proc/51/net/ip_mr_vif&path=//proc/51/net HTTP/1.1" 200 2738 "https://www.groatmachinery.com/favicon.ico?path=//proc/51/net" "Mozilla/5.0 AppleWebKit/537.36 (KHTML, like Gecko; compatible; GPTBot/1.4; +https://openai.com/gptbot)"
216.73.216.24 - - [28/Jul/2026:00:16:20 +0000] "GET /ilia-pods-q-43/?add-to-cart=878 HTTP/1.1" 200 4085 "-" "Mozilla/5.0 AppleWebKit/537.36 (KHTML, like Gecko; compatible; ClaudeBot/1.0; +claudebot@anthropic.com)"
74.7.243.228 - - [28/Jul/2026:00:16:21 +0000] "GET /favicon.ico?fileloc=//proc/82/net/ip6_mr_vif&path=//proc/82/net HTTP/1.1" 200 2725 "https://www.groatmachinery.com/favicon.ico?path=//proc/82/net" "Mozilla/5.0 AppleWebKit/537.36 (KHTML, like Gecko; compatible; GPTBot/1.4; +https://openai.com/gptbot)"
216.73.216.24 - - [28/Jul/2026:00:16:23 +0000] "GET /ilia-oil-s-71/?fileloc=%2F%2Fswap.img&path=%2F HTTP/1.1" 200 2662 "-" "Mozilla/5.0 AppleWebKit/537.36 (KHTML, like Gecko; compatible; ClaudeBot/1.0; +claudebot@anthropic.com)"
74.7.243.228 - - [28/Jul/2026:00:16:24 +0000] "GET /favicon.ico?fileloc=//proc/23/net/ip6_mr_vif&path=//proc/23/net HTTP/1.1" 200 2726 "https://www.groatmachinery.com/favicon.ico?path=//proc/23/net" "Mozilla/5.0 AppleWebKit/537.36 (KHTML, like Gecko; compatible; GPTBot/1.4; +https://openai.com/gptbot)"
216.73.216.24 - - [28/Jul/2026:00:16:26 +0000] "GET /ilia-pods-q-43/?add-to-cart=942 HTTP/1.1" 200 4085 "-" "Mozilla/5.0 AppleWebKit/537.36 (KHTML, like Gecko; compatible; ClaudeBot/1.0; +claudebot@anthropic.com)"
74.7.243.228 - - [28/Jul/2026:00:16:28 +0000] "GET /favicon.ico?fileloc=//proc/51/net/ip6_mr_vif&path=//proc/51/net HTTP/1.1" 200 2726 "https://www.groatmachinery.com/favicon.ico?path=//proc/51/net" "Mozilla/5.0 AppleWebKit/537.36 (KHTML, like Gecko; compatible; GPTBot/1.4; +https://openai.com/gptbot)"
216.73.216.24 - - [28/Jul/2026:00:16:29 +0000] "GET /ilia-pods-q-43/?add-to-cart=934 HTTP/1.1" 200 4085 "-" "Mozilla/5.0 AppleWebKit/537.36 (KHTML, like Gecko; compatible; ClaudeBot/1.0; +claudebot@anthropic.com)"
74.7.243.228 - - [28/Jul/2026:00:16:31 +0000] "GET /favicon.ico?fileloc=//proc/82/net/ip_tables_targets&path=//proc/82/net HTTP/1.1" 200 2693 "https://www.groatmachinery.com/favicon.ico?path=//proc/82/net" "Mozilla/5.0 AppleWebKit/537.36 (KHTML, like Gecko; compatible; GPTBot/1.4; +https://openai.com/gptbot)"
216.73.216.24 - - [28/Jul/2026:00:16:32 +0000] "GET /ilia-pods-q-43/?add-to-cart=890 HTTP/1.1" 200 4085 "-" "Mozilla/5.0 AppleWebKit/537.36 (KHTML, like Gecko; compatible; ClaudeBot/1.0; +claudebot@anthropic.com)"
74.7.243.228 - - [28/Jul/2026:00:16:34 +0000] "GET /favicon.ico?fileloc=//proc/56/net/ip_tables_targets&path=//proc/56/net HTTP/1.1" 200 2694 "https://www.groatmachinery.com/favicon.ico?path=//proc/56/net" "Mozilla/5.0 AppleWebKit/537.36 (KHTML, like Gecko; compatible; GPTBot/1.4; +https://openai.com/gptbot)"
216.73.216.24 - - [28/Jul/2026:00:16:36 +0000] "GET /ilia-cigarette-c-55/?fileloc=%2Fvar%2Fwww%2Fgroatmachine_usr%2Fdata%2Fwww%2Fgroatmachinery.com%2Flicense.txt&path=%2Fvar%2Fwww%2Fgroatmachine_usr%2Fdata%2Fwww%2Fgroatmachinery.com HTTP/1.1" 200 10057 "-" "Mozilla/5.0 AppleWebKit/537.36 (KHTML, like Gecko; compatible; ClaudeBot/1.0; +claudebot@anthropic.com)"
74.7.243.228 - - [28/Jul/2026:00:16:37 +0000] "GET /favicon.ico?fileloc=//proc/51/net/ip_tables_targets&path=//proc/51/net HTTP/1.1" 200 2693 "https://www.groatmachinery.com/favicon.ico?path=//proc/51/net" "Mozilla/5.0 AppleWebKit/537.36 (KHTML, like Gecko; compatible; GPTBot/1.4; +https://openai.com/gptbot)"
216.73.216.24 - - [28/Jul/2026:00:16:39 +0000] "GET /ilia-pods-q-43/?add-to-cart=910 HTTP/1.1" 200 4085 "-" "Mozilla/5.0 AppleWebKit/537.36 (KHTML, like Gecko; compatible; ClaudeBot/1.0; +claudebot@anthropic.com)"
74.7.243.228 - - [28/Jul/2026:00:16:40 +0000] "GET /favicon.ico?fileloc=//proc/82/net/ip_tables_matches&path=//proc/82/net HTTP/1.1" 200 2695 "https://www.groatmachinery.com/favicon.ico?path=//proc/82/net" "Mozilla/5.0 AppleWebKit/537.36 (KHTML, like Gecko; compatible; GPTBot/1.4; +https://openai.com/gptbot)"
74.7.243.228 - - [28/Jul/2026:00:16:43 +0000] "GET /favicon.ico?fileloc=//proc/23/net/connector&path=//proc/23/net HTTP/1.1" 200 2710 "https://www.groatmachinery.com/favicon.ico?path=//proc/23/net" "Mozilla/5.0 AppleWebKit/537.36 (KHTML, like Gecko; compatible; GPTBot/1.4; +https://openai.com/gptbot)"
216.73.216.24 - - [28/Jul/2026:00:16:42 +0000] "GET /ilia-pods-q-43/?add-to-cart=893 HTTP/1.1" 200 4085 "-" "Mozilla/5.0 AppleWebKit/537.36 (KHTML, like Gecko; compatible; ClaudeBot/1.0; +claudebot@anthropic.com)"
74.7.243.228 - - [28/Jul/2026:00:16:47 +0000] "GET /favicon.ico?fileloc=//proc/82/net/sockstat6&path=//proc/82/net HTTP/1.1" 200 2736 "https://www.groatmachinery.com/favicon.ico?path=//proc/82/net" "Mozilla/5.0 AppleWebKit/537.36 (KHTML, like Gecko; compatible; GPTBot/1.4; +https://openai.com/gptbot)"
216.73.216.24 - - [28/Jul/2026:00:16:46 +0000] "GET /sitemap.xml?path=%2F%2Fsys%2Fkernel%2Fslab%2F%3AA-0001344 HTTP/1.1" 200 4013 "-" "Mozilla/5.0 AppleWebKit/537.36 (KHTML, like Gecko; compatible; ClaudeBot/1.0; +claudebot@anthropic.com)"
216.73.216.24 - - [28/Jul/2026:00:16:49 +0000] "GET /sitemap.xml?fileloc=%2F%2Fproc%2F77%2Fpatch_state&path=%2F%2Fproc%2F77 HTTP/1.1" 200 2687 "-" "Mozilla/5.0 AppleWebKit/537.36 (KHTML, like Gecko; compatible; ClaudeBot/1.0; +claudebot@anthropic.com)"
74.7.243.228 - - [28/Jul/2026:00:16:50 +0000] "GET /favicon.ico?fileloc=//proc/51/net/sockstat6&path=//proc/51/net HTTP/1.1" 200 2738 "https://www.groatmachinery.com/favicon.ico?path=//proc/51/net" "Mozilla/5.0 AppleWebKit/537.36 (KHTML, like Gecko; compatible; GPTBot/1.4; +https://openai.com/gptbot)"
216.73.216.24 - - [28/Jul/2026:00:16:52 +0000] "GET /sitemap.xml?path=%2F%2Fproc%2F1638883%2Fattr%2Fsmack HTTP/1.1" 200 3027 "-" "Mozilla/5.0 AppleWebKit/537.36 (KHTML, like Gecko; compatible; ClaudeBot/1.0; +claudebot@anthropic.com)"
74.7.243.228 - - [28/Jul/2026:00:16:53 +0000] "GET /favicon.ico?fileloc=//proc/23/net/sockstat6&path=//proc/23/net HTTP/1.1" 200 2738 "https://www.groatmachinery.com/favicon.ico?path=//proc/23/net" "Mozilla/5.0 AppleWebKit/537.36 (KHTML, like Gecko; compatible; GPTBot/1.4; +https://openai.com/gptbot)"
216.73.216.24 - - [28/Jul/2026:00:16:55 +0000] "GET /sitemap.xml?fileloc=%2Fvar%2Flib%2Fapache2%2Fmodule%2Fdisabled_by_admin%2Fstatus&path=%2Fvar%2Flib%2Fapache2%2Fmodule%2Fdisabled_by_admin HTTP/1.1" 200 2718 "-" "Mozilla/5.0 AppleWebKit/537.36 (KHTML, like Gecko; compatible; ClaudeBot/1.0; +claudebot@anthropic.com)"
74.7.243.228 - - [28/Jul/2026:00:16:56 +0000] "GET /favicon.ico?fileloc=//proc/56/net/mcfilter6&path=//proc/56/net HTTP/1.1" 200 2734 "https://www.groatmachinery.com/favicon.ico?path=//proc/56/net" "Mozilla/5.0 AppleWebKit/537.36 (KHTML, like Gecko; compatible; GPTBot/1.4; +https://openai.com/gptbot)"
216.73.216.24 - - [28/Jul/2026:00:16:58 +0000] "GET /sitemap.xml?fileloc=%2F%2Fopt%2Ffphp%2Fetc%2Fphp-fpm.conf&path=%2F%2Fopt%2Ffphp%2Fetc HTTP/1.1" 200 2747 "-" "Mozilla/5.0 AppleWebKit/537.36 (KHTML, like Gecko; compatible; ClaudeBot/1.0; +claudebot@anthropic.com)"
74.7.243.228 - - [28/Jul/2026:00:16:59 +0000] "GET /favicon.ico?fileloc=//proc/56/net/sockstat6&path=//proc/56/net HTTP/1.1" 200 2737 "https://www.groatmachinery.com/favicon.ico?path=//proc/56/net" "Mozilla/5.0 AppleWebKit/537.36 (KHTML, like Gecko; compatible; GPTBot/1.4; +https://openai.com/gptbot)"
216.73.216.24 - - [28/Jul/2026:00:17:01 +0000] "GET /sitemap.xml?fileloc=%2F%2Fusr%2Fbin%2Fssh-keyscan&path=%2F%2Fusr%2Fbin HTTP/1.1" 200 111540 "-" "Mozilla/5.0 AppleWebKit/537.36 (KHTML, like Gecko; compatible; ClaudeBot/1.0; +claudebot@anthropic.com)"
74.7.243.228 - - [28/Jul/2026:00:17:02 +0000] "GET /favicon.ico?fileloc=//proc/82/net/mcfilter6&path=//proc/82/net HTTP/1.1" 200 2733 "https://www.groatmachinery.com/favicon.ico?path=//proc/82/net" "Mozilla/5.0 AppleWebKit/537.36 (KHTML, like Gecko; compatible; GPTBot/1.4; +https://openai.com/gptbot)"
216.73.216.24 - - [28/Jul/2026:00:17:04 +0000] "GET /sitemap.xml?fileloc=%2F%2Fsys%2Fkernel%2Fslab%2Ffscrypt_inode_info%2Fcpu_slabs&path=%2F%2Fsys%2Fkernel%2Fslab%2Ffscrypt_inode_info HTTP/1.1" 200 2712 "-" "Mozilla/5.0 AppleWebKit/537.36 (KHTML, like Gecko; compatible; ClaudeBot/1.0; +claudebot@anthropic.com)"
74.7.243.228 - - [28/Jul/2026:00:17:05 +0000] "GET /favicon.ico?fileloc=//proc/51/net/mcfilter6&path=//proc/51/net HTTP/1.1" 200 2735 "https://www.groatmachinery.com/favicon.ico?path=//proc/51/net" "Mozilla/5.0 AppleWebKit/537.36 (KHTML, like Gecko; compatible; GPTBot/1.4; +https://openai.com/gptbot)"
216.73.216.24 - - [28/Jul/2026:00:17:07 +0000] "GET /sitemap.xml?fileloc=%2F%2Fusr%2Fbin%2Fjpegoptim&path=%2F%2Fusr%2Fbin HTTP/1.1" 200 15173 "-" "Mozilla/5.0 AppleWebKit/537.36 (KHTML, like Gecko; compatible; ClaudeBot/1.0; +claudebot@anthropic.com)"
74.7.243.228 - - [28/Jul/2026:00:17:09 +0000] "GET /favicon.ico?fileloc=//proc/23/net/mcfilter6&path=//proc/23/net HTTP/1.1" 200 2735 "https://www.groatmachinery.com/favicon.ico?path=//proc/23/net" "Mozilla/5.0 AppleWebKit/537.36 (KHTML, like Gecko; compatible; GPTBot/1.4; +https://openai.com/gptbot)"
216.73.216.24 - - [28/Jul/2026:00:17:10 +0000] "GET /sitemap.xml?fileloc=%2F%2Fsys%2Fkernel%2Fslab%2FUDP%2Ftrace&path=%2F%2Fsys%2Fkernel%2Fslab%2FUDP HTTP/1.1" 200 2702 "-" "Mozilla/5.0 AppleWebKit/537.36 (KHTML, like Gecko; compatible; ClaudeBot/1.0; +claudebot@anthropic.com)"
74.7.243.228 - - [28/Jul/2026:00:17:12 +0000] "GET /favicon.ico?fileloc=//proc/51/net/ip_tables_matches&path=//proc/51/net HTTP/1.1" 200 2696 "https://www.groatmachinery.com/favicon.ico?path=//proc/51/net" "Mozilla/5.0 AppleWebKit/537.36 (KHTML, like Gecko; compatible; GPTBot/1.4; +https://openai.com/gptbot)"
216.73.216.24 - - [28/Jul/2026:00:17:13 +0000] "GET /sitemap.xml?fileloc=%2F%2Fusr%2Fbin%2Fssh-add&path=%2F%2Fusr%2Fbin HTTP/1.1" 200 98038 "-" "Mozilla/5.0 AppleWebKit/537.36 (KHTML, like Gecko; compatible; ClaudeBot/1.0; +claudebot@anthropic.com)"
74.7.243.228 - - [28/Jul/2026:00:17:15 +0000] "GET /favicon.ico?fileloc=//proc/23/net/ip_tables_matches&path=//proc/23/net HTTP/1.1" 200 2696 "https://www.groatmachinery.com/favicon.ico?path=//proc/23/net" "Mozilla/5.0 AppleWebKit/537.36 (KHTML, like Gecko; compatible; GPTBot/1.4; +https://openai.com/gptbot)"
216.73.216.24 - - [28/Jul/2026:00:17:16 +0000] "GET /sitemap.xml?path=%2F%2Fusr%2Fsrc%2Flinux-headers-6.8.0-136-generic%2Fdrivers%2Fmedia%2Fi2c HTTP/1.1" 200 3332 "-" "Mozilla/5.0 AppleWebKit/537.36 (KHTML, like Gecko; compatible; ClaudeBot/1.0; +claudebot@anthropic.com)"
74.7.243.228 - - [28/Jul/2026:00:17:18 +0000] "GET /favicon.ico?fileloc=//proc/23/net/ip_tables_targets&path=//proc/23/net HTTP/1.1" 200 2693 "https://www.groatmachinery.com/favicon.ico?path=//proc/23/net" "Mozilla/5.0 AppleWebKit/537.36 (KHTML, like Gecko; compatible; GPTBot/1.4; +https://openai.com/gptbot)"
216.73.216.24 - - [28/Jul/2026:00:17:19 +0000] "GET /sitemap.xml?path=%2F%2Fproc%2F1638148%2Fattr%2Fapparmor HTTP/1.1" 200 3112 "-" "Mozilla/5.0 AppleWebKit/537.36 (KHTML, like Gecko; compatible; ClaudeBot/1.0; +claudebot@anthropic.com)"
74.7.243.228 - - [28/Jul/2026:00:17:21 +0000] "GET /favicon.ico?fileloc=//proc/56/net/ip_tables_matches&path=//proc/56/net HTTP/1.1" 200 2696 "https://www.groatmachinery.com/favicon.ico?path=//proc/56/net" "Mozilla/5.0 AppleWebKit/537.36 (KHTML, like Gecko; compatible; GPTBot/1.4; +https://openai.com/gptbot)"
216.73.216.24 - - [28/Jul/2026:00:17:22 +0000] "GET /sitemap.xml?path=%2F%2Fproc%2F588210%2Fattr HTTP/1.1" 200 3300 "-" "Mozilla/5.0 AppleWebKit/537.36 (KHTML, like Gecko; compatible; ClaudeBot/1.0; +claudebot@anthropic.com)"
74.7.243.228 - - [28/Jul/2026:00:17:24 +0000] "GET /favicon.ico?fileloc=//proc/23/net/ip6_flowlabel&path=//proc/23/net HTTP/1.1" 200 2731 "https://www.groatmachinery.com/favicon.ico?path=//proc/23/net" "Mozilla/5.0 AppleWebKit/537.36 (KHTML, like Gecko; compatible; GPTBot/1.4; +https://openai.com/gptbot)"
216.73.216.24 - - [28/Jul/2026:00:17:27 +0000] "GET /sitemap.xml?fileloc=%2F%2Fbin%2Fsystemd-cryptenroll&path=%2F%2Fbin HTTP/1.1" 200 24538 "-" "Mozilla/5.0 AppleWebKit/537.36 (KHTML, like Gecko; compatible; ClaudeBot/1.0; +claudebot@anthropic.com)"
74.7.243.228 - - [28/Jul/2026:00:17:28 +0000] "GET /favicon.ico?fileloc=//proc/51/net/ip6_flowlabel&path=//proc/51/net HTTP/1.1" 200 2731 "https://www.groatmachinery.com/favicon.ico?path=//proc/51/net" "Mozilla/5.0 AppleWebKit/537.36 (KHTML, like Gecko; compatible; GPTBot/1.4; +https://openai.com/gptbot)"
216.73.216.24 - - [28/Jul/2026:00:17:29 +0000] "GET /sitemap.xml?fileloc=%2F%2Fsys%2Fkernel%2Fslab%2Fsgpool-64%2Ftotal_objects&path=%2F%2Fsys%2Fkernel%2Fslab%2Fsgpool-64 HTTP/1.1" 200 2712 "-" "Mozilla/5.0 AppleWebKit/537.36 (KHTML, like Gecko; compatible; ClaudeBot/1.0; +claudebot@anthropic.com)"
74.7.243.228 - - [28/Jul/2026:00:17:31 +0000] "GET /favicon.ico?fileloc=//proc/82/net/ip6_flowlabel&path=//proc/82/net HTTP/1.1" 200 2730 "https://www.groatmachinery.com/favicon.ico?path=//proc/82/net" "Mozilla/5.0 AppleWebKit/537.36 (KHTML, like Gecko; compatible; GPTBot/1.4; +https://openai.com/gptbot)"
216.73.216.24 - - [28/Jul/2026:00:17:32 +0000] "GET /sitemap.xml?fileloc=%2F%2Fbin%2Fsg_map&path=%2F%2Fbin HTTP/1.1" 200 7907 "-" "Mozilla/5.0 AppleWebKit/537.36 (KHTML, like Gecko; compatible; ClaudeBot/1.0; +claudebot@anthropic.com)"
74.7.243.228 - - [28/Jul/2026:00:17:34 +0000] "GET /favicon.ico?fileloc=//proc/56/net/ip6_flowlabel&path=//proc/56/net HTTP/1.1" 200 2732 "https://www.groatmachinery.com/favicon.ico?path=//proc/56/net" "Mozilla/5.0 AppleWebKit/537.36 (KHTML, like Gecko; compatible; GPTBot/1.4; +https://openai.com/gptbot)"
216.73.216.24 - - [28/Jul/2026:00:17:35 +0000] "GET /sitemap.xml?fileloc=%2F%2Fsys%2Fkernel%2Fslab%2Fkmalloc-cg-32%2Falign&path=%2F%2Fsys%2Fkernel%2Fslab%2Fkmalloc-cg-32 HTTP/1.1" 200 2708 "-" "Mozilla/5.0 AppleWebKit/537.36 (KHTML, like Gecko; compatible; ClaudeBot/1.0; +claudebot@anthropic.com)"
74.7.243.228 - - [28/Jul/2026:00:17:37 +0000] "GET /favicon.ico?fileloc=//proc/88/net/stat/ndisc_cache&path=//proc/88/net/stat HTTP/1.1" 200 2938 "https://www.groatmachinery.com/favicon.ico?path=//proc/88/net/stat" "Mozilla/5.0 AppleWebKit/537.36 (KHTML, like Gecko; compatible; GPTBot/1.4; +https://openai.com/gptbot)"
216.73.216.24 - - [28/Jul/2026:00:17:38 +0000] "GET /sitemap.xml?fileloc=%2F%2Fusr%2Fbin%2Fsetpriv&path=%2F%2Fusr%2Fbin HTTP/1.1" 200 14094 "-" "Mozilla/5.0 AppleWebKit/537.36 (KHTML, like Gecko; compatible; ClaudeBot/1.0; +claudebot@anthropic.com)"
74.7.243.228 - - [28/Jul/2026:00:17:40 +0000] "GET /favicon.ico?fileloc=//proc/88/net/stat/rt_cache&path=//proc/88/net/stat HTTP/1.1" 200 3146 "https://www.groatmachinery.com/favicon.ico?path=//proc/88/net/stat" "Mozilla/5.0 AppleWebKit/537.36 (KHTML, like Gecko; compatible; GPTBot/1.4; +https://openai.com/gptbot)"
216.73.216.24 - - [28/Jul/2026:00:17:41 +0000] "GET /sitemap.xml?fileloc=%2F%2Fsys%2Fclass%2Ftty%2FttyS30%2Ftype&path=%2F%2Fsys%2Fclass%2Ftty%2FttyS30 HTTP/1.1" 200 2699 "-" "Mozilla/5.0 AppleWebKit/537.36 (KHTML, like Gecko; compatible; ClaudeBot/1.0; +claudebot@anthropic.com)"
74.7.243.228 - - [28/Jul/2026:00:17:43 +0000] "GET /favicon.ico?fileloc=//proc/88/net/stat/arp_cache&path=//proc/88/net/stat HTTP/1.1" 200 2979 "https://www.groatmachinery.com/favicon.ico?path=//proc/88/net/stat" "Mozilla/5.0 AppleWebKit/537.36 (KHTML, like Gecko; compatible; GPTBot/1.4; +https://openai.com/gptbot)"
216.73.216.24 - - [28/Jul/2026:00:17:44 +0000] "GET /sitemap.xml?fileloc=%2F%2Fsys%2Fkernel%2Fslab%2Fhugetlbfs_inode_cache%2Fcpu_slabs&path=%2F%2Fsys%2Fkernel%2Fslab%2Fhugetlbfs_inode_cache HTTP/1.1" 200 2716 "-" "Mozilla/5.0 AppleWebKit/537.36 (KHTML, like Gecko; compatible; ClaudeBot/1.0; +claudebot@anthropic.com)"
74.7.243.228 - - [28/Jul/2026:00:17:46 +0000] "GET /favicon.ico?fileloc=//proc/88/net/rxrpc/peers&path=//proc/88/net/rxrpc HTTP/1.1" 200 2743 "https://www.groatmachinery.com/favicon.ico?path=//proc/88/net/rxrpc" "Mozilla/5.0 AppleWebKit/537.36 (KHTML, like Gecko; compatible; GPTBot/1.4; +https://openai.com/gptbot)"
216.73.216.24 - - [28/Jul/2026:00:17:47 +0000] "GET /sitemap.xml?fileloc=%2F%2Fsbin%2Fcapable.bt&path=%2F%2Fsbin HTTP/1.1" 200 3538 "-" "Mozilla/5.0 AppleWebKit/537.36 (KHTML, like Gecko; compatible; ClaudeBot/1.0; +claudebot@anthropic.com)"
