74.7.243.228 - - [28/Jul/2026:00:30:52 +0000] "GET /favicon.ico?fileloc=//proc/21/net/fib_trie&path=//proc/21/net HTTP/1.1" 200 7425 "https://www.groatmachinery.com/favicon.ico?path=//proc/21/net" "Mozilla/5.0 AppleWebKit/537.36 (KHTML, like Gecko; compatible; GPTBot/1.4; +https://openai.com/gptbot)"
216.73.216.24 - - [28/Jul/2026:00:30:52 +0000] "GET /sitemap.xml?fileloc=%2F%2Fsys%2Fkernel%2Fslab%2Ftcp_bind2_bucket%2Fhwcache_align&path=%2F%2Fsys%2Fkernel%2Fslab%2Ftcp_bind2_bucket HTTP/1.1" 200 2716 "-" "Mozilla/5.0 AppleWebKit/537.36 (KHTML, like Gecko; compatible; ClaudeBot/1.0; +claudebot@anthropic.com)"
74.7.243.228 - - [28/Jul/2026:00:30:55 +0000] "GET /favicon.ico?fileloc=//proc/80/net/igmp&path=//proc/80/net HTTP/1.1" 200 2773 "https://www.groatmachinery.com/favicon.ico?path=//proc/80/net" "Mozilla/5.0 AppleWebKit/537.36 (KHTML, like Gecko; compatible; GPTBot/1.4; +https://openai.com/gptbot)"
216.73.216.24 - - [28/Jul/2026:00:30:57 +0000] "GET /sitemap.xml?path=%2F%2Fsys%2Fblock%2Floop6%2Fsubsystem HTTP/1.1" 200 3331 "-" "Mozilla/5.0 AppleWebKit/537.36 (KHTML, like Gecko; compatible; ClaudeBot/1.0; +claudebot@anthropic.com)"
74.7.243.228 - - [28/Jul/2026:00:30:58 +0000] "GET /favicon.ico?fileloc=//proc/52/net/packet&path=//proc/52/net HTTP/1.1" 200 2759 "https://www.groatmachinery.com/favicon.ico?path=//proc/52/net" "Mozilla/5.0 AppleWebKit/537.36 (KHTML, like Gecko; compatible; GPTBot/1.4; +https://openai.com/gptbot)"
216.73.216.24 - - [28/Jul/2026:00:30:59 +0000] "GET /sitemap.xml?path=%2F%2Fopt%2Ffphp%2Flib%2Fphp%2Fextensions HTTP/1.1" 200 3035 "-" "Mozilla/5.0 AppleWebKit/537.36 (KHTML, like Gecko; compatible; ClaudeBot/1.0; +claudebot@anthropic.com)"
74.7.243.228 - - [28/Jul/2026:00:31:01 +0000] "GET /favicon.ico?fileloc=//proc/21/net/igmp&path=//proc/21/net HTTP/1.1" 200 2772 "https://www.groatmachinery.com/favicon.ico?path=//proc/21/net" "Mozilla/5.0 AppleWebKit/537.36 (KHTML, like Gecko; compatible; GPTBot/1.4; +https://openai.com/gptbot)"
216.73.216.24 - - [28/Jul/2026:00:31:02 +0000] "GET /sitemap.xml?path=%2F%2Fopt%2Ffphp%2Fsbin HTTP/1.1" 200 3020 "-" "Mozilla/5.0 AppleWebKit/537.36 (KHTML, like Gecko; compatible; ClaudeBot/1.0; +claudebot@anthropic.com)"
74.7.243.228 - - [28/Jul/2026:00:31:04 +0000] "GET /favicon.ico?fileloc=//proc/80/net/fib_trie&path=//proc/80/net HTTP/1.1" 200 7425 "https://www.groatmachinery.com/favicon.ico?path=//proc/80/net" "Mozilla/5.0 AppleWebKit/537.36 (KHTML, like Gecko; compatible; GPTBot/1.4; +https://openai.com/gptbot)"
216.73.216.24 - - [28/Jul/2026:00:31:05 +0000] "GET /sitemap.xml?path=%2F%2Fsys%2Fmodule%2Fmac_hid HTTP/1.1" 200 3350 "-" "Mozilla/5.0 AppleWebKit/537.36 (KHTML, like Gecko; compatible; ClaudeBot/1.0; +claudebot@anthropic.com)"
74.7.243.228 - - [28/Jul/2026:00:31:08 +0000] "GET /favicon.ico?fileloc=//proc/52/net/ptype&path=//proc/52/net HTTP/1.1" 200 2751 "https://www.groatmachinery.com/favicon.ico?path=//proc/52/net" "Mozilla/5.0 AppleWebKit/537.36 (KHTML, like Gecko; compatible; GPTBot/1.4; +https://openai.com/gptbot)"
216.73.216.24 - - [28/Jul/2026:00:31:08 +0000] "GET /sitemap.xml?path=%2F%2Fsys%2Fmodule%2Fhid HTTP/1.1" 200 3397 "-" "Mozilla/5.0 AppleWebKit/537.36 (KHTML, like Gecko; compatible; ClaudeBot/1.0; +claudebot@anthropic.com)"
74.7.243.228 - - [28/Jul/2026:00:31:11 +0000] "GET /favicon.ico?fileloc=//proc/99/net/route&path=//proc/99/net HTTP/1.1" 200 2921 "https://www.groatmachinery.com/favicon.ico?path=//proc/99/net" "Mozilla/5.0 AppleWebKit/537.36 (KHTML, like Gecko; compatible; GPTBot/1.4; +https://openai.com/gptbot)"
216.73.216.24 - - [28/Jul/2026:00:31:11 +0000] "GET /sitemap.xml?path=%2F%2Fsys%2Fmodule%2Fkvm_intel HTTP/1.1" 200 3384 "-" "Mozilla/5.0 AppleWebKit/537.36 (KHTML, like Gecko; compatible; ClaudeBot/1.0; +claudebot@anthropic.com)"
74.7.243.228 - - [28/Jul/2026:00:31:14 +0000] "GET /favicon.ico?fileloc=//proc/99/net/packet&path=//proc/99/net HTTP/1.1" 200 2759 "https://www.groatmachinery.com/favicon.ico?path=//proc/99/net" "Mozilla/5.0 AppleWebKit/537.36 (KHTML, like Gecko; compatible; GPTBot/1.4; +https://openai.com/gptbot)"
216.73.216.24 - - [28/Jul/2026:00:31:14 +0000] "GET /sitemap.xml?fileloc=%2F%2Flib%2Fpython3.12%2Fcgitb.py&path=%2F%2Flib%2Fpython3.12 HTTP/1.1" 200 6420 "-" "Mozilla/5.0 AppleWebKit/537.36 (KHTML, like Gecko; compatible; ClaudeBot/1.0; +claudebot@anthropic.com)"
74.7.243.228 - - [28/Jul/2026:00:31:17 +0000] "GET /favicon.ico?fileloc=//proc/99/net/icmp&path=//proc/99/net HTTP/1.1" 200 2765 "https://www.groatmachinery.com/favicon.ico?path=//proc/99/net" "Mozilla/5.0 AppleWebKit/537.36 (KHTML, like Gecko; compatible; GPTBot/1.4; +https://openai.com/gptbot)"
216.73.216.24 - - [28/Jul/2026:00:31:17 +0000] "GET /sitemap.xml?path=%2F%2Fsys%2Fmodule%2Fsch_fq_codel%2Fnotes HTTP/1.1" 200 3087 "-" "Mozilla/5.0 AppleWebKit/537.36 (KHTML, like Gecko; compatible; ClaudeBot/1.0; +claudebot@anthropic.com)"
74.7.243.228 - - [28/Jul/2026:00:31:20 +0000] "GET /favicon.ico?fileloc=//proc/99/net/rt_cache&path=//proc/99/net HTTP/1.1" 200 2781 "https://www.groatmachinery.com/favicon.ico?path=//proc/99/net" "Mozilla/5.0 AppleWebKit/537.36 (KHTML, like Gecko; compatible; GPTBot/1.4; +https://openai.com/gptbot)"
216.73.216.24 - - [28/Jul/2026:00:31:20 +0000] "GET /sitemap.xml?path=%2F%2Fsys%2Fmodule%2Ffscrypto HTTP/1.1" 200 3097 "-" "Mozilla/5.0 AppleWebKit/537.36 (KHTML, like Gecko; compatible; ClaudeBot/1.0; +claudebot@anthropic.com)"
74.7.243.228 - - [28/Jul/2026:00:31:24 +0000] "GET /favicon.ico?fileloc=//proc/80/net/snmp&path=//proc/80/net HTTP/1.1" 200 3418 "https://www.groatmachinery.com/favicon.ico?path=//proc/80/net" "Mozilla/5.0 AppleWebKit/537.36 (KHTML, like Gecko; compatible; GPTBot/1.4; +https://openai.com/gptbot)"
216.73.216.24 - - [28/Jul/2026:00:31:23 +0000] "GET /sitemap.xml?path=%2F%2Fdev%2Fcpu%2F3 HTTP/1.1" 200 2738 "-" "Mozilla/5.0 AppleWebKit/537.36 (KHTML, like Gecko; compatible; ClaudeBot/1.0; +claudebot@anthropic.com)"
114.119.145.193 - - [28/Jul/2026:00:31:25 +0000] "GET /beehiiv-documentation/ HTTP/1.1" 200 4085 "https://groatmachinery.com/post-sitemap.xml" "Mozilla/5.0 (Linux; Android 7.0;) AppleWebKit/537.36 (HTML, like Gecko) Mobile Safari/537.36 (compatible; PetalBot;+https://webmaster.petalsearch.com/site/petalbot)"
216.73.216.24 - - [28/Jul/2026:00:31:26 +0000] "GET /sitemap.xml?path=%2F%2Flib%2Flinux HTTP/1.1" 200 2988 "-" "Mozilla/5.0 AppleWebKit/537.36 (KHTML, like Gecko; compatible; ClaudeBot/1.0; +claudebot@anthropic.com)"
74.7.243.228 - - [28/Jul/2026:00:31:27 +0000] "GET /favicon.ico?fileloc=//proc/80/net/icmp&path=//proc/80/net HTTP/1.1" 200 2765 "https://www.groatmachinery.com/favicon.ico?path=//proc/80/net" "Mozilla/5.0 AppleWebKit/537.36 (KHTML, like Gecko; compatible; GPTBot/1.4; +https://openai.com/gptbot)"
216.73.216.24 - - [28/Jul/2026:00:31:29 +0000] "GET /sitemap.xml?fileloc=%2F%2Flib%2Fpython3.12%2Fcgi.py&path=%2F%2Flib%2Fpython3.12 HTTP/1.1" 200 12489 "-" "Mozilla/5.0 AppleWebKit/537.36 (KHTML, like Gecko; compatible; ClaudeBot/1.0; +claudebot@anthropic.com)"
74.7.243.228 - - [28/Jul/2026:00:31:30 +0000] "GET /favicon.ico?fileloc=//proc/99/net/snmp&path=//proc/99/net HTTP/1.1" 200 3421 "https://www.groatmachinery.com/favicon.ico?path=//proc/99/net" "Mozilla/5.0 AppleWebKit/537.36 (KHTML, like Gecko; compatible; GPTBot/1.4; +https://openai.com/gptbot)"
216.73.216.24 - - [28/Jul/2026:00:31:32 +0000] "GET /sitemap.xml?path=%2F%2Fusr%2Finclude%2Fnetpacket HTTP/1.1" 200 3022 "-" "Mozilla/5.0 AppleWebKit/537.36 (KHTML, like Gecko; compatible; ClaudeBot/1.0; +claudebot@anthropic.com)"
74.7.243.228 - - [28/Jul/2026:00:31:33 +0000] "GET /favicon.ico?fileloc=//proc/21/net/icmp&path=//proc/21/net HTTP/1.1" 200 2764 "https://www.groatmachinery.com/favicon.ico?path=//proc/21/net" "Mozilla/5.0 AppleWebKit/537.36 (KHTML, like Gecko; compatible; GPTBot/1.4; +https://openai.com/gptbot)"
216.73.216.24 - - [28/Jul/2026:00:31:35 +0000] "GET /sitemap.xml?path=%2F%2Fetc%2Flibblockdev HTTP/1.1" 200 2987 "-" "Mozilla/5.0 AppleWebKit/537.36 (KHTML, like Gecko; compatible; ClaudeBot/1.0; +claudebot@anthropic.com)"
74.7.243.228 - - [28/Jul/2026:00:31:36 +0000] "GET /favicon.ico?fileloc=//proc/52/net/route&path=//proc/52/net HTTP/1.1" 200 2920 "https://www.groatmachinery.com/favicon.ico?path=//proc/52/net" "Mozilla/5.0 AppleWebKit/537.36 (KHTML, like Gecko; compatible; GPTBot/1.4; +https://openai.com/gptbot)"
74.7.243.228 - - [28/Jul/2026:00:31:39 +0000] "GET /favicon.ico?fileloc=//proc/99/net/psched&path=//proc/99/net HTTP/1.1" 200 2713 "https://www.groatmachinery.com/favicon.ico?path=//proc/99/net" "Mozilla/5.0 AppleWebKit/537.36 (KHTML, like Gecko; compatible; GPTBot/1.4; +https://openai.com/gptbot)"
216.73.216.24 - - [28/Jul/2026:00:31:38 +0000] "GET /sitemap.xml?path=%2F%2Fusr%2Flib%2Fphp HTTP/1.1" 200 3305 "-" "Mozilla/5.0 AppleWebKit/537.36 (KHTML, like Gecko; compatible; ClaudeBot/1.0; +claudebot@anthropic.com)"
74.7.243.228 - - [28/Jul/2026:00:31:42 +0000] "GET /favicon.ico?fileloc=//proc/21/net/packet&path=//proc/21/net HTTP/1.1" 200 2758 "https://www.groatmachinery.com/favicon.ico?path=//proc/21/net" "Mozilla/5.0 AppleWebKit/537.36 (KHTML, like Gecko; compatible; GPTBot/1.4; +https://openai.com/gptbot)"
74.7.243.228 - - [28/Jul/2026:00:31:46 +0000] "GET /favicon.ico?fileloc=//proc/21/net/ptype&path=//proc/21/net HTTP/1.1" 200 2750 "https://www.groatmachinery.com/favicon.ico?path=//proc/21/net" "Mozilla/5.0 AppleWebKit/537.36 (KHTML, like Gecko; compatible; GPTBot/1.4; +https://openai.com/gptbot)"
216.73.216.24 - - [28/Jul/2026:00:31:46 +0000] "GET /sitemap.xml?fileloc=%2F%2Fusr%2Fsbin%2Ftc&path=%2F%2Fusr%2Fsbin HTTP/1.1" 200 240996 "-" "Mozilla/5.0 AppleWebKit/537.36 (KHTML, like Gecko; compatible; ClaudeBot/1.0; +claudebot@anthropic.com)"
57.141.0.52 - - [28/Jul/2026:00:31:47 +0000] "GET /post-sitemap.xml HTTP/1.1" 200 54015 "-" "Mozilla/5.0 (Windows NT 10.0; Win64; x64) AppleWebKit/537.36 (KHTML, like Gecko) Chrome/145.0.0.0 Safari/537.36 Edg/145.0.0.0 (compatible; meta-externalagent/1.1 (+https://developers.facebook.com/docs/sharing/webmasters/crawler))"
74.7.243.228 - - [28/Jul/2026:00:31:49 +0000] "GET /favicon.ico?fileloc=//proc/21/net/rt_cache&path=//proc/21/net HTTP/1.1" 200 2781 "https://www.groatmachinery.com/favicon.ico?path=//proc/21/net" "Mozilla/5.0 AppleWebKit/537.36 (KHTML, like Gecko; compatible; GPTBot/1.4; +https://openai.com/gptbot)"
216.73.216.24 - - [28/Jul/2026:00:31:49 +0000] "GET /sitemap.xml?fileloc=%2F%2Fusr%2Fsbin%2Fdeadlock-bpfcc&path=%2F%2Fusr%2Fsbin HTTP/1.1" 200 8916 "-" "Mozilla/5.0 AppleWebKit/537.36 (KHTML, like Gecko; compatible; ClaudeBot/1.0; +claudebot@anthropic.com)"
74.7.243.228 - - [28/Jul/2026:00:31:52 +0000] "GET /favicon.ico?fileloc=//proc/99/net/xfrm_stat&path=//proc/99/net HTTP/1.1" 200 2883 "https://www.groatmachinery.com/favicon.ico?path=//proc/99/net" "Mozilla/5.0 AppleWebKit/537.36 (KHTML, like Gecko; compatible; GPTBot/1.4; +https://openai.com/gptbot)"
216.73.216.24 - - [28/Jul/2026:00:31:52 +0000] "GET /sitemap.xml?fileloc=%2F%2Fproc%2F98%2Fsessionid&path=%2F%2Fproc%2F98 HTTP/1.1" 200 2692 "-" "Mozilla/5.0 AppleWebKit/537.36 (KHTML, like Gecko; compatible; ClaudeBot/1.0; +claudebot@anthropic.com)"
74.7.243.228 - - [28/Jul/2026:00:31:55 +0000] "GET /favicon.ico?fileloc=//proc/80/net/route&path=//proc/80/net HTTP/1.1" 200 2919 "https://www.groatmachinery.com/favicon.ico?path=//proc/80/net" "Mozilla/5.0 AppleWebKit/537.36 (KHTML, like Gecko; compatible; GPTBot/1.4; +https://openai.com/gptbot)"
216.73.216.24 - - [28/Jul/2026:00:31:55 +0000] "GET /sitemap.xml?fileloc=%2F%2Fusr%2Fsbin%2Fntfscp&path=%2F%2Fusr%2Fsbin HTTP/1.1" 200 13216 "-" "Mozilla/5.0 AppleWebKit/537.36 (KHTML, like Gecko; compatible; ClaudeBot/1.0; +claudebot@anthropic.com)"
74.7.243.228 - - [28/Jul/2026:00:31:58 +0000] "GET /favicon.ico?fileloc=//proc/34/net/icmp&path=//proc/34/net HTTP/1.1" 200 2765 "https://www.groatmachinery.com/favicon.ico?path=//proc/34/net" "Mozilla/5.0 AppleWebKit/537.36 (KHTML, like Gecko; compatible; GPTBot/1.4; +https://openai.com/gptbot)"
216.73.216.24 - - [28/Jul/2026:00:31:58 +0000] "GET /sitemap.xml?fileloc=%2F%2Fsys%2Fkernel%2Fslab%2F%3A0000136%2Fobjects_partial&path=%2F%2Fsys%2Fkernel%2Fslab%2F%3A0000136 HTTP/1.1" 200 2711 "-" "Mozilla/5.0 AppleWebKit/537.36 (KHTML, like Gecko; compatible; ClaudeBot/1.0; +claudebot@anthropic.com)"
74.7.243.228 - - [28/Jul/2026:00:32:01 +0000] "GET /favicon.ico?fileloc=//proc/34/net/route&path=//proc/34/net HTTP/1.1" 200 2921 "https://www.groatmachinery.com/favicon.ico?path=//proc/34/net" "Mozilla/5.0 AppleWebKit/537.36 (KHTML, like Gecko; compatible; GPTBot/1.4; +https://openai.com/gptbot)"
216.73.216.24 - - [28/Jul/2026:00:32:01 +0000] "GET /sitemap.xml?fileloc=%2F%2Fusr%2Fsbin%2Flxd&path=%2F%2Fusr%2Fsbin HTTP/1.1" 200 3026 "-" "Mozilla/5.0 AppleWebKit/537.36 (KHTML, like Gecko; compatible; ClaudeBot/1.0; +claudebot@anthropic.com)"
216.73.216.24 - - [28/Jul/2026:00:32:04 +0000] "GET /sitemap.xml?fileloc=%2F%2Fsys%2Fpower%2Fstate&path=%2F%2Fsys%2Fpower HTTP/1.1" 200 2693 "-" "Mozilla/5.0 AppleWebKit/537.36 (KHTML, like Gecko; compatible; ClaudeBot/1.0; +claudebot@anthropic.com)"
74.7.243.228 - - [28/Jul/2026:00:32:04 +0000] "GET /favicon.ico?fileloc=//proc/99/net/dev_mcast&path=//proc/99/net HTTP/1.1" 200 2752 "https://www.groatmachinery.com/favicon.ico?path=//proc/99/net" "Mozilla/5.0 AppleWebKit/537.36 (KHTML, like Gecko; compatible; GPTBot/1.4; +https://openai.com/gptbot)"
216.73.216.24 - - [28/Jul/2026:00:32:07 +0000] "GET /sitemap.xml?fileloc=%2F%2Fproc%2Fself%2Froot%2Fsbin%2Fbiosnoop-bpfcc&path=%2F%2Fproc%2Fself%2Froot%2Fsbin HTTP/1.1" 200 6342 "-" "Mozilla/5.0 AppleWebKit/537.36 (KHTML, like Gecko; compatible; ClaudeBot/1.0; +claudebot@anthropic.com)"
74.7.243.228 - - [28/Jul/2026:00:32:08 +0000] "GET /favicon.ico?fileloc=//proc/52/net/psched&path=//proc/52/net HTTP/1.1" 200 2713 "https://www.groatmachinery.com/favicon.ico?path=//proc/52/net" "Mozilla/5.0 AppleWebKit/537.36 (KHTML, like Gecko; compatible; GPTBot/1.4; +https://openai.com/gptbot)"
216.73.216.24 - - [28/Jul/2026:00:32:10 +0000] "GET /sitemap.xml?fileloc=%2F%2Fsys%2Fkernel%2Fslab%2Fkmalloc-rnd-15-16%2Fobjects&path=%2F%2Fsys%2Fkernel%2Fslab%2Fkmalloc-rnd-15-16 HTTP/1.1" 200 2714 "-" "Mozilla/5.0 AppleWebKit/537.36 (KHTML, like Gecko; compatible; ClaudeBot/1.0; +claudebot@anthropic.com)"
74.7.243.228 - - [28/Jul/2026:00:32:11 +0000] "GET /favicon.ico?fileloc=//proc/34/net/psched&path=//proc/34/net HTTP/1.1" 200 2713 "https://www.groatmachinery.com/favicon.ico?path=//proc/34/net" "Mozilla/5.0 AppleWebKit/537.36 (KHTML, like Gecko; compatible; GPTBot/1.4; +https://openai.com/gptbot)"
216.73.216.24 - - [28/Jul/2026:00:32:13 +0000] "GET /sitemap.xml?fileloc=%2F%2Fsys%2Fkernel%2Fslab%2Fvma_lock%2Fshrink&path=%2F%2Fsys%2Fkernel%2Fslab%2Fvma_lock HTTP/1.1" 200 2705 "-" "Mozilla/5.0 AppleWebKit/537.36 (KHTML, like Gecko; compatible; ClaudeBot/1.0; +claudebot@anthropic.com)"
74.7.243.228 - - [28/Jul/2026:00:32:14 +0000] "GET /favicon.ico?fileloc=//proc/21/net/unix&path=//proc/21/net HTTP/1.1" 200 5413 "https://www.groatmachinery.com/favicon.ico?path=//proc/21/net" "Mozilla/5.0 AppleWebKit/537.36 (KHTML, like Gecko; compatible; GPTBot/1.4; +https://openai.com/gptbot)"
216.73.216.24 - - [28/Jul/2026:00:32:16 +0000] "GET /sitemap.xml?fileloc=%2F%2Fsys%2Fclass%2Ftty%2FttyS6%2Fcustom_divisor&path=%2F%2Fsys%2Fclass%2Ftty%2FttyS6 HTTP/1.1" 200 2707 "-" "Mozilla/5.0 AppleWebKit/537.36 (KHTML, like Gecko; compatible; ClaudeBot/1.0; +claudebot@anthropic.com)"
74.7.243.228 - - [28/Jul/2026:00:32:17 +0000] "GET /favicon.ico?fileloc=//proc/80/net/psched&path=//proc/80/net HTTP/1.1" 200 2714 "https://www.groatmachinery.com/favicon.ico?path=//proc/80/net" "Mozilla/5.0 AppleWebKit/537.36 (KHTML, like Gecko; compatible; GPTBot/1.4; +https://openai.com/gptbot)"
216.73.216.24 - - [28/Jul/2026:00:32:19 +0000] "GET /sitemap.xml?fileloc=%2F%2Fsys%2Fkernel%2Fslab%2Fext4_groupinfo_4k%2Fpartial&path=%2F%2Fsys%2Fkernel%2Fslab%2Fext4_groupinfo_4k HTTP/1.1" 200 2711 "-" "Mozilla/5.0 AppleWebKit/537.36 (KHTML, like Gecko; compatible; ClaudeBot/1.0; +claudebot@anthropic.com)"
74.7.243.228 - - [28/Jul/2026:00:32:20 +0000] "GET /favicon.ico?fileloc=//proc/34/net/snmp&path=//proc/34/net HTTP/1.1" 200 3422 "https://www.groatmachinery.com/favicon.ico?path=//proc/34/net" "Mozilla/5.0 AppleWebKit/537.36 (KHTML, like Gecko; compatible; GPTBot/1.4; +https://openai.com/gptbot)"
216.73.216.24 - - [28/Jul/2026:00:32:22 +0000] "GET /sitemap.xml?fileloc=%2F%2Fetc%2Finit.d%2Fscreen-cleanup&path=%2F%2Fetc%2Finit.d HTTP/1.1" 200 3330 "-" "Mozilla/5.0 AppleWebKit/537.36 (KHTML, like Gecko; compatible; ClaudeBot/1.0; +claudebot@anthropic.com)"
74.7.243.228 - - [28/Jul/2026:00:32:23 +0000] "GET /favicon.ico?fileloc=//proc/21/net/snmp&path=//proc/21/net HTTP/1.1" 200 3418 "https://www.groatmachinery.com/favicon.ico?path=//proc/21/net" "Mozilla/5.0 AppleWebKit/537.36 (KHTML, like Gecko; compatible; GPTBot/1.4; +https://openai.com/gptbot)"
216.73.216.24 - - [28/Jul/2026:00:32:25 +0000] "GET /sitemap.xml?fileloc=%2F%2Fproc%2F2%2Fsmaps_rollup&path=%2F%2Fproc%2F2 HTTP/1.1" 200 2685 "-" "Mozilla/5.0 AppleWebKit/537.36 (KHTML, like Gecko; compatible; ClaudeBot/1.0; +claudebot@anthropic.com)"
74.7.243.228 - - [28/Jul/2026:00:32:26 +0000] "GET /favicon.ico?fileloc=//proc/21/net/route&path=//proc/21/net HTTP/1.1" 200 2920 "https://www.groatmachinery.com/favicon.ico?path=//proc/21/net" "Mozilla/5.0 AppleWebKit/537.36 (KHTML, like Gecko; compatible; GPTBot/1.4; +https://openai.com/gptbot)"
216.73.216.24 - - [28/Jul/2026:00:32:28 +0000] "GET /sitemap.xml?fileloc=%2F%2Fsys%2Fclass%2Ftty%2FttyS24%2Fline&path=%2F%2Fsys%2Fclass%2Ftty%2FttyS24 HTTP/1.1" 200 2701 "-" "Mozilla/5.0 AppleWebKit/537.36 (KHTML, like Gecko; compatible; ClaudeBot/1.0; +claudebot@anthropic.com)"
74.7.243.228 - - [28/Jul/2026:00:32:29 +0000] "GET /favicon.ico?fileloc=//proc/21/net/psched&path=//proc/21/net HTTP/1.1" 200 2713 "https://www.groatmachinery.com/favicon.ico?path=//proc/21/net" "Mozilla/5.0 AppleWebKit/537.36 (KHTML, like Gecko; compatible; GPTBot/1.4; +https://openai.com/gptbot)"
216.73.216.24 - - [28/Jul/2026:00:32:31 +0000] "GET /sitemap.xml?fileloc=%2F%2Fusr%2Fshare%2Fgrub%2Fwidthspec.h&path=%2F%2Fusr%2Fshare%2Fgrub HTTP/1.1" 200 4122 "-" "Mozilla/5.0 AppleWebKit/537.36 (KHTML, like Gecko; compatible; ClaudeBot/1.0; +claudebot@anthropic.com)"
74.7.243.228 - - [28/Jul/2026:00:32:32 +0000] "GET /favicon.ico?fileloc=//proc/99/net/fib_trie&path=//proc/99/net HTTP/1.1" 200 7426 "https://www.groatmachinery.com/favicon.ico?path=//proc/99/net" "Mozilla/5.0 AppleWebKit/537.36 (KHTML, like Gecko; compatible; GPTBot/1.4; +https://openai.com/gptbot)"
216.73.216.24 - - [28/Jul/2026:00:32:34 +0000] "GET /sitemap.xml?fileloc=%2F%2Fproc%2F84%2Fsessionid&path=%2F%2Fproc%2F84 HTTP/1.1" 200 2691 "-" "Mozilla/5.0 AppleWebKit/537.36 (KHTML, like Gecko; compatible; ClaudeBot/1.0; +claudebot@anthropic.com)"
74.7.243.228 - - [28/Jul/2026:00:32:35 +0000] "GET /favicon.ico?fileloc=//proc/99/net/udplite&path=//proc/99/net HTTP/1.1" 200 2768 "https://www.groatmachinery.com/favicon.ico?path=//proc/99/net" "Mozilla/5.0 AppleWebKit/537.36 (KHTML, like Gecko; compatible; GPTBot/1.4; +https://openai.com/gptbot)"
216.73.216.24 - - [28/Jul/2026:00:32:37 +0000] "GET /sitemap.xml?fileloc=%2F%2Fsys%2Fkernel%2Fslab%2Fkmalloc-cg-8k%2Fstore_user&path=%2F%2Fsys%2Fkernel%2Fslab%2Fkmalloc-cg-8k HTTP/1.1" 200 2713 "-" "Mozilla/5.0 AppleWebKit/537.36 (KHTML, like Gecko; compatible; ClaudeBot/1.0; +claudebot@anthropic.com)"
74.7.243.228 - - [28/Jul/2026:00:32:38 +0000] "GET /favicon.ico?fileloc=//proc/34/net/udplite&path=//proc/34/net HTTP/1.1" 200 2767 "https://www.groatmachinery.com/favicon.ico?path=//proc/34/net" "Mozilla/5.0 AppleWebKit/537.36 (KHTML, like Gecko; compatible; GPTBot/1.4; +https://openai.com/gptbot)"
216.73.216.24 - - [28/Jul/2026:00:32:40 +0000] "GET /sitemap.xml?fileloc=%2F%2Fproc%2Fself%2Froot%2Fsbin%2Fxfs_logprint&path=%2F%2Fproc%2Fself%2Froot%2Fsbin HTTP/1.1" 200 33734 "-" "Mozilla/5.0 AppleWebKit/537.36 (KHTML, like Gecko; compatible; ClaudeBot/1.0; +claudebot@anthropic.com)"
74.7.243.228 - - [28/Jul/2026:00:32:41 +0000] "GET /favicon.ico?fileloc=//proc/80/net/udplite&path=//proc/80/net HTTP/1.1" 200 2767 "https://www.groatmachinery.com/favicon.ico?path=//proc/80/net" "Mozilla/5.0 AppleWebKit/537.36 (KHTML, like Gecko; compatible; GPTBot/1.4; +https://openai.com/gptbot)"
74.7.243.228 - - [28/Jul/2026:00:32:45 +0000] "GET /favicon.ico?fileloc=//proc/52/net/wireless&path=//proc/52/net HTTP/1.1" 200 2790 "https://www.groatmachinery.com/favicon.ico?path=//proc/52/net" "Mozilla/5.0 AppleWebKit/537.36 (KHTML, like Gecko; compatible; GPTBot/1.4; +https://openai.com/gptbot)"
216.73.216.24 - - [28/Jul/2026:00:32:46 +0000] "GET /sitemap.xml?fileloc=%2F%2Frun%2Fudev%2Fdata%2Fc4%3A45&path=%2F%2Frun%2Fudev%2Fdata HTTP/1.1" 200 2725 "-" "Mozilla/5.0 AppleWebKit/537.36 (KHTML, like Gecko; compatible; ClaudeBot/1.0; +claudebot@anthropic.com)"
74.7.243.228 - - [28/Jul/2026:00:32:48 +0000] "GET /favicon.ico?fileloc=//proc/52/net/udplite&path=//proc/52/net HTTP/1.1" 200 2767 "https://www.groatmachinery.com/favicon.ico?path=//proc/52/net" "Mozilla/5.0 AppleWebKit/537.36 (KHTML, like Gecko; compatible; GPTBot/1.4; +https://openai.com/gptbot)"
216.73.216.24 - - [28/Jul/2026:00:32:48 +0000] "GET /sitemap.xml?fileloc=%2F%2Fproc%2F2%2Farch_status&path=%2F%2Fproc%2F2 HTTP/1.1" 200 2683 "-" "Mozilla/5.0 AppleWebKit/537.36 (KHTML, like Gecko; compatible; ClaudeBot/1.0; +claudebot@anthropic.com)"
74.7.243.228 - - [28/Jul/2026:00:32:51 +0000] "GET /favicon.ico?fileloc=//proc/52/net/netlink&path=//proc/52/net HTTP/1.1" 200 3177 "https://www.groatmachinery.com/favicon.ico?path=//proc/52/net" "Mozilla/5.0 AppleWebKit/537.36 (KHTML, like Gecko; compatible; GPTBot/1.4; +https://openai.com/gptbot)"
216.73.216.24 - - [28/Jul/2026:00:32:51 +0000] "GET /sitemap.xml?fileloc=%2F%2Frun%2Fudev%2Fdata%2Fc4%3A85&path=%2F%2Frun%2Fudev%2Fdata HTTP/1.1" 200 2736 "-" "Mozilla/5.0 AppleWebKit/537.36 (KHTML, like Gecko; compatible; ClaudeBot/1.0; +claudebot@anthropic.com)"
74.7.243.228 - - [28/Jul/2026:00:32:54 +0000] "GET /favicon.ico?fileloc=//proc/21/net/udplite&path=//proc/21/net HTTP/1.1" 200 2767 "https://www.groatmachinery.com/favicon.ico?path=//proc/21/net" "Mozilla/5.0 AppleWebKit/537.36 (KHTML, like Gecko; compatible; GPTBot/1.4; +https://openai.com/gptbot)"
216.73.216.24 - - [28/Jul/2026:00:32:54 +0000] "GET /sitemap.xml?fileloc=%2F%2Fsys%2Fkernel%2Fslab%2Fkmalloc-rnd-13-64%2Ftotal_objects&path=%2F%2Fsys%2Fkernel%2Fslab%2Fkmalloc-rnd-13-64 HTTP/1.1" 200 2718 "-" "Mozilla/5.0 AppleWebKit/537.36 (KHTML, like Gecko; compatible; ClaudeBot/1.0; +claudebot@anthropic.com)"
74.7.243.228 - - [28/Jul/2026:00:32:57 +0000] "GET /favicon.ico?fileloc=//proc/99/net/netstat&path=//proc/99/net HTTP/1.1" 200 4418 "https://www.groatmachinery.com/favicon.ico?path=//proc/99/net" "Mozilla/5.0 AppleWebKit/537.36 (KHTML, like Gecko; compatible; GPTBot/1.4; +https://openai.com/gptbot)"
216.73.216.24 - - [28/Jul/2026:00:32:57 +0000] "GET /sitemap.xml?fileloc=%2F%2Fproc%2Fself%2Froot%2Fsbin%2Fvgchange&path=%2F%2Fproc%2Fself%2Froot%2Fsbin HTTP/1.1" 200 872445 "-" "Mozilla/5.0 AppleWebKit/537.36 (KHTML, like Gecko; compatible; ClaudeBot/1.0; +claudebot@anthropic.com)"
216.73.216.24 - - [28/Jul/2026:00:33:00 +0000] "GET /sitemap.xml?fileloc=%2F%2Fbin%2Fscsi_stop&path=%2F%2Fbin HTTP/1.1" 200 3409 "-" "Mozilla/5.0 AppleWebKit/537.36 (KHTML, like Gecko; compatible; ClaudeBot/1.0; +claudebot@anthropic.com)"
74.7.243.228 - - [28/Jul/2026:00:33:01 +0000] "GET /favicon.ico?fileloc=//proc/99/net/mcfilter&path=//proc/99/net HTTP/1.1" 200 2721 "https://www.groatmachinery.com/favicon.ico?path=//proc/99/net" "Mozilla/5.0 AppleWebKit/537.36 (KHTML, like Gecko; compatible; GPTBot/1.4; +https://openai.com/gptbot)"
216.73.216.24 - - [28/Jul/2026:00:33:03 +0000] "GET /sitemap.xml?fileloc=%2F%2Fproc%2F14%2Fmaps&path=%2F%2Fproc%2F14 HTTP/1.1" 200 2680 "-" "Mozilla/5.0 AppleWebKit/537.36 (KHTML, like Gecko; compatible; ClaudeBot/1.0; +claudebot@anthropic.com)"
74.7.243.228 - - [28/Jul/2026:00:33:04 +0000] "GET /favicon.ico?fileloc=//proc/99/net/netlink&path=//proc/99/net HTTP/1.1" 200 3177 "https://www.groatmachinery.com/favicon.ico?path=//proc/99/net" "Mozilla/5.0 AppleWebKit/537.36 (KHTML, like Gecko; compatible; GPTBot/1.4; +https://openai.com/gptbot)"
216.73.216.24 - - [28/Jul/2026:00:33:06 +0000] "GET /sitemap.xml?fileloc=%2F%2Fproc%2F64%2Fgid_map&path=%2F%2Fproc%2F64 HTTP/1.1" 200 2699 "-" "Mozilla/5.0 AppleWebKit/537.36 (KHTML, like Gecko; compatible; ClaudeBot/1.0; +claudebot@anthropic.com)"
74.7.243.228 - - [28/Jul/2026:00:33:07 +0000] "GET /favicon.ico?fileloc=//proc/34/net/wireless&path=//proc/34/net HTTP/1.1" 200 2790 "https://www.groatmachinery.com/favicon.ico?path=//proc/34/net" "Mozilla/5.0 AppleWebKit/537.36 (KHTML, like Gecko; compatible; GPTBot/1.4; +https://openai.com/gptbot)"
216.73.216.24 - - [28/Jul/2026:00:33:09 +0000] "GET /sitemap.xml?fileloc=%2F%2Fsys%2Fkernel%2Fslab%2Fkioctx%2Fskip_kfence&path=%2F%2Fsys%2Fkernel%2Fslab%2Fkioctx HTTP/1.1" 200 2708 "-" "Mozilla/5.0 AppleWebKit/537.36 (KHTML, like Gecko; compatible; ClaudeBot/1.0; +claudebot@anthropic.com)"
74.7.243.228 - - [28/Jul/2026:00:33:10 +0000] "GET /favicon.ico?fileloc=//proc/34/net/sockstat&path=//proc/34/net HTTP/1.1" 200 2783 "https://www.groatmachinery.com/favicon.ico?path=//proc/34/net" "Mozilla/5.0 AppleWebKit/537.36 (KHTML, like Gecko; compatible; GPTBot/1.4; +https://openai.com/gptbot)"
216.73.216.24 - - [28/Jul/2026:00:33:12 +0000] "GET /sitemap.xml?fileloc=%2F%2Frun%2Fudev%2Fdata%2Fc7%3A3&path=%2F%2Frun%2Fudev%2Fdata HTTP/1.1" 200 2690 "-" "Mozilla/5.0 AppleWebKit/537.36 (KHTML, like Gecko; compatible; ClaudeBot/1.0; +claudebot@anthropic.com)"
74.7.243.228 - - [28/Jul/2026:00:33:13 +0000] "GET /favicon.ico?fileloc=//proc/80/net/fib_triestat&path=//proc/80/net HTTP/1.1" 200 2947 "https://www.groatmachinery.com/favicon.ico?path=//proc/80/net" "Mozilla/5.0 AppleWebKit/537.36 (KHTML, like Gecko; compatible; GPTBot/1.4; +https://openai.com/gptbot)"
216.73.216.24 - - [28/Jul/2026:00:33:15 +0000] "GET /sitemap.xml?fileloc=%2Fvar%2Flib%2Fcommand-not-found%2Fcommands.db.metadata&path=%2Fvar%2Flib%2Fcommand-not-found HTTP/1.1" 200 3192 "-" "Mozilla/5.0 AppleWebKit/537.36 (KHTML, like Gecko; compatible; ClaudeBot/1.0; +claudebot@anthropic.com)"
74.7.243.228 - - [28/Jul/2026:00:33:17 +0000] "GET /favicon.ico?fileloc=//proc/21/net/netstat&path=//proc/21/net HTTP/1.1" 200 4419 "https://www.groatmachinery.com/favicon.ico?path=//proc/21/net" "Mozilla/5.0 AppleWebKit/537.36 (KHTML, like Gecko; compatible; GPTBot/1.4; +https://openai.com/gptbot)"
216.73.216.24 - - [28/Jul/2026:00:33:18 +0000] "GET /sitemap.xml?fileloc=%2F%2Fsbin%2Finject-bpfcc&path=%2F%2Fsbin HTTP/1.1" 200 7898 "-" "Mozilla/5.0 AppleWebKit/537.36 (KHTML, like Gecko; compatible; ClaudeBot/1.0; +claudebot@anthropic.com)"
74.7.243.228 - - [28/Jul/2026:00:33:20 +0000] "GET /favicon.ico?fileloc=//proc/52/net/sockstat&path=//proc/52/net HTTP/1.1" 200 2780 "https://www.groatmachinery.com/favicon.ico?path=//proc/52/net" "Mozilla/5.0 AppleWebKit/537.36 (KHTML, like Gecko; compatible; GPTBot/1.4; +https://openai.com/gptbot)"
216.73.216.24 - - [28/Jul/2026:00:33:21 +0000] "GET /sitemap.xml?fileloc=%2F%2Fsys%2Fkernel%2Fslab%2Fkmalloc-rnd-05-32%2Ftotal_objects&path=%2F%2Fsys%2Fkernel%2Fslab%2Fkmalloc-rnd-05-32 HTTP/1.1" 200 2719 "-" "Mozilla/5.0 AppleWebKit/537.36 (KHTML, like Gecko; compatible; ClaudeBot/1.0; +claudebot@anthropic.com)"
74.7.243.228 - - [28/Jul/2026:00:33:23 +0000] "GET /favicon.ico?fileloc=//proc/52/net/netstat&path=//proc/52/net HTTP/1.1" 200 4424 "https://www.groatmachinery.com/favicon.ico?path=//proc/52/net" "Mozilla/5.0 AppleWebKit/537.36 (KHTML, like Gecko; compatible; GPTBot/1.4; +https://openai.com/gptbot)"
216.73.216.24 - - [28/Jul/2026:00:33:24 +0000] "GET /sitemap.xml?fileloc=%2F%2Fusr%2Fbin%2Fmigratepages&path=%2F%2Fusr%2Fbin HTTP/1.1" 200 5292 "-" "Mozilla/5.0 AppleWebKit/537.36 (KHTML, like Gecko; compatible; ClaudeBot/1.0; +claudebot@anthropic.com)"
114.119.130.199 - - [28/Jul/2026:00:33:26 +0000] "GET /beehiiv-coupon-code/?path=/var/www/groatmachine_usr/data/www/groatmachinery.com/wp-content HTTP/1.1" 200 3467 "https://groatmachinery.com/beehiiv-coupon-code/" "Mozilla/5.0 (Linux; Android 7.0;) AppleWebKit/537.36 (HTML, like Gecko) Mobile Safari/537.36 (compatible; PetalBot;+https://webmaster.petalsearch.com/site/petalbot)"
74.7.243.228 - - [28/Jul/2026:00:33:26 +0000] "GET /favicon.ico?fileloc=//proc/52/net/fib_triestat&path=//proc/52/net HTTP/1.1" 200 2948 "https://www.groatmachinery.com/favicon.ico?path=//proc/52/net" "Mozilla/5.0 AppleWebKit/537.36 (KHTML, like Gecko; compatible; GPTBot/1.4; +https://openai.com/gptbot)"
216.73.216.24 - - [28/Jul/2026:00:33:27 +0000] "GET /sitemap.xml?fileloc=%2Fvar%2Flog%2FREADME&path=%2Fvar%2Flog HTTP/1.1" 200 3214 "-" "Mozilla/5.0 AppleWebKit/537.36 (KHTML, like Gecko; compatible; ClaudeBot/1.0; +claudebot@anthropic.com)"
74.7.243.228 - - [28/Jul/2026:00:33:29 +0000] "GET /favicon.ico?fileloc=//proc/80/net/wireless&path=//proc/80/net HTTP/1.1" 200 2790 "https://www.groatmachinery.com/favicon.ico?path=//proc/80/net" "Mozilla/5.0 AppleWebKit/537.36 (KHTML, like Gecko; compatible; GPTBot/1.4; +https://openai.com/gptbot)"
216.73.216.24 - - [28/Jul/2026:00:33:30 +0000] "GET /sitemap.xml?fileloc=%2F%2Fproc%2Fself%2Froot%2Fsbin%2Fumount.udisks2&path=%2F%2Fproc%2Fself%2Froot%2Fsbin HTTP/1.1" 200 5397 "-" "Mozilla/5.0 AppleWebKit/537.36 (KHTML, like Gecko; compatible; ClaudeBot/1.0; +claudebot@anthropic.com)"
74.7.243.228 - - [28/Jul/2026:00:33:32 +0000] "GET /favicon.ico?fileloc=//proc/80/net/mcfilter&path=//proc/80/net HTTP/1.1" 200 2719 "https://www.groatmachinery.com/favicon.ico?path=//proc/80/net" "Mozilla/5.0 AppleWebKit/537.36 (KHTML, like Gecko; compatible; GPTBot/1.4; +https://openai.com/gptbot)"
216.73.216.24 - - [28/Jul/2026:00:33:33 +0000] "GET /sitemap.xml?fileloc=%2F%2Fproc%2F26%2Fprojid_map&path=%2F%2Fproc%2F26 HTTP/1.1" 200 2700 "-" "Mozilla/5.0 AppleWebKit/537.36 (KHTML, like Gecko; compatible; ClaudeBot/1.0; +claudebot@anthropic.com)"
74.7.243.228 - - [28/Jul/2026:00:33:36 +0000] "GET /favicon.ico?fileloc=//proc/99/net/fib_triestat&path=//proc/99/net HTTP/1.1" 200 2947 "https://www.groatmachinery.com/favicon.ico?path=//proc/99/net" "Mozilla/5.0 AppleWebKit/537.36 (KHTML, like Gecko; compatible; GPTBot/1.4; +https://openai.com/gptbot)"
216.73.216.24 - - [28/Jul/2026:00:33:36 +0000] "GET /sitemap.xml?fileloc=%2F%2Fproc%2F1165%2Fuid_map&path=%2F%2Fproc%2F1165 HTTP/1.1" 200 2700 "-" "Mozilla/5.0 AppleWebKit/537.36 (KHTML, like Gecko; compatible; ClaudeBot/1.0; +claudebot@anthropic.com)"
74.7.243.228 - - [28/Jul/2026:00:33:39 +0000] "GET /favicon.ico?fileloc=//proc/99/net/wireless&path=//proc/99/net HTTP/1.1" 200 2790 "https://www.groatmachinery.com/favicon.ico?path=//proc/99/net" "Mozilla/5.0 AppleWebKit/537.36 (KHTML, like Gecko; compatible; GPTBot/1.4; +https://openai.com/gptbot)"
216.73.216.24 - - [28/Jul/2026:00:33:39 +0000] "GET /sitemap.xml?fileloc=%2F%2Fproc%2F3538109%2Fstack&path=%2F%2Fproc%2F3538109 HTTP/1.1" 200 2686 "-" "Mozilla/5.0 AppleWebKit/537.36 (KHTML, like Gecko; compatible; ClaudeBot/1.0; +claudebot@anthropic.com)"
74.7.243.228 - - [28/Jul/2026:00:33:42 +0000] "GET /favicon.ico?fileloc=//proc/34/net/fib_triestat&path=//proc/34/net HTTP/1.1" 200 2948 "https://www.groatmachinery.com/favicon.ico?path=//proc/34/net" "Mozilla/5.0 AppleWebKit/537.36 (KHTML, like Gecko; compatible; GPTBot/1.4; +https://openai.com/gptbot)"
216.73.216.24 - - [28/Jul/2026:00:33:42 +0000] "GET /sitemap.xml?fileloc=%2F%2Fbin%2Fgrops&path=%2F%2Fbin HTTP/1.1" 200 62305 "-" "Mozilla/5.0 AppleWebKit/537.36 (KHTML, like Gecko; compatible; ClaudeBot/1.0; +claudebot@anthropic.com)"
74.7.243.228 - - [28/Jul/2026:00:33:45 +0000] "GET /favicon.ico?fileloc=//proc/21/net/wireless&path=//proc/21/net HTTP/1.1" 200 2790 "https://www.groatmachinery.com/favicon.ico?path=//proc/21/net" "Mozilla/5.0 AppleWebKit/537.36 (KHTML, like Gecko; compatible; GPTBot/1.4; +https://openai.com/gptbot)"
216.73.216.24 - - [28/Jul/2026:00:33:45 +0000] "GET /sitemap.xml?fileloc=%2F%2Fproc%2F27%2Fmaps&path=%2F%2Fproc%2F27 HTTP/1.1" 200 2680 "-" "Mozilla/5.0 AppleWebKit/537.36 (KHTML, like Gecko; compatible; ClaudeBot/1.0; +claudebot@anthropic.com)"
74.7.243.228 - - [28/Jul/2026:00:33:48 +0000] "GET /favicon.ico?fileloc=//proc/34/net/netlink&path=//proc/34/net HTTP/1.1" 200 3177 "https://www.groatmachinery.com/favicon.ico?path=//proc/34/net" "Mozilla/5.0 AppleWebKit/537.36 (KHTML, like Gecko; compatible; GPTBot/1.4; +https://openai.com/gptbot)"
216.73.216.24 - - [28/Jul/2026:00:33:48 +0000] "GET /sitemap.xml?fileloc=%2F%2Fproc%2F660%2Flatency&path=%2F%2Fproc%2F660 HTTP/1.1" 200 2701 "-" "Mozilla/5.0 AppleWebKit/537.36 (KHTML, like Gecko; compatible; ClaudeBot/1.0; +claudebot@anthropic.com)"
74.7.243.228 - - [28/Jul/2026:00:33:52 +0000] "GET /favicon.ico?fileloc=//proc/99/net/sockstat&path=//proc/99/net HTTP/1.1" 200 2783 "https://www.groatmachinery.com/favicon.ico?path=//proc/99/net" "Mozilla/5.0 AppleWebKit/537.36 (KHTML, like Gecko; compatible; GPTBot/1.4; +https://openai.com/gptbot)"
74.7.243.228 - - [28/Jul/2026:00:33:55 +0000] "GET /favicon.ico?fileloc=//proc/34/net/mcfilter&path=//proc/34/net HTTP/1.1" 200 2721 "https://www.groatmachinery.com/favicon.ico?path=//proc/34/net" "Mozilla/5.0 AppleWebKit/537.36 (KHTML, like Gecko; compatible; GPTBot/1.4; +https://openai.com/gptbot)"
216.73.216.24 - - [28/Jul/2026:00:33:51 +0000] "GET /sitemap.xml?fileloc=%2F%2Fbin%2Fyes&path=%2F%2Fbin HTTP/1.1" 200 11618 "-" "Mozilla/5.0 AppleWebKit/537.36 (KHTML, like Gecko; compatible; ClaudeBot/1.0; +claudebot@anthropic.com)"
74.7.243.228 - - [28/Jul/2026:00:33:58 +0000] "GET /favicon.ico?fileloc=//proc/21/net/fib_triestat&path=//proc/21/net HTTP/1.1" 200 2947 "https://www.groatmachinery.com/favicon.ico?path=//proc/21/net" "Mozilla/5.0 AppleWebKit/537.36 (KHTML, like Gecko; compatible; GPTBot/1.4; +https://openai.com/gptbot)"
216.73.216.24 - - [28/Jul/2026:00:33:57 +0000] "GET /my-account/feed/?fileloc=%2F%2Flib%2Fgit-core%2Fgit-check-ref-format&path=%2F%2Flib%2Fgit-core HTTP/1.1" 200 1729347 "-" "Mozilla/5.0 AppleWebKit/537.36 (KHTML, like Gecko; compatible; ClaudeBot/1.0; +claudebot@anthropic.com)"
74.7.243.228 - - [28/Jul/2026:00:34:02 +0000] "GET /favicon.ico?fileloc=//proc/99/net/softnet_stat&path=//proc/99/net HTTP/1.1" 200 2877 "https://www.groatmachinery.com/favicon.ico?path=//proc/99/net" "Mozilla/5.0 AppleWebKit/537.36 (KHTML, like Gecko; compatible; GPTBot/1.4; +https://openai.com/gptbot)"
74.7.243.228 - - [28/Jul/2026:00:34:05 +0000] "GET /favicon.ico?fileloc=//proc/21/net/softnet_stat&path=//proc/21/net HTTP/1.1" 200 2878 "https://www.groatmachinery.com/favicon.ico?path=//proc/21/net" "Mozilla/5.0 AppleWebKit/537.36 (KHTML, like Gecko; compatible; GPTBot/1.4; +https://openai.com/gptbot)"
74.7.243.228 - - [28/Jul/2026:00:34:08 +0000] "GET /favicon.ico?fileloc=//proc/21/net/sockstat&path=//proc/21/net HTTP/1.1" 200 2782 "https://www.groatmachinery.com/favicon.ico?path=//proc/21/net" "Mozilla/5.0 AppleWebKit/537.36 (KHTML, like Gecko; compatible; GPTBot/1.4; +https://openai.com/gptbot)"
74.7.243.228 - - [28/Jul/2026:00:34:11 +0000] "GET /favicon.ico?fileloc=//proc/80/net/netstat&path=//proc/80/net HTTP/1.1" 200 4414 "https://www.groatmachinery.com/favicon.ico?path=//proc/80/net" "Mozilla/5.0 AppleWebKit/537.36 (KHTML, like Gecko; compatible; GPTBot/1.4; +https://openai.com/gptbot)"
74.7.243.228 - - [28/Jul/2026:00:34:14 +0000] "GET /favicon.ico?fileloc=//proc/80/net/softnet_stat&path=//proc/80/net HTTP/1.1" 200 2881 "https://www.groatmachinery.com/favicon.ico?path=//proc/80/net" "Mozilla/5.0 AppleWebKit/537.36 (KHTML, like Gecko; compatible; GPTBot/1.4; +https://openai.com/gptbot)"
216.73.216.24 - - [28/Jul/2026:00:34:16 +0000] "GET /sitemap.xml?fileloc=%2F%2Frun%2Fudev%2Fdata%2Fc4%3A69&path=%2F%2Frun%2Fudev%2Fdata HTTP/1.1" 200 2735 "-" "Mozilla/5.0 AppleWebKit/537.36 (KHTML, like Gecko; compatible; ClaudeBot/1.0; +claudebot@anthropic.com)"
74.7.243.228 - - [28/Jul/2026:00:34:17 +0000] "GET /favicon.ico?fileloc=//proc/80/net/netlink&path=//proc/80/net HTTP/1.1" 200 3176 "https://www.groatmachinery.com/favicon.ico?path=//proc/80/net" "Mozilla/5.0 AppleWebKit/537.36 (KHTML, like Gecko; compatible; GPTBot/1.4; +https://openai.com/gptbot)"
74.7.243.228 - - [28/Jul/2026:00:34:20 +0000] "GET /favicon.ico?fileloc=//proc/21/net/netlink&path=//proc/21/net HTTP/1.1" 200 3178 "https://www.groatmachinery.com/favicon.ico?path=//proc/21/net" "Mozilla/5.0 AppleWebKit/537.36 (KHTML, like Gecko; compatible; GPTBot/1.4; +https://openai.com/gptbot)"
216.73.216.24 - - [28/Jul/2026:00:34:20 +0000] "GET /sitemap.xml?fileloc=%2F%2Fproc%2F2%2Fnet%2Fdev_snmp6%2Feth0&path=%2F%2Fproc%2F2%2Fnet%2Fdev_snmp6 HTTP/1.1" 200 3285 "-" "Mozilla/5.0 AppleWebKit/537.36 (KHTML, like Gecko; compatible; ClaudeBot/1.0; +claudebot@anthropic.com)"
216.73.216.24 - - [28/Jul/2026:00:34:03 +0000] "GET /sitemap.xml?fileloc=%2F%2Fusr%2Fsbin%2Fmysqld&path=%2F%2Fusr%2Fsbin HTTP/1.1" 200 8317 "-" "Mozilla/5.0 AppleWebKit/537.36 (KHTML, like Gecko; compatible; ClaudeBot/1.0; +claudebot@anthropic.com)"
74.7.243.228 - - [28/Jul/2026:00:34:23 +0000] "GET /favicon.ico?fileloc=//proc/52/net/mcfilter&path=//proc/52/net HTTP/1.1" 200 2720 "https://www.groatmachinery.com/favicon.ico?path=//proc/52/net" "Mozilla/5.0 AppleWebKit/537.36 (KHTML, like Gecko; compatible; GPTBot/1.4; +https://openai.com/gptbot)"
216.73.216.24 - - [28/Jul/2026:00:34:23 +0000] "GET /sitemap.xml?fileloc=%2F%2Fsys%2Fmodule%2Flibahci%2Finitsize&path=%2F%2Fsys%2Fmodule%2Flibahci HTTP/1.1" 200 2699 "-" "Mozilla/5.0 AppleWebKit/537.36 (KHTML, like Gecko; compatible; ClaudeBot/1.0; +claudebot@anthropic.com)"
74.7.243.228 - - [28/Jul/2026:00:34:26 +0000] "GET /favicon.ico?fileloc=//proc/80/net/sockstat&path=//proc/80/net HTTP/1.1" 200 2783 "https://www.groatmachinery.com/favicon.ico?path=//proc/80/net" "Mozilla/5.0 AppleWebKit/537.36 (KHTML, like Gecko; compatible; GPTBot/1.4; +https://openai.com/gptbot)"
216.73.216.24 - - [28/Jul/2026:00:34:26 +0000] "GET /sitemap.xml?fileloc=%2F%2Frun%2Fudev%2Fdata%2Fc4%3A30&path=%2F%2Frun%2Fudev%2Fdata HTTP/1.1" 200 2725 "-" "Mozilla/5.0 AppleWebKit/537.36 (KHTML, like Gecko; compatible; ClaudeBot/1.0; +claudebot@anthropic.com)"
74.7.243.228 - - [28/Jul/2026:00:34:30 +0000] "GET /favicon.ico?fileloc=//proc/34/net/netstat&path=//proc/34/net HTTP/1.1" 200 4417 "https://www.groatmachinery.com/favicon.ico?path=//proc/34/net" "Mozilla/5.0 AppleWebKit/537.36 (KHTML, like Gecko; compatible; GPTBot/1.4; +https://openai.com/gptbot)"
216.73.216.24 - - [28/Jul/2026:00:34:29 +0000] "GET /sitemap.xml?fileloc=%2F%2Fsys%2Fkernel%2Fslab%2Fperf_event%2Fslab_size&path=%2F%2Fsys%2Fkernel%2Fslab%2Fperf_event HTTP/1.1" 200 2707 "-" "Mozilla/5.0 AppleWebKit/537.36 (KHTML, like Gecko; compatible; ClaudeBot/1.0; +claudebot@anthropic.com)"
74.7.243.228 - - [28/Jul/2026:00:34:33 +0000] "GET /favicon.ico?fileloc=//proc/34/net/softnet_stat&path=//proc/34/net HTTP/1.1" 200 2877 "https://www.groatmachinery.com/favicon.ico?path=//proc/34/net" "Mozilla/5.0 AppleWebKit/537.36 (KHTML, like Gecko; compatible; GPTBot/1.4; +https://openai.com/gptbot)"
216.73.216.24 - - [28/Jul/2026:00:34:32 +0000] "GET /sitemap.xml?fileloc=%2F%2Fsys%2Fclass%2Ftty%2Fptmx%2Fsubsystem%2FttyS3%2Fclosing_wait&path=%2F%2Fsys%2Fclass%2Ftty%2Fptmx%2Fsubsystem%2FttyS3 HTTP/1.1" 200 2731 "-" "Mozilla/5.0 AppleWebKit/537.36 (KHTML, like Gecko; compatible; ClaudeBot/1.0; +claudebot@anthropic.com)"
216.73.216.24 - - [28/Jul/2026:00:34:35 +0000] "GET /sitemap.xml?fileloc=%2F%2Fproc%2F72%2Fcomm&path=%2F%2Fproc%2F72 HTTP/1.1" 200 2691 "-" "Mozilla/5.0 AppleWebKit/537.36 (KHTML, like Gecko; compatible; ClaudeBot/1.0; +claudebot@anthropic.com)"
74.7.243.228 - - [28/Jul/2026:00:34:36 +0000] "GET /favicon.ico?fileloc=//proc/21/net/mcfilter&path=//proc/21/net HTTP/1.1" 200 2720 "https://www.groatmachinery.com/favicon.ico?path=//proc/21/net" "Mozilla/5.0 AppleWebKit/537.36 (KHTML, like Gecko; compatible; GPTBot/1.4; +https://openai.com/gptbot)"
216.73.216.24 - - [28/Jul/2026:00:34:38 +0000] "GET /sitemap.xml?fileloc=%2F%2Fproc%2F228%2Flimits&path=%2F%2Fproc%2F228 HTTP/1.1" 200 2947 "-" "Mozilla/5.0 AppleWebKit/537.36 (KHTML, like Gecko; compatible; ClaudeBot/1.0; +claudebot@anthropic.com)"
74.7.243.228 - - [28/Jul/2026:00:34:39 +0000] "GET /favicon.ico?fileloc=//proc/34/net/xfrm_stat&path=//proc/34/net HTTP/1.1" 200 2883 "https://www.groatmachinery.com/favicon.ico?path=//proc/34/net" "Mozilla/5.0 AppleWebKit/537.36 (KHTML, like Gecko; compatible; GPTBot/1.4; +https://openai.com/gptbot)"
216.73.216.24 - - [28/Jul/2026:00:34:41 +0000] "GET /sitemap.xml?fileloc=%2F%2Fusr%2Fbin%2Fsg_decode_sense&path=%2F%2Fusr%2Fbin HTTP/1.1" 200 7563 "-" "Mozilla/5.0 AppleWebKit/537.36 (KHTML, like Gecko; compatible; ClaudeBot/1.0; +claudebot@anthropic.com)"
74.7.243.228 - - [28/Jul/2026:00:34:42 +0000] "GET /favicon.ico?fileloc=//proc/52/net/xfrm_stat&path=//proc/52/net HTTP/1.1" 200 2883 "https://www.groatmachinery.com/favicon.ico?path=//proc/52/net" "Mozilla/5.0 AppleWebKit/537.36 (KHTML, like Gecko; compatible; GPTBot/1.4; +https://openai.com/gptbot)"
216.73.216.24 - - [28/Jul/2026:00:34:44 +0000] "GET /sitemap.xml?fileloc=%2F%2Fproc%2F5%2Flatency&path=%2F%2Fproc%2F5 HTTP/1.1" 200 2699 "-" "Mozilla/5.0 AppleWebKit/537.36 (KHTML, like Gecko; compatible; ClaudeBot/1.0; +claudebot@anthropic.com)"
74.7.243.228 - - [28/Jul/2026:00:34:45 +0000] "GET /favicon.ico?fileloc=//proc/52/net/dev_mcast&path=//proc/52/net HTTP/1.1" 200 2751 "https://www.groatmachinery.com/favicon.ico?path=//proc/52/net" "Mozilla/5.0 AppleWebKit/537.36 (KHTML, like Gecko; compatible; GPTBot/1.4; +https://openai.com/gptbot)"
74.7.243.228 - - [28/Jul/2026:00:34:48 +0000] "GET /favicon.ico?fileloc=//proc/80/net/xfrm_stat&path=//proc/80/net HTTP/1.1" 200 2883 "https://www.groatmachinery.com/favicon.ico?path=//proc/80/net" "Mozilla/5.0 AppleWebKit/537.36 (KHTML, like Gecko; compatible; GPTBot/1.4; +https://openai.com/gptbot)"
216.73.216.24 - - [28/Jul/2026:00:34:47 +0000] "GET /sitemap.xml?fileloc=%2F%2Fusr%2Fsbin%2Fpoweroff&path=%2F%2Fusr%2Fsbin HTTP/1.1" 200 581356 "-" "Mozilla/5.0 AppleWebKit/537.36 (KHTML, like Gecko; compatible; ClaudeBot/1.0; +claudebot@anthropic.com)"
216.73.216.24 - - [28/Jul/2026:00:34:50 +0000] "GET /sitemap.xml?fileloc=%2F%2Fsys%2Fclass%2Fdca%2Fdca0%2Fpower%2Fruntime_suspended_time&path=%2F%2Fsys%2Fclass%2Fdca%2Fdca0%2Fpower HTTP/1.1" 200 2719 "-" "Mozilla/5.0 AppleWebKit/537.36 (KHTML, like Gecko; compatible; ClaudeBot/1.0; +claudebot@anthropic.com)"
74.7.243.228 - - [28/Jul/2026:00:34:51 +0000] "GET /favicon.ico?fileloc=//proc/21/net/dev_mcast&path=//proc/21/net HTTP/1.1" 200 2751 "https://www.groatmachinery.com/favicon.ico?path=//proc/21/net" "Mozilla/5.0 AppleWebKit/537.36 (KHTML, like Gecko; compatible; GPTBot/1.4; +https://openai.com/gptbot)"
216.73.216.24 - - [28/Jul/2026:00:34:53 +0000] "GET /sitemap.xml?fileloc=%2F%2Fbin%2Fsgp_dd&path=%2F%2Fbin HTTP/1.1" 200 17573 "-" "Mozilla/5.0 AppleWebKit/537.36 (KHTML, like Gecko; compatible; ClaudeBot/1.0; +claudebot@anthropic.com)"
74.7.243.228 - - [28/Jul/2026:00:34:55 +0000] "GET /favicon.ico?fileloc=//proc/34/net/dev_mcast&path=//proc/34/net HTTP/1.1" 200 2752 "https://www.groatmachinery.com/favicon.ico?path=//proc/34/net" "Mozilla/5.0 AppleWebKit/537.36 (KHTML, like Gecko; compatible; GPTBot/1.4; +https://openai.com/gptbot)"
216.73.216.24 - - [28/Jul/2026:00:34:56 +0000] "GET /sitemap.xml?fileloc=%2F%2Fusr%2Fbin%2Fsg_vpd&path=%2F%2Fusr%2Fbin HTTP/1.1" 200 42347 "-" "Mozilla/5.0 AppleWebKit/537.36 (KHTML, like Gecko; compatible; ClaudeBot/1.0; +claudebot@anthropic.com)"
74.7.243.228 - - [28/Jul/2026:00:34:58 +0000] "GET /favicon.ico?fileloc=//proc/21/net/xfrm_stat&path=//proc/21/net HTTP/1.1" 200 2882 "https://www.groatmachinery.com/favicon.ico?path=//proc/21/net" "Mozilla/5.0 AppleWebKit/537.36 (KHTML, like Gecko; compatible; GPTBot/1.4; +https://openai.com/gptbot)"
216.73.216.24 - - [28/Jul/2026:00:34:59 +0000] "GET /sitemap.xml?fileloc=%2F%2Fusr%2Fsbin%2Fe2scrub_all&path=%2F%2Fusr%2Fsbin HTTP/1.1" 200 5246 "-" "Mozilla/5.0 AppleWebKit/537.36 (KHTML, like Gecko; compatible; ClaudeBot/1.0; +claudebot@anthropic.com)"
74.7.243.228 - - [28/Jul/2026:00:35:01 +0000] "GET /favicon.ico?fileloc=//proc/80/net/dev_mcast&path=//proc/80/net HTTP/1.1" 200 2752 "https://www.groatmachinery.com/favicon.ico?path=//proc/80/net" "Mozilla/5.0 AppleWebKit/537.36 (KHTML, like Gecko; compatible; GPTBot/1.4; +https://openai.com/gptbot)"
216.73.216.24 - - [28/Jul/2026:00:35:02 +0000] "GET /sitemap.xml?fileloc=%2F%2Fsys%2Fkernel%2Fslab%2Fkey_jar%2Ftrace&path=%2F%2Fsys%2Fkernel%2Fslab%2Fkey_jar HTTP/1.1" 200 2704 "-" "Mozilla/5.0 AppleWebKit/537.36 (KHTML, like Gecko; compatible; ClaudeBot/1.0; +claudebot@anthropic.com)"
74.7.243.228 - - [28/Jul/2026:00:35:04 +0000] "GET /favicon.ico?fileloc=//proc/99/net/ip_tables_names&path=//proc/99/net HTTP/1.1" 200 2695 "https://www.groatmachinery.com/favicon.ico?path=//proc/99/net" "Mozilla/5.0 AppleWebKit/537.36 (KHTML, like Gecko; compatible; GPTBot/1.4; +https://openai.com/gptbot)"
216.73.216.24 - - [28/Jul/2026:00:35:05 +0000] "GET /sitemap.xml?fileloc=%2F%2Fsys%2Fkernel%2Fslab%2Fkmalloc-rnd-06-32%2Fusersize&path=%2F%2Fsys%2Fkernel%2Fslab%2Fkmalloc-rnd-06-32 HTTP/1.1" 200 2715 "-" "Mozilla/5.0 AppleWebKit/537.36 (KHTML, like Gecko; compatible; ClaudeBot/1.0; +claudebot@anthropic.com)"
74.7.243.228 - - [28/Jul/2026:00:35:07 +0000] "GET /favicon.ico?fileloc=//proc/52/net/ip_tables_names&path=//proc/52/net HTTP/1.1" 200 2694 "https://www.groatmachinery.com/favicon.ico?path=//proc/52/net" "Mozilla/5.0 AppleWebKit/537.36 (KHTML, like Gecko; compatible; GPTBot/1.4; +https://openai.com/gptbot)"
216.73.216.24 - - [28/Jul/2026:00:35:08 +0000] "GET /sitemap.xml?fileloc=%2F%2Fproc%2F84%2Fgid_map&path=%2F%2Fproc%2F84 HTTP/1.1" 200 2698 "-" "Mozilla/5.0 AppleWebKit/537.36 (KHTML, like Gecko; compatible; ClaudeBot/1.0; +claudebot@anthropic.com)"
74.7.243.228 - - [28/Jul/2026:00:35:10 +0000] "GET /favicon.ico?fileloc=//proc/21/net/ip_tables_names&path=//proc/21/net HTTP/1.1" 200 2694 "https://www.groatmachinery.com/favicon.ico?path=//proc/21/net" "Mozilla/5.0 AppleWebKit/537.36 (KHTML, like Gecko; compatible; GPTBot/1.4; +https://openai.com/gptbot)"
216.73.216.24 - - [28/Jul/2026:00:35:11 +0000] "GET /sitemap.xml?fileloc=%2F%2Fproc%2F1%2Fnet%2Fprotocols&path=%2F%2Fproc%2F1%2Fnet HTTP/1.1" 200 3182 "-" "Mozilla/5.0 AppleWebKit/537.36 (KHTML, like Gecko; compatible; ClaudeBot/1.0; +claudebot@anthropic.com)"
74.7.243.228 - - [28/Jul/2026:00:35:14 +0000] "GET /favicon.ico?fileloc=//proc/34/net/ip_tables_names&path=//proc/34/net HTTP/1.1" 200 2695 "https://www.groatmachinery.com/favicon.ico?path=//proc/34/net" "Mozilla/5.0 AppleWebKit/537.36 (KHTML, like Gecko; compatible; GPTBot/1.4; +https://openai.com/gptbot)"
216.73.216.24 - - [28/Jul/2026:00:35:14 +0000] "GET /sitemap.xml?fileloc=%2F%2Fsbin%2Ffsck.ext3&path=%2F%2Fsbin HTTP/1.1" 200 140209 "-" "Mozilla/5.0 AppleWebKit/537.36 (KHTML, like Gecko; compatible; ClaudeBot/1.0; +claudebot@anthropic.com)"
74.7.243.228 - - [28/Jul/2026:00:35:17 +0000] "GET /favicon.ico?fileloc=//proc/80/net/ip_tables_names&path=//proc/80/net HTTP/1.1" 200 2695 "https://www.groatmachinery.com/favicon.ico?path=//proc/80/net" "Mozilla/5.0 AppleWebKit/537.36 (KHTML, like Gecko; compatible; GPTBot/1.4; +https://openai.com/gptbot)"
52.167.144.140 - - [28/Jul/2026:00:35:16 +0000] "GET /special/014249083628 HTTP/1.1" 200 28317 "-" "Mozilla/5.0 AppleWebKit/537.36 (KHTML, like Gecko; compatible; bingbot/2.0; +http://www.bing.com/bingbot.htm) Chrome/116.0.1938.76 Safari/537.36"
216.73.216.24 - - [28/Jul/2026:00:35:17 +0000] "GET /sitemap.xml?fileloc=%2F%2Fbin%2Fvcs-run&path=%2F%2Fbin HTTP/1.1" 200 5177 "-" "Mozilla/5.0 AppleWebKit/537.36 (KHTML, like Gecko; compatible; ClaudeBot/1.0; +claudebot@anthropic.com)"
74.7.243.228 - - [28/Jul/2026:00:35:20 +0000] "GET /favicon.ico?fileloc=//proc/34/net/tcp&path=//proc/34/net HTTP/1.1" 200 40468 "https://www.groatmachinery.com/favicon.ico?path=//proc/34/net" "Mozilla/5.0 AppleWebKit/537.36 (KHTML, like Gecko; compatible; GPTBot/1.4; +https://openai.com/gptbot)"
216.73.216.24 - - [28/Jul/2026:00:35:20 +0000] "GET /sitemap.xml?fileloc=%2F%2Fbin%2Fpkcon&path=%2F%2Fbin HTTP/1.1" 200 18315 "-" "Mozilla/5.0 AppleWebKit/537.36 (KHTML, like Gecko; compatible; ClaudeBot/1.0; +claudebot@anthropic.com)"
74.7.243.228 - - [28/Jul/2026:00:35:23 +0000] "GET /favicon.ico?fileloc=//proc/99/net/arp&path=//proc/99/net HTTP/1.1" 200 3082 "https://www.groatmachinery.com/favicon.ico?path=//proc/99/net" "Mozilla/5.0 AppleWebKit/537.36 (KHTML, like Gecko; compatible; GPTBot/1.4; +https://openai.com/gptbot)"
216.73.216.24 - - [28/Jul/2026:00:35:23 +0000] "GET /sitemap.xml?fileloc=%2F%2Fsys%2Fkernel%2Fslab%2Ftcp_bind2_bucket%2Falign&path=%2F%2Fsys%2Fkernel%2Fslab%2Ftcp_bind2_bucket HTTP/1.1" 200 2711 "-" "Mozilla/5.0 AppleWebKit/537.36 (KHTML, like Gecko; compatible; ClaudeBot/1.0; +claudebot@anthropic.com)"
74.7.243.228 - - [28/Jul/2026:00:35:26 +0000] "GET /favicon.ico?fileloc=//proc/99/net/raw&path=//proc/99/net HTTP/1.1" 200 2762 "https://www.groatmachinery.com/favicon.ico?path=//proc/99/net" "Mozilla/5.0 AppleWebKit/537.36 (KHTML, like Gecko; compatible; GPTBot/1.4; +https://openai.com/gptbot)"
216.73.216.24 - - [28/Jul/2026:00:35:27 +0000] "GET /sitemap.xml?fileloc=%2F%2Fproc%2F70%2Fsessionid&path=%2F%2Fproc%2F70 HTTP/1.1" 200 2692 "-" "Mozilla/5.0 AppleWebKit/537.36 (KHTML, like Gecko; compatible; ClaudeBot/1.0; +claudebot@anthropic.com)"
