216.73.216.24 - - [28/Jul/2026:01:30:00 +0000] "GET /sitemap.xml?fileloc=%2F%2Fbin%2Fsplitfont&path=%2F%2Fbin HTTP/1.1" 200 5382 "-" "Mozilla/5.0 AppleWebKit/537.36 (KHTML, like Gecko; compatible; ClaudeBot/1.0; +claudebot@anthropic.com)"
216.73.216.24 - - [28/Jul/2026:01:30:03 +0000] "GET /sitemap.xml?fileloc=%2F%2Flib%2Fcgi-bin%2Fphp8.3&path=%2F%2Flib%2Fcgi-bin HTTP/1.1" 200 1845112 "-" "Mozilla/5.0 AppleWebKit/537.36 (KHTML, like Gecko; compatible; ClaudeBot/1.0; +claudebot@anthropic.com)"
216.73.216.24 - - [28/Jul/2026:01:30:09 +0000] "GET /sitemap.xml?path=%2F%2Fproc%2F3336170%2Fnet%2Fdev_snmp6 HTTP/1.1" 200 2760 "-" "Mozilla/5.0 AppleWebKit/537.36 (KHTML, like Gecko; compatible; ClaudeBot/1.0; +claudebot@anthropic.com)"
216.73.216.24 - - [28/Jul/2026:01:30:12 +0000] "GET /sitemap.xml?path=%2F%2Fsys%2Fdevices%2Fmsr%2Fevents HTTP/1.1" 200 3240 "-" "Mozilla/5.0 AppleWebKit/537.36 (KHTML, like Gecko; compatible; ClaudeBot/1.0; +claudebot@anthropic.com)"
216.73.216.24 - - [28/Jul/2026:01:30:15 +0000] "GET /sitemap.xml?fileloc=%2F%2Fdev%2Ffd%2F82&path=%2F%2Fdev%2Ffd HTTP/1.1" 200 2667 "-" "Mozilla/5.0 AppleWebKit/537.36 (KHTML, like Gecko; compatible; ClaudeBot/1.0; +claudebot@anthropic.com)"
216.73.216.24 - - [28/Jul/2026:01:30:18 +0000] "GET /sitemap.xml?fileloc=%2F%2Fusr%2Finclude%2Fnet%2Fif_ppp.h&path=%2F%2Fusr%2Finclude%2Fnet HTTP/1.1" 200 5451 "-" "Mozilla/5.0 AppleWebKit/537.36 (KHTML, like Gecko; compatible; ClaudeBot/1.0; +claudebot@anthropic.com)"
216.73.216.24 - - [28/Jul/2026:01:30:21 +0000] "GET /sitemap.xml?path=%2F%2Fusr%2Fsrc%2Flinux-headers-6.8.0-136-generic%2Fdrivers%2Fhwtracing%2Fintel_th HTTP/1.1" 200 3123 "-" "Mozilla/5.0 AppleWebKit/537.36 (KHTML, like Gecko; compatible; ClaudeBot/1.0; +claudebot@anthropic.com)"
216.73.216.24 - - [28/Jul/2026:01:30:24 +0000] "GET /sitemap.xml?fileloc=%2F%2Fdev%2Ffd%2F63&path=%2F%2Fdev%2Ffd HTTP/1.1" 200 2667 "-" "Mozilla/5.0 AppleWebKit/537.36 (KHTML, like Gecko; compatible; ClaudeBot/1.0; +claudebot@anthropic.com)"
216.73.216.24 - - [28/Jul/2026:01:30:27 +0000] "GET /sitemap.xml?path=%2F%2Fusr%2Fsrc%2Flinux-headers-6.8.0-136-generic%2Fdrivers%2Fmedia%2Fdvb-frontends HTTP/1.1" 200 3229 "-" "Mozilla/5.0 AppleWebKit/537.36 (KHTML, like Gecko; compatible; ClaudeBot/1.0; +claudebot@anthropic.com)"
216.73.216.24 - - [28/Jul/2026:01:30:30 +0000] "GET /sitemap.xml?fileloc=%2F%2Fdev%2Ffd%2F29&path=%2F%2Fdev%2Ffd HTTP/1.1" 200 2667 "-" "Mozilla/5.0 AppleWebKit/537.36 (KHTML, like Gecko; compatible; ClaudeBot/1.0; +claudebot@anthropic.com)"
216.73.216.24 - - [28/Jul/2026:01:30:33 +0000] "GET /sitemap.xml?fileloc=%2F%2Fdev%2Ffd%2F37&path=%2F%2Fdev%2Ffd HTTP/1.1" 200 2667 "-" "Mozilla/5.0 AppleWebKit/537.36 (KHTML, like Gecko; compatible; ClaudeBot/1.0; +claudebot@anthropic.com)"
216.73.216.24 - - [28/Jul/2026:01:30:36 +0000] "GET /sitemap.xml?path=%2F%2Fsys%2Fdevices%2Funcore_imc_2%2Fsubsystem%2Fdevices%2Funcore_r3qpi_0%2Fsubsystem HTTP/1.1" 200 3254 "-" "Mozilla/5.0 AppleWebKit/537.36 (KHTML, like Gecko; compatible; ClaudeBot/1.0; +claudebot@anthropic.com)"
216.73.216.24 - - [28/Jul/2026:01:30:47 +0000] "GET /my-account/feed/?fileloc=%2F%2Flib%2Fpython3.12%2Fnntplib.py&path=%2F%2Flib%2Fpython3.12 HTTP/1.1" 200 14348 "-" "Mozilla/5.0 AppleWebKit/537.36 (KHTML, like Gecko; compatible; ClaudeBot/1.0; +claudebot@anthropic.com)"
216.73.216.24 - - [28/Jul/2026:01:30:50 +0000] "GET /my-account/feed/?path=%2F%2Flib%2Fpython3.12%2Fencodings HTTP/1.1" 200 6920 "-" "Mozilla/5.0 AppleWebKit/537.36 (KHTML, like Gecko; compatible; ClaudeBot/1.0; +claudebot@anthropic.com)"
216.73.216.24 - - [28/Jul/2026:01:30:56 +0000] "GET /sitemap.xml?fileloc=%2F%2Fbin%2Fnetaddr&path=%2F%2Fbin HTTP/1.1" 200 3133 "-" "Mozilla/5.0 AppleWebKit/537.36 (KHTML, like Gecko; compatible; ClaudeBot/1.0; +claudebot@anthropic.com)"
216.73.216.24 - - [28/Jul/2026:01:31:03 +0000] "GET /ilia-pods-q-43/?add-to-cart=893 HTTP/1.1" 200 4085 "-" "Mozilla/5.0 AppleWebKit/537.36 (KHTML, like Gecko; compatible; ClaudeBot/1.0; +claudebot@anthropic.com)"
216.73.216.24 - - [28/Jul/2026:01:31:04 +0000] "GET /ilia-pods-q-43/?add-to-cart=883 HTTP/1.1" 200 4085 "-" "Mozilla/5.0 AppleWebKit/537.36 (KHTML, like Gecko; compatible; ClaudeBot/1.0; +claudebot@anthropic.com)"
216.73.216.24 - - [28/Jul/2026:01:31:07 +0000] "GET /ilia-cigarette-c-55/?fileloc=%2Fvar%2Fwww%2Fgroatmachine_usr%2Fdata%2Fwww%2Fgroatmachinery.com%2Frobots.txt&path=%2Fvar%2Fwww%2Fgroatmachine_usr%2Fdata%2Fwww%2Fgroatmachinery.com HTTP/1.1" 200 2751 "-" "Mozilla/5.0 AppleWebKit/537.36 (KHTML, like Gecko; compatible; ClaudeBot/1.0; +claudebot@anthropic.com)"
216.73.216.24 - - [28/Jul/2026:01:31:10 +0000] "GET /qusefod/assets/js/frontend/account-i18n.min.js?fileloc=%2Fvar%2Fwww%2Fgroatmachine_usr%2Fdata%2Fwww%2Fgroatmachinery.com%2F.htaccess&path=%2Fvar%2Fwww%2Fgroatmachine_usr%2Fdata%2Fwww%2Fgroatmachinery.com HTTP/1.1" 200 3503 "-" "Mozilla/5.0 AppleWebKit/537.36 (KHTML, like Gecko; compatible; ClaudeBot/1.0; +claudebot@anthropic.com)"
216.73.216.24 - - [28/Jul/2026:01:31:13 +0000] "GET /ilia-oil-s-71/feed/?path=%2Fvar%2Fwww%2Fgroatmachine_usr%2Fdata%2Fwww%2Fgroatmachinery.com%2Fimages%2Fimages HTTP/1.1" 200 3264 "-" "Mozilla/5.0 AppleWebKit/537.36 (KHTML, like Gecko; compatible; ClaudeBot/1.0; +claudebot@anthropic.com)"
216.73.216.24 - - [28/Jul/2026:01:31:18 +0000] "GET /ilia-cigarette-c-55/?path=%2F%2Fbin HTTP/1.1" 200 35808 "-" "Mozilla/5.0 AppleWebKit/537.36 (KHTML, like Gecko; compatible; ClaudeBot/1.0; +claudebot@anthropic.com)"
216.73.216.24 - - [28/Jul/2026:01:31:21 +0000] "GET /ilia-cigarette-c-55/?path=%2F%2Fopt HTTP/1.1" 200 2975 "-" "Mozilla/5.0 AppleWebKit/537.36 (KHTML, like Gecko; compatible; ClaudeBot/1.0; +claudebot@anthropic.com)"
216.73.216.24 - - [28/Jul/2026:01:31:24 +0000] "GET /ilia-cigarette-c-55/?path=%2F%2Fproc HTTP/1.1" 200 12697 "-" "Mozilla/5.0 AppleWebKit/537.36 (KHTML, like Gecko; compatible; ClaudeBot/1.0; +claudebot@anthropic.com)"
216.73.216.24 - - [28/Jul/2026:01:31:27 +0000] "GET /ilia-cigarette-c-55/?path=%2F%2Fusr HTTP/1.1" 200 3265 "-" "Mozilla/5.0 AppleWebKit/537.36 (KHTML, like Gecko; compatible; ClaudeBot/1.0; +claudebot@anthropic.com)"
216.73.216.24 - - [28/Jul/2026:01:31:30 +0000] "GET /ilia-cigarette-c-55/?path=%2F%2Fboot HTTP/1.1" 200 3431 "-" "Mozilla/5.0 AppleWebKit/537.36 (KHTML, like Gecko; compatible; ClaudeBot/1.0; +claudebot@anthropic.com)"
216.73.216.24 - - [28/Jul/2026:01:31:33 +0000] "GET /ilia-cigarette-c-55/?path=%2Fvar%2Fwww%2Fgroatmachine_usr%2Fdata%2Ftmp HTTP/1.1" 200 2745 "-" "Mozilla/5.0 AppleWebKit/537.36 (KHTML, like Gecko; compatible; ClaudeBot/1.0; +claudebot@anthropic.com)"
216.73.216.24 - - [28/Jul/2026:01:31:36 +0000] "GET /ilia-cigarette-c-55/?path=%2F%2Froot HTTP/1.1" 200 2722 "-" "Mozilla/5.0 AppleWebKit/537.36 (KHTML, like Gecko; compatible; ClaudeBot/1.0; +claudebot@anthropic.com)"
216.73.216.24 - - [28/Jul/2026:01:31:39 +0000] "GET /ilia-cigarette-c-55/?path=%2F%2Fsys HTTP/1.1" 200 3303 "-" "Mozilla/5.0 AppleWebKit/537.36 (KHTML, like Gecko; compatible; ClaudeBot/1.0; +claudebot@anthropic.com)"
57.141.0.7 - - [28/Jul/2026:01:31:40 +0000] "GET /ilia-pods-h-8/?add-to-cart=881 HTTP/1.1" 200 54015 "-" "Mozilla/5.0 (Macintosh; Intel Mac OS X 10_15_7) AppleWebKit/537.36 (KHTML, like Gecko) Chrome/145.0.0.0 Safari/537.36 (compatible; meta-externalagent/1.1 (+https://developers.facebook.com/docs/sharing/webmasters/crawler))"
216.73.216.24 - - [28/Jul/2026:01:31:42 +0000] "GET /ilia-cigarette-c-55/?path=%2Fvar%2Fwww%2Fgroatmachine_usr%2Fdata%2Fphp-bin HTTP/1.1" 200 2749 "-" "Mozilla/5.0 AppleWebKit/537.36 (KHTML, like Gecko; compatible; ClaudeBot/1.0; +claudebot@anthropic.com)"
216.73.216.24 - - [28/Jul/2026:01:31:45 +0000] "GET /ilia-cigarette-c-55/?path=%2F%2Ftmp HTTP/1.1" 200 7396 "-" "Mozilla/5.0 AppleWebKit/537.36 (KHTML, like Gecko; compatible; ClaudeBot/1.0; +claudebot@anthropic.com)"
216.73.216.24 - - [28/Jul/2026:01:31:48 +0000] "GET /ilia-cigarette-c-55/?path=%2Fvar%2Fwww%2Fgroatmachine_usr%2Fdata%2F.wp-cli HTTP/1.1" 200 3006 "-" "Mozilla/5.0 AppleWebKit/537.36 (KHTML, like Gecko; compatible; ClaudeBot/1.0; +claudebot@anthropic.com)"
216.73.216.24 - - [28/Jul/2026:01:31:51 +0000] "GET /ilia-cigarette-c-55/?path=%2F%2Fdev HTTP/1.1" 200 3671 "-" "Mozilla/5.0 AppleWebKit/537.36 (KHTML, like Gecko; compatible; ClaudeBot/1.0; +claudebot@anthropic.com)"
216.73.216.24 - - [28/Jul/2026:01:31:55 +0000] "GET /sitemap.xml?fileloc=%2F%2Fusr%2Fsrc%2Flinux-headers-6.8.0-136-generic%2Ftools%2Fpcmcia%2FMakefile&path=%2F%2Fusr%2Fsrc%2Flinux-headers-6.8.0-136-generic%2Ftools%2Fpcmcia HTTP/1.1" 200 2843 "-" "Mozilla/5.0 AppleWebKit/537.36 (KHTML, like Gecko; compatible; ClaudeBot/1.0; +claudebot@anthropic.com)"
216.73.216.24 - - [28/Jul/2026:01:31:57 +0000] "GET /sitemap.xml?fileloc=%2F%2Fproc%2F1801222%2Fmaps&path=%2F%2Fproc%2F1801222 HTTP/1.1" 200 2684 "-" "Mozilla/5.0 AppleWebKit/537.36 (KHTML, like Gecko; compatible; ClaudeBot/1.0; +claudebot@anthropic.com)"
216.73.216.24 - - [28/Jul/2026:01:32:00 +0000] "GET /sitemap.xml?fileloc=%2F%2Fsys%2Fdevices%2Fmsr%2Fsubsystem%2Fdevices%2Fsoftware%2Fpower%2Fautosuspend_delay_ms&path=%2F%2Fsys%2Fdevices%2Fmsr%2Fsubsystem%2Fdevices%2Fsoftware%2Fpower HTTP/1.1" 200 2743 "-" "Mozilla/5.0 AppleWebKit/537.36 (KHTML, like Gecko; compatible; ClaudeBot/1.0; +claudebot@anthropic.com)"
216.73.216.24 - - [28/Jul/2026:01:32:03 +0000] "GET /sitemap.xml?fileloc=%2F%2Fsys%2Fclass%2Ftty%2FttyS20%2Fsubsystem%2FttyS5%2Fpower%2Fruntime_active_kids&path=%2F%2Fsys%2Fclass%2Ftty%2FttyS20%2Fsubsystem%2FttyS5%2Fpower HTTP/1.1" 200 2742 "-" "Mozilla/5.0 AppleWebKit/537.36 (KHTML, like Gecko; compatible; ClaudeBot/1.0; +claudebot@anthropic.com)"
216.73.216.24 - - [28/Jul/2026:01:32:06 +0000] "GET /sitemap.xml?fileloc=%2F%2Fsys%2Fkernel%2Fslab%2Fkmalloc-rnd-01-2k%2Fobjs_per_slab&path=%2F%2Fsys%2Fkernel%2Fslab%2Fkmalloc-rnd-01-2k HTTP/1.1" 200 2720 "-" "Mozilla/5.0 AppleWebKit/537.36 (KHTML, like Gecko; compatible; ClaudeBot/1.0; +claudebot@anthropic.com)"
216.73.216.24 - - [28/Jul/2026:01:32:09 +0000] "GET /sitemap.xml?fileloc=%2F%2Fsys%2Fdevices%2Fmsr%2Fsubsystem%2Fdevices%2Fsoftware%2Fpower%2Fruntime_active_kids&path=%2F%2Fsys%2Fdevices%2Fmsr%2Fsubsystem%2Fdevices%2Fsoftware%2Fpower HTTP/1.1" 200 2744 "-" "Mozilla/5.0 AppleWebKit/537.36 (KHTML, like Gecko; compatible; ClaudeBot/1.0; +claudebot@anthropic.com)"
216.73.216.24 - - [28/Jul/2026:01:32:12 +0000] "GET /sitemap.xml?fileloc=%2F%2Fsys%2Fkernel%2Fslab%2Fkmalloc-rnd-01-2k%2Fpoison&path=%2F%2Fsys%2Fkernel%2Fslab%2Fkmalloc-rnd-01-2k HTTP/1.1" 200 2713 "-" "Mozilla/5.0 AppleWebKit/537.36 (KHTML, like Gecko; compatible; ClaudeBot/1.0; +claudebot@anthropic.com)"
216.73.216.24 - - [28/Jul/2026:01:32:15 +0000] "GET /sitemap.xml?fileloc=%2F%2Fsys%2Fclass%2Ftty%2FttyS20%2Fsubsystem%2FttyS5%2Fpower%2Fwakeup_max_time_ms&path=%2F%2Fsys%2Fclass%2Ftty%2FttyS20%2Fsubsystem%2FttyS5%2Fpower HTTP/1.1" 200 2741 "-" "Mozilla/5.0 AppleWebKit/537.36 (KHTML, like Gecko; compatible; ClaudeBot/1.0; +claudebot@anthropic.com)"
216.73.216.24 - - [28/Jul/2026:01:32:18 +0000] "GET /sitemap.xml?fileloc=%2F%2Fsys%2Fclass%2Ftty%2FttyS20%2Fsubsystem%2FttyS5%2Fpower%2Fwakeup_count&path=%2F%2Fsys%2Fclass%2Ftty%2FttyS20%2Fsubsystem%2FttyS5%2Fpower HTTP/1.1" 200 2738 "-" "Mozilla/5.0 AppleWebKit/537.36 (KHTML, like Gecko; compatible; ClaudeBot/1.0; +claudebot@anthropic.com)"
216.73.216.24 - - [28/Jul/2026:01:32:21 +0000] "GET /sitemap.xml?fileloc=%2F%2Fsys%2Fkernel%2Fslab%2Fkmalloc-rnd-07-64%2Faliases&path=%2F%2Fsys%2Fkernel%2Fslab%2Fkmalloc-rnd-07-64 HTTP/1.1" 200 2713 "-" "Mozilla/5.0 AppleWebKit/537.36 (KHTML, like Gecko; compatible; ClaudeBot/1.0; +claudebot@anthropic.com)"
216.73.216.24 - - [28/Jul/2026:01:32:24 +0000] "GET /sitemap.xml?fileloc=%2F%2Fsys%2Fclass%2Ftty%2FttyS20%2Fsubsystem%2FttyS5%2Fpower%2Fwakeup&path=%2F%2Fsys%2Fclass%2Ftty%2FttyS20%2Fsubsystem%2FttyS5%2Fpower HTTP/1.1" 200 2735 "-" "Mozilla/5.0 AppleWebKit/537.36 (KHTML, like Gecko; compatible; ClaudeBot/1.0; +claudebot@anthropic.com)"
216.73.216.24 - - [28/Jul/2026:01:32:27 +0000] "GET /sitemap.xml?fileloc=%2F%2Fsys%2Fkernel%2Fslab%2Fkmalloc-rnd-07-64%2Fslab_size&path=%2F%2Fsys%2Fkernel%2Fslab%2Fkmalloc-rnd-07-64 HTTP/1.1" 200 2714 "-" "Mozilla/5.0 AppleWebKit/537.36 (KHTML, like Gecko; compatible; ClaudeBot/1.0; +claudebot@anthropic.com)"
216.73.216.24 - - [28/Jul/2026:01:32:30 +0000] "GET /sitemap.xml?fileloc=%2F%2Fsys%2Fclass%2Ftty%2FttyS20%2Fsubsystem%2FttyS5%2Fpower%2Fwakeup_active_count&path=%2F%2Fsys%2Fclass%2Ftty%2FttyS20%2Fsubsystem%2FttyS5%2Fpower HTTP/1.1" 200 2744 "-" "Mozilla/5.0 AppleWebKit/537.36 (KHTML, like Gecko; compatible; ClaudeBot/1.0; +claudebot@anthropic.com)"
216.73.216.24 - - [28/Jul/2026:01:32:33 +0000] "GET /sitemap.xml?fileloc=%2F%2Fsys%2Fclass%2Ftty%2FttyS20%2Fsubsystem%2FttyS5%2Fpower%2Fwakeup_active&path=%2F%2Fsys%2Fclass%2Ftty%2FttyS20%2Fsubsystem%2FttyS5%2Fpower HTTP/1.1" 200 2739 "-" "Mozilla/5.0 AppleWebKit/537.36 (KHTML, like Gecko; compatible; ClaudeBot/1.0; +claudebot@anthropic.com)"
216.73.216.24 - - [28/Jul/2026:01:32:36 +0000] "GET /sitemap.xml?fileloc=%2F%2Fsys%2Fkernel%2Fslab%2Fkmalloc-rnd-01-2k%2Faliases&path=%2F%2Fsys%2Fkernel%2Fslab%2Fkmalloc-rnd-01-2k HTTP/1.1" 200 2713 "-" "Mozilla/5.0 AppleWebKit/537.36 (KHTML, like Gecko; compatible; ClaudeBot/1.0; +claudebot@anthropic.com)"
216.73.216.24 - - [28/Jul/2026:01:32:39 +0000] "GET /sitemap.xml?fileloc=%2F%2Fsys%2Fkernel%2Fslab%2Fkmalloc-rnd-01-2k%2Fslab_size&path=%2F%2Fsys%2Fkernel%2Fslab%2Fkmalloc-rnd-01-2k HTTP/1.1" 200 2714 "-" "Mozilla/5.0 AppleWebKit/537.36 (KHTML, like Gecko; compatible; ClaudeBot/1.0; +claudebot@anthropic.com)"
216.73.216.24 - - [28/Jul/2026:01:32:42 +0000] "GET /sitemap.xml?fileloc=%2F%2Fsys%2Fclass%2Ftty%2FttyS20%2Fsubsystem%2FttyS5%2Fpower%2Fruntime_suspended_time&path=%2F%2Fsys%2Fclass%2Ftty%2FttyS20%2Fsubsystem%2FttyS5%2Fpower HTTP/1.1" 200 2745 "-" "Mozilla/5.0 AppleWebKit/537.36 (KHTML, like Gecko; compatible; ClaudeBot/1.0; +claudebot@anthropic.com)"
216.73.216.24 - - [28/Jul/2026:01:32:45 +0000] "GET /sitemap.xml?fileloc=%2F%2Fsys%2Fkernel%2Fslab%2Fkmalloc-rnd-07-64%2Fshrink&path=%2F%2Fsys%2Fkernel%2Fslab%2Fkmalloc-rnd-07-64 HTTP/1.1" 200 2714 "-" "Mozilla/5.0 AppleWebKit/537.36 (KHTML, like Gecko; compatible; ClaudeBot/1.0; +claudebot@anthropic.com)"
216.73.216.24 - - [28/Jul/2026:01:32:48 +0000] "GET /sitemap.xml?fileloc=%2F%2Fsys%2Fclass%2Ftty%2FttyS16%2Fsubsystem%2FttyS12%2Fxmit_fifo_size&path=%2F%2Fsys%2Fclass%2Ftty%2FttyS16%2Fsubsystem%2FttyS12 HTTP/1.1" 200 2729 "-" "Mozilla/5.0 AppleWebKit/537.36 (KHTML, like Gecko; compatible; ClaudeBot/1.0; +claudebot@anthropic.com)"
216.73.216.24 - - [28/Jul/2026:01:32:51 +0000] "GET /sitemap.xml?fileloc=%2F%2Fsys%2Fclass%2Ftty%2Ftty21%2Fsubsystem%2FttyS16%2Fxmit_fifo_size&path=%2F%2Fsys%2Fclass%2Ftty%2Ftty21%2Fsubsystem%2FttyS16 HTTP/1.1" 200 2730 "-" "Mozilla/5.0 AppleWebKit/537.36 (KHTML, like Gecko; compatible; ClaudeBot/1.0; +claudebot@anthropic.com)"
216.73.216.24 - - [28/Jul/2026:01:32:54 +0000] "GET /sitemap.xml?fileloc=%2F%2Fsys%2Fclass%2Ftty%2FttyS16%2Fsubsystem%2FttyS26%2Fxmit_fifo_size&path=%2F%2Fsys%2Fclass%2Ftty%2FttyS16%2Fsubsystem%2FttyS26 HTTP/1.1" 200 2729 "-" "Mozilla/5.0 AppleWebKit/537.36 (KHTML, like Gecko; compatible; ClaudeBot/1.0; +claudebot@anthropic.com)"
216.73.216.24 - - [28/Jul/2026:01:32:57 +0000] "GET /sitemap.xml?fileloc=%2F%2Fsys%2Fclass%2Ftty%2FttyS26%2Fsubsystem%2FttyS16%2Fxmit_fifo_size&path=%2F%2Fsys%2Fclass%2Ftty%2FttyS26%2Fsubsystem%2FttyS16 HTTP/1.1" 200 2729 "-" "Mozilla/5.0 AppleWebKit/537.36 (KHTML, like Gecko; compatible; ClaudeBot/1.0; +claudebot@anthropic.com)"
216.73.216.24 - - [28/Jul/2026:01:33:03 +0000] "GET /sitemap.xml?fileloc=%2F%2Fsys%2Fkernel%2Fslab%2Ffscrypt_inode_info%2Fred_zone&path=%2F%2Fsys%2Fkernel%2Fslab%2Ffscrypt_inode_info HTTP/1.1" 200 2713 "-" "Mozilla/5.0 AppleWebKit/537.36 (KHTML, like Gecko; compatible; ClaudeBot/1.0; +claudebot@anthropic.com)"
216.73.216.24 - - [28/Jul/2026:01:33:05 +0000] "GET /sitemap.xml?path=%2F%2Fusr%2Fsrc%2Flinux-headers-6.8.0-136-generic%2Fdrivers%2Fpmdomain%2Famlogic HTTP/1.1" 200 3119 "-" "Mozilla/5.0 AppleWebKit/537.36 (KHTML, like Gecko; compatible; ClaudeBot/1.0; +claudebot@anthropic.com)"
216.73.216.24 - - [28/Jul/2026:01:33:08 +0000] "GET /sitemap.xml?path=%2F%2Fvar%2Fwww%2Fjwbraun_com_usr HTTP/1.1" 200 2750 "-" "Mozilla/5.0 AppleWebKit/537.36 (KHTML, like Gecko; compatible; ClaudeBot/1.0; +claudebot@anthropic.com)"
216.73.216.24 - - [28/Jul/2026:01:33:11 +0000] "GET /sitemap.xml?fileloc=%2F%2Fsys%2Fkernel%2Fslab%2Feventpoll_pwq%2Fobjects_partial&path=%2F%2Fsys%2Fkernel%2Fslab%2Feventpoll_pwq HTTP/1.1" 200 2717 "-" "Mozilla/5.0 AppleWebKit/537.36 (KHTML, like Gecko; compatible; ClaudeBot/1.0; +claudebot@anthropic.com)"
216.73.216.24 - - [28/Jul/2026:01:33:14 +0000] "GET /sitemap.xml?fileloc=%2F%2Fusr%2Finclude%2Fmtd%2Fmtd-abi.h&path=%2F%2Fusr%2Finclude%2Fmtd HTTP/1.1" 200 6759 "-" "Mozilla/5.0 AppleWebKit/537.36 (KHTML, like Gecko; compatible; ClaudeBot/1.0; +claudebot@anthropic.com)"
216.73.216.24 - - [28/Jul/2026:01:33:20 +0000] "GET /sitemap.xml?path=%2F%2Fproc%2F1638148%2Ftask%2F1640770%2Fns HTTP/1.1" 200 2767 "-" "Mozilla/5.0 AppleWebKit/537.36 (KHTML, like Gecko; compatible; ClaudeBot/1.0; +claudebot@anthropic.com)"
216.73.216.24 - - [28/Jul/2026:01:33:23 +0000] "GET /sitemap.xml?fileloc=%2F%2Fusr%2Fbin%2Fsplain&path=%2F%2Fusr%2Fbin HTTP/1.1" 200 10261 "-" "Mozilla/5.0 AppleWebKit/537.36 (KHTML, like Gecko; compatible; ClaudeBot/1.0; +claudebot@anthropic.com)"
216.73.216.24 - - [28/Jul/2026:01:33:26 +0000] "GET /sitemap.xml?fileloc=%2F%2Fusr%2Fbin%2Freadlink&path=%2F%2Fusr%2Fbin HTTP/1.1" 200 15983 "-" "Mozilla/5.0 AppleWebKit/537.36 (KHTML, like Gecko; compatible; ClaudeBot/1.0; +claudebot@anthropic.com)"
216.73.216.24 - - [28/Jul/2026:01:33:29 +0000] "GET /sitemap.xml?path=%2F%2Frun%2Fudev%2Flinks%2Fdisk%2Fx2fby-diskseq%2Fx2f6 HTTP/1.1" 200 2776 "-" "Mozilla/5.0 AppleWebKit/537.36 (KHTML, like Gecko; compatible; ClaudeBot/1.0; +claudebot@anthropic.com)"
216.73.216.24 - - [28/Jul/2026:01:33:32 +0000] "GET /sitemap.xml?path=%2F%2Fproc%2F1643154%2Ftask%2F1643154%2Fns HTTP/1.1" 200 2758 "-" "Mozilla/5.0 AppleWebKit/537.36 (KHTML, like Gecko; compatible; ClaudeBot/1.0; +claudebot@anthropic.com)"
216.73.216.24 - - [28/Jul/2026:01:33:35 +0000] "GET /sitemap.xml?fileloc=%2F%2Fbin%2Fdeb-systemd-invoke&path=%2F%2Fbin HTTP/1.1" 200 5454 "-" "Mozilla/5.0 AppleWebKit/537.36 (KHTML, like Gecko; compatible; ClaudeBot/1.0; +claudebot@anthropic.com)"
216.73.216.24 - - [28/Jul/2026:01:33:38 +0000] "GET /sitemap.xml?fileloc=%2F%2Fusr%2Fbin%2Fopenssl&path=%2F%2Fusr%2Fbin HTTP/1.1" 200 317526 "-" "Mozilla/5.0 AppleWebKit/537.36 (KHTML, like Gecko; compatible; ClaudeBot/1.0; +claudebot@anthropic.com)"
216.73.216.24 - - [28/Jul/2026:01:33:41 +0000] "GET /sitemap.xml?fileloc=%2F%2Fbin%2Fjpegoptim&path=%2F%2Fbin HTTP/1.1" 200 15162 "-" "Mozilla/5.0 AppleWebKit/537.36 (KHTML, like Gecko; compatible; ClaudeBot/1.0; +claudebot@anthropic.com)"
216.73.216.24 - - [28/Jul/2026:01:33:44 +0000] "GET /sitemap.xml?fileloc=%2F%2Fusr%2Fbin%2Fcloud-id&path=%2F%2Fusr%2Fbin HTTP/1.1" 200 3142 "-" "Mozilla/5.0 AppleWebKit/537.36 (KHTML, like Gecko; compatible; ClaudeBot/1.0; +claudebot@anthropic.com)"
216.73.216.24 - - [28/Jul/2026:01:33:50 +0000] "GET /sitemap.xml?fileloc=%2F%2Fproc%2Fkeys&path=%2F%2Fproc HTTP/1.1" 200 2750 "-" "Mozilla/5.0 AppleWebKit/537.36 (KHTML, like Gecko; compatible; ClaudeBot/1.0; +claudebot@anthropic.com)"
74.7.242.4 - - [28/Jul/2026:01:33:53 +0000] "GET /favicon.ico?fileloc=//proc/258/task/258/attr/prev&path=//proc/258/task/258/attr HTTP/1.1" 200 2702 "https://www.groatmachinery.com/favicon.ico?path=//proc/258/task/258/attr" "Mozilla/5.0 AppleWebKit/537.36 (KHTML, like Gecko; compatible; GPTBot/1.4; +https://openai.com/gptbot)"
216.73.216.24 - - [28/Jul/2026:01:33:53 +0000] "GET /sitemap.xml?path=%2F%2Fproc%2F3758816%2Ftask%2F3758816%2Fns HTTP/1.1" 200 2758 "-" "Mozilla/5.0 AppleWebKit/537.36 (KHTML, like Gecko; compatible; ClaudeBot/1.0; +claudebot@anthropic.com)"
74.7.242.4 - - [28/Jul/2026:01:33:56 +0000] "GET /sitemap_index.xml?fileloc=//usr/lib/x86_64-linux-gnu/libpcreposix.so.3.13.3&path=//usr/lib/x86_64-linux-gnu HTTP/1.1" 200 5646 "https://www.groatmachinery.com/sitemap_index.xml?path=//usr/lib/x86_64-linux-gnu" "Mozilla/5.0 AppleWebKit/537.36 (KHTML, like Gecko; compatible; GPTBot/1.4; +https://openai.com/gptbot)"
216.73.216.24 - - [28/Jul/2026:01:33:56 +0000] "GET /sitemap.xml?path=%2F%2Flib%2Flinux-tools-6.8.0-134%2Flib HTTP/1.1" 200 3039 "-" "Mozilla/5.0 AppleWebKit/537.36 (KHTML, like Gecko; compatible; ClaudeBot/1.0; +claudebot@anthropic.com)"
216.73.216.24 - - [28/Jul/2026:01:33:59 +0000] "GET /sitemap.xml?path=%2F%2Fsys%2Fkernel%2Fslab%2F%3AA-0000120 HTTP/1.1" 200 4010 "-" "Mozilla/5.0 AppleWebKit/537.36 (KHTML, like Gecko; compatible; ClaudeBot/1.0; +claudebot@anthropic.com)"
74.7.242.4 - - [28/Jul/2026:01:34:01 +0000] "GET /sitemap_index.xml?fileloc=//usr/lib/python3/dist-packages/twisted/mail/__pycache__/__init__.cpython-312.pyc&path=//usr/lib/python3/dist-packages/twisted/mail/__pycache__ HTTP/1.1" 200 2916 "https://www.groatmachinery.com/sitemap_index.xml?path=//usr/lib/python3/dist-packages/twisted/mail/__pycache__" "Mozilla/5.0 AppleWebKit/537.36 (KHTML, like Gecko; compatible; GPTBot/1.4; +https://openai.com/gptbot)"
216.73.216.24 - - [28/Jul/2026:01:34:02 +0000] "GET /sitemap.xml?fileloc=%2F%2Flib%2Fsysusers.d%2Fsystemd-timesync.conf&path=%2F%2Flib%2Fsysusers.d HTTP/1.1" 200 2900 "-" "Mozilla/5.0 AppleWebKit/537.36 (KHTML, like Gecko; compatible; ClaudeBot/1.0; +claudebot@anthropic.com)"
74.7.242.4 - - [28/Jul/2026:01:34:04 +0000] "GET /sitemap_index.xml?fileloc=//usr/lib/x86_64-linux-gnu/libtirpc.so.3.0.0&path=//usr/lib/x86_64-linux-gnu HTTP/1.1" 200 71469 "https://www.groatmachinery.com/sitemap_index.xml?path=//usr/lib/x86_64-linux-gnu" "Mozilla/5.0 AppleWebKit/537.36 (KHTML, like Gecko; compatible; GPTBot/1.4; +https://openai.com/gptbot)"
216.73.216.24 - - [28/Jul/2026:01:34:05 +0000] "GET /sitemap.xml?path=%2F%2Fusr%2Fsrc%2Flinux-headers-6.8.0-136-generic%2Fdrivers%2Fpmdomain%2Fimx HTTP/1.1" 200 3115 "-" "Mozilla/5.0 AppleWebKit/537.36 (KHTML, like Gecko; compatible; ClaudeBot/1.0; +claudebot@anthropic.com)"
74.7.242.4 - - [28/Jul/2026:01:34:06 +0000] "GET /sitemap_index.xml?fileloc=//usr/lib/x86_64-linux-gnu/ld-linux-x86-64.so.2&path=//usr/lib/x86_64-linux-gnu HTTP/1.1" 200 100090 "https://www.groatmachinery.com/sitemap_index.xml?path=//usr/lib/x86_64-linux-gnu" "Mozilla/5.0 AppleWebKit/537.36 (KHTML, like Gecko; compatible; GPTBot/1.4; +https://openai.com/gptbot)"
216.73.216.24 - - [28/Jul/2026:01:34:08 +0000] "GET /sitemap.xml?path=%2F%2Fproc%2F1638881%2Ffdinfo HTTP/1.1" 200 2745 "-" "Mozilla/5.0 AppleWebKit/537.36 (KHTML, like Gecko; compatible; ClaudeBot/1.0; +claudebot@anthropic.com)"
74.7.242.4 - - [28/Jul/2026:01:34:10 +0000] "GET /favicon.ico?fileloc=//proc/115/task/115/smaps_rollup&path=//proc/115/task/115 HTTP/1.1" 200 2700 "https://www.groatmachinery.com/favicon.ico?path=//proc/115/task/115" "Mozilla/5.0 AppleWebKit/537.36 (KHTML, like Gecko; compatible; GPTBot/1.4; +https://openai.com/gptbot)"
216.73.216.24 - - [28/Jul/2026:01:34:11 +0000] "GET /sitemap.xml?fileloc=%2F%2Fusr%2Fbin%2Funexpand&path=%2F%2Fusr%2Fbin HTTP/1.1" 200 14346 "-" "Mozilla/5.0 AppleWebKit/537.36 (KHTML, like Gecko; compatible; ClaudeBot/1.0; +claudebot@anthropic.com)"
74.7.242.4 - - [28/Jul/2026:01:34:12 +0000] "GET /favicon.ico?fileloc=//proc/107/task/107/ksm_merging_pages&path=//proc/107/task/107 HTTP/1.1" 200 2704 "https://www.groatmachinery.com/favicon.ico?path=//proc/107/task/107" "Mozilla/5.0 AppleWebKit/537.36 (KHTML, like Gecko; compatible; GPTBot/1.4; +https://openai.com/gptbot)"
216.73.216.24 - - [28/Jul/2026:01:34:14 +0000] "GET /sitemap.xml?path=%2F%2Fproc%2F1638883%2Fnet%2Frxrpc HTTP/1.1" 200 3205 "-" "Mozilla/5.0 AppleWebKit/537.36 (KHTML, like Gecko; compatible; ClaudeBot/1.0; +claudebot@anthropic.com)"
74.7.242.4 - - [28/Jul/2026:01:34:15 +0000] "GET /sitemap_index.xml?fileloc=//usr/lib/x86_64-linux-gnu/plymouth/tribar.so&path=//usr/lib/x86_64-linux-gnu/plymouth HTTP/1.1" 200 8189 "https://www.groatmachinery.com/sitemap_index.xml?path=//usr/lib/x86_64-linux-gnu/plymouth" "Mozilla/5.0 AppleWebKit/537.36 (KHTML, like Gecko; compatible; GPTBot/1.4; +https://openai.com/gptbot)"
216.73.216.24 - - [28/Jul/2026:01:34:17 +0000] "GET /sitemap.xml?fileloc=%2F%2Fsys%2Fkernel%2Fslab%2Fdma-kmalloc-8%2Falign&path=%2F%2Fsys%2Fkernel%2Fslab%2Fdma-kmalloc-8 HTTP/1.1" 200 2707 "-" "Mozilla/5.0 AppleWebKit/537.36 (KHTML, like Gecko; compatible; ClaudeBot/1.0; +claudebot@anthropic.com)"
74.7.242.4 - - [28/Jul/2026:01:34:18 +0000] "GET /favicon.ico?fileloc=//proc/365723/personality&path=//proc/365723 HTTP/1.1" 200 2690 "https://www.groatmachinery.com/favicon.ico?path=//proc/365723" "Mozilla/5.0 AppleWebKit/537.36 (KHTML, like Gecko; compatible; GPTBot/1.4; +https://openai.com/gptbot)"
216.73.216.24 - - [28/Jul/2026:01:34:20 +0000] "GET /sitemap.xml?path=%2F%2Fsys%2Fmodule%2Finet_diag%2Fholders%2Ftcp_diag%2Fnotes HTTP/1.1" 200 3106 "-" "Mozilla/5.0 AppleWebKit/537.36 (KHTML, like Gecko; compatible; ClaudeBot/1.0; +claudebot@anthropic.com)"
74.7.242.4 - - [28/Jul/2026:01:34:23 +0000] "GET /favicon.ico?fileloc=//proc/82146/attr/exec&path=//proc/82146/attr HTTP/1.1" 200 2692 "https://www.groatmachinery.com/favicon.ico?path=//proc/82146/attr" "Mozilla/5.0 AppleWebKit/537.36 (KHTML, like Gecko; compatible; GPTBot/1.4; +https://openai.com/gptbot)"
216.73.216.24 - - [28/Jul/2026:01:34:23 +0000] "GET /sitemap.xml?fileloc=%2F%2Fusr%2Fbin%2Fzcmp&path=%2F%2Fusr%2Fbin HTTP/1.1" 200 3553 "-" "Mozilla/5.0 AppleWebKit/537.36 (KHTML, like Gecko; compatible; ClaudeBot/1.0; +claudebot@anthropic.com)"
74.7.242.4 - - [28/Jul/2026:01:34:26 +0000] "GET /favicon.ico?fileloc=//proc/15/net/icmp&path=//proc/15/net HTTP/1.1" 200 2764 "https://www.groatmachinery.com/favicon.ico?path=//proc/15/net" "Mozilla/5.0 AppleWebKit/537.36 (KHTML, like Gecko; compatible; GPTBot/1.4; +https://openai.com/gptbot)"
216.73.216.24 - - [28/Jul/2026:01:34:26 +0000] "GET /sitemap.xml?path=%2F%2Fproc%2F1797606%2Ftask%2F1797606%2Fns HTTP/1.1" 200 2758 "-" "Mozilla/5.0 AppleWebKit/537.36 (KHTML, like Gecko; compatible; ClaudeBot/1.0; +claudebot@anthropic.com)"
74.7.242.4 - - [28/Jul/2026:01:34:29 +0000] "GET /favicon.ico?fileloc=//proc/65/net/ptype&path=//proc/65/net HTTP/1.1" 200 2751 "https://www.groatmachinery.com/favicon.ico?path=//proc/65/net" "Mozilla/5.0 AppleWebKit/537.36 (KHTML, like Gecko; compatible; GPTBot/1.4; +https://openai.com/gptbot)"
216.73.216.24 - - [28/Jul/2026:01:34:29 +0000] "GET /sitemap.xml?fileloc=%2F%2Fusr%2Fbin%2Fbusctl&path=%2F%2Fusr%2Fbin HTTP/1.1" 200 32331 "-" "Mozilla/5.0 AppleWebKit/537.36 (KHTML, like Gecko; compatible; ClaudeBot/1.0; +claudebot@anthropic.com)"
74.7.242.4 - - [28/Jul/2026:01:34:32 +0000] "GET /favicon.ico?fileloc=//proc/16/net/fib_trie&path=//proc/16/net HTTP/1.1" 200 7425 "https://www.groatmachinery.com/favicon.ico?path=//proc/16/net" "Mozilla/5.0 AppleWebKit/537.36 (KHTML, like Gecko; compatible; GPTBot/1.4; +https://openai.com/gptbot)"
216.73.216.24 - - [28/Jul/2026:01:34:32 +0000] "GET /sitemap.xml?fileloc=%2F%2Fusr%2Fbin%2Funzipsfx&path=%2F%2Fusr%2Fbin HTTP/1.1" 200 34110 "-" "Mozilla/5.0 AppleWebKit/537.36 (KHTML, like Gecko; compatible; ClaudeBot/1.0; +claudebot@anthropic.com)"
74.7.242.4 - - [28/Jul/2026:01:34:35 +0000] "GET /favicon.ico?fileloc=//proc/16/net/igmp&path=//proc/16/net HTTP/1.1" 200 2772 "https://www.groatmachinery.com/favicon.ico?path=//proc/16/net" "Mozilla/5.0 AppleWebKit/537.36 (KHTML, like Gecko; compatible; GPTBot/1.4; +https://openai.com/gptbot)"
52.167.144.25 - - [28/Jul/2026:01:34:33 +0000] "GET /sitemap-detail-1844.xml HTTP/1.1" 200 14328 "-" "Mozilla/5.0 AppleWebKit/537.36 (KHTML, like Gecko; compatible; bingbot/2.0; +http://www.bing.com/bingbot.htm) Chrome/116.0.1938.76 Safari/537.36"
216.73.216.24 - - [28/Jul/2026:01:34:35 +0000] "GET /sitemap.xml?fileloc=%2F%2Fsys%2Fmodule%2Fmdio%2Fcoresize&path=%2F%2Fsys%2Fmodule%2Fmdio HTTP/1.1" 200 2698 "-" "Mozilla/5.0 AppleWebKit/537.36 (KHTML, like Gecko; compatible; ClaudeBot/1.0; +claudebot@anthropic.com)"
74.7.242.4 - - [28/Jul/2026:01:34:38 +0000] "GET /favicon.ico?fileloc=//proc/65/net/fib_trie&path=//proc/65/net HTTP/1.1" 200 7425 "https://www.groatmachinery.com/favicon.ico?path=//proc/65/net" "Mozilla/5.0 AppleWebKit/537.36 (KHTML, like Gecko; compatible; GPTBot/1.4; +https://openai.com/gptbot)"
216.73.216.24 - - [28/Jul/2026:01:34:38 +0000] "GET /sitemap.xml?fileloc=%2F%2Fsys%2Ffs%2Fcgroup%2Finit.scope%2Fcpu.weight&path=%2F%2Fsys%2Ffs%2Fcgroup%2Finit.scope HTTP/1.1" 200 2708 "-" "Mozilla/5.0 AppleWebKit/537.36 (KHTML, like Gecko; compatible; ClaudeBot/1.0; +claudebot@anthropic.com)"
74.7.242.4 - - [28/Jul/2026:01:34:41 +0000] "GET /favicon.ico?fileloc=//proc/86/net/ptype&path=//proc/86/net HTTP/1.1" 200 2750 "https://www.groatmachinery.com/favicon.ico?path=//proc/86/net" "Mozilla/5.0 AppleWebKit/537.36 (KHTML, like Gecko; compatible; GPTBot/1.4; +https://openai.com/gptbot)"
74.7.242.4 - - [28/Jul/2026:01:34:44 +0000] "GET /favicon.ico?fileloc=//proc/16/net/unix&path=//proc/16/net HTTP/1.1" 200 5773 "https://www.groatmachinery.com/favicon.ico?path=//proc/16/net" "Mozilla/5.0 AppleWebKit/537.36 (KHTML, like Gecko; compatible; GPTBot/1.4; +https://openai.com/gptbot)"
216.73.216.24 - - [28/Jul/2026:01:34:44 +0000] "GET /sitemap.xml?fileloc=%2F%2Fsys%2Fkernel%2Fslab%2Fjbd2_journal_handle%2Fpartial&path=%2F%2Fsys%2Fkernel%2Fslab%2Fjbd2_journal_handle HTTP/1.1" 200 2715 "-" "Mozilla/5.0 AppleWebKit/537.36 (KHTML, like Gecko; compatible; ClaudeBot/1.0; +claudebot@anthropic.com)"
74.7.242.4 - - [28/Jul/2026:01:34:47 +0000] "GET /favicon.ico?fileloc=//proc/15/net/unix&path=//proc/15/net HTTP/1.1" 200 5707 "https://www.groatmachinery.com/favicon.ico?path=//proc/15/net" "Mozilla/5.0 AppleWebKit/537.36 (KHTML, like Gecko; compatible; GPTBot/1.4; +https://openai.com/gptbot)"
216.73.216.24 - - [28/Jul/2026:01:34:47 +0000] "GET /sitemap.xml?fileloc=%2F%2Fsys%2Fclass%2Ftty%2Fptmx%2Fsubsystem%2Ftty36%2Fdev&path=%2F%2Fsys%2Fclass%2Ftty%2Fptmx%2Fsubsystem%2Ftty36 HTTP/1.1" 200 2725 "-" "Mozilla/5.0 AppleWebKit/537.36 (KHTML, like Gecko; compatible; ClaudeBot/1.0; +claudebot@anthropic.com)"
74.7.242.4 - - [28/Jul/2026:01:34:50 +0000] "GET /favicon.ico?fileloc=//proc/64/net/icmp&path=//proc/64/net HTTP/1.1" 200 2765 "https://www.groatmachinery.com/favicon.ico?path=//proc/64/net" "Mozilla/5.0 AppleWebKit/537.36 (KHTML, like Gecko; compatible; GPTBot/1.4; +https://openai.com/gptbot)"
216.73.216.24 - - [28/Jul/2026:01:34:50 +0000] "GET /sitemap.xml?fileloc=%2F%2Flib%2Fpython3.12%2Fencodings%2Fiso8859_8.py&path=%2F%2Flib%2Fpython3.12%2Fencodings HTTP/1.1" 200 5591 "-" "Mozilla/5.0 AppleWebKit/537.36 (KHTML, like Gecko; compatible; ClaudeBot/1.0; +claudebot@anthropic.com)"
74.7.242.4 - - [28/Jul/2026:01:34:53 +0000] "GET /favicon.ico?fileloc=//proc/15/net/snmp&path=//proc/15/net HTTP/1.1" 200 3421 "https://www.groatmachinery.com/favicon.ico?path=//proc/15/net" "Mozilla/5.0 AppleWebKit/537.36 (KHTML, like Gecko; compatible; GPTBot/1.4; +https://openai.com/gptbot)"
216.73.216.24 - - [28/Jul/2026:01:34:53 +0000] "GET /sitemap.xml?fileloc=%2F%2Fsys%2Fclass%2Ftty%2Ftty55%2Fsubsystem%2Fptmx%2Fdev&path=%2F%2Fsys%2Fclass%2Ftty%2Ftty55%2Fsubsystem%2Fptmx HTTP/1.1" 200 2725 "-" "Mozilla/5.0 AppleWebKit/537.36 (KHTML, like Gecko; compatible; ClaudeBot/1.0; +claudebot@anthropic.com)"
74.7.242.4 - - [28/Jul/2026:01:34:56 +0000] "GET /favicon.ico?fileloc=//proc/15/net/igmp&path=//proc/15/net HTTP/1.1" 200 2772 "https://www.groatmachinery.com/favicon.ico?path=//proc/15/net" "Mozilla/5.0 AppleWebKit/537.36 (KHTML, like Gecko; compatible; GPTBot/1.4; +https://openai.com/gptbot)"
216.73.216.24 - - [28/Jul/2026:01:34:56 +0000] "GET /sitemap.xml?fileloc=%2F%2Fsys%2Fkernel%2Fslab%2Fkmalloc-rnd-15-8%2Fobjects_partial&path=%2F%2Fsys%2Fkernel%2Fslab%2Fkmalloc-rnd-15-8 HTTP/1.1" 200 2719 "-" "Mozilla/5.0 AppleWebKit/537.36 (KHTML, like Gecko; compatible; ClaudeBot/1.0; +claudebot@anthropic.com)"
216.73.216.24 - - [28/Jul/2026:01:34:59 +0000] "GET /sitemap.xml?fileloc=%2F%2Fusr%2Fbin%2Fgsettings&path=%2F%2Fusr%2Fbin HTTP/1.1" 200 11019 "-" "Mozilla/5.0 AppleWebKit/537.36 (KHTML, like Gecko; compatible; ClaudeBot/1.0; +claudebot@anthropic.com)"
74.7.242.4 - - [28/Jul/2026:01:34:59 +0000] "GET /favicon.ico?fileloc=//proc/15/net/ptype&path=//proc/15/net HTTP/1.1" 200 2751 "https://www.groatmachinery.com/favicon.ico?path=//proc/15/net" "Mozilla/5.0 AppleWebKit/537.36 (KHTML, like Gecko; compatible; GPTBot/1.4; +https://openai.com/gptbot)"
74.7.242.4 - - [28/Jul/2026:01:35:02 +0000] "GET /favicon.ico?fileloc=//proc/64/net/fib_trie&path=//proc/64/net HTTP/1.1" 200 7426 "https://www.groatmachinery.com/favicon.ico?path=//proc/64/net" "Mozilla/5.0 AppleWebKit/537.36 (KHTML, like Gecko; compatible; GPTBot/1.4; +https://openai.com/gptbot)"
216.73.216.24 - - [28/Jul/2026:01:35:02 +0000] "GET /sitemap.xml?fileloc=%2F%2Fsbin%2Fthin_ls&path=%2F%2Fsbin HTTP/1.1" 200 464559 "-" "Mozilla/5.0 AppleWebKit/537.36 (KHTML, like Gecko; compatible; ClaudeBot/1.0; +claudebot@anthropic.com)"
216.73.216.24 - - [28/Jul/2026:01:35:05 +0000] "GET /sitemap.xml?fileloc=%2F%2Fproc%2Fself%2Froot%2Fsbin%2Fpwconv&path=%2F%2Fproc%2Fself%2Froot%2Fsbin HTTP/1.1" 200 16324 "-" "Mozilla/5.0 AppleWebKit/537.36 (KHTML, like Gecko; compatible; ClaudeBot/1.0; +claudebot@anthropic.com)"
74.7.242.4 - - [28/Jul/2026:01:35:05 +0000] "GET /favicon.ico?fileloc=//proc/65/net/unix&path=//proc/65/net HTTP/1.1" 200 5849 "https://www.groatmachinery.com/favicon.ico?path=//proc/65/net" "Mozilla/5.0 AppleWebKit/537.36 (KHTML, like Gecko; compatible; GPTBot/1.4; +https://openai.com/gptbot)"
74.7.242.4 - - [28/Jul/2026:01:35:08 +0000] "GET /favicon.ico?fileloc=//proc/65/net/tls_stat&path=//proc/65/net HTTP/1.1" 200 2778 "https://www.groatmachinery.com/favicon.ico?path=//proc/65/net" "Mozilla/5.0 AppleWebKit/537.36 (KHTML, like Gecko; compatible; GPTBot/1.4; +https://openai.com/gptbot)"
216.73.216.24 - - [28/Jul/2026:01:35:08 +0000] "GET /sitemap.xml?fileloc=%2F%2Fusr%2Fsbin%2Fthin_restore&path=%2F%2Fusr%2Fsbin HTTP/1.1" 200 464575 "-" "Mozilla/5.0 AppleWebKit/537.36 (KHTML, like Gecko; compatible; ClaudeBot/1.0; +claudebot@anthropic.com)"
216.73.216.24 - - [28/Jul/2026:01:35:11 +0000] "GET /sitemap.xml?fileloc=%2F%2Fproc%2Fself%2Froot%2Fsbin%2Farpd&path=%2F%2Fproc%2Fself%2Froot%2Fsbin HTTP/1.1" 200 10299 "-" "Mozilla/5.0 AppleWebKit/537.36 (KHTML, like Gecko; compatible; ClaudeBot/1.0; +claudebot@anthropic.com)"
74.7.242.4 - - [28/Jul/2026:01:35:12 +0000] "GET /favicon.ico?fileloc=//proc/22/net/igmp&path=//proc/22/net HTTP/1.1" 200 2772 "https://www.groatmachinery.com/favicon.ico?path=//proc/22/net" "Mozilla/5.0 AppleWebKit/537.36 (KHTML, like Gecko; compatible; GPTBot/1.4; +https://openai.com/gptbot)"
216.73.216.24 - - [28/Jul/2026:01:35:14 +0000] "GET /sitemap.xml?fileloc=%2F%2Fusr%2Fbin%2Fsdiff&path=%2F%2Fusr%2Fbin HTTP/1.1" 200 19404 "-" "Mozilla/5.0 AppleWebKit/537.36 (KHTML, like Gecko; compatible; ClaudeBot/1.0; +claudebot@anthropic.com)"
74.7.242.4 - - [28/Jul/2026:01:35:15 +0000] "GET /favicon.ico?fileloc=//proc/65/net/igmp&path=//proc/65/net HTTP/1.1" 200 2773 "https://www.groatmachinery.com/favicon.ico?path=//proc/65/net" "Mozilla/5.0 AppleWebKit/537.36 (KHTML, like Gecko; compatible; GPTBot/1.4; +https://openai.com/gptbot)"
52.167.144.216 - - [28/Jul/2026:01:35:14 +0000] "GET /sitemap-detail-2042.xml HTTP/1.1" 200 14300 "-" "Mozilla/5.0 AppleWebKit/537.36 (KHTML, like Gecko; compatible; bingbot/2.0; +http://www.bing.com/bingbot.htm) Chrome/116.0.1938.76 Safari/537.36"
216.73.216.24 - - [28/Jul/2026:01:35:17 +0000] "GET /sitemap.xml?fileloc=%2F%2Fbin%2Fbasename&path=%2F%2Fbin HTTP/1.1" 200 12523 "-" "Mozilla/5.0 AppleWebKit/537.36 (KHTML, like Gecko; compatible; ClaudeBot/1.0; +claudebot@anthropic.com)"
74.7.242.4 - - [28/Jul/2026:01:35:18 +0000] "GET /favicon.ico?fileloc=//proc/16/net/ptype&path=//proc/16/net HTTP/1.1" 200 2750 "https://www.groatmachinery.com/favicon.ico?path=//proc/16/net" "Mozilla/5.0 AppleWebKit/537.36 (KHTML, like Gecko; compatible; GPTBot/1.4; +https://openai.com/gptbot)"
216.73.216.24 - - [28/Jul/2026:01:35:20 +0000] "GET /sitemap.xml?fileloc=%2F%2Fsys%2Ffirmware%2Fmemmap%2F13%2Ftype&path=%2F%2Fsys%2Ffirmware%2Fmemmap%2F13 HTTP/1.1" 200 2709 "-" "Mozilla/5.0 AppleWebKit/537.36 (KHTML, like Gecko; compatible; ClaudeBot/1.0; +claudebot@anthropic.com)"
74.7.242.4 - - [28/Jul/2026:01:35:21 +0000] "GET /favicon.ico?fileloc=//proc/64/net/ptype&path=//proc/64/net HTTP/1.1" 200 2751 "https://www.groatmachinery.com/favicon.ico?path=//proc/64/net" "Mozilla/5.0 AppleWebKit/537.36 (KHTML, like Gecko; compatible; GPTBot/1.4; +https://openai.com/gptbot)"
216.73.216.24 - - [28/Jul/2026:01:35:23 +0000] "GET /sitemap.xml?fileloc=%2F%2Fusr%2Fbin%2Fsystemd-escape&path=%2F%2Fusr%2Fbin HTTP/1.1" 200 8026 "-" "Mozilla/5.0 AppleWebKit/537.36 (KHTML, like Gecko; compatible; ClaudeBot/1.0; +claudebot@anthropic.com)"
74.7.242.4 - - [28/Jul/2026:01:35:24 +0000] "GET /favicon.ico?fileloc=//proc/86/net/unix&path=//proc/86/net HTTP/1.1" 200 5736 "https://www.groatmachinery.com/favicon.ico?path=//proc/86/net" "Mozilla/5.0 AppleWebKit/537.36 (KHTML, like Gecko; compatible; GPTBot/1.4; +https://openai.com/gptbot)"
52.167.144.201 - - [28/Jul/2026:01:35:24 +0000] "GET /sitemap-detail-1165.xml HTTP/1.1" 200 14298 "-" "Mozilla/5.0 AppleWebKit/537.36 (KHTML, like Gecko; compatible; bingbot/2.0; +http://www.bing.com/bingbot.htm) Chrome/116.0.1938.76 Safari/537.36"
216.73.216.24 - - [28/Jul/2026:01:35:26 +0000] "GET /sitemap.xml?fileloc=%2F%2Fsys%2Fkernel%2Fslab%2Fkmalloc-rnd-12-8%2Fobjects_partial&path=%2F%2Fsys%2Fkernel%2Fslab%2Fkmalloc-rnd-12-8 HTTP/1.1" 200 2719 "-" "Mozilla/5.0 AppleWebKit/537.36 (KHTML, like Gecko; compatible; ClaudeBot/1.0; +claudebot@anthropic.com)"
74.7.242.4 - - [28/Jul/2026:01:35:27 +0000] "GET /favicon.ico?fileloc=//proc/15/net/rt_cache&path=//proc/15/net HTTP/1.1" 200 2781 "https://www.groatmachinery.com/favicon.ico?path=//proc/15/net" "Mozilla/5.0 AppleWebKit/537.36 (KHTML, like Gecko; compatible; GPTBot/1.4; +https://openai.com/gptbot)"
216.73.216.24 - - [28/Jul/2026:01:35:29 +0000] "GET /sitemap.xml?fileloc=%2F%2Fbin%2Fsg_opcodes&path=%2F%2Fbin HTTP/1.1" 200 12688 "-" "Mozilla/5.0 AppleWebKit/537.36 (KHTML, like Gecko; compatible; ClaudeBot/1.0; +claudebot@anthropic.com)"
74.7.242.4 - - [28/Jul/2026:01:35:30 +0000] "GET /favicon.ico?fileloc=//proc/86/net/icmp&path=//proc/86/net HTTP/1.1" 200 2764 "https://www.groatmachinery.com/favicon.ico?path=//proc/86/net" "Mozilla/5.0 AppleWebKit/537.36 (KHTML, like Gecko; compatible; GPTBot/1.4; +https://openai.com/gptbot)"
216.73.216.24 - - [28/Jul/2026:01:35:32 +0000] "GET /sitemap.xml?fileloc=%2F%2Fsys%2Fmodule%2Frxrpc%2Fcoresize&path=%2F%2Fsys%2Fmodule%2Frxrpc HTTP/1.1" 200 2700 "-" "Mozilla/5.0 AppleWebKit/537.36 (KHTML, like Gecko; compatible; ClaudeBot/1.0; +claudebot@anthropic.com)"
74.7.242.4 - - [28/Jul/2026:01:35:33 +0000] "GET /favicon.ico?fileloc=//proc/86/net/tls_stat&path=//proc/86/net HTTP/1.1" 200 2777 "https://www.groatmachinery.com/favicon.ico?path=//proc/86/net" "Mozilla/5.0 AppleWebKit/537.36 (KHTML, like Gecko; compatible; GPTBot/1.4; +https://openai.com/gptbot)"
216.73.216.24 - - [28/Jul/2026:01:35:35 +0000] "GET /sitemap.xml?fileloc=%2F%2Flib%2Fpython3.12%2Fencodings%2Fbig5hkscs.py&path=%2F%2Flib%2Fpython3.12%2Fencodings HTTP/1.1" 200 3049 "-" "Mozilla/5.0 AppleWebKit/537.36 (KHTML, like Gecko; compatible; ClaudeBot/1.0; +claudebot@anthropic.com)"
52.167.144.201 - - [28/Jul/2026:01:35:34 +0000] "GET /sitemap-detail-784.xml HTTP/1.1" 200 14278 "-" "Mozilla/5.0 AppleWebKit/537.36 (KHTML, like Gecko; compatible; bingbot/2.0; +http://www.bing.com/bingbot.htm) Chrome/116.0.1938.76 Safari/537.36"
74.7.242.4 - - [28/Jul/2026:01:35:37 +0000] "GET /favicon.ico?fileloc=//proc/16/net/tls_stat&path=//proc/16/net HTTP/1.1" 200 2778 "https://www.groatmachinery.com/favicon.ico?path=//proc/16/net" "Mozilla/5.0 AppleWebKit/537.36 (KHTML, like Gecko; compatible; GPTBot/1.4; +https://openai.com/gptbot)"
74.7.242.4 - - [28/Jul/2026:01:35:41 +0000] "GET /favicon.ico?fileloc=//proc/15/net/packet&path=//proc/15/net HTTP/1.1" 200 2759 "https://www.groatmachinery.com/favicon.ico?path=//proc/15/net" "Mozilla/5.0 AppleWebKit/537.36 (KHTML, like Gecko; compatible; GPTBot/1.4; +https://openai.com/gptbot)"
216.73.216.24 - - [28/Jul/2026:01:35:38 +0000] "GET /sitemap.xml?fileloc=%2F%2Fvar%2Flib%2Fdpkg%2Finfo%2Fpython3-json-pointer.prerm&path=%2F%2Fvar%2Flib%2Fdpkg%2Finfo HTTP/1.1" 200 3035 "-" "Mozilla/5.0 AppleWebKit/537.36 (KHTML, like Gecko; compatible; ClaudeBot/1.0; +claudebot@anthropic.com)"
52.167.144.147 - - [28/Jul/2026:01:35:41 +0000] "GET /sitemap-detail-1050.xml HTTP/1.1" 200 14336 "-" "Mozilla/5.0 AppleWebKit/537.36 (KHTML, like Gecko; compatible; bingbot/2.0; +http://www.bing.com/bingbot.htm) Chrome/116.0.1938.76 Safari/537.36"
216.73.216.24 - - [28/Jul/2026:01:35:44 +0000] "GET /sitemap.xml?fileloc=%2F%2Fproc%2Fself%2Froot%2Fsbin%2Fgrpunconv&path=%2F%2Fproc%2Fself%2Froot%2Fsbin HTTP/1.1" 200 18297 "-" "Mozilla/5.0 AppleWebKit/537.36 (KHTML, like Gecko; compatible; ClaudeBot/1.0; +claudebot@anthropic.com)"
74.7.242.4 - - [28/Jul/2026:01:35:44 +0000] "GET /favicon.ico?fileloc=//proc/86/net/snmp&path=//proc/86/net HTTP/1.1" 200 3421 "https://www.groatmachinery.com/favicon.ico?path=//proc/86/net" "Mozilla/5.0 AppleWebKit/537.36 (KHTML, like Gecko; compatible; GPTBot/1.4; +https://openai.com/gptbot)"
216.73.216.24 - - [28/Jul/2026:01:35:47 +0000] "GET /sitemap.xml?fileloc=%2F%2Fvar%2Flog%2Fcloud-init.log&path=%2F%2Fvar%2Flog HTTP/1.1" 200 2688 "-" "Mozilla/5.0 AppleWebKit/537.36 (KHTML, like Gecko; compatible; ClaudeBot/1.0; +claudebot@anthropic.com)"
52.167.144.216 - - [28/Jul/2026:01:35:46 +0000] "GET /sitemap-detail-2828.xml HTTP/1.1" 200 14293 "-" "Mozilla/5.0 AppleWebKit/537.36 (KHTML, like Gecko; compatible; bingbot/2.0; +http://www.bing.com/bingbot.htm) Chrome/116.0.1938.76 Safari/537.36"
74.7.242.4 - - [28/Jul/2026:01:35:47 +0000] "GET /favicon.ico?fileloc=//proc/22/net/icmp&path=//proc/22/net HTTP/1.1" 200 2764 "https://www.groatmachinery.com/favicon.ico?path=//proc/22/net" "Mozilla/5.0 AppleWebKit/537.36 (KHTML, like Gecko; compatible; GPTBot/1.4; +https://openai.com/gptbot)"
74.7.242.4 - - [28/Jul/2026:01:35:50 +0000] "GET /favicon.ico?fileloc=//proc/22/net/ptype&path=//proc/22/net HTTP/1.1" 200 2750 "https://www.groatmachinery.com/favicon.ico?path=//proc/22/net" "Mozilla/5.0 AppleWebKit/537.36 (KHTML, like Gecko; compatible; GPTBot/1.4; +https://openai.com/gptbot)"
216.73.216.24 - - [28/Jul/2026:01:35:51 +0000] "GET /my-account/feed/?fileloc=%2F%2Ftmp%2FphpqCwgHl&path=%2F%2Ftmp HTTP/1.1" 200 26689 "-" "Mozilla/5.0 AppleWebKit/537.36 (KHTML, like Gecko; compatible; ClaudeBot/1.0; +claudebot@anthropic.com)"
74.7.242.4 - - [28/Jul/2026:01:35:54 +0000] "GET /favicon.ico?fileloc=//proc/22/net/rt_cache&path=//proc/22/net HTTP/1.1" 200 2781 "https://www.groatmachinery.com/favicon.ico?path=//proc/22/net" "Mozilla/5.0 AppleWebKit/537.36 (KHTML, like Gecko; compatible; GPTBot/1.4; +https://openai.com/gptbot)"
216.73.216.24 - - [28/Jul/2026:01:35:53 +0000] "GET /my-account/feed/?fileloc=%2F%2Ftmp%2Fphpy64D8C&path=%2F%2Ftmp HTTP/1.1" 200 26689 "-" "Mozilla/5.0 AppleWebKit/537.36 (KHTML, like Gecko; compatible; ClaudeBot/1.0; +claudebot@anthropic.com)"
216.73.216.24 - - [28/Jul/2026:01:35:56 +0000] "GET /my-account/feed/?fileloc=%2F%2Ftmp%2FphpLuHjjn&path=%2F%2Ftmp HTTP/1.1" 200 26689 "-" "Mozilla/5.0 AppleWebKit/537.36 (KHTML, like Gecko; compatible; ClaudeBot/1.0; +claudebot@anthropic.com)"
74.7.242.4 - - [28/Jul/2026:01:35:57 +0000] "GET /favicon.ico?fileloc=//proc/22/net/route&path=//proc/22/net HTTP/1.1" 200 2920 "https://www.groatmachinery.com/favicon.ico?path=//proc/22/net" "Mozilla/5.0 AppleWebKit/537.36 (KHTML, like Gecko; compatible; GPTBot/1.4; +https://openai.com/gptbot)"
216.73.216.24 - - [28/Jul/2026:01:35:59 +0000] "GET /my-account/feed/?fileloc=%2F%2Ftmp%2FphppmWCDp&path=%2F%2Ftmp HTTP/1.1" 200 26689 "-" "Mozilla/5.0 AppleWebKit/537.36 (KHTML, like Gecko; compatible; ClaudeBot/1.0; +claudebot@anthropic.com)"
74.7.242.4 - - [28/Jul/2026:01:36:00 +0000] "GET /favicon.ico?fileloc=//proc/22/net/packet&path=//proc/22/net HTTP/1.1" 200 2758 "https://www.groatmachinery.com/favicon.ico?path=//proc/22/net" "Mozilla/5.0 AppleWebKit/537.36 (KHTML, like Gecko; compatible; GPTBot/1.4; +https://openai.com/gptbot)"
216.73.216.24 - - [28/Jul/2026:01:36:02 +0000] "GET /my-account/feed/?fileloc=%2F%2Ftmp%2FphpybOxRT&path=%2F%2Ftmp HTTP/1.1" 200 2669 "-" "Mozilla/5.0 AppleWebKit/537.36 (KHTML, like Gecko; compatible; ClaudeBot/1.0; +claudebot@anthropic.com)"
74.7.242.4 - - [28/Jul/2026:01:36:03 +0000] "GET /favicon.ico?fileloc=//proc/22/net/snmp&path=//proc/22/net HTTP/1.1" 200 3426 "https://www.groatmachinery.com/favicon.ico?path=//proc/22/net" "Mozilla/5.0 AppleWebKit/537.36 (KHTML, like Gecko; compatible; GPTBot/1.4; +https://openai.com/gptbot)"
52.167.144.147 - - [28/Jul/2026:01:36:02 +0000] "GET /sitemap-detail-1501.xml HTTP/1.1" 200 14308 "-" "Mozilla/5.0 AppleWebKit/537.36 (KHTML, like Gecko; compatible; bingbot/2.0; +http://www.bing.com/bingbot.htm) Chrome/116.0.1938.76 Safari/537.36"
216.73.216.24 - - [28/Jul/2026:01:36:05 +0000] "GET /my-account/feed/?fileloc=%2F%2Ftmp%2FphpQlzJcX&path=%2F%2Ftmp HTTP/1.1" 200 26690 "-" "Mozilla/5.0 AppleWebKit/537.36 (KHTML, like Gecko; compatible; ClaudeBot/1.0; +claudebot@anthropic.com)"
74.7.242.4 - - [28/Jul/2026:01:36:06 +0000] "GET /favicon.ico?fileloc=//proc/22/net/dev_mcast&path=//proc/22/net HTTP/1.1" 200 2751 "https://www.groatmachinery.com/favicon.ico?path=//proc/22/net" "Mozilla/5.0 AppleWebKit/537.36 (KHTML, like Gecko; compatible; GPTBot/1.4; +https://openai.com/gptbot)"
216.73.216.24 - - [28/Jul/2026:01:36:08 +0000] "GET /my-account/feed/?fileloc=%2F%2Ftmp%2FphpqCGmW9&path=%2F%2Ftmp HTTP/1.1" 200 26002 "-" "Mozilla/5.0 AppleWebKit/537.36 (KHTML, like Gecko; compatible; ClaudeBot/1.0; +claudebot@anthropic.com)"
74.7.242.4 - - [28/Jul/2026:01:36:10 +0000] "GET /favicon.ico?fileloc=//proc/22/net/psched&path=//proc/22/net HTTP/1.1" 200 2713 "https://www.groatmachinery.com/favicon.ico?path=//proc/22/net" "Mozilla/5.0 AppleWebKit/537.36 (KHTML, like Gecko; compatible; GPTBot/1.4; +https://openai.com/gptbot)"
216.73.216.24 - - [28/Jul/2026:01:36:11 +0000] "GET /ilia-oil-s-71/?path=%2Fvar%2Fwww%2Fgroatmachine_usr%2Fdata%2Fphp-bin HTTP/1.1" 200 2749 "-" "Mozilla/5.0 AppleWebKit/537.36 (KHTML, like Gecko; compatible; ClaudeBot/1.0; +claudebot@anthropic.com)"
52.167.144.147 - - [28/Jul/2026:01:36:11 +0000] "GET /sitemap-detail-1331.xml HTTP/1.1" 200 14282 "-" "Mozilla/5.0 AppleWebKit/537.36 (KHTML, like Gecko; compatible; bingbot/2.0; +http://www.bing.com/bingbot.htm) Chrome/116.0.1938.76 Safari/537.36"
74.7.242.4 - - [28/Jul/2026:01:36:13 +0000] "GET /favicon.ico?fileloc=//proc/22/net/xfrm_stat&path=//proc/22/net HTTP/1.1" 200 2882 "https://www.groatmachinery.com/favicon.ico?path=//proc/22/net" "Mozilla/5.0 AppleWebKit/537.36 (KHTML, like Gecko; compatible; GPTBot/1.4; +https://openai.com/gptbot)"
216.73.216.24 - - [28/Jul/2026:01:36:14 +0000] "GET /my-account/feed/?fileloc=%2F%2Ftmp%2FphpUwCQRr&path=%2F%2Ftmp HTTP/1.1" 200 26689 "-" "Mozilla/5.0 AppleWebKit/537.36 (KHTML, like Gecko; compatible; ClaudeBot/1.0; +claudebot@anthropic.com)"
74.7.242.4 - - [28/Jul/2026:01:36:16 +0000] "GET /favicon.ico?fileloc=//proc/22/net/tls_stat&path=//proc/22/net HTTP/1.1" 200 2778 "https://www.groatmachinery.com/favicon.ico?path=//proc/22/net" "Mozilla/5.0 AppleWebKit/537.36 (KHTML, like Gecko; compatible; GPTBot/1.4; +https://openai.com/gptbot)"
52.167.144.201 - - [28/Jul/2026:01:36:15 +0000] "GET /sitemap-detail-923.xml HTTP/1.1" 200 14305 "-" "Mozilla/5.0 AppleWebKit/537.36 (KHTML, like Gecko; compatible; bingbot/2.0; +http://www.bing.com/bingbot.htm) Chrome/116.0.1938.76 Safari/537.36"
216.73.216.24 - - [28/Jul/2026:01:36:17 +0000] "GET /my-account/feed/?fileloc=%2F%2Ftmp%2Fphp4S7zmB&path=%2F%2Ftmp HTTP/1.1" 200 26689 "-" "Mozilla/5.0 AppleWebKit/537.36 (KHTML, like Gecko; compatible; ClaudeBot/1.0; +claudebot@anthropic.com)"
74.7.242.4 - - [28/Jul/2026:01:36:19 +0000] "GET /favicon.ico?fileloc=//proc/65/net/snmp&path=//proc/65/net HTTP/1.1" 200 3420 "https://www.groatmachinery.com/favicon.ico?path=//proc/65/net" "Mozilla/5.0 AppleWebKit/537.36 (KHTML, like Gecko; compatible; GPTBot/1.4; +https://openai.com/gptbot)"
216.73.216.24 - - [28/Jul/2026:01:36:20 +0000] "GET /my-account/feed/?fileloc=%2F%2Ftmp%2FphpyQDjRy&path=%2F%2Ftmp HTTP/1.1" 200 26690 "-" "Mozilla/5.0 AppleWebKit/537.36 (KHTML, like Gecko; compatible; ClaudeBot/1.0; +claudebot@anthropic.com)"
74.7.242.4 - - [28/Jul/2026:01:36:22 +0000] "GET /favicon.ico?fileloc=//proc/65/net/icmp&path=//proc/65/net HTTP/1.1" 200 2765 "https://www.groatmachinery.com/favicon.ico?path=//proc/65/net" "Mozilla/5.0 AppleWebKit/537.36 (KHTML, like Gecko; compatible; GPTBot/1.4; +https://openai.com/gptbot)"
216.73.216.24 - - [28/Jul/2026:01:36:23 +0000] "GET /my-account/feed/?fileloc=%2F%2Ftmp%2FphpXtOuj9&path=%2F%2Ftmp HTTP/1.1" 200 26689 "-" "Mozilla/5.0 AppleWebKit/537.36 (KHTML, like Gecko; compatible; ClaudeBot/1.0; +claudebot@anthropic.com)"
74.7.242.4 - - [28/Jul/2026:01:36:25 +0000] "GET /favicon.ico?fileloc=//proc/86/net/route&path=//proc/86/net HTTP/1.1" 200 2920 "https://www.groatmachinery.com/favicon.ico?path=//proc/86/net" "Mozilla/5.0 AppleWebKit/537.36 (KHTML, like Gecko; compatible; GPTBot/1.4; +https://openai.com/gptbot)"
216.73.216.24 - - [28/Jul/2026:01:36:26 +0000] "GET /my-account/feed/?fileloc=%2F%2Ftmp%2FphpOgUfrD&path=%2F%2Ftmp HTTP/1.1" 200 26002 "-" "Mozilla/5.0 AppleWebKit/537.36 (KHTML, like Gecko; compatible; ClaudeBot/1.0; +claudebot@anthropic.com)"
