216.73.216.24 - - [28/Jul/2026:02:19:15 +0000] "GET /sitemap.xml?fileloc=%2F%2Fsys%2Fkernel%2Fslab%2Fkmalloc-rnd-06-96%2Fctor&path=%2F%2Fsys%2Fkernel%2Fslab%2Fkmalloc-rnd-06-96 HTTP/1.1" 200 2712 "-" "Mozilla/5.0 AppleWebKit/537.36 (KHTML, like Gecko; compatible; ClaudeBot/1.0; +claudebot@anthropic.com)"
170.106.147.63 - - [28/Jul/2026:02:19:16 +0000] "GET /?fileloc=/var/www/groatmachine_usr/data/www/groatmachinery.com/wp-trackback.php&path=/var/www/groatmachine_usr/data/www/groatmachinery.com HTTP/1.1" 200 4623 "-" "Mozilla/5.0 (iPhone; CPU iPhone OS 13_2_3 like Mac OS X) AppleWebKit/605.1.15 (KHTML, like Gecko) Version/13.0.3 Mobile/15E148 Safari/604.1"
74.7.242.4 - - [28/Jul/2026:02:19:18 +0000] "GET /favicon.ico?fileloc=//proc/39/net/icmp&path=//proc/39/net HTTP/1.1" 200 2765 "https://www.groatmachinery.com/favicon.ico?path=//proc/39/net" "Mozilla/5.0 AppleWebKit/537.36 (KHTML, like Gecko; compatible; GPTBot/1.4; +https://openai.com/gptbot)"
216.73.216.24 - - [28/Jul/2026:02:19:18 +0000] "GET /sitemap.xml?fileloc=%2F%2Frun%2Fudev%2Fdata%2F+acpi%3ALNXSYBUS%3A01&path=%2F%2Frun%2Fudev%2Fdata HTTP/1.1" 200 2701 "-" "Mozilla/5.0 AppleWebKit/537.36 (KHTML, like Gecko; compatible; ClaudeBot/1.0; +claudebot@anthropic.com)"
74.7.242.4 - - [28/Jul/2026:02:19:21 +0000] "GET /favicon.ico?fileloc=//proc/24/net/unix&path=//proc/24/net HTTP/1.1" 200 5480 "https://www.groatmachinery.com/favicon.ico?path=//proc/24/net" "Mozilla/5.0 AppleWebKit/537.36 (KHTML, like Gecko; compatible; GPTBot/1.4; +https://openai.com/gptbot)"
216.73.216.24 - - [28/Jul/2026:02:19:21 +0000] "GET /sitemap.xml?fileloc=%2F%2Fvar%2Flib%2Fdpkg%2Finfo%2Fpython3-idna.postinst&path=%2F%2Fvar%2Flib%2Fdpkg%2Finfo HTTP/1.1" 200 2827 "-" "Mozilla/5.0 AppleWebKit/537.36 (KHTML, like Gecko; compatible; ClaudeBot/1.0; +claudebot@anthropic.com)"
74.7.242.4 - - [28/Jul/2026:02:19:24 +0000] "GET /favicon.ico?fileloc=//proc/27/net/igmp&path=//proc/27/net HTTP/1.1" 200 2773 "https://www.groatmachinery.com/favicon.ico?path=//proc/27/net" "Mozilla/5.0 AppleWebKit/537.36 (KHTML, like Gecko; compatible; GPTBot/1.4; +https://openai.com/gptbot)"
216.73.216.24 - - [28/Jul/2026:02:19:24 +0000] "GET /sitemap.xml?fileloc=%2F%2Fetc%2Flogrotate.d%2Fapt&path=%2F%2Fetc%2Flogrotate.d HTTP/1.1" 200 2750 "-" "Mozilla/5.0 AppleWebKit/537.36 (KHTML, like Gecko; compatible; ClaudeBot/1.0; +claudebot@anthropic.com)"
74.7.242.4 - - [28/Jul/2026:02:19:27 +0000] "GET /favicon.ico?fileloc=//proc/60/net/unix&path=//proc/60/net HTTP/1.1" 200 5311 "https://www.groatmachinery.com/favicon.ico?path=//proc/60/net" "Mozilla/5.0 AppleWebKit/537.36 (KHTML, like Gecko; compatible; GPTBot/1.4; +https://openai.com/gptbot)"
216.73.216.24 - - [28/Jul/2026:02:19:27 +0000] "GET /sitemap.xml?fileloc=%2F%2Fsys%2Fkernel%2Fslab%2Fkmalloc-rnd-05-8k%2Fslabs&path=%2F%2Fsys%2Fkernel%2Fslab%2Fkmalloc-rnd-05-8k HTTP/1.1" 200 2711 "-" "Mozilla/5.0 AppleWebKit/537.36 (KHTML, like Gecko; compatible; ClaudeBot/1.0; +claudebot@anthropic.com)"
74.7.242.4 - - [28/Jul/2026:02:19:30 +0000] "GET /favicon.ico?fileloc=//proc/33/net/tls_stat&path=//proc/33/net HTTP/1.1" 200 2778 "https://www.groatmachinery.com/favicon.ico?path=//proc/33/net" "Mozilla/5.0 AppleWebKit/537.36 (KHTML, like Gecko; compatible; GPTBot/1.4; +https://openai.com/gptbot)"
216.73.216.24 - - [28/Jul/2026:02:19:30 +0000] "GET /sitemap.xml?fileloc=%2F%2Fetc%2Frc5.d%2FS01rsync&path=%2F%2Fetc%2Frc5.d HTTP/1.1" 200 4245 "-" "Mozilla/5.0 AppleWebKit/537.36 (KHTML, like Gecko; compatible; ClaudeBot/1.0; +claudebot@anthropic.com)"
114.119.135.229 - - [28/Jul/2026:02:19:32 +0000] "GET /page/5/?path=/var/www/groatmachine_usr/data/www/groatmachinery.com/wp-admin HTTP/1.1" 200 6636 "https://groatmachinery.com/page/5/" "Mozilla/5.0 (Linux; Android 7.0;) AppleWebKit/537.36 (HTML, like Gecko) Mobile Safari/537.36 (compatible; PetalBot;+https://webmaster.petalsearch.com/site/petalbot)"
74.7.242.4 - - [28/Jul/2026:02:19:33 +0000] "GET /favicon.ico?fileloc=//proc/39/net/igmp&path=//proc/39/net HTTP/1.1" 200 2773 "https://www.groatmachinery.com/favicon.ico?path=//proc/39/net" "Mozilla/5.0 AppleWebKit/537.36 (KHTML, like Gecko; compatible; GPTBot/1.4; +https://openai.com/gptbot)"
216.73.216.24 - - [28/Jul/2026:02:19:33 +0000] "GET /sitemap.xml?fileloc=%2F%2Fvar%2Flib%2Fdpkg%2Finfo%2Fpython3-certifi.list&path=%2F%2Fvar%2Flib%2Fdpkg%2Finfo HTTP/1.1" 200 2898 "-" "Mozilla/5.0 AppleWebKit/537.36 (KHTML, like Gecko; compatible; ClaudeBot/1.0; +claudebot@anthropic.com)"
74.7.242.4 - - [28/Jul/2026:02:19:36 +0000] "GET /favicon.ico?fileloc=//proc/24/net/fib_trie&path=//proc/24/net HTTP/1.1" 200 7425 "https://www.groatmachinery.com/favicon.ico?path=//proc/24/net" "Mozilla/5.0 AppleWebKit/537.36 (KHTML, like Gecko; compatible; GPTBot/1.4; +https://openai.com/gptbot)"
216.73.216.24 - - [28/Jul/2026:02:19:36 +0000] "GET /sitemap.xml?fileloc=%2F%2Fsys%2Fkernel%2Fslab%2Fext4_groupinfo_4k%2Fdestroy_by_rcu&path=%2F%2Fsys%2Fkernel%2Fslab%2Fext4_groupinfo_4k HTTP/1.1" 200 2718 "-" "Mozilla/5.0 AppleWebKit/537.36 (KHTML, like Gecko; compatible; ClaudeBot/1.0; +claudebot@anthropic.com)"
74.7.242.4 - - [28/Jul/2026:02:19:40 +0000] "GET /favicon.ico?fileloc=//proc/69/net/icmp&path=//proc/69/net HTTP/1.1" 200 2765 "https://www.groatmachinery.com/favicon.ico?path=//proc/69/net" "Mozilla/5.0 AppleWebKit/537.36 (KHTML, like Gecko; compatible; GPTBot/1.4; +https://openai.com/gptbot)"
3.226.106.93 - - [28/Jul/2026:02:19:41 +0000] "GET /?path=/var/www/groatmachine_usr HTTP/1.1" 200 2993 "-" "Mozilla/5.0 AppleWebKit/537.36 (KHTML, like Gecko; compatible; Amazonbot/0.1; +https://developer.amazon.com/support/amazonbot) Chrome/119.0.6045.214 Safari/537.36"
74.7.242.4 - - [28/Jul/2026:02:19:43 +0000] "GET /favicon.ico?fileloc=//proc/58/net/icmp&path=//proc/58/net HTTP/1.1" 200 2764 "https://www.groatmachinery.com/favicon.ico?path=//proc/58/net" "Mozilla/5.0 AppleWebKit/537.36 (KHTML, like Gecko; compatible; GPTBot/1.4; +https://openai.com/gptbot)"
216.73.216.24 - - [28/Jul/2026:02:19:43 +0000] "GET /ilia-cigarette-s-19/?path=%2F%2Flib%2Fpython3.12%2F__pycache__ HTTP/1.1" 200 8963 "-" "Mozilla/5.0 AppleWebKit/537.36 (KHTML, like Gecko; compatible; ClaudeBot/1.0; +claudebot@anthropic.com)"
216.73.216.24 - - [28/Jul/2026:02:19:43 +0000] "GET /ilia-cigarette-s-19/?fileloc=%2F%2Flib%2Fpython3.12%2Fstruct.py&path=%2F%2Flib%2Fpython3.12 HTTP/1.1" 200 2815 "-" "Mozilla/5.0 AppleWebKit/537.36 (KHTML, like Gecko; compatible; ClaudeBot/1.0; +claudebot@anthropic.com)"
74.7.242.4 - - [28/Jul/2026:02:19:46 +0000] "GET /favicon.ico?fileloc=//proc/27/net/rt_cache&path=//proc/27/net HTTP/1.1" 200 2782 "https://www.groatmachinery.com/favicon.ico?path=//proc/27/net" "Mozilla/5.0 AppleWebKit/537.36 (KHTML, like Gecko; compatible; GPTBot/1.4; +https://openai.com/gptbot)"
216.73.216.24 - - [28/Jul/2026:02:19:46 +0000] "GET /ilia-cigarette-s-19/?fileloc=%2F%2Flib%2Fpython3.12%2Foptparse.py&path=%2F%2Flib%2Fpython3.12 HTTP/1.1" 200 18562 "-" "Mozilla/5.0 AppleWebKit/537.36 (KHTML, like Gecko; compatible; ClaudeBot/1.0; +claudebot@anthropic.com)"
74.7.242.4 - - [28/Jul/2026:02:19:49 +0000] "GET /favicon.ico?fileloc=//proc/66/net/tls_stat&path=//proc/66/net HTTP/1.1" 200 2778 "https://www.groatmachinery.com/favicon.ico?path=//proc/66/net" "Mozilla/5.0 AppleWebKit/537.36 (KHTML, like Gecko; compatible; GPTBot/1.4; +https://openai.com/gptbot)"
216.73.216.24 - - [28/Jul/2026:02:19:50 +0000] "GET /sitemap.xml?path=%2F%2Fsys%2Fclass%2Ftty%2Ftty31%2Fsubsystem%2Ftty24%2Fsubsystem%2Ftty33 HTTP/1.1" 200 3204 "-" "Mozilla/5.0 AppleWebKit/537.36 (KHTML, like Gecko; compatible; ClaudeBot/1.0; +claudebot@anthropic.com)"
74.7.242.4 - - [28/Jul/2026:02:19:52 +0000] "GET /favicon.ico?fileloc=//proc/60/net/fib_trie&path=//proc/60/net HTTP/1.1" 200 7425 "https://www.groatmachinery.com/favicon.ico?path=//proc/60/net" "Mozilla/5.0 AppleWebKit/537.36 (KHTML, like Gecko; compatible; GPTBot/1.4; +https://openai.com/gptbot)"
216.73.216.24 - - [28/Jul/2026:02:19:52 +0000] "GET /sitemap.xml?path=%2F%2Fsys%2Fclass%2Ftty%2Ftty55%2Fsubsystem%2FttyS12%2Fsubsystem%2Ftty4 HTTP/1.1" 200 3203 "-" "Mozilla/5.0 AppleWebKit/537.36 (KHTML, like Gecko; compatible; ClaudeBot/1.0; +claudebot@anthropic.com)"
74.7.242.4 - - [28/Jul/2026:02:19:55 +0000] "GET /favicon.ico?fileloc=//proc/39/net/ptype&path=//proc/39/net HTTP/1.1" 200 2751 "https://www.groatmachinery.com/favicon.ico?path=//proc/39/net" "Mozilla/5.0 AppleWebKit/537.36 (KHTML, like Gecko; compatible; GPTBot/1.4; +https://openai.com/gptbot)"
216.73.216.24 - - [28/Jul/2026:02:19:55 +0000] "GET /sitemap.xml?fileloc=%2F%2Fproc%2Fself%2Froot%2Ftmp%2FphpZdE9Q3&path=%2F%2Fproc%2Fself%2Froot%2Ftmp HTTP/1.1" 200 26722 "-" "Mozilla/5.0 AppleWebKit/537.36 (KHTML, like Gecko; compatible; ClaudeBot/1.0; +claudebot@anthropic.com)"
74.7.242.4 - - [28/Jul/2026:02:19:58 +0000] "GET /favicon.ico?fileloc=//proc/60/net/ptype&path=//proc/60/net HTTP/1.1" 200 2750 "https://www.groatmachinery.com/favicon.ico?path=//proc/60/net" "Mozilla/5.0 AppleWebKit/537.36 (KHTML, like Gecko; compatible; GPTBot/1.4; +https://openai.com/gptbot)"
216.73.216.24 - - [28/Jul/2026:02:19:58 +0000] "GET /sitemap.xml?path=%2F%2Fsys%2Fclass%2Ftty%2Ftty31%2Fsubsystem%2Ftty24%2Fsubsystem%2Ftty6 HTTP/1.1" 200 3201 "-" "Mozilla/5.0 AppleWebKit/537.36 (KHTML, like Gecko; compatible; ClaudeBot/1.0; +claudebot@anthropic.com)"
74.7.242.4 - - [28/Jul/2026:02:20:01 +0000] "GET /favicon.ico?fileloc=//proc/58/net/fib_trie&path=//proc/58/net HTTP/1.1" 200 7425 "https://www.groatmachinery.com/favicon.ico?path=//proc/58/net" "Mozilla/5.0 AppleWebKit/537.36 (KHTML, like Gecko; compatible; GPTBot/1.4; +https://openai.com/gptbot)"
216.73.216.24 - - [28/Jul/2026:02:20:01 +0000] "GET /sitemap.xml?path=%2F%2Fsys%2Fclass%2Fthermal%2Fcooling_device0%2Fpower HTTP/1.1" 200 3364 "-" "Mozilla/5.0 AppleWebKit/537.36 (KHTML, like Gecko; compatible; ClaudeBot/1.0; +claudebot@anthropic.com)"
74.7.242.4 - - [28/Jul/2026:02:20:05 +0000] "GET /favicon.ico?fileloc=//proc/39/net/tls_stat&path=//proc/39/net HTTP/1.1" 200 2778 "https://www.groatmachinery.com/favicon.ico?path=//proc/39/net" "Mozilla/5.0 AppleWebKit/537.36 (KHTML, like Gecko; compatible; GPTBot/1.4; +https://openai.com/gptbot)"
216.73.216.24 - - [28/Jul/2026:02:20:04 +0000] "GET /sitemap.xml?path=%2F%2Fsys%2Fclass%2Ftty%2Ftty36%2Fsubsystem%2FttyS20%2Fsubsystem%2Ftty7 HTTP/1.1" 200 3204 "-" "Mozilla/5.0 AppleWebKit/537.36 (KHTML, like Gecko; compatible; ClaudeBot/1.0; +claudebot@anthropic.com)"
74.7.242.4 - - [28/Jul/2026:02:20:08 +0000] "GET /favicon.ico?fileloc=//proc/58/net/igmp&path=//proc/58/net HTTP/1.1" 200 2772 "https://www.groatmachinery.com/favicon.ico?path=//proc/58/net" "Mozilla/5.0 AppleWebKit/537.36 (KHTML, like Gecko; compatible; GPTBot/1.4; +https://openai.com/gptbot)"
216.73.216.24 - - [28/Jul/2026:02:20:07 +0000] "GET /sitemap.xml?path=%2F%2Fsys%2Fclass%2Ftty%2Ftty31%2Fsubsystem%2Ftty24%2Fsubsystem%2Ftty44 HTTP/1.1" 200 3203 "-" "Mozilla/5.0 AppleWebKit/537.36 (KHTML, like Gecko; compatible; ClaudeBot/1.0; +claudebot@anthropic.com)"
74.7.242.4 - - [28/Jul/2026:02:20:11 +0000] "GET /favicon.ico?fileloc=//proc/58/net/snmp&path=//proc/58/net HTTP/1.1" 200 3420 "https://www.groatmachinery.com/favicon.ico?path=//proc/58/net" "Mozilla/5.0 AppleWebKit/537.36 (KHTML, like Gecko; compatible; GPTBot/1.4; +https://openai.com/gptbot)"
216.73.216.24 - - [28/Jul/2026:02:20:13 +0000] "GET /sitemap.xml?path=%2F%2Fsys%2Fclass%2Ftty%2Ftty36%2Fsubsystem%2Ftty51%2Fsubsystem%2Ftty0 HTTP/1.1" 200 3241 "-" "Mozilla/5.0 AppleWebKit/537.36 (KHTML, like Gecko; compatible; ClaudeBot/1.0; +claudebot@anthropic.com)"
74.7.242.4 - - [28/Jul/2026:02:20:14 +0000] "GET /favicon.ico?fileloc=//proc/39/net/fib_trie&path=//proc/39/net HTTP/1.1" 200 7426 "https://www.groatmachinery.com/favicon.ico?path=//proc/39/net" "Mozilla/5.0 AppleWebKit/537.36 (KHTML, like Gecko; compatible; GPTBot/1.4; +https://openai.com/gptbot)"
216.73.216.24 - - [28/Jul/2026:02:20:16 +0000] "GET /sitemap.xml?path=%2F%2Fusr%2Fshare%2Fdoc%2Fperl-modules-5.38 HTTP/1.1" 200 3152 "-" "Mozilla/5.0 AppleWebKit/537.36 (KHTML, like Gecko; compatible; ClaudeBot/1.0; +claudebot@anthropic.com)"
74.7.242.4 - - [28/Jul/2026:02:20:17 +0000] "GET /favicon.ico?fileloc=//proc/60/net/rt_cache&path=//proc/60/net HTTP/1.1" 200 2781 "https://www.groatmachinery.com/favicon.ico?path=//proc/60/net" "Mozilla/5.0 AppleWebKit/537.36 (KHTML, like Gecko; compatible; GPTBot/1.4; +https://openai.com/gptbot)"
216.73.216.24 - - [28/Jul/2026:02:20:19 +0000] "GET /sitemap.xml?fileloc=%2F%2Fproc%2Fself%2Froot%2Ftmp%2FphpjagQio&path=%2F%2Fproc%2Fself%2Froot%2Ftmp HTTP/1.1" 200 26721 "-" "Mozilla/5.0 AppleWebKit/537.36 (KHTML, like Gecko; compatible; ClaudeBot/1.0; +claudebot@anthropic.com)"
74.7.242.4 - - [28/Jul/2026:02:20:20 +0000] "GET /favicon.ico?fileloc=//proc/26/net/rt_cache&path=//proc/26/net HTTP/1.1" 200 2781 "https://www.groatmachinery.com/favicon.ico?path=//proc/26/net" "Mozilla/5.0 AppleWebKit/537.36 (KHTML, like Gecko; compatible; GPTBot/1.4; +https://openai.com/gptbot)"
216.73.216.24 - - [28/Jul/2026:02:20:22 +0000] "GET /sitemap.xml?path=%2F%2Fusr%2Fshare%2Fdoc%2Fopen-iscsi HTTP/1.1" 200 3306 "-" "Mozilla/5.0 AppleWebKit/537.36 (KHTML, like Gecko; compatible; ClaudeBot/1.0; +claudebot@anthropic.com)"
74.7.242.4 - - [28/Jul/2026:02:20:23 +0000] "GET /favicon.ico?fileloc=//proc/39/net/packet&path=//proc/39/net HTTP/1.1" 200 2759 "https://www.groatmachinery.com/favicon.ico?path=//proc/39/net" "Mozilla/5.0 AppleWebKit/537.36 (KHTML, like Gecko; compatible; GPTBot/1.4; +https://openai.com/gptbot)"
216.73.216.24 - - [28/Jul/2026:02:20:25 +0000] "GET /sitemap.xml?path=%2F%2Fsys%2Fclass%2Ftty%2Ftty36%2Fsubsystem%2Ftty51%2Fsubsystem%2Ftty5 HTTP/1.1" 200 3199 "-" "Mozilla/5.0 AppleWebKit/537.36 (KHTML, like Gecko; compatible; ClaudeBot/1.0; +claudebot@anthropic.com)"
74.7.242.4 - - [28/Jul/2026:02:20:27 +0000] "GET /favicon.ico?fileloc=//proc/24/net/rt_cache&path=//proc/24/net HTTP/1.1" 200 2781 "https://www.groatmachinery.com/favicon.ico?path=//proc/24/net" "Mozilla/5.0 AppleWebKit/537.36 (KHTML, like Gecko; compatible; GPTBot/1.4; +https://openai.com/gptbot)"
216.73.216.24 - - [28/Jul/2026:02:20:28 +0000] "GET /sitemap.xml?path=%2F%2Frun%2Fdovecot%2Ftoken-login HTTP/1.1" 200 2750 "-" "Mozilla/5.0 AppleWebKit/537.36 (KHTML, like Gecko; compatible; ClaudeBot/1.0; +claudebot@anthropic.com)"
74.7.242.4 - - [28/Jul/2026:02:20:30 +0000] "GET /favicon.ico?fileloc=//proc/24/net/igmp&path=//proc/24/net HTTP/1.1" 200 2772 "https://www.groatmachinery.com/favicon.ico?path=//proc/24/net" "Mozilla/5.0 AppleWebKit/537.36 (KHTML, like Gecko; compatible; GPTBot/1.4; +https://openai.com/gptbot)"
216.73.216.24 - - [28/Jul/2026:02:20:31 +0000] "GET /sitemap.xml?fileloc=%2F%2Fproc%2Fself%2Froot%2Fbin%2Fsqlite3&path=%2F%2Fproc%2Fself%2Froot%2Fbin HTTP/1.1" 200 130795 "-" "Mozilla/5.0 AppleWebKit/537.36 (KHTML, like Gecko; compatible; ClaudeBot/1.0; +claudebot@anthropic.com)"
74.7.242.4 - - [28/Jul/2026:02:20:33 +0000] "GET /favicon.ico?fileloc=//proc/69/net/tls_stat&path=//proc/69/net HTTP/1.1" 200 2778 "https://www.groatmachinery.com/favicon.ico?path=//proc/69/net" "Mozilla/5.0 AppleWebKit/537.36 (KHTML, like Gecko; compatible; GPTBot/1.4; +https://openai.com/gptbot)"
216.73.216.24 - - [28/Jul/2026:02:20:34 +0000] "GET /sitemap.xml?path=%2F%2Fusr%2Fshare%2Ffastpanel2-phpmyadmin%2Flocale%2Fko HTTP/1.1" 200 3042 "-" "Mozilla/5.0 AppleWebKit/537.36 (KHTML, like Gecko; compatible; ClaudeBot/1.0; +claudebot@anthropic.com)"
74.7.242.4 - - [28/Jul/2026:02:20:36 +0000] "GET /favicon.ico?fileloc=//proc/69/net/rt_cache&path=//proc/69/net HTTP/1.1" 200 2782 "https://www.groatmachinery.com/favicon.ico?path=//proc/69/net" "Mozilla/5.0 AppleWebKit/537.36 (KHTML, like Gecko; compatible; GPTBot/1.4; +https://openai.com/gptbot)"
216.73.216.24 - - [28/Jul/2026:02:20:37 +0000] "GET /sitemap.xml?fileloc=%2F%2Fproc%2Fself%2Froot%2Ftmp%2FphpEaKDvN&path=%2F%2Fproc%2Fself%2Froot%2Ftmp HTTP/1.1" 200 26721 "-" "Mozilla/5.0 AppleWebKit/537.36 (KHTML, like Gecko; compatible; ClaudeBot/1.0; +claudebot@anthropic.com)"
74.7.242.4 - - [28/Jul/2026:02:20:39 +0000] "GET /favicon.ico?fileloc=//proc/58/net/rt_cache&path=//proc/58/net HTTP/1.1" 200 2781 "https://www.groatmachinery.com/favicon.ico?path=//proc/58/net" "Mozilla/5.0 AppleWebKit/537.36 (KHTML, like Gecko; compatible; GPTBot/1.4; +https://openai.com/gptbot)"
74.7.242.4 - - [28/Jul/2026:02:20:42 +0000] "GET /favicon.ico?fileloc=//proc/58/net/unix&path=//proc/58/net HTTP/1.1" 200 5448 "https://www.groatmachinery.com/favicon.ico?path=//proc/58/net" "Mozilla/5.0 AppleWebKit/537.36 (KHTML, like Gecko; compatible; GPTBot/1.4; +https://openai.com/gptbot)"
216.73.216.24 - - [28/Jul/2026:02:20:45 +0000] "GET /?fileloc=%2Fvar%2Fwww%2Fgroatmachine_usr%2Fdata%2Fwww%2Fgroatmachinery.com%2Fwp-includes%2Fclass-wp-network.php&path=%2Fvar%2Fwww%2Fgroatmachine_usr%2Fdata%2Fwww%2Fgroatmachinery.com%2Fwp-includes HTTP/1.1" 200 6541 "-" "Mozilla/5.0 AppleWebKit/537.36 (KHTML, like Gecko; compatible; ClaudeBot/1.0; +claudebot@anthropic.com)"
74.7.242.4 - - [28/Jul/2026:02:20:46 +0000] "GET /favicon.ico?fileloc=//proc/26/net/packet&path=//proc/26/net HTTP/1.1" 200 2759 "https://www.groatmachinery.com/favicon.ico?path=//proc/26/net" "Mozilla/5.0 AppleWebKit/537.36 (KHTML, like Gecko; compatible; GPTBot/1.4; +https://openai.com/gptbot)"
216.73.216.24 - - [28/Jul/2026:02:20:46 +0000] "GET /?fileloc=%2Fvar%2Fwww%2Fgroatmachine_usr%2Fdata%2Fwww%2Fgroatmachinery.com%2Fwp-includes%2Fclass-wp-url-pattern-prefixer.php&path=%2Fvar%2Fwww%2Fgroatmachine_usr%2Fdata%2Fwww%2Fgroatmachinery.com%2Fwp-includes HTTP/1.1" 200 4349 "-" "Mozilla/5.0 AppleWebKit/537.36 (KHTML, like Gecko; compatible; ClaudeBot/1.0; +claudebot@anthropic.com)"
74.7.242.4 - - [28/Jul/2026:02:20:49 +0000] "GET /favicon.ico?fileloc=//proc/58/net/packet&path=//proc/58/net HTTP/1.1" 200 2759 "https://www.groatmachinery.com/favicon.ico?path=//proc/58/net" "Mozilla/5.0 AppleWebKit/537.36 (KHTML, like Gecko; compatible; GPTBot/1.4; +https://openai.com/gptbot)"
216.73.216.24 - - [28/Jul/2026:02:20:49 +0000] "GET /?fileloc=%2Fvar%2Fwww%2Fgroatmachine_usr%2Fdata%2Fwww%2Fgroatmachinery.com%2Fwp-admin%2Fasync-upload.php&path=%2Fvar%2Fwww%2Fgroatmachine_usr%2Fdata%2Fwww%2Fgroatmachinery.com%2Fwp-admin HTTP/1.1" 200 5002 "-" "Mozilla/5.0 AppleWebKit/537.36 (KHTML, like Gecko; compatible; ClaudeBot/1.0; +claudebot@anthropic.com)"
74.7.242.4 - - [28/Jul/2026:02:20:52 +0000] "GET /favicon.ico?fileloc=//proc/69/net/packet&path=//proc/69/net HTTP/1.1" 200 2759 "https://www.groatmachinery.com/favicon.ico?path=//proc/69/net" "Mozilla/5.0 AppleWebKit/537.36 (KHTML, like Gecko; compatible; GPTBot/1.4; +https://openai.com/gptbot)"
216.73.216.24 - - [28/Jul/2026:02:20:55 +0000] "GET /?fileloc=%2Fvar%2Fwww%2Fgroatmachine_usr%2Fdata%2Fwww%2Fgroatmachinery.com%2Fwp-admin%2Fnetwork.php&path=%2Fvar%2Fwww%2Fgroatmachine_usr%2Fdata%2Fwww%2Fgroatmachinery.com%2Fwp-admin HTTP/1.1" 200 4938 "-" "Mozilla/5.0 AppleWebKit/537.36 (KHTML, like Gecko; compatible; ClaudeBot/1.0; +claudebot@anthropic.com)"
74.7.242.4 - - [28/Jul/2026:02:20:55 +0000] "GET /favicon.ico?fileloc=//proc/69/net/ptype&path=//proc/69/net HTTP/1.1" 200 2751 "https://www.groatmachinery.com/favicon.ico?path=//proc/69/net" "Mozilla/5.0 AppleWebKit/537.36 (KHTML, like Gecko; compatible; GPTBot/1.4; +https://openai.com/gptbot)"
216.73.216.24 - - [28/Jul/2026:02:20:58 +0000] "GET /?fileloc=%2Fvar%2Fwww%2Fgroatmachine_usr%2Fdata%2Fwww%2Fgroatmachinery.com%2Fwp-includes%2Fclass-wp-comment.php&path=%2Fvar%2Fwww%2Fgroatmachine_usr%2Fdata%2Fwww%2Fgroatmachinery.com%2Fwp-includes HTTP/1.1" 200 5348 "-" "Mozilla/5.0 AppleWebKit/537.36 (KHTML, like Gecko; compatible; ClaudeBot/1.0; +claudebot@anthropic.com)"
74.7.242.4 - - [28/Jul/2026:02:20:58 +0000] "GET /favicon.ico?fileloc=//proc/26/net/unix&path=//proc/26/net HTTP/1.1" 200 5379 "https://www.groatmachinery.com/favicon.ico?path=//proc/26/net" "Mozilla/5.0 AppleWebKit/537.36 (KHTML, like Gecko; compatible; GPTBot/1.4; +https://openai.com/gptbot)"
216.73.216.24 - - [28/Jul/2026:02:21:01 +0000] "GET /?fileloc=%2Fvar%2Fwww%2Fgroatmachine_usr%2Fdata%2Fwww%2Fgroatmachinery.com%2Fwp-admin%2Fedit-link-form.php&path=%2Fvar%2Fwww%2Fgroatmachine_usr%2Fdata%2Fwww%2Fgroatmachinery.com%2Fwp-admin HTTP/1.1" 200 4896 "-" "Mozilla/5.0 AppleWebKit/537.36 (KHTML, like Gecko; compatible; ClaudeBot/1.0; +claudebot@anthropic.com)"
74.7.242.4 - - [28/Jul/2026:02:21:01 +0000] "GET /favicon.ico?fileloc=//proc/27/net/route&path=//proc/27/net HTTP/1.1" 200 2921 "https://www.groatmachinery.com/favicon.ico?path=//proc/27/net" "Mozilla/5.0 AppleWebKit/537.36 (KHTML, like Gecko; compatible; GPTBot/1.4; +https://openai.com/gptbot)"
216.73.216.24 - - [28/Jul/2026:02:21:04 +0000] "GET /?fileloc=%2Fvar%2Fwww%2Fgroatmachine_usr%2Fdata%2Fwww%2Fgroatmachinery.com%2Fwp-admin%2Fcomment.php&path=%2Fvar%2Fwww%2Fgroatmachine_usr%2Fdata%2Fwww%2Fgroatmachinery.com%2Fwp-admin HTTP/1.1" 200 6073 "-" "Mozilla/5.0 AppleWebKit/537.36 (KHTML, like Gecko; compatible; ClaudeBot/1.0; +claudebot@anthropic.com)"
74.7.242.4 - - [28/Jul/2026:02:21:04 +0000] "GET /favicon.ico?fileloc=//proc/26/net/tls_stat&path=//proc/26/net HTTP/1.1" 200 2778 "https://www.groatmachinery.com/favicon.ico?path=//proc/26/net" "Mozilla/5.0 AppleWebKit/537.36 (KHTML, like Gecko; compatible; GPTBot/1.4; +https://openai.com/gptbot)"
216.73.216.24 - - [28/Jul/2026:02:21:07 +0000] "GET /?fileloc=%2Fvar%2Fwww%2Fgroatmachine_usr%2Fdata%2Fwww%2Fgroatmachinery.com%2Fwp-admin%2Fwidgets.php&path=%2Fvar%2Fwww%2Fgroatmachine_usr%2Fdata%2Fwww%2Fgroatmachinery.com%2Fwp-admin HTTP/1.1" 200 3282 "-" "Mozilla/5.0 AppleWebKit/537.36 (KHTML, like Gecko; compatible; ClaudeBot/1.0; +claudebot@anthropic.com)"
74.7.242.4 - - [28/Jul/2026:02:21:07 +0000] "GET /favicon.ico?fileloc=//proc/26/net/ptype&path=//proc/26/net HTTP/1.1" 200 2750 "https://www.groatmachinery.com/favicon.ico?path=//proc/26/net" "Mozilla/5.0 AppleWebKit/537.36 (KHTML, like Gecko; compatible; GPTBot/1.4; +https://openai.com/gptbot)"
216.73.216.24 - - [28/Jul/2026:02:21:10 +0000] "GET /?fileloc=%2Fvar%2Fwww%2Fgroatmachine_usr%2Fdata%2Fwww%2Fgroatmachinery.com%2Fwp-admin%2Fcustomize.php&path=%2Fvar%2Fwww%2Fgroatmachine_usr%2Fdata%2Fwww%2Fgroatmachinery.com%2Fwp-admin HTTP/1.1" 200 6560 "-" "Mozilla/5.0 AppleWebKit/537.36 (KHTML, like Gecko; compatible; ClaudeBot/1.0; +claudebot@anthropic.com)"
74.7.242.4 - - [28/Jul/2026:02:21:11 +0000] "GET /favicon.ico?fileloc=//proc/69/net/route&path=//proc/69/net HTTP/1.1" 200 2920 "https://www.groatmachinery.com/favicon.ico?path=//proc/69/net" "Mozilla/5.0 AppleWebKit/537.36 (KHTML, like Gecko; compatible; GPTBot/1.4; +https://openai.com/gptbot)"
216.73.216.24 - - [28/Jul/2026:02:21:13 +0000] "GET /?fileloc=%2Fvar%2Fwww%2Fgroatmachine_usr%2Fdata%2Fwww%2Fgroatmachinery.com%2Fwp-includes%2Fpluggable.php&path=%2Fvar%2Fwww%2Fgroatmachine_usr%2Fdata%2Fwww%2Fgroatmachinery.com%2Fwp-includes HTTP/1.1" 200 32100 "-" "Mozilla/5.0 AppleWebKit/537.36 (KHTML, like Gecko; compatible; ClaudeBot/1.0; +claudebot@anthropic.com)"
74.7.242.4 - - [28/Jul/2026:02:21:14 +0000] "GET /favicon.ico?fileloc=//proc/60/net/igmp&path=//proc/60/net HTTP/1.1" 200 2772 "https://www.groatmachinery.com/favicon.ico?path=//proc/60/net" "Mozilla/5.0 AppleWebKit/537.36 (KHTML, like Gecko; compatible; GPTBot/1.4; +https://openai.com/gptbot)"
216.73.216.24 - - [28/Jul/2026:02:21:16 +0000] "GET /?fileloc=%2Fvar%2Fwww%2Fgroatmachine_usr%2Fdata%2Fwww%2Fgroatmachinery.com%2Fwp-includes%2Fhttp.php&path=%2Fvar%2Fwww%2Fgroatmachine_usr%2Fdata%2Fwww%2Fgroatmachinery.com%2Fwp-includes HTTP/1.1" 200 8351 "-" "Mozilla/5.0 AppleWebKit/537.36 (KHTML, like Gecko; compatible; ClaudeBot/1.0; +claudebot@anthropic.com)"
74.7.242.4 - - [28/Jul/2026:02:21:17 +0000] "GET /favicon.ico?fileloc=//proc/58/net/ptype&path=//proc/58/net HTTP/1.1" 200 2751 "https://www.groatmachinery.com/favicon.ico?path=//proc/58/net" "Mozilla/5.0 AppleWebKit/537.36 (KHTML, like Gecko; compatible; GPTBot/1.4; +https://openai.com/gptbot)"
216.73.216.24 - - [28/Jul/2026:02:21:19 +0000] "GET /?fileloc=%2Fvar%2Fwww%2Fgroatmachine_usr%2Fdata%2Fwww%2Fgroatmachinery.com%2Fwp-includes%2Fclass-wp-http-curl.php&path=%2Fvar%2Fwww%2Fgroatmachine_usr%2Fdata%2Fwww%2Fgroatmachinery.com%2Fwp-includes HTTP/1.1" 200 6509 "-" "Mozilla/5.0 AppleWebKit/537.36 (KHTML, like Gecko; compatible; ClaudeBot/1.0; +claudebot@anthropic.com)"
74.7.242.4 - - [28/Jul/2026:02:21:20 +0000] "GET /favicon.ico?fileloc=//proc/58/net/tls_stat&path=//proc/58/net HTTP/1.1" 200 2778 "https://www.groatmachinery.com/favicon.ico?path=//proc/58/net" "Mozilla/5.0 AppleWebKit/537.36 (KHTML, like Gecko; compatible; GPTBot/1.4; +https://openai.com/gptbot)"
216.73.216.24 - - [28/Jul/2026:02:21:22 +0000] "GET /?fileloc=%2Fvar%2Fwww%2Fgroatmachine_usr%2Fdata%2Fwww%2Fgroatmachinery.com%2Fwp-admin%2Ftheme-install.php&path=%2Fvar%2Fwww%2Fgroatmachine_usr%2Fdata%2Fwww%2Fgroatmachinery.com%2Fwp-admin HTTP/1.1" 200 8696 "-" "Mozilla/5.0 AppleWebKit/537.36 (KHTML, like Gecko; compatible; ClaudeBot/1.0; +claudebot@anthropic.com)"
74.7.242.4 - - [28/Jul/2026:02:21:23 +0000] "GET /favicon.ico?fileloc=//proc/26/net/snmp&path=//proc/26/net HTTP/1.1" 200 3419 "https://www.groatmachinery.com/favicon.ico?path=//proc/26/net" "Mozilla/5.0 AppleWebKit/537.36 (KHTML, like Gecko; compatible; GPTBot/1.4; +https://openai.com/gptbot)"
216.73.216.24 - - [28/Jul/2026:02:21:25 +0000] "GET /?fileloc=%2Fvar%2Fwww%2Fgroatmachine_usr%2Fdata%2Fwww%2Fgroatmachinery.com%2Fwp-includes%2Fclass-wp-exception.php&path=%2Fvar%2Fwww%2Fgroatmachine_usr%2Fdata%2Fwww%2Fgroatmachinery.com%2Fwp-includes HTTP/1.1" 200 2853 "-" "Mozilla/5.0 AppleWebKit/537.36 (KHTML, like Gecko; compatible; ClaudeBot/1.0; +claudebot@anthropic.com)"
74.7.242.4 - - [28/Jul/2026:02:21:26 +0000] "GET /favicon.ico?fileloc=//proc/39/net/rt_cache&path=//proc/39/net HTTP/1.1" 200 2782 "https://www.groatmachinery.com/favicon.ico?path=//proc/39/net" "Mozilla/5.0 AppleWebKit/537.36 (KHTML, like Gecko; compatible; GPTBot/1.4; +https://openai.com/gptbot)"
216.73.216.24 - - [28/Jul/2026:02:21:28 +0000] "GET /my-account/feed/?path=%2F%2Fvar%2Flocal HTTP/1.1" 200 2734 "-" "Mozilla/5.0 AppleWebKit/537.36 (KHTML, like Gecko; compatible; ClaudeBot/1.0; +claudebot@anthropic.com)"
74.7.242.4 - - [28/Jul/2026:02:21:29 +0000] "GET /favicon.ico?fileloc=//proc/27/net/tls_stat&path=//proc/27/net HTTP/1.1" 200 2778 "https://www.groatmachinery.com/favicon.ico?path=//proc/27/net" "Mozilla/5.0 AppleWebKit/537.36 (KHTML, like Gecko; compatible; GPTBot/1.4; +https://openai.com/gptbot)"
114.119.145.193 - - [28/Jul/2026:02:21:29 +0000] "GET /page/363/?path=/var/www/groatmachine_usr/data HTTP/1.1" 200 3338 "https://groatmachinery.com/page/363/" "Mozilla/5.0 (Linux; Android 7.0;) AppleWebKit/537.36 (HTML, like Gecko) Mobile Safari/537.36 (compatible; PetalBot;+https://webmaster.petalsearch.com/site/petalbot)"
216.73.216.24 - - [28/Jul/2026:02:21:31 +0000] "GET /?fileloc=%2Fvar%2Fwww%2Fgroatmachine_usr%2Fdata%2Fwww%2Fgroatmachinery.com%2Fwp-includes%2Fclass-wp-comment-query.php&path=%2Fvar%2Fwww%2Fgroatmachine_usr%2Fdata%2Fwww%2Fgroatmachinery.com%2Fwp-includes HTTP/1.1" 200 13555 "-" "Mozilla/5.0 AppleWebKit/537.36 (KHTML, like Gecko; compatible; ClaudeBot/1.0; +claudebot@anthropic.com)"
74.7.242.4 - - [28/Jul/2026:02:21:33 +0000] "GET /favicon.ico?fileloc=//proc/66/net/unix&path=//proc/66/net HTTP/1.1" 200 5401 "https://www.groatmachinery.com/favicon.ico?path=//proc/66/net" "Mozilla/5.0 AppleWebKit/537.36 (KHTML, like Gecko; compatible; GPTBot/1.4; +https://openai.com/gptbot)"
216.73.216.24 - - [28/Jul/2026:02:21:34 +0000] "GET /?fileloc=%2Fvar%2Fwww%2Fgroatmachine_usr%2Fdata%2Fwww%2Fgroatmachinery.com%2Fwp-includes%2Fclass-wp-network-query.php&path=%2Fvar%2Fwww%2Fgroatmachine_usr%2Fdata%2Fwww%2Fgroatmachinery.com%2Fwp-includes HTTP/1.1" 200 7690 "-" "Mozilla/5.0 AppleWebKit/537.36 (KHTML, like Gecko; compatible; ClaudeBot/1.0; +claudebot@anthropic.com)"
74.7.242.4 - - [28/Jul/2026:02:21:36 +0000] "GET /favicon.ico?fileloc=//proc/26/net/fib_trie&path=//proc/26/net HTTP/1.1" 200 7425 "https://www.groatmachinery.com/favicon.ico?path=//proc/26/net" "Mozilla/5.0 AppleWebKit/537.36 (KHTML, like Gecko; compatible; GPTBot/1.4; +https://openai.com/gptbot)"
216.73.216.24 - - [28/Jul/2026:02:21:37 +0000] "GET /?fileloc=%2Fvar%2Fwww%2Fgroatmachine_usr%2Fdata%2Fwww%2Fgroatmachinery.com%2Fwp-admin%2Fusers.php&path=%2Fvar%2Fwww%2Fgroatmachine_usr%2Fdata%2Fwww%2Fgroatmachinery.com%2Fwp-admin HTTP/1.1" 200 8605 "-" "Mozilla/5.0 AppleWebKit/537.36 (KHTML, like Gecko; compatible; ClaudeBot/1.0; +claudebot@anthropic.com)"
74.7.242.4 - - [28/Jul/2026:02:21:39 +0000] "GET /favicon.ico?fileloc=//proc/66/net/rt_cache&path=//proc/66/net HTTP/1.1" 200 2781 "https://www.groatmachinery.com/favicon.ico?path=//proc/66/net" "Mozilla/5.0 AppleWebKit/537.36 (KHTML, like Gecko; compatible; GPTBot/1.4; +https://openai.com/gptbot)"
216.73.216.24 - - [28/Jul/2026:02:21:40 +0000] "GET /?fileloc=%2Fvar%2Fwww%2Fgroatmachine_usr%2Fdata%2Fwww%2Fgroatmachinery.com%2Fwp-includes%2Fspeculative-loading.php&path=%2Fvar%2Fwww%2Fgroatmachine_usr%2Fdata%2Fwww%2Fgroatmachinery.com%2Fwp-includes HTTP/1.1" 200 5529 "-" "Mozilla/5.0 AppleWebKit/537.36 (KHTML, like Gecko; compatible; ClaudeBot/1.0; +claudebot@anthropic.com)"
74.7.242.4 - - [28/Jul/2026:02:21:42 +0000] "GET /favicon.ico?fileloc=//proc/66/net/packet&path=//proc/66/net HTTP/1.1" 200 2759 "https://www.groatmachinery.com/favicon.ico?path=//proc/66/net" "Mozilla/5.0 AppleWebKit/537.36 (KHTML, like Gecko; compatible; GPTBot/1.4; +https://openai.com/gptbot)"
216.73.216.24 - - [28/Jul/2026:02:21:43 +0000] "GET /?fileloc=%2Fvar%2Fwww%2Fgroatmachine_usr%2Fdata%2Fwww%2Fgroatmachinery.com%2Fwp-includes%2Fclass-wp-post.php&path=%2Fvar%2Fwww%2Fgroatmachine_usr%2Fdata%2Fwww%2Fgroatmachinery.com%2Fwp-includes HTTP/1.1" 200 4428 "-" "Mozilla/5.0 AppleWebKit/537.36 (KHTML, like Gecko; compatible; ClaudeBot/1.0; +claudebot@anthropic.com)"
74.7.242.4 - - [28/Jul/2026:02:21:46 +0000] "GET /favicon.ico?fileloc=//proc/33/net/packet&path=//proc/33/net HTTP/1.1" 200 2759 "https://www.groatmachinery.com/favicon.ico?path=//proc/33/net" "Mozilla/5.0 AppleWebKit/537.36 (KHTML, like Gecko; compatible; GPTBot/1.4; +https://openai.com/gptbot)"
216.73.216.24 - - [28/Jul/2026:02:21:46 +0000] "GET /ilia-cigarette-s-19/?fileloc=%2F%2Fsbin%2Fcache_writeback&path=%2F%2Fsbin HTTP/1.1" 200 464564 "-" "Mozilla/5.0 AppleWebKit/537.36 (KHTML, like Gecko; compatible; ClaudeBot/1.0; +claudebot@anthropic.com)"
74.7.242.4 - - [28/Jul/2026:02:21:49 +0000] "GET /favicon.ico?fileloc=//proc/33/net/route&path=//proc/33/net HTTP/1.1" 200 2921 "https://www.groatmachinery.com/favicon.ico?path=//proc/33/net" "Mozilla/5.0 AppleWebKit/537.36 (KHTML, like Gecko; compatible; GPTBot/1.4; +https://openai.com/gptbot)"
216.73.216.24 - - [28/Jul/2026:02:21:49 +0000] "GET /?fileloc=%2Fvar%2Fwww%2Fgroatmachine_usr%2Fdata%2Fwww%2Fgroatmachinery.com%2Fwp-admin%2Fexport-personal-data.php&path=%2Fvar%2Fwww%2Fgroatmachine_usr%2Fdata%2Fwww%2Fgroatmachinery.com%2Fwp-admin HTTP/1.1" 200 5709 "-" "Mozilla/5.0 AppleWebKit/537.36 (KHTML, like Gecko; compatible; ClaudeBot/1.0; +claudebot@anthropic.com)"
74.7.242.4 - - [28/Jul/2026:02:21:52 +0000] "GET /favicon.ico?fileloc=//proc/33/net/rt_cache&path=//proc/33/net HTTP/1.1" 200 2781 "https://www.groatmachinery.com/favicon.ico?path=//proc/33/net" "Mozilla/5.0 AppleWebKit/537.36 (KHTML, like Gecko; compatible; GPTBot/1.4; +https://openai.com/gptbot)"
216.73.216.24 - - [28/Jul/2026:02:21:52 +0000] "GET /?fileloc=%2Fvar%2Fwww%2Fgroatmachine_usr%2Fdata%2Fwww%2Fgroatmachinery.com%2Fwp-includes%2Fclass-wp-customize-control.php&path=%2Fvar%2Fwww%2Fgroatmachine_usr%2Fdata%2Fwww%2Fgroatmachinery.com%2Fwp-includes HTTP/1.1" 200 8622 "-" "Mozilla/5.0 AppleWebKit/537.36 (KHTML, like Gecko; compatible; ClaudeBot/1.0; +claudebot@anthropic.com)"
216.73.216.24 - - [28/Jul/2026:02:21:55 +0000] "GET /?fileloc=%2Fvar%2Fwww%2Fgroatmachine_usr%2Fdata%2Fwww%2Fgroatmachinery.com%2Fwp-includes%2Fclass-wp-dependency.php&path=%2Fvar%2Fwww%2Fgroatmachine_usr%2Fdata%2Fwww%2Fgroatmachinery.com%2Fwp-includes HTTP/1.1" 200 3630 "-" "Mozilla/5.0 AppleWebKit/537.36 (KHTML, like Gecko; compatible; ClaudeBot/1.0; +claudebot@anthropic.com)"
74.7.242.4 - - [28/Jul/2026:02:21:55 +0000] "GET /favicon.ico?fileloc=//proc/66/net/route&path=//proc/66/net HTTP/1.1" 200 2920 "https://www.groatmachinery.com/favicon.ico?path=//proc/66/net" "Mozilla/5.0 AppleWebKit/537.36 (KHTML, like Gecko; compatible; GPTBot/1.4; +https://openai.com/gptbot)"
216.73.216.24 - - [28/Jul/2026:02:21:58 +0000] "GET /?fileloc=%2Fvar%2Fwww%2Fgroatmachine_usr%2Fdata%2Fwww%2Fgroatmachinery.com%2Fwp-admin%2Fexport.php&path=%2Fvar%2Fwww%2Fgroatmachine_usr%2Fdata%2Fwww%2Fgroatmachinery.com%2Fwp-admin HTTP/1.1" 200 5964 "-" "Mozilla/5.0 AppleWebKit/537.36 (KHTML, like Gecko; compatible; ClaudeBot/1.0; +claudebot@anthropic.com)"
74.7.242.4 - - [28/Jul/2026:02:21:58 +0000] "GET /favicon.ico?fileloc=//proc/66/net/icmp&path=//proc/66/net HTTP/1.1" 200 2765 "https://www.groatmachinery.com/favicon.ico?path=//proc/66/net" "Mozilla/5.0 AppleWebKit/537.36 (KHTML, like Gecko; compatible; GPTBot/1.4; +https://openai.com/gptbot)"
216.73.216.24 - - [28/Jul/2026:02:22:01 +0000] "GET /?fileloc=%2Fvar%2Fwww%2Fgroatmachine_usr%2Fdata%2Fwww%2Fgroatmachinery.com%2Fwp-includes%2Fcache-compat.php&path=%2Fvar%2Fwww%2Fgroatmachine_usr%2Fdata%2Fwww%2Fgroatmachinery.com%2Fwp-includes HTTP/1.1" 200 5069 "-" "Mozilla/5.0 AppleWebKit/537.36 (KHTML, like Gecko; compatible; ClaudeBot/1.0; +claudebot@anthropic.com)"
74.7.242.4 - - [28/Jul/2026:02:22:01 +0000] "GET /favicon.ico?fileloc=//proc/33/net/icmp&path=//proc/33/net HTTP/1.1" 200 2765 "https://www.groatmachinery.com/favicon.ico?path=//proc/33/net" "Mozilla/5.0 AppleWebKit/537.36 (KHTML, like Gecko; compatible; GPTBot/1.4; +https://openai.com/gptbot)"
216.73.216.24 - - [28/Jul/2026:02:22:04 +0000] "GET /?fileloc=%2Fvar%2Fwww%2Fgroatmachine_usr%2Fdata%2Fwww%2Fgroatmachinery.com%2Fwp-admin%2Fms-admin.php&path=%2Fvar%2Fwww%2Fgroatmachine_usr%2Fdata%2Fwww%2Fgroatmachinery.com%2Fwp-admin HTTP/1.1" 200 2854 "-" "Mozilla/5.0 AppleWebKit/537.36 (KHTML, like Gecko; compatible; ClaudeBot/1.0; +claudebot@anthropic.com)"
74.7.242.4 - - [28/Jul/2026:02:22:05 +0000] "GET /favicon.ico?fileloc=//proc/60/net/psched&path=//proc/60/net HTTP/1.1" 200 2713 "https://www.groatmachinery.com/favicon.ico?path=//proc/60/net" "Mozilla/5.0 AppleWebKit/537.36 (KHTML, like Gecko; compatible; GPTBot/1.4; +https://openai.com/gptbot)"
216.73.216.24 - - [28/Jul/2026:02:22:07 +0000] "GET /?fileloc=%2Fvar%2Fwww%2Fgroatmachine_usr%2Fdata%2Fwww%2Fgroatmachinery.com%2Fwp-includes%2Fclass-wp-customize-widgets.php&path=%2Fvar%2Fwww%2Fgroatmachine_usr%2Fdata%2Fwww%2Fgroatmachinery.com%2Fwp-includes HTTP/1.1" 200 19746 "-" "Mozilla/5.0 AppleWebKit/537.36 (KHTML, like Gecko; compatible; ClaudeBot/1.0; +claudebot@anthropic.com)"
74.7.242.4 - - [28/Jul/2026:02:22:08 +0000] "GET /favicon.ico?fileloc=//proc/66/net/psched&path=//proc/66/net HTTP/1.1" 200 2713 "https://www.groatmachinery.com/favicon.ico?path=//proc/66/net" "Mozilla/5.0 AppleWebKit/537.36 (KHTML, like Gecko; compatible; GPTBot/1.4; +https://openai.com/gptbot)"
74.7.242.4 - - [28/Jul/2026:02:22:11 +0000] "GET /favicon.ico?fileloc=//proc/66/net/xfrm_stat&path=//proc/66/net HTTP/1.1" 200 2883 "https://www.groatmachinery.com/favicon.ico?path=//proc/66/net" "Mozilla/5.0 AppleWebKit/537.36 (KHTML, like Gecko; compatible; GPTBot/1.4; +https://openai.com/gptbot)"
216.73.216.24 - - [28/Jul/2026:02:22:10 +0000] "GET /?fileloc=%2Fvar%2Fwww%2Fgroatmachine_usr%2Fdata%2Fwww%2Fgroatmachinery.com%2Fwp-includes%2Fclass-wp-embed.php&path=%2Fvar%2Fwww%2Fgroatmachine_usr%2Fdata%2Fwww%2Fgroatmachinery.com%2Fwp-includes HTTP/1.1" 200 7514 "-" "Mozilla/5.0 AppleWebKit/537.36 (KHTML, like Gecko; compatible; ClaudeBot/1.0; +claudebot@anthropic.com)"
74.7.242.4 - - [28/Jul/2026:02:22:14 +0000] "GET /favicon.ico?fileloc=//proc/33/net/snmp&path=//proc/33/net HTTP/1.1" 200 3419 "https://www.groatmachinery.com/favicon.ico?path=//proc/33/net" "Mozilla/5.0 AppleWebKit/537.36 (KHTML, like Gecko; compatible; GPTBot/1.4; +https://openai.com/gptbot)"
216.73.216.24 - - [28/Jul/2026:02:22:14 +0000] "GET /sitemap.xml?fileloc=%2F%2Fsys%2Fkernel%2Fslab%2F%3AA-0000072%2Freclaim_account&path=%2F%2Fsys%2Fkernel%2Fslab%2F%3AA-0000072 HTTP/1.1" 200 2713 "-" "Mozilla/5.0 AppleWebKit/537.36 (KHTML, like Gecko; compatible; ClaudeBot/1.0; +claudebot@anthropic.com)"
74.7.242.4 - - [28/Jul/2026:02:22:17 +0000] "GET /favicon.ico?fileloc=//proc/66/net/snmp&path=//proc/66/net HTTP/1.1" 200 3421 "https://www.groatmachinery.com/favicon.ico?path=//proc/66/net" "Mozilla/5.0 AppleWebKit/537.36 (KHTML, like Gecko; compatible; GPTBot/1.4; +https://openai.com/gptbot)"
216.73.216.24 - - [28/Jul/2026:02:22:17 +0000] "GET /sitemap.xml?fileloc=%2F%2Fproc%2F1639414%2Fnet%2Fip_tables_matches&path=%2F%2Fproc%2F1639414%2Fnet HTTP/1.1" 200 2701 "-" "Mozilla/5.0 AppleWebKit/537.36 (KHTML, like Gecko; compatible; ClaudeBot/1.0; +claudebot@anthropic.com)"
216.73.216.24 - - [28/Jul/2026:02:22:20 +0000] "GET /sitemap.xml?fileloc=%2F%2Fvar%2Flib%2Fdpkg%2Finfo%2Flinux-tools-6.8.0-134.list&path=%2F%2Fvar%2Flib%2Fdpkg%2Finfo HTTP/1.1" 200 2868 "-" "Mozilla/5.0 AppleWebKit/537.36 (KHTML, like Gecko; compatible; ClaudeBot/1.0; +claudebot@anthropic.com)"
74.7.242.4 - - [28/Jul/2026:02:22:20 +0000] "GET /favicon.ico?fileloc=//proc/26/net/psched&path=//proc/26/net HTTP/1.1" 200 2713 "https://www.groatmachinery.com/favicon.ico?path=//proc/26/net" "Mozilla/5.0 AppleWebKit/537.36 (KHTML, like Gecko; compatible; GPTBot/1.4; +https://openai.com/gptbot)"
216.73.216.24 - - [28/Jul/2026:02:22:23 +0000] "GET /sitemap.xml?fileloc=%2F%2Fproc%2F3758816%2Ftask%2F3758816%2Fnet%2Fipv6_route&path=%2F%2Fproc%2F3758816%2Ftask%2F3758816%2Fnet HTTP/1.1" 200 2818 "-" "Mozilla/5.0 AppleWebKit/537.36 (KHTML, like Gecko; compatible; ClaudeBot/1.0; +claudebot@anthropic.com)"
74.7.242.4 - - [28/Jul/2026:02:22:23 +0000] "GET /favicon.ico?fileloc=//proc/69/net/psched&path=//proc/69/net HTTP/1.1" 200 2713 "https://www.groatmachinery.com/favicon.ico?path=//proc/69/net" "Mozilla/5.0 AppleWebKit/537.36 (KHTML, like Gecko; compatible; GPTBot/1.4; +https://openai.com/gptbot)"
216.73.216.24 - - [28/Jul/2026:02:22:26 +0000] "GET /sitemap.xml?fileloc=%2F%2Fvar%2Flib%2Fdpkg%2Finfo%2Fthin-provisioning-tools.md5sums&path=%2F%2Fvar%2Flib%2Fdpkg%2Finfo HTTP/1.1" 200 3523 "-" "Mozilla/5.0 AppleWebKit/537.36 (KHTML, like Gecko; compatible; ClaudeBot/1.0; +claudebot@anthropic.com)"
74.7.242.4 - - [28/Jul/2026:02:22:26 +0000] "GET /favicon.ico?fileloc=//proc/24/net/snmp&path=//proc/24/net HTTP/1.1" 200 3420 "https://www.groatmachinery.com/favicon.ico?path=//proc/24/net" "Mozilla/5.0 AppleWebKit/537.36 (KHTML, like Gecko; compatible; GPTBot/1.4; +https://openai.com/gptbot)"
216.73.216.24 - - [28/Jul/2026:02:22:29 +0000] "GET /sitemap.xml?fileloc=%2F%2Fvar%2Flib%2Fdpkg%2Finfo%2Fucf.postinst&path=%2F%2Fvar%2Flib%2Fdpkg%2Finfo HTTP/1.1" 200 5889 "-" "Mozilla/5.0 AppleWebKit/537.36 (KHTML, like Gecko; compatible; ClaudeBot/1.0; +claudebot@anthropic.com)"
74.7.242.4 - - [28/Jul/2026:02:22:30 +0000] "GET /favicon.ico?fileloc=//proc/60/net/snmp&path=//proc/60/net HTTP/1.1" 200 3421 "https://www.groatmachinery.com/favicon.ico?path=//proc/60/net" "Mozilla/5.0 AppleWebKit/537.36 (KHTML, like Gecko; compatible; GPTBot/1.4; +https://openai.com/gptbot)"
216.73.216.24 - - [28/Jul/2026:02:22:32 +0000] "GET /sitemap.xml?fileloc=%2F%2Flib%2Frsyslog%2Frsyslog-rotate&path=%2F%2Flib%2Frsyslog HTTP/1.1" 200 2745 "-" "Mozilla/5.0 AppleWebKit/537.36 (KHTML, like Gecko; compatible; ClaudeBot/1.0; +claudebot@anthropic.com)"
74.7.242.4 - - [28/Jul/2026:02:22:33 +0000] "GET /favicon.ico?fileloc=//proc/24/net/route&path=//proc/24/net HTTP/1.1" 200 2920 "https://www.groatmachinery.com/favicon.ico?path=//proc/24/net" "Mozilla/5.0 AppleWebKit/537.36 (KHTML, like Gecko; compatible; GPTBot/1.4; +https://openai.com/gptbot)"
216.73.216.24 - - [28/Jul/2026:02:22:35 +0000] "GET /sitemap.xml?fileloc=%2F%2Fvar%2Flib%2Fdpkg%2Finfo%2Flibhtml-template-perl.list&path=%2F%2Fvar%2Flib%2Fdpkg%2Finfo HTTP/1.1" 200 2840 "-" "Mozilla/5.0 AppleWebKit/537.36 (KHTML, like Gecko; compatible; ClaudeBot/1.0; +claudebot@anthropic.com)"
74.7.242.4 - - [28/Jul/2026:02:22:36 +0000] "GET /favicon.ico?fileloc=//proc/66/net/fib_trie&path=//proc/66/net HTTP/1.1" 200 7426 "https://www.groatmachinery.com/favicon.ico?path=//proc/66/net" "Mozilla/5.0 AppleWebKit/537.36 (KHTML, like Gecko; compatible; GPTBot/1.4; +https://openai.com/gptbot)"
216.73.216.24 - - [28/Jul/2026:02:22:38 +0000] "GET /sitemap.xml?fileloc=%2F%2Fvar%2Flib%2Fdpkg%2Finfo%2Fdovecot-core.conffiles&path=%2F%2Fvar%2Flib%2Fdpkg%2Finfo HTTP/1.1" 200 2730 "-" "Mozilla/5.0 AppleWebKit/537.36 (KHTML, like Gecko; compatible; ClaudeBot/1.0; +claudebot@anthropic.com)"
74.7.242.4 - - [28/Jul/2026:02:22:39 +0000] "GET /favicon.ico?fileloc=//proc/60/net/route&path=//proc/60/net HTTP/1.1" 200 2920 "https://www.groatmachinery.com/favicon.ico?path=//proc/60/net" "Mozilla/5.0 AppleWebKit/537.36 (KHTML, like Gecko; compatible; GPTBot/1.4; +https://openai.com/gptbot)"
216.73.216.24 - - [28/Jul/2026:02:22:41 +0000] "GET /sitemap.xml?fileloc=%2F%2Fproc%2F1797606%2Fksm_merging_pages&path=%2F%2Fproc%2F1797606 HTTP/1.1" 200 2695 "-" "Mozilla/5.0 AppleWebKit/537.36 (KHTML, like Gecko; compatible; ClaudeBot/1.0; +claudebot@anthropic.com)"
104.164.163.241 - - [28/Jul/2026:02:22:41 +0000] "GET / HTTP/1.1" 200 4126 "-" "Mozilla/5.0 (compatible; Baiduspider/2.0; +http://www.baidu.com/search/spider.html)"
74.7.242.4 - - [28/Jul/2026:02:22:42 +0000] "GET /favicon.ico?fileloc=//proc/33/net/xfrm_stat&path=//proc/33/net HTTP/1.1" 200 2883 "https://www.groatmachinery.com/favicon.ico?path=//proc/33/net" "Mozilla/5.0 AppleWebKit/537.36 (KHTML, like Gecko; compatible; GPTBot/1.4; +https://openai.com/gptbot)"
216.73.216.24 - - [28/Jul/2026:02:22:44 +0000] "GET /sitemap.xml?fileloc=%2F%2Fvar%2Flib%2Fdpkg%2Finfo%2Ftelnet.preinst&path=%2F%2Fvar%2Flib%2Fdpkg%2Finfo HTTP/1.1" 200 2808 "-" "Mozilla/5.0 AppleWebKit/537.36 (KHTML, like Gecko; compatible; ClaudeBot/1.0; +claudebot@anthropic.com)"
74.7.242.4 - - [28/Jul/2026:02:22:45 +0000] "GET /favicon.ico?fileloc=//proc/33/net/fib_trie&path=//proc/33/net HTTP/1.1" 200 7426 "https://www.groatmachinery.com/favicon.ico?path=//proc/33/net" "Mozilla/5.0 AppleWebKit/537.36 (KHTML, like Gecko; compatible; GPTBot/1.4; +https://openai.com/gptbot)"
216.73.216.24 - - [28/Jul/2026:02:22:47 +0000] "GET /sitemap.xml?fileloc=%2F%2Fvar%2Flib%2Fdpkg%2Finfo%2Fopenssh-sftp-server.list&path=%2F%2Fvar%2Flib%2Fdpkg%2Finfo HTTP/1.1" 200 2767 "-" "Mozilla/5.0 AppleWebKit/537.36 (KHTML, like Gecko; compatible; ClaudeBot/1.0; +claudebot@anthropic.com)"
74.7.242.4 - - [28/Jul/2026:02:22:49 +0000] "GET /favicon.ico?fileloc=//proc/58/net/psched&path=//proc/58/net HTTP/1.1" 200 2713 "https://www.groatmachinery.com/favicon.ico?path=//proc/58/net" "Mozilla/5.0 AppleWebKit/537.36 (KHTML, like Gecko; compatible; GPTBot/1.4; +https://openai.com/gptbot)"
216.73.216.24 - - [28/Jul/2026:02:22:50 +0000] "GET /sitemap.xml?fileloc=%2F%2Fvar%2Flib%2Fdpkg%2Finfo%2Flibc6-dev%3Aamd64.list&path=%2F%2Fvar%2Flib%2Fdpkg%2Finfo HTTP/1.1" 200 5641 "-" "Mozilla/5.0 AppleWebKit/537.36 (KHTML, like Gecko; compatible; ClaudeBot/1.0; +claudebot@anthropic.com)"
74.7.242.4 - - [28/Jul/2026:02:22:52 +0000] "GET /favicon.ico?fileloc=//proc/39/net/psched&path=//proc/39/net HTTP/1.1" 200 2713 "https://www.groatmachinery.com/favicon.ico?path=//proc/39/net" "Mozilla/5.0 AppleWebKit/537.36 (KHTML, like Gecko; compatible; GPTBot/1.4; +https://openai.com/gptbot)"
216.73.216.24 - - [28/Jul/2026:02:22:53 +0000] "GET /sitemap.xml?fileloc=%2F%2Fvar%2Flib%2Fdpkg%2Finfo%2Fphp8.3-fpm.postinst&path=%2F%2Fvar%2Flib%2Fdpkg%2Finfo HTTP/1.1" 200 3897 "-" "Mozilla/5.0 AppleWebKit/537.36 (KHTML, like Gecko; compatible; ClaudeBot/1.0; +claudebot@anthropic.com)"
74.7.242.4 - - [28/Jul/2026:02:22:55 +0000] "GET /favicon.ico?fileloc=//proc/27/net/psched&path=//proc/27/net HTTP/1.1" 200 2714 "https://www.groatmachinery.com/favicon.ico?path=//proc/27/net" "Mozilla/5.0 AppleWebKit/537.36 (KHTML, like Gecko; compatible; GPTBot/1.4; +https://openai.com/gptbot)"
216.73.216.24 - - [28/Jul/2026:02:22:56 +0000] "GET /sitemap.xml?fileloc=%2F%2Fproc%2F763290%2Fautogroup&path=%2F%2Fproc%2F763290 HTTP/1.1" 200 2698 "-" "Mozilla/5.0 AppleWebKit/537.36 (KHTML, like Gecko; compatible; ClaudeBot/1.0; +claudebot@anthropic.com)"
74.7.242.4 - - [28/Jul/2026:02:22:58 +0000] "GET /favicon.ico?fileloc=//proc/60/net/icmp&path=//proc/60/net HTTP/1.1" 200 2764 "https://www.groatmachinery.com/favicon.ico?path=//proc/60/net" "Mozilla/5.0 AppleWebKit/537.36 (KHTML, like Gecko; compatible; GPTBot/1.4; +https://openai.com/gptbot)"
216.73.216.24 - - [28/Jul/2026:02:22:59 +0000] "GET /sitemap.xml?fileloc=%2F%2Fvar%2Flib%2Fdpkg%2Finfo%2Fusb.ids.list&path=%2F%2Fvar%2Flib%2Fdpkg%2Finfo HTTP/1.1" 200 2756 "-" "Mozilla/5.0 AppleWebKit/537.36 (KHTML, like Gecko; compatible; ClaudeBot/1.0; +claudebot@anthropic.com)"
74.7.242.4 - - [28/Jul/2026:02:23:01 +0000] "GET /favicon.ico?fileloc=//proc/33/net/psched&path=//proc/33/net HTTP/1.1" 200 2713 "https://www.groatmachinery.com/favicon.ico?path=//proc/33/net" "Mozilla/5.0 AppleWebKit/537.36 (KHTML, like Gecko; compatible; GPTBot/1.4; +https://openai.com/gptbot)"
216.73.216.24 - - [28/Jul/2026:02:23:02 +0000] "GET /sitemap.xml?fileloc=%2F%2Fvar%2Flib%2Fdpkg%2Finfo%2Fthin-provisioning-tools.triggers&path=%2F%2Fvar%2Flib%2Fdpkg%2Finfo HTTP/1.1" 200 2772 "-" "Mozilla/5.0 AppleWebKit/537.36 (KHTML, like Gecko; compatible; ClaudeBot/1.0; +claudebot@anthropic.com)"
74.7.242.4 - - [28/Jul/2026:02:23:04 +0000] "GET /favicon.ico?fileloc=//proc/24/net/icmp&path=//proc/24/net HTTP/1.1" 200 2764 "https://www.groatmachinery.com/favicon.ico?path=//proc/24/net" "Mozilla/5.0 AppleWebKit/537.36 (KHTML, like Gecko; compatible; GPTBot/1.4; +https://openai.com/gptbot)"
216.73.216.24 - - [28/Jul/2026:02:23:05 +0000] "GET /sitemap.xml?fileloc=%2F%2Fproc%2F1643154%2Fksm_merging_pages&path=%2F%2Fproc%2F1643154 HTTP/1.1" 200 2695 "-" "Mozilla/5.0 AppleWebKit/537.36 (KHTML, like Gecko; compatible; ClaudeBot/1.0; +claudebot@anthropic.com)"
74.7.242.4 - - [28/Jul/2026:02:23:07 +0000] "GET /favicon.ico?fileloc=//proc/24/net/psched&path=//proc/24/net HTTP/1.1" 200 2713 "https://www.groatmachinery.com/favicon.ico?path=//proc/24/net" "Mozilla/5.0 AppleWebKit/537.36 (KHTML, like Gecko; compatible; GPTBot/1.4; +https://openai.com/gptbot)"
216.73.216.24 - - [28/Jul/2026:02:23:08 +0000] "GET /sitemap.xml?fileloc=%2F%2Fvar%2Flib%2Fdpkg%2Finfo%2Fdmeventd.prerm&path=%2F%2Fvar%2Flib%2Fdpkg%2Finfo HTTP/1.1" 200 2900 "-" "Mozilla/5.0 AppleWebKit/537.36 (KHTML, like Gecko; compatible; ClaudeBot/1.0; +claudebot@anthropic.com)"
74.7.242.4 - - [28/Jul/2026:02:23:10 +0000] "GET /favicon.ico?fileloc=//proc/33/net/dev_mcast&path=//proc/33/net HTTP/1.1" 200 2751 "https://www.groatmachinery.com/favicon.ico?path=//proc/33/net" "Mozilla/5.0 AppleWebKit/537.36 (KHTML, like Gecko; compatible; GPTBot/1.4; +https://openai.com/gptbot)"
216.73.216.24 - - [28/Jul/2026:02:23:11 +0000] "GET /sitemap.xml?fileloc=%2F%2Fsys%2Fkernel%2Fslab%2F%3AA-0000184%2Fslab_size&path=%2F%2Fsys%2Fkernel%2Fslab%2F%3AA-0000184 HTTP/1.1" 200 2707 "-" "Mozilla/5.0 AppleWebKit/537.36 (KHTML, like Gecko; compatible; ClaudeBot/1.0; +claudebot@anthropic.com)"
74.7.242.4 - - [28/Jul/2026:02:23:14 +0000] "GET /favicon.ico?fileloc=//proc/66/net/dev_mcast&path=//proc/66/net HTTP/1.1" 200 2752 "https://www.groatmachinery.com/favicon.ico?path=//proc/66/net" "Mozilla/5.0 AppleWebKit/537.36 (KHTML, like Gecko; compatible; GPTBot/1.4; +https://openai.com/gptbot)"
216.73.216.24 - - [28/Jul/2026:02:23:14 +0000] "GET /sitemap.xml?fileloc=%2F%2Fvar%2Flib%2Fdpkg%2Finfo%2Fssl-cert.list&path=%2F%2Fvar%2Flib%2Fdpkg%2Finfo HTTP/1.1" 200 2856 "-" "Mozilla/5.0 AppleWebKit/537.36 (KHTML, like Gecko; compatible; ClaudeBot/1.0; +claudebot@anthropic.com)"
74.7.242.4 - - [28/Jul/2026:02:23:17 +0000] "GET /favicon.ico?fileloc=//proc/69/net/udplite&path=//proc/69/net HTTP/1.1" 200 2768 "https://www.groatmachinery.com/favicon.ico?path=//proc/69/net" "Mozilla/5.0 AppleWebKit/537.36 (KHTML, like Gecko; compatible; GPTBot/1.4; +https://openai.com/gptbot)"
216.73.216.24 - - [28/Jul/2026:02:23:17 +0000] "GET /sitemap.xml?fileloc=%2F%2Fvar%2Flib%2Fdpkg%2Finfo%2Fkmod.list&path=%2F%2Fvar%2Flib%2Fdpkg%2Finfo HTTP/1.1" 200 3016 "-" "Mozilla/5.0 AppleWebKit/537.36 (KHTML, like Gecko; compatible; ClaudeBot/1.0; +claudebot@anthropic.com)"
74.7.242.4 - - [28/Jul/2026:02:23:20 +0000] "GET /favicon.ico?fileloc=//proc/26/net/wireless&path=//proc/26/net HTTP/1.1" 200 2790 "https://www.groatmachinery.com/favicon.ico?path=//proc/26/net" "Mozilla/5.0 AppleWebKit/537.36 (KHTML, like Gecko; compatible; GPTBot/1.4; +https://openai.com/gptbot)"
216.73.216.24 - - [28/Jul/2026:02:23:20 +0000] "GET /sitemap.xml?fileloc=%2F%2Fvar%2Flib%2Fdpkg%2Finfo%2Foverlayroot.md5sums&path=%2F%2Fvar%2Flib%2Fdpkg%2Finfo HTTP/1.1" 200 2980 "-" "Mozilla/5.0 AppleWebKit/537.36 (KHTML, like Gecko; compatible; ClaudeBot/1.0; +claudebot@anthropic.com)"
74.7.242.4 - - [28/Jul/2026:02:23:23 +0000] "GET /favicon.ico?fileloc=//proc/58/net/wireless&path=//proc/58/net HTTP/1.1" 200 2790 "https://www.groatmachinery.com/favicon.ico?path=//proc/58/net" "Mozilla/5.0 AppleWebKit/537.36 (KHTML, like Gecko; compatible; GPTBot/1.4; +https://openai.com/gptbot)"
216.73.216.24 - - [28/Jul/2026:02:23:23 +0000] "GET /sitemap.xml?fileloc=%2F%2Fvar%2Flib%2Fdpkg%2Finfo%2Fcron-daemon-common.list&path=%2F%2Fvar%2Flib%2Fdpkg%2Finfo HTTP/1.1" 200 2885 "-" "Mozilla/5.0 AppleWebKit/537.36 (KHTML, like Gecko; compatible; ClaudeBot/1.0; +claudebot@anthropic.com)"
