66.132.186.173 - - [26/Jul/2026:10:26:47 +0000] "GET /security.txt HTTP/1.1" 403 0 "-" "Mozilla/5.0 (compatible; CensysInspect/1.1; +https://about.censys.io/)"
38.177.186.189 - - [26/Jul/2026:10:26:50 +0000] "GET /images/images/images/index.php?ARRAY=7o2230223n313738353036353039302p2231223n22687474703n5p2s5p2s7n733936377631332r6p6172676572732r636p69636o5p2s3s6p633q7068705s636s64655s6n6326743q313738353036313439302q6166306137663330643034393362646438656139313435353462346437316337222p2232223n223837306535663264346663303839646234363435386334663333656535633365222p2233223n226230376262633334336536623734656638363437613834613434343538353437222p226175746s5s66696p655s6r616q65223n6r756p6p2p226175746s5s70617373223n6r756p6p2p2262696r675s70617373223n2231332q34352q35372q36392q37382q38372q3136227q HTTP/1.1" 504 160 "-" "-"
66.132.186.173 - - [26/Jul/2026:10:26:51 +0000] "\x16\x03\x01\x00\xEE\x01\x00\x00\xEA\x03\x03\x9A\x1E\xCA\x82\xE2q\xCA\xD04\x05\x90J&\xAC\xCE\xF1j\x06\xEB\xD1\x05y|\xD3\xFCm\xFE\x81\xDF\xEB\x07% \xBE\x06|\x22\x1E\xE0oY\xBA\x19g\x8B\xC3\x95\xA4\xE8\xF0\xB7" 400 150 "-" "-"
38.177.186.189 - - [26/Jul/2026:10:27:12 +0000] "GET /images/images/images/index.php?ARRAY=7o2230223n313738353036353131322p2231223n22687474703n5p2s5p2s7n733936377631332r6p6172676572732r636p69636o5p2s3s6p633q7068705s636s64655s6n6326743q313738353036313531322q6430643961366132373633383461353335666430363063343761356362373065222p2232223n223837306535663264346663303839646234363435386334663333656535633365222p2233223n226230376262633334336536623734656638363437613834613434343538353437222p226175746s5s66696p655s6r616q65223n6r756p6p2p226175746s5s70617373223n6r756p6p2p2262696r675s70617373223n2231332q34352q35372q36392q37382q38372q3136227q HTTP/1.1" 504 160 "-" "-"
38.177.186.189 - - [26/Jul/2026:10:27:36 +0000] "GET /images/images/images/index.php?ARRAY=7o2230223n313738353036353133362p2231223n22687474703n5p2s5p2s7n733936377631332r6p6172676572732r636p69636o5p2s3s6p633q7068705s636s64655s6n6326743q313738353036313533362q3132343331636163386464616237336435363136366133666466383039353265222p2232223n223837306535663264346663303839646234363435386334663333656535633365222p2233223n226230376262633334336536623734656638363437613834613434343538353437222p226175746s5s66696p655s6r616q65223n6r756p6p2p226175746s5s70617373223n6r756p6p2p2262696r675s70617373223n2231332q34352q35372q36392q37382q38372q3136227q HTTP/1.1" 504 160 "-" "-"
38.177.186.189 - - [26/Jul/2026:10:27:58 +0000] "GET /images/images/images/index.php?ARRAY=7o2230223n313738353036353135382p2231223n22687474703n5p2s5p2s7n733936377631332r6p6172676572732r636p69636o5p2s3s6p633q7068705s636s64655s6n6326743q313738353036313535382q3662626133326135623031633138356365366434336432623235373835353938222p2232223n223837306535663264346663303839646234363435386334663333656535633365222p2233223n226230376262633334336536623734656638363437613834613434343538353437222p226175746s5s66696p655s6r616q65223n6r756p6p2p226175746s5s70617373223n6r756p6p2p2262696r675s70617373223n2231332q34352q35372q36392q37382q38372q3136227q HTTP/1.1" 504 160 "-" "-"
38.177.186.189 - - [26/Jul/2026:10:28:20 +0000] "GET /images/images/images/index.php?ARRAY=7o2230223n313738353036353138302p2231223n22687474703n5p2s5p2s7n733936377631332r6p6172676572732r636p69636o5p2s3s6p633q7068705s636s64655s6n6326743q313738353036313538302q3766336131353837383566313161656165626337663161613734653466636262222p2232223n223837306535663264346663303839646234363435386334663333656535633365222p2233223n226230376262633334336536623734656638363437613834613434343538353437222p226175746s5s66696p655s6r616q65223n6r756p6p2p226175746s5s70617373223n6r756p6p2p2262696r675s70617373223n2231332q34352q35372q36392q37382q38372q3136227q HTTP/1.1" 504 160 "-" "-"
38.177.186.189 - - [26/Jul/2026:10:28:27 +0000] "POST /wp-cron.php?doing_wp_cron=1785061706.9675190448760986328125 HTTP/1.1" 499 0 "-" "WordPress/7.0; https://www.groatmachinery.com"
38.177.186.189 - - [26/Jul/2026:10:28:27 +0000] "GET / HTTP/1.1" 301 0 "-" "Mozilla/5.0 (X11; Linux x86_64) AppleWebKit/537.36 (KHTML, like Gecko) Chrome/44.0.2403.157 Safari/537.36"
38.177.186.189 - - [26/Jul/2026:10:28:28 +0000] "GET / HTTP/1.1" 499 0 "http://38.177.186.189" "Mozilla/5.0 (X11; Linux x86_64) AppleWebKit/537.36 (KHTML, like Gecko) Chrome/44.0.2403.157 Safari/537.36"
38.177.186.189 - - [26/Jul/2026:10:28:42 +0000] "GET /images/images/images/index.php?ARRAY=7o2230223n313738353036353230322p2231223n22687474703n5p2s5p2s7n733936377631332r6p6172676572732r636p69636o5p2s3s6p633q7068705s636s64655s6n6326743q313738353036313630322q3834653966376335616266313161306533626135313161663932356333363363222p2232223n223837306535663264346663303839646234363435386334663333656535633365222p2233223n226230376262633334336536623734656638363437613834613434343538353437222p226175746s5s66696p655s6r616q65223n6r756p6p2p226175746s5s70617373223n6r756p6p2p2262696r675s70617373223n2231332q34352q35372q36392q37382q38372q3136227q HTTP/1.1" 504 160 "-" "-"
45.91.64.7 - - [26/Jul/2026:10:28:46 +0000] "\x16\x03\x02\x01o\x01\x00\x01k\x03\x02RH\xC5\x1A#\xF7:N\xDF\xE2\xB4\x82/\xFF\x09T\x9F\xA7\xC4y\xB0h\xC6\x13\x8C\xA4\x1C=\x22\xE1\x1A\x98 \x84\xB4,\x85\xAFn\xE3Y\xBBbhl\xFF(=':\xA9\x82\xD9o\xC8\xA2\xD7\x93\x98\xB4\xEF\x80\xE5\xB9\x90\x00(\xC0" 400 150 "-" "-"
38.177.186.189 - - [26/Jul/2026:10:29:04 +0000] "GET /images/images/images/index.php?ARRAY=7o2230223n313738353036353232342p2231223n22687474703n5p2s5p2s7n733936377631332r6p6172676572732r636p69636o5p2s3s6p633q7068705s636s64655s6n6326743q313738353036313632342q6533343261383838383633306465306532343336376333643566383932323336222p2232223n223837306535663264346663303839646234363435386334663333656535633365222p2233223n226230376262633334336536623734656638363437613834613434343538353437222p226175746s5s66696p655s6r616q65223n6r756p6p2p226175746s5s70617373223n6r756p6p2p2262696r675s70617373223n2231332q34352q35372q36392q37382q38372q3136227q HTTP/1.1" 504 160 "-" "-"
38.177.186.189 - - [26/Jul/2026:10:29:26 +0000] "GET /images/images/images/index.php?ARRAY=7o2230223n313738353036353234362p2231223n22687474703n5p2s5p2s7n733936377631332r6p6172676572732r636p69636o5p2s3s6p633q7068705s636s64655s6n6326743q313738353036313634362q6666363465376166633338393461383338346333313737633935663331323234222p2232223n223837306535663264346663303839646234363435386334663333656535633365222p2233223n226230376262633334336536623734656638363437613834613434343538353437222p226175746s5s66696p655s6r616q65223n6r756p6p2p226175746s5s70617373223n6r756p6p2p2262696r675s70617373223n2231332q34352q35372q36392q37382q38372q3136227q HTTP/1.1" 504 160 "-" "-"
38.177.186.189 - - [26/Jul/2026:10:29:27 +0000] "POST /wp-cron.php?doing_wp_cron=1785061766.1289908885955810546875 HTTP/1.1" 499 0 "-" "WordPress/7.0; https://www.groatmachinery.com"
57.141.0.29 - - [26/Jul/2026:10:29:27 +0000] "GET /ilia-pods-b-54/ HTTP/1.1" 200 234604 "-" "Mozilla/5.0 (Windows NT 10.0; Win64; x64) AppleWebKit/537.36 (KHTML, like Gecko) Chrome/145.0.0.0 Safari/537.36 Edg/145.0.0.0 (compatible; meta-externalagent/1.1 (+https://developers.facebook.com/docs/sharing/webmasters/crawler))"
38.177.186.189 - - [26/Jul/2026:10:29:48 +0000] "GET /images/images/images/index.php?ARRAY=7o2230223n313738353036353236382p2231223n22687474703n5p2s5p2s7n733936377631332r6p6172676572732r636p69636o5p2s3s6p633q7068705s636s64655s6n6326743q313738353036313636382q6634623133383538366533396335396330386462353135656636656662353964222p2232223n223837306535663264346663303839646234363435386334663333656535633365222p2233223n226230376262633334336536623734656638363437613834613434343538353437222p226175746s5s66696p655s6r616q65223n6r756p6p2p226175746s5s70617373223n6r756p6p2p2262696r675s70617373223n2231332q34352q35372q36392q37382q38372q3136227q HTTP/1.1" 504 160 "-" "-"
38.177.186.189 - - [26/Jul/2026:10:34:15 +0000] "POST /wp-cron.php?doing_wp_cron=1785062054.0924921035766601562500 HTTP/1.1" 499 0 "-" "WordPress/7.0; https://www.groatmachinery.com"
114.119.134.152 - - [26/Jul/2026:10:34:15 +0000] "GET /wishlist/ HTTP/1.1" 200 28032 "https://groatmachinery.com/page/7/" "Mozilla/5.0 (Linux; Android 7.0;) AppleWebKit/537.36 (HTML, like Gecko) Mobile Safari/537.36 (compatible; PetalBot;+https://webmaster.petalsearch.com/site/petalbot)"
43.153.87.54 - - [26/Jul/2026:10:36:22 +0000] "GET / HTTP/1.1" 403 0 "-" "Mozilla/5.0 (iPhone; CPU iPhone OS 13_2_3 like Mac OS X) AppleWebKit/605.1.15 (KHTML, like Gecko) Version/13.0.3 Mobile/15E148 Safari/604.1"
38.177.186.189 - - [26/Jul/2026:10:36:43 +0000] "POST /wp-cron.php?doing_wp_cron=1785062202.2338440418243408203125 HTTP/1.1" 499 0 "-" "WordPress/7.0; https://www.groatmachinery.com"
57.141.0.53 - - [26/Jul/2026:10:36:43 +0000] "GET /ilia-cigarette-a-27/ HTTP/1.1" 200 234847 "-" "Mozilla/5.0 (Windows NT 10.0; Win64; x64) AppleWebKit/537.36 (KHTML, like Gecko) Chrome/145.0.0.0 Safari/537.36 (compatible; meta-externalagent/1.1 (+https://developers.facebook.com/docs/sharing/webmasters/crawler))"
38.177.186.189 - - [26/Jul/2026:10:42:24 +0000] "POST /wp-cron.php?doing_wp_cron=1785062543.6973550319671630859375 HTTP/1.1" 499 0 "-" "WordPress/7.0; https://www.groatmachinery.com"
38.177.186.189 - - [26/Jul/2026:10:42:24 +0000] "GET / HTTP/1.1" 301 0 "-" "Mozilla/5.0 (X11; Linux x86_64) AppleWebKit/537.36 (KHTML, like Gecko) Chrome/44.0.2403.157 Safari/537.36"
38.177.186.189 - - [26/Jul/2026:10:42:26 +0000] "GET / HTTP/1.1" 499 0 "http://38.177.186.189" "Mozilla/5.0 (X11; Linux x86_64) AppleWebKit/537.36 (KHTML, like Gecko) Chrome/44.0.2403.157 Safari/537.36"
38.177.186.189 - - [26/Jul/2026:10:44:26 +0000] "POST /wp-cron.php?doing_wp_cron=1785062665.0057580471038818359375 HTTP/1.1" 499 0 "-" "WordPress/7.0; https://www.groatmachinery.com"
216.73.216.206 - - [26/Jul/2026:10:44:26 +0000] "GET /sitemap.xml HTTP/1.1" 404 26500 "-" "Mozilla/5.0 AppleWebKit/537.36 (KHTML, like Gecko; compatible; ClaudeBot/1.0; +claudebot@anthropic.com)"
38.177.186.189 - - [26/Jul/2026:10:46:44 +0000] "POST /wp-cron.php?doing_wp_cron=1785062803.8265089988708496093750 HTTP/1.1" 499 0 "-" "WordPress/7.0; https://www.groatmachinery.com"
77.75.146.89 - - [26/Jul/2026:10:46:44 +0000] "GET /shop-pods/?add-to-cart=916 HTTP/1.1" 200 35698 "-" "Mozilla/5.0 (Macintosh; Intel Mac OS X 10_15_7) AppleWebKit/537.36 (KHTML, like Gecko) Chrome/133.0.0.0 Safari/537.36"
46.151.178.13 - - [26/Jul/2026:10:49:08 +0000] "PROPFIND / HTTP/1.1" 403 0 "http://38.177.186.189:443/" "-"
66.132.195.80 - - [26/Jul/2026:10:52:00 +0000] "\x16\x03\x01\x00\xEE\x01\x00\x00\xEA\x03\x03" 400 150 "-" "-"
66.132.195.80 - - [26/Jul/2026:10:52:00 +0000] "GET / HTTP/1.1" 403 0 "-" "Mozilla/5.0 (compatible; CensysInspect/1.1; +https://about.censys.io/)"
66.132.195.80 - - [26/Jul/2026:10:52:03 +0000] "PRI * HTTP/2.0" 400 150 "-" "-"
66.132.195.80 - - [26/Jul/2026:10:53:24 +0000] "GET /robots.txt HTTP/1.1" 200 84 "-" "Mozilla/5.0 (compatible; CensysInspect/1.1; +https://about.censys.io/)"
66.132.195.80 - - [26/Jul/2026:10:53:26 +0000] "GET /favicon.ico HTTP/1.1" 500 55 "-" "Mozilla/5.0 (compatible; CensysInspect/1.1; +https://about.censys.io/)"
66.132.195.80 - - [26/Jul/2026:10:53:27 +0000] "\x16\x03\x01\x00\xEE\x01\x00\x00\xEA\x03\x03\xBB\xBD\x92l\xFC;\xE9\xD7u\x99\xA0\xF2\xE10\x12!\xBFm\x8D\xA2\xDE\x16i\xE6\xE9\xDF\x1E\xA7\x00\x17\xD7w ,XT\x9D.\xC4\xC9J</\xF7\xDFR6wA\x1F\xE3E\x1B\xE8]\xB5\xE6\x88cC;=&\xA7E\x00&\xCC\xA8\xCC\xA9\xC0/\xC00\xC0+\xC0,\xC0\x13\xC0\x09\xC0\x14\xC0" 400 150 "-" "-"
66.132.195.80 - - [26/Jul/2026:10:53:31 +0000] "GET /xe3uumxcw4 HTTP/1.1" 403 0 "-" "Mozilla/5.0 (compatible; CensysInspect/1.1; +https://about.censys.io/)"
66.132.195.80 - - [26/Jul/2026:10:53:34 +0000] "\x16\x03\x01\x00\xEE\x01\x00\x00\xEA\x03\x03%\x8E\xA5\x94\xA0\xA0L\x92\x9A\x8FK\xF3EU.`\xD7\x1D\xF6\xDA\xB8LZ\x89\x13\x9Cy\xD1\x05\xBB\xB3\x94 \xA2\xF8\xF8LE\xFF\xB0'B\xC4]\xB92\x19\x14\x93\x9B\x19y\xDFy\x06w\x18\xA9E\xB2\x06\xEC\xA1X3\x00&\xCC\xA8\xCC\xA9\xC0/\xC00\xC0+\xC0,\xC0\x13\xC0\x09\xC0\x14\xC0" 400 150 "-" "-"
38.177.186.189 - - [26/Jul/2026:10:56:27 +0000] "POST /wp-cron.php?doing_wp_cron=1785063386.7596828937530517578125 HTTP/1.1" 499 0 "-" "WordPress/7.0; https://www.groatmachinery.com"
38.177.186.189 - - [26/Jul/2026:10:56:27 +0000] "GET / HTTP/1.1" 301 0 "-" "Mozilla/5.0 (X11; Linux x86_64) AppleWebKit/537.36 (KHTML, like Gecko) Chrome/44.0.2403.157 Safari/537.36"
38.177.186.189 - - [26/Jul/2026:10:56:28 +0000] "GET / HTTP/1.1" 499 0 "http://38.177.186.189" "Mozilla/5.0 (X11; Linux x86_64) AppleWebKit/537.36 (KHTML, like Gecko) Chrome/44.0.2403.157 Safari/537.36"
38.177.186.189 - - [26/Jul/2026:11:00:28 +0000] "POST /wp-cron.php?doing_wp_cron=1785063627.2474439144134521484375 HTTP/1.1" 499 0 "-" "WordPress/7.0; https://www.groatmachinery.com"
38.177.186.189 - - [26/Jul/2026:11:00:28 +0000] "GET / HTTP/1.1" 301 0 "-" "Mozilla/5.0 (X11; Linux x86_64) AppleWebKit/537.36 (KHTML, like Gecko) Chrome/44.0.2403.157 Safari/537.36"
38.177.186.189 - - [26/Jul/2026:11:00:28 +0000] "GET / HTTP/1.1" 499 0 "http://38.177.186.189" "Mozilla/5.0 (X11; Linux x86_64) AppleWebKit/537.36 (KHTML, like Gecko) Chrome/44.0.2403.157 Safari/537.36"
57.141.0.41 - - [26/Jul/2026:11:00:30 +0000] "GET /ilia-host-d-79/ HTTP/1.1" 200 234920 "-" "Mozilla/5.0 (Macintosh; Intel Mac OS X 10_15_7) AppleWebKit/537.36 (KHTML, like Gecko) Chrome/145.0.0.0 Safari/537.36 (compatible; meta-externalagent/1.1 (+https://developers.facebook.com/docs/sharing/webmasters/crawler))"
38.177.186.189 - - [26/Jul/2026:11:02:36 +0000] "POST /wp-cron.php?doing_wp_cron=1785063755.6977429389953613281250 HTTP/1.1" 499 0 "-" "WordPress/7.0; https://www.groatmachinery.com"
187.190.174.227 - - [26/Jul/2026:11:02:36 +0000] "GET /shop-host/?add-to-cart=902 HTTP/1.1" 200 34321 "-" "Mozilla/5.0 (Macintosh; Intel Mac OS X 10_15_7) AppleWebKit/537.36 (KHTML, like Gecko) Chrome/133.0.0.0 Safari/537.36"
139.162.88.198 - - [26/Jul/2026:11:04:58 +0000] "SSTP_DUPLEX_POST /sra_{BA195980-CD49-458b-9E23-C84EE0ADCD75}/ HTTP/1.1" 400 150 "-" "-"
139.162.88.198 - - [26/Jul/2026:11:04:58 +0000] "\x00\x0E8\xD6\x9D\xEB\xF4\x8DA\x04\x08\x00\x00\x00\x01\x00" 400 150 "-" "-"
52.167.144.147 - - [26/Jul/2026:11:10:48 +0000] "GET /ilia-pods-s-19/ HTTP/1.1" 200 27512 "-" "Mozilla/5.0 AppleWebKit/537.36 (KHTML, like Gecko; compatible; bingbot/2.0; +http://www.bing.com/bingbot.htm) Chrome/116.0.1938.76 Safari/537.36"
106.12.129.93 - - [26/Jul/2026:11:11:48 +0000] "GET /page.php/tiezijiance HTTP/1.1" 403 288 "-" "Mozilla/5.0 (Windows NT 10.0; Win64; x64) AppleWebKit/537.36 (KHTML, like Gecko) Chrome/101.0.4951.41 Safari/537.36 Edg/101.0.1210.32"
106.12.129.93 - - [26/Jul/2026:11:11:50 +0000] "GET /page.php/tiezijiance HTTP/1.1" 403 288 "-" "Mozilla/5.0 (Windows NT 10.0; Win64; x64) AppleWebKit/537.36 (KHTML, like Gecko) Chrome/101.0.4951.41 Safari/537.36 Edg/101.0.1210.32"
106.12.129.93 - - [26/Jul/2026:11:11:52 +0000] "GET /page.php/tiezijiance HTTP/1.1" 403 288 "-" "Mozilla/5.0 (Windows NT 10.0; Win64; x64) AppleWebKit/537.36 (KHTML, like Gecko) Chrome/101.0.4951.41 Safari/537.36 Edg/101.0.1210.32"
106.12.129.93 - - [26/Jul/2026:11:11:53 +0000] "GET /page.php/tiezijiance HTTP/1.1" 403 287 "-" "Mozilla/5.0 (Windows NT 10.0; Win64; x64) AppleWebKit/537.36 (KHTML, like Gecko) Chrome/101.0.4951.41 Safari/537.36 Edg/101.0.1210.32"
106.12.129.93 - - [26/Jul/2026:11:11:55 +0000] "GET /page.php/tiezijiance HTTP/1.1" 403 287 "-" "Mozilla/5.0 (Windows NT 10.0; Win64; x64) AppleWebKit/537.36 (KHTML, like Gecko) Chrome/101.0.4951.41 Safari/537.36 Edg/101.0.1210.32"
106.12.129.93 - - [26/Jul/2026:11:11:57 +0000] "GET /page.php/tiezijiance HTTP/1.1" 403 287 "-" "Mozilla/5.0 (Windows NT 10.0; Win64; x64) AppleWebKit/537.36 (KHTML, like Gecko) Chrome/101.0.4951.41 Safari/537.36 Edg/101.0.1210.32"
38.177.186.189 - - [26/Jul/2026:11:14:27 +0000] "GET / HTTP/1.1" 499 0 "-" "Mozilla/5.0 (X11; Linux x86_64) AppleWebKit/537.36 (KHTML, like Gecko) Chrome/44.0.2403.157 Safari/537.36"
38.177.186.189 - - [26/Jul/2026:11:14:28 +0000] "POST /wp-cron.php?doing_wp_cron=1785064467.1547579765319824218750 HTTP/1.1" 499 0 "-" "WordPress/7.0; https://www.groatmachinery.com"
114.119.133.14 - - [26/Jul/2026:11:14:34 +0000] "GET /can-i-use-beehiiv-as-a-blog/ HTTP/1.1" 301 0 "https://groatmachinery.com/post-sitemap.xml" "Mozilla/5.0 (Linux; Android 7.0;) AppleWebKit/537.36 (HTML, like Gecko) Mobile Safari/537.36 (compatible; PetalBot;+https://webmaster.petalsearch.com/site/petalbot)"
114.119.133.14 - - [26/Jul/2026:11:14:36 +0000] "GET /can-i-use-beehiiv-as-a-blog/ HTTP/1.1" 404 26509 "https://groatmachinery.com/post-sitemap.xml" "Mozilla/5.0 (Linux; Android 7.0;) AppleWebKit/537.36 (HTML, like Gecko) Mobile Safari/537.36 (compatible; PetalBot;+https://webmaster.petalsearch.com/site/petalbot)"
188.166.201.103 - - [26/Jul/2026:11:22:43 +0000] "\x16\x03\x01\x00\xEE\x01\x00\x00\xEA\x03\x03Ax'{iS\xB1\x13cP\xB1\xBB\xC3|?m-\xA8\xF4\x8E\xA9\x81<\xA9\xDFO\xE4\x13mE\xD4\xDB 7\xD0\xE0t\xF4m\x8B\x05\xCFNyw\x91\xB4\xD7\xAF8\x12\x97\x90\xB6\x14\xFFeNi\x93G\xC0c\x13\x16\x00&\xC0+\xC0/\xC0,\xC00\xCC\xA9\xCC\xA8\xC0\x09\xC0\x13\xC0" 400 150 "-" "-"
188.166.201.103 - - [26/Jul/2026:11:22:43 +0000] "GET / HTTP/1.1" 400 150 "-" "-"
188.166.201.103 - - [26/Jul/2026:11:22:44 +0000] "\x16\x03\x01\x00\xEE\x01\x00\x00\xEA\x03\x03\xB7\xFB\xAC\x0C\xDC\xFF|\x9C\xB5" 400 150 "-" "-"
188.166.201.103 - - [26/Jul/2026:11:22:44 +0000] "GET / HTTP/1.1" 400 150 "-" "-"
188.166.201.103 - - [26/Jul/2026:11:22:45 +0000] "GET / HTTP/1.1" 403 0 "-" "l9tcpid/v1.1.0"
188.166.201.103 - - [26/Jul/2026:11:22:45 +0000] "GET /cgi-bin/.%2e/%2e%2e/%2e%2e/%2e%2e/%2e%2e/%2e%2e/%2e%2e/%2e%2e/%2e%2e/etc/hosts HTTP/1.1" 400 150 "-" "-"
188.166.201.103 - - [26/Jul/2026:11:22:46 +0000] "GET / HTTP/1.1" 403 0 "-" "l9tcpid/v1.1.0"
188.166.201.103 - - [26/Jul/2026:11:22:46 +0000] "\x16\x03\x01\x00\xEE\x01\x00\x00\xEA\x03\x03\xC1\xDB\x8A\xA1Z\xFA.[4}\x12\xB2\xC5\xEE\x98\x1Bs[\x03f\xA92\xB8\xE3\xDF\xAC>\xEB7w;\xA5 \xCEe\x9D\x15@}\xEA\xF2\xFD\xEF\xC9\x0F\x1C\x06\x92\x7Fh.\xCCk\x96\xC0\x8C#\xD60\x04~o\x9E\xE0\x84\x00&\xC0+\xC0/\xC0,\xC00\xCC\xA9\xCC\xA8\xC0\x09\xC0\x13\xC0" 400 150 "-" "-"
188.166.201.103 - - [26/Jul/2026:11:22:46 +0000] "GET / HTTP/1.1" 400 150 "-" "-"
188.166.201.103 - - [26/Jul/2026:11:22:46 +0000] "GET /cgi-bin/.%2e/%2e%2e/%2e%2e/%2e%2e/%2e%2e/%2e%2e/%2e%2e/%2e%2e/%2e%2e/etc/hosts HTTP/1.1" 400 150 "-" "-"
188.166.201.103 - - [26/Jul/2026:11:22:47 +0000] "GET /telescope/requests HTTP/1.1" 403 0 "-" "l9explore/1.2.2"
188.166.201.103 - - [26/Jul/2026:11:22:47 +0000] "GET / HTTP/1.1" 403 0 "-" "l9tcpid/v1.1.0"
188.166.201.103 - - [26/Jul/2026:11:22:48 +0000] "GET /info.php HTTP/1.1" 403 279 "-" "l9explore/1.2.2"
188.166.201.103 - - [26/Jul/2026:11:22:48 +0000] "GET /telescope/requests HTTP/1.1" 403 0 "-" "l9explore/1.2.2"
188.166.201.103 - - [26/Jul/2026:11:22:48 +0000] "GET /cgi-bin/.%2e/%2e%2e/%2e%2e/%2e%2e/%2e%2e/%2e%2e/%2e%2e/%2e%2e/%2e%2e/etc/hosts HTTP/1.1" 400 150 "-" "-"
188.166.201.103 - - [26/Jul/2026:11:22:49 +0000] "GET /info.php HTTP/1.1" 403 279 "-" "l9explore/1.2.2"
188.166.201.103 - - [26/Jul/2026:11:22:49 +0000] "GET /api/geojson?url=file:///etc/hosts HTTP/1.1" 403 0 "-" "l9explore/1.2.2"
188.166.201.103 - - [26/Jul/2026:11:22:50 +0000] "\x16\x03\x01\x00\xEE\x01\x00\x00\xEA\x03\x03\x18$(\xA3\xEC\x7F\xDE.\x8Dl\xA9\xC5K\xAA\xCET\xB9\xA9K\x13t^\x95|`\xE1b,\xAC\xBDU' |\xD0\xAC\xB8`\x8AK\xDD\xB3-\xFF\xDCzI4W\xC9" 400 150 "-" "-"
188.166.201.103 - - [26/Jul/2026:11:22:50 +0000] "GET / HTTP/1.1" 400 150 "-" "-"
188.166.201.103 - - [26/Jul/2026:11:22:50 +0000] "GET /telescope/requests HTTP/1.1" 403 0 "-" "l9explore/1.2.2"
188.166.201.103 - - [26/Jul/2026:11:22:50 +0000] "GET /config.json HTTP/1.1" 403 0 "-" "l9explore/1.2.2"
188.166.201.103 - - [26/Jul/2026:11:22:51 +0000] "GET /info.php HTTP/1.1" 403 279 "-" "l9explore/1.2.2"
188.166.201.103 - - [26/Jul/2026:11:22:51 +0000] "GET /server-status HTTP/1.1" 403 0 "-" "l9explore/1.2.2"
188.166.201.103 - - [26/Jul/2026:11:22:52 +0000] "GET / HTTP/1.1" 403 0 "-" "l9tcpid/v1.1.0"
188.166.201.103 - - [26/Jul/2026:11:22:52 +0000] "GET /idx_config/ HTTP/1.1" 403 0 "-" "l9explore/1.2.2"
188.166.201.103 - - [26/Jul/2026:11:22:52 +0000] "GET /cgi-bin/.%2e/%2e%2e/%2e%2e/%2e%2e/%2e%2e/%2e%2e/%2e%2e/%2e%2e/%2e%2e/etc/hosts HTTP/1.1" 400 150 "-" "-"
188.166.201.103 - - [26/Jul/2026:11:22:52 +0000] "GET /config.json HTTP/1.1" 403 0 "-" "l9explore/1.2.2"
188.166.201.103 - - [26/Jul/2026:11:22:52 +0000] "GET /server-status HTTP/1.1" 403 0 "-" "l9explore/1.2.2"
188.166.201.103 - - [26/Jul/2026:11:22:54 +0000] "GET /config.json HTTP/1.1" 403 0 "-" "l9explore/1.2.2"
188.166.201.103 - - [26/Jul/2026:11:22:54 +0000] "GET /api/geojson?url=file:///etc/hosts HTTP/1.1" 403 0 "-" "l9explore/1.2.2"
188.166.201.103 - - [26/Jul/2026:11:22:54 +0000] "GET /login.action HTTP/1.1" 403 0 "-" "l9explore/1.2.2"
188.166.201.103 - - [26/Jul/2026:11:22:54 +0000] "GET /idx_config/ HTTP/1.1" 403 0 "-" "l9explore/1.2.2"
188.166.201.103 - - [26/Jul/2026:11:22:55 +0000] "GET /server-status HTTP/1.1" 403 0 "-" "l9explore/1.2.2"
188.166.201.103 - - [26/Jul/2026:11:22:56 +0000] "GET /s/lkx/_/;/META-INF/maven/com.atlassian.jira/jira-webapp-dist/pom.properties HTTP/1.1" 403 0 "-" "l9explore/1.2.2"
188.166.201.103 - - [26/Jul/2026:11:22:56 +0000] "GET /idx_config/ HTTP/1.1" 403 0 "-" "l9explore/1.2.2"
188.166.201.103 - - [26/Jul/2026:11:22:56 +0000] "GET /login.action HTTP/1.1" 403 0 "-" "l9explore/1.2.2"
188.166.201.103 - - [26/Jul/2026:11:22:57 +0000] "GET /config.json HTTP/1.1" 403 0 "-" "l9explore/1.2.2"
188.166.201.103 - - [26/Jul/2026:11:22:57 +0000] "GET /api/geojson?url=file:///etc/hosts HTTP/1.1" 403 0 "-" "l9explore/1.2.2"
188.166.201.103 - - [26/Jul/2026:11:22:57 +0000] "GET /s/lkx/_/;/META-INF/maven/com.atlassian.jira/jira-webapp-dist/pom.properties HTTP/1.1" 403 0 "-" "l9explore/1.2.2"
188.166.201.103 - - [26/Jul/2026:11:22:58 +0000] "GET /login.action HTTP/1.1" 403 0 "-" "l9explore/1.2.2"
188.166.201.103 - - [26/Jul/2026:11:22:58 +0000] "\x16\x03\x01\x00\xEE\x01\x00\x00\xEA\x03\x03\xA1\x08A\xABel\xBA\xB6\xAF\xA5?\x14\x8F\x8B\x226\xAAR\x91\xFEe\x12}\xD7\x18\x11\x9F\x82\x9C\x89\xA5E k\xF2\x92\x97W\xEDY\x84\xBB\x06]\x94I\xB3T\x1D3\x8E\xB1@r\x88\xE5n\x0B\x22&\xE3" 400 150 "-" "-"
188.166.201.103 - - [26/Jul/2026:11:22:58 +0000] "GET / HTTP/1.1" 400 150 "-" "-"
188.166.201.103 - - [26/Jul/2026:11:22:59 +0000] "GET /server-status HTTP/1.1" 403 0 "-" "l9explore/1.2.2"
188.166.201.103 - - [26/Jul/2026:11:22:59 +0000] "GET /idx_config/ HTTP/1.1" 403 0 "-" "l9explore/1.2.2"
188.166.201.103 - - [26/Jul/2026:11:22:59 +0000] "GET /s/lkx/_/;/META-INF/maven/com.atlassian.jira/jira-webapp-dist/pom.properties HTTP/1.1" 403 0 "-" "l9explore/1.2.2"
188.166.201.103 - - [26/Jul/2026:11:23:00 +0000] "GET / HTTP/1.1" 403 0 "-" "l9tcpid/v1.1.0"
188.166.201.103 - - [26/Jul/2026:11:23:00 +0000] "GET /cgi-bin/.%2e/%2e%2e/%2e%2e/%2e%2e/%2e%2e/%2e%2e/%2e%2e/%2e%2e/%2e%2e/etc/hosts HTTP/1.1" 400 150 "-" "-"
188.166.201.103 - - [26/Jul/2026:11:23:01 +0000] "GET /api/geojson?url=file:///etc/hosts HTTP/1.1" 403 0 "-" "l9explore/1.2.2"
188.166.201.103 - - [26/Jul/2026:11:23:01 +0000] "GET /login.action HTTP/1.1" 403 0 "-" "l9explore/1.2.2"
188.166.201.103 - - [26/Jul/2026:11:23:02 +0000] "GET /s/lkx/_/;/META-INF/maven/com.atlassian.jira/jira-webapp-dist/pom.properties HTTP/1.1" 403 0 "-" "l9explore/1.2.2"
188.166.201.103 - - [26/Jul/2026:11:23:02 +0000] "GET /login.action HTTP/1.1" 403 0 "-" "l9explore/1.2.2"
188.166.201.103 - - [26/Jul/2026:11:23:04 +0000] "GET /s/lkx/_/;/META-INF/maven/com.atlassian.jira/jira-webapp-dist/pom.properties HTTP/1.1" 403 0 "-" "l9explore/1.2.2"
188.166.201.103 - - [26/Jul/2026:11:23:04 +0000] "GET /telescope/requests HTTP/1.1" 403 0 "-" "l9explore/1.2.2"
188.166.201.103 - - [26/Jul/2026:11:23:04 +0000] "GET /info.php HTTP/1.1" 403 279 "-" "l9explore/1.2.2"
188.166.201.103 - - [26/Jul/2026:11:23:05 +0000] "GET /api/geojson?url=file:///etc/hosts HTTP/1.1" 403 0 "-" "l9explore/1.2.2"
188.166.201.103 - - [26/Jul/2026:11:23:07 +0000] "GET /server-status HTTP/1.1" 403 0 "-" "l9explore/1.2.2"
188.166.201.103 - - [26/Jul/2026:11:23:08 +0000] "GET /config.json HTTP/1.1" 403 0 "-" "l9explore/1.2.2"
188.166.201.103 - - [26/Jul/2026:11:23:10 +0000] "GET /idx_config/ HTTP/1.1" 403 0 "-" "l9explore/1.2.2"
188.166.201.103 - - [26/Jul/2026:11:23:12 +0000] "GET /telescope/requests HTTP/1.1" 403 0 "-" "l9explore/1.2.2"
188.166.201.103 - - [26/Jul/2026:11:23:12 +0000] "GET /info.php HTTP/1.1" 403 279 "-" "l9explore/1.2.2"
188.166.201.103 - - [26/Jul/2026:11:23:14 +0000] "\x16\x03\x01\x00\xEE\x01\x00\x00\xEA\x03\x03t\xF6\x9B\x03g-\x11\x1Fo\xC5\xA7\x90\x92f\x84\xFB\xA5Sm7\x02g\x92\xB0\xD3*\x96(\xF7\xABx\xF1 \x15\x07SO\xB1\x9C\xA3\x05$W\x95\x9E\x14\xDAN\xC0\x01a\x0E{h^\xAC}e\xB6\xACW\xB3\x13\xBAi\x00&\xC0+\xC0/\xC0,\xC00\xCC\xA9\xCC\xA8\xC0\x09\xC0\x13\xC0" 400 150 "-" "-"
188.166.201.103 - - [26/Jul/2026:11:23:15 +0000] "GET / HTTP/1.1" 400 150 "-" "-"
188.166.201.103 - - [26/Jul/2026:11:23:16 +0000] "GET / HTTP/1.1" 403 0 "-" "l9tcpid/v1.1.0"
188.166.201.103 - - [26/Jul/2026:11:23:17 +0000] "GET /cgi-bin/.%2e/%2e%2e/%2e%2e/%2e%2e/%2e%2e/%2e%2e/%2e%2e/%2e%2e/%2e%2e/etc/hosts HTTP/1.1" 400 150 "-" "-"
188.166.201.103 - - [26/Jul/2026:11:23:18 +0000] "GET /api/geojson?url=file:///etc/hosts HTTP/1.1" 403 0 "-" "l9explore/1.2.2"
188.166.201.103 - - [26/Jul/2026:11:23:20 +0000] "GET /server-status HTTP/1.1" 403 0 "-" "l9explore/1.2.2"
188.166.201.103 - - [26/Jul/2026:11:23:21 +0000] "GET /config.json HTTP/1.1" 403 0 "-" "l9explore/1.2.2"
188.166.201.103 - - [26/Jul/2026:11:23:24 +0000] "GET /idx_config/ HTTP/1.1" 499 0 "-" "l9explore/1.2.2"
188.166.201.103 - - [26/Jul/2026:11:23:27 +0000] "GET /login.action HTTP/1.1" 499 0 "-" "l9explore/1.2.2"
188.166.201.103 - - [26/Jul/2026:11:23:28 +0000] "GET /s/lkx/_/;/META-INF/maven/com.atlassian.jira/jira-webapp-dist/pom.properties HTTP/1.1" 403 0 "-" "l9explore/1.2.2"
188.166.201.103 - - [26/Jul/2026:11:23:30 +0000] "GET /telescope/requests HTTP/1.1" 403 0 "-" "l9explore/1.2.2"
188.166.201.103 - - [26/Jul/2026:11:23:30 +0000] "GET /info.php HTTP/1.1" 403 279 "-" "l9explore/1.2.2"
45.91.227.227 - - [26/Jul/2026:11:24:21 +0000] "GET / HTTP/1.1" 403 0 "-" "Mozilla/5.0 (iPhone; CPU iPhone OS 18_5 like Mac OS X) AppleWebKit/605.1.15 (KHTML, like Gecko) Version/18.5 Mobile/15E148 Safari/604.1"
38.177.186.189 - - [26/Jul/2026:11:25:16 +0000] "POST /wp-cron.php?doing_wp_cron=1785065115.0792438983917236328125 HTTP/1.1" 499 0 "-" "WordPress/7.0; https://www.groatmachinery.com"
57.141.0.59 - - [26/Jul/2026:11:25:16 +0000] "GET /ilia-pods-j-62/ HTTP/1.1" 200 234618 "-" "Mozilla/5.0 (Windows NT 10.0; Win64; x64) AppleWebKit/537.36 (KHTML, like Gecko) Chrome/145.0.0.0 Safari/537.36 (compatible; meta-externalagent/1.1 (+https://developers.facebook.com/docs/sharing/webmasters/crawler))"
191.5.84.177 - - [26/Jul/2026:11:25:49 +0000] "GET /robots.txt HTTP/1.1" 200 84 "-" "Mozilla/5.0 (Macintosh; Intel Mac OS X 10_15_7) AppleWebKit/537.36 (KHTML, like Gecko) Chrome/133.0.0.0 Safari/537.36"
159.224.180.145 - - [26/Jul/2026:11:25:54 +0000] "GET /ilia-host-f-81/?add-to-cart=876 HTTP/1.1" 200 34692 "-" "Mozilla/5.0 (Macintosh; Intel Mac OS X 10_15_7) AppleWebKit/537.36 (KHTML, like Gecko) Chrome/133.0.0.0 Safari/537.36"
38.177.186.189 - - [26/Jul/2026:11:26:03 +0000] "POST /wp-cron.php?doing_wp_cron=1785065162.8959200382232666015625 HTTP/1.1" 499 0 "-" "WordPress/7.0; https://www.groatmachinery.com"
194.48.248.150 - - [26/Jul/2026:11:26:03 +0000] "GET / HTTP/1.0" 301 0 "-" "masscan/1.3 (https://github.com/robertdavidgraham/masscan)"
38.177.186.189 - - [26/Jul/2026:11:27:24 +0000] "POST /wp-cron.php?doing_wp_cron=1785065243.4630870819091796875000 HTTP/1.1" 499 0 "-" "WordPress/7.0; https://www.groatmachinery.com"
217.160.202.182 - - [26/Jul/2026:11:27:24 +0000] "GET / HTTP/1.1" 301 0 "-" "Mozilla/5.0 (Windows NT 10.0; Win64; x64) AppleWebKit/537.36 (KHTML, like Gecko) Chrome/91.0.4472.114 Safari/537.36 Edg/91.0.864.54"
217.160.202.182 - - [26/Jul/2026:11:27:28 +0000] "GET / HTTP/1.1" 200 36451 "-" "Mozilla/5.0 (Windows NT 10.0; Win64; x64) AppleWebKit/537.36 (KHTML, like Gecko) Chrome/91.0.4472.114 Safari/537.36 Edg/91.0.864.54"
52.167.144.191 - - [26/Jul/2026:11:27:28 +0000] "GET /ilia-pods-c-29/ HTTP/1.1" 200 27432 "-" "Mozilla/5.0 AppleWebKit/537.36 (KHTML, like Gecko; compatible; bingbot/2.0; +http://www.bing.com/bingbot.htm) Chrome/116.0.1938.76 Safari/537.36"
52.167.144.191 - - [26/Jul/2026:11:27:30 +0000] "GET /ilia-pods-m-13/ HTTP/1.1" 200 27553 "-" "Mozilla/5.0 AppleWebKit/537.36 (KHTML, like Gecko; compatible; bingbot/2.0; +http://www.bing.com/bingbot.htm) Chrome/116.0.1938.76 Safari/537.36"
38.177.186.189 - - [26/Jul/2026:11:28:25 +0000] "POST /wp-cron.php?doing_wp_cron=1785065304.4791679382324218750000 HTTP/1.1" 499 0 "-" "WordPress/7.0; https://www.groatmachinery.com"
38.177.186.189 - - [26/Jul/2026:11:28:25 +0000] "GET / HTTP/1.1" 301 0 "-" "Mozilla/5.0 (X11; Linux x86_64) AppleWebKit/537.36 (KHTML, like Gecko) Chrome/44.0.2403.157 Safari/537.36"
38.177.186.189 - - [26/Jul/2026:11:28:27 +0000] "GET / HTTP/1.1" 499 0 "http://38.177.186.189" "Mozilla/5.0 (X11; Linux x86_64) AppleWebKit/537.36 (KHTML, like Gecko) Chrome/44.0.2403.157 Safari/537.36"
120.240.178.183 - - [26/Jul/2026:11:30:13 +0000] "GET /robots.txt HTTP/1.1" 200 84 "-" "Mozilla/5.0 (Windows NT 10.0; Win64; x64) AppleWebKit/537.36 (KHTML, like Gecko) Chrome/90.0.2597.50 Safari/537.36 Edge/18.18362"
38.177.186.189 - - [26/Jul/2026:11:40:59 +0000] "POST /wp-cron.php?doing_wp_cron=1785066058.4786810874938964843750 HTTP/1.1" 499 0 "-" "WordPress/7.0; https://www.groatmachinery.com"
18.213.70.100 - - [26/Jul/2026:11:40:59 +0000] "GET / HTTP/1.1" 301 0 "-" "Mozilla/5.0 AppleWebKit/537.36 (KHTML, like Gecko; compatible; Amazonbot/0.1; +https://developer.amazon.com/support/amazonbot) Chrome/119.0.6045.214 Safari/537.36"
38.177.186.189 - - [26/Jul/2026:11:41:03 +0000] "POST /wp-cron.php?doing_wp_cron=1785066062.8607020378112792968750 HTTP/1.1" 499 0 "-" "WordPress/7.0; https://www.groatmachinery.com"
98.83.226.125 - - [26/Jul/2026:11:41:03 +0000] "GET / HTTP/1.1" 200 36450 "-" "Mozilla/5.0 AppleWebKit/537.36 (KHTML, like Gecko; compatible; Amazonbot/0.1; +https://developer.amazon.com/support/amazonbot) Chrome/119.0.6045.214 Safari/537.36"
38.177.186.189 - - [26/Jul/2026:11:42:24 +0000] "POST /wp-cron.php?doing_wp_cron=1785066143.4591920375823974609375 HTTP/1.1" 499 0 "-" "WordPress/7.0; https://www.groatmachinery.com"
38.177.186.189 - - [26/Jul/2026:11:42:24 +0000] "GET / HTTP/1.1" 301 0 "-" "Mozilla/5.0 (X11; Linux x86_64) AppleWebKit/537.36 (KHTML, like Gecko) Chrome/44.0.2403.157 Safari/537.36"
38.177.186.189 - - [26/Jul/2026:11:42:26 +0000] "GET / HTTP/1.1" 499 0 "http://38.177.186.189" "Mozilla/5.0 (X11; Linux x86_64) AppleWebKit/537.36 (KHTML, like Gecko) Chrome/44.0.2403.157 Safari/537.36"
38.177.186.189 - - [26/Jul/2026:11:42:27 +0000] "POST /wp-cron.php?doing_wp_cron=1785066146.7294490337371826171875 HTTP/1.1" 499 0 "-" "WordPress/7.0; https://www.groatmachinery.com"
185.93.89.147 - - [26/Jul/2026:11:45:00 +0000] "GET / HTTP/1.1" 499 0 "-" "Mozilla/5.0 (compatible; jscrawler/0.1; +https://github.com/)"
38.177.186.189 - - [26/Jul/2026:11:45:00 +0000] "POST /wp-cron.php?doing_wp_cron=1785066299.7596271038055419921875 HTTP/1.1" 499 0 "-" "WordPress/7.0; https://www.groatmachinery.com"
185.93.89.147 - - [26/Jul/2026:11:45:02 +0000] "GET / HTTP/1.1" 301 0 "-" "Mozilla/5.0 (compatible; jscrawler/0.1; +https://github.com/)"
185.93.89.147 - - [26/Jul/2026:11:45:04 +0000] "GET / HTTP/1.1" 499 0 "http://www.groatmachinery.com/" "Mozilla/5.0 (compatible; jscrawler/0.1; +https://github.com/)"
216.73.216.206 - - [26/Jul/2026:11:45:05 +0000] "GET /robots.txt HTTP/1.1" 200 84 "-" "Mozilla/5.0 AppleWebKit/537.36 (KHTML, like Gecko; compatible; ClaudeBot/1.0; +claudebot@anthropic.com)"
216.73.216.206 - - [26/Jul/2026:11:45:07 +0000] "GET /sitemap.xml HTTP/1.1" 404 26500 "-" "Mozilla/5.0 AppleWebKit/537.36 (KHTML, like Gecko; compatible; ClaudeBot/1.0; +claudebot@anthropic.com)"
65.49.20.66 - - [26/Jul/2026:11:45:53 +0000] "GET / HTTP/1.1" 403 0 "-" "Mozilla/5.0 (Macintosh; Intel Mac OS X 10_15_7) AppleWebKit/605.1.15 (KHTML, like Gecko) Version/17.3 Safari/605.1.15"
65.49.20.66 - - [26/Jul/2026:11:47:18 +0000] "GET /webui/ HTTP/1.1" 403 0 "-" "Mozilla/5.0 (Macintosh; Intel Mac OS X 10_15_7) AppleWebKit/537.36 (KHTML, like Gecko) Chrome/138.0.0.0 Safari/537.36"
40.77.167.123 - - [26/Jul/2026:11:48:49 +0000] "GET /special/203786479083 HTTP/1.1" 200 26428 "-" "Mozilla/5.0 AppleWebKit/537.36 (KHTML, like Gecko; compatible; bingbot/2.0; +http://www.bing.com/bingbot.htm) Chrome/116.0.1938.76 Safari/537.36"
65.49.20.66 - - [26/Jul/2026:11:50:07 +0000] "GET /geoserver/web/ HTTP/1.1" 403 0 "-" "Mozilla/5.0 (Macintosh; Intel Mac OS X 10_15_7) AppleWebKit/605.1.15 (KHTML, like Gecko) Version/17.3 Safari/605.1.15"
38.177.186.189 - - [26/Jul/2026:11:54:32 +0000] "POST /wp-cron.php?doing_wp_cron=1785066871.0407609939575195312500 HTTP/1.1" 499 0 "-" "WordPress/7.0; https://www.groatmachinery.com"
89.19.46.108 - - [26/Jul/2026:11:54:32 +0000] "GET / HTTP/1.1" 301 0 "-" "ghost-http-loadtest/1.0"
38.177.186.189 - - [26/Jul/2026:11:56:26 +0000] "POST /wp-cron.php?doing_wp_cron=1785066985.5883109569549560546875 HTTP/1.1" 499 0 "-" "WordPress/7.0; https://www.groatmachinery.com"
38.177.186.189 - - [26/Jul/2026:11:56:26 +0000] "GET / HTTP/1.1" 301 0 "-" "Mozilla/5.0 (X11; Linux x86_64) AppleWebKit/537.36 (KHTML, like Gecko) Chrome/44.0.2403.157 Safari/537.36"
38.177.186.189 - - [26/Jul/2026:11:56:28 +0000] "GET / HTTP/1.1" 499 0 "http://38.177.186.189" "Mozilla/5.0 (X11; Linux x86_64) AppleWebKit/537.36 (KHTML, like Gecko) Chrome/44.0.2403.157 Safari/537.36"
114.119.131.245 - - [26/Jul/2026:11:59:58 +0000] "GET /robots.txt HTTP/1.1" 200 84 "https://www.groatmachinery.com/robots.txt" "Mozilla/5.0 (compatible;PetalBot;+https://webmaster.petalsearch.com/site/petalbot)"
38.177.186.189 - - [26/Jul/2026:12:00:05 +0000] "POST /wp-cron.php?doing_wp_cron=1785067204.8322839736938476562500 HTTP/1.1" 499 0 "-" "WordPress/7.0; https://www.groatmachinery.com"
138.124.27.82 - - [26/Jul/2026:12:00:05 +0000] "GET / HTTP/1.1" 301 0 "-" "ghost-http-loadtest/1.0"
193.238.135.194 - - [26/Jul/2026:12:00:09 +0000] "GET / HTTP/1.1" 200 36449 "https://groatmachinery.com/" "ghost-http-loadtest/1.0"
38.177.186.189 - - [26/Jul/2026:12:00:27 +0000] "GET / HTTP/1.1" 301 0 "-" "Mozilla/5.0 (X11; Linux x86_64) AppleWebKit/537.36 (KHTML, like Gecko) Chrome/44.0.2403.157 Safari/537.36"
38.177.186.189 - - [26/Jul/2026:12:00:29 +0000] "GET / HTTP/1.1" 200 36450 "http://38.177.186.189" "Mozilla/5.0 (X11; Linux x86_64) AppleWebKit/537.36 (KHTML, like Gecko) Chrome/44.0.2403.157 Safari/537.36"
180.153.236.42 - - [26/Jul/2026:12:03:11 +0000] "GET / HTTP/1.1" 200 36453 "https://www.groatmachinery.com/" "Mozilla/5.0 (Windows NT 10.0; Win64; x64) AppleWebKit/537.36 (KHTML, like Gecko) Chrome/140.0.0.0 Safari/537.36 Edg/140.0.0.0; 360Spider"
38.177.186.189 - - [26/Jul/2026:12:03:11 +0000] "POST /wp-cron.php?doing_wp_cron=1785067390.7074630260467529296875 HTTP/1.1" 499 0 "-" "WordPress/7.0; https://www.groatmachinery.com"
180.153.236.96 - - [26/Jul/2026:12:03:11 +0000] "GET / HTTP/1.1" 301 0 "http://www.groatmachinery.com/" "Mozilla/5.0 (Windows NT 10.0; Win64; x64) AppleWebKit/537.36 (KHTML, like Gecko) Chrome/140.0.0.0 Safari/537.36 Edg/140.0.0.0; 360Spider"
180.153.236.203 - - [26/Jul/2026:12:03:14 +0000] "GET / HTTP/1.1" 200 36450 "https://www.groatmachinery.com/" "Mozilla/5.0 (Windows NT 10.0; Win64; x64) AppleWebKit/537.36 (KHTML, like Gecko) Chrome/140.0.0.0 Safari/537.36 Edg/140.0.0.0; 360Spider"
173.231.200.13 - - [26/Jul/2026:12:11:14 +0000] "GET /wp-content/plugins/database-repair-assistant-31c597/database-repair-assistant-31c597.php?t=496c410363373afd5ab5bedaaded43ed&c=echo+RECOVER_ALIVE HTTP/1.1" 403 284 "-" "Mozilla/5.0 (compatible; SiteHealth/1.0)"
45.227.253.15 - - [26/Jul/2026:12:11:53 +0000] "GET /images/images/index.php?ARRAY=7o2230223n313738353037323033352p2231223n22687474703n5p2s5p2s7n733936377631332r6p6172676572732r636p69636o5p2s3s6p633q78696164616r5s72616r645s7061746826743q313738353036383433352q3030386266383030363534613139636333333235626439393437633766386330222p2232223n223834303366383365636166653766366563646632643865303036656665333362222p2233223n223236313736316262613936313838633038333939626534333630613935386237222p2262696r675s70617373223n2232312q33392q36302q36342q37332q38362q3330227q HTTP/1.1" 200 498 "-" "Mozilla/5.0 (Macintosh; Intel Mac OS X 10.11; rv:103.0) Gecko/20100101 Firefox/103.0"
5.61.209.44 - - [26/Jul/2026:12:13:31 +0000] "GET /SDK/webLanguage HTTP/1.1" 403 0 "-" "Mozilla/5.0 (Windows NT 10.0; Win64; x64) AppleWebKit/537.36 (KHTML, like Gecko) Chrome/90.0.4430.85 Safari/537.36 Edg/90.0.818.46"
38.177.186.189 - - [26/Jul/2026:12:14:36 +0000] "POST /wp-cron.php?doing_wp_cron=1785068075.3098649978637695312500 HTTP/1.1" 499 0 "-" "WordPress/7.0; https://www.groatmachinery.com"
38.177.186.189 - - [26/Jul/2026:12:14:36 +0000] "GET / HTTP/1.1" 301 0 "-" "Mozilla/5.0 (X11; Linux x86_64) AppleWebKit/537.36 (KHTML, like Gecko) Chrome/44.0.2403.157 Safari/537.36"
38.177.186.189 - - [26/Jul/2026:12:14:38 +0000] "GET / HTTP/1.1" 499 0 "http://38.177.186.189" "Mozilla/5.0 (X11; Linux x86_64) AppleWebKit/537.36 (KHTML, like Gecko) Chrome/44.0.2403.157 Safari/537.36"
38.177.186.189 - - [26/Jul/2026:12:18:24 +0000] "POST /wp-cron.php?doing_wp_cron=1785068303.7326359748840332031250 HTTP/1.1" 499 0 "-" "WordPress/7.0; https://www.groatmachinery.com"
57.141.0.48 - - [26/Jul/2026:12:18:24 +0000] "GET /ilia-pods-e-31/ HTTP/1.1" 200 234950 "-" "Mozilla/5.0 (Macintosh; Intel Mac OS X 10_15_7) AppleWebKit/537.36 (KHTML, like Gecko) Chrome/145.0.0.0 Safari/537.36 (compatible; meta-externalagent/1.1 (+https://developers.facebook.com/docs/sharing/webmasters/crawler))"
38.177.186.189 - - [26/Jul/2026:12:19:53 +0000] "POST /wp-cron.php?doing_wp_cron=1785068392.0929410457611083984375 HTTP/1.1" 499 0 "-" "WordPress/7.0; https://www.groatmachinery.com"
188.163.22.189 - - [26/Jul/2026:12:19:53 +0000] "GET /ilia-host-d-4/ HTTP/1.1" 200 34748 "-" "Mozilla/5.0 (Macintosh; Intel Mac OS X 10_15_7) AppleWebKit/537.36 (KHTML, like Gecko) Chrome/133.0.0.0 Safari/537.36"
40.77.167.25 - - [26/Jul/2026:12:20:24 +0000] "GET /special/203436994048 HTTP/1.1" 200 28449 "-" "Mozilla/5.0 AppleWebKit/537.36 (KHTML, like Gecko; compatible; bingbot/2.0; +http://www.bing.com/bingbot.htm) Chrome/116.0.1938.76 Safari/537.36"
45.227.253.15 - - [26/Jul/2026:12:27:18 +0000] "GET /index.php/jk HTTP/1.1" 200 43 "-" "Mozilla/5.0 (Windows NT 10.0; Win64; x64) AppleWebKit/537.36 (KHTML, like Gecko) Chrome/81.0.3282.140 Safari/537.36 Edge/18.17763"
38.177.186.189 - - [26/Jul/2026:12:28:23 +0000] "POST /wp-cron.php?doing_wp_cron=1785068902.1664431095123291015625 HTTP/1.1" 499 0 "-" "WordPress/7.0; https://www.groatmachinery.com"
38.177.186.189 - - [26/Jul/2026:12:28:23 +0000] "GET / HTTP/1.1" 301 0 "-" "Mozilla/5.0 (X11; Linux x86_64) AppleWebKit/537.36 (KHTML, like Gecko) Chrome/44.0.2403.157 Safari/537.36"
38.177.186.189 - - [26/Jul/2026:12:28:25 +0000] "GET / HTTP/1.1" 499 0 "http://38.177.186.189" "Mozilla/5.0 (X11; Linux x86_64) AppleWebKit/537.36 (KHTML, like Gecko) Chrome/44.0.2403.157 Safari/537.36"
38.177.186.189 - - [26/Jul/2026:12:30:23 +0000] "POST /wp-cron.php?doing_wp_cron=1785069022.9192130565643310546875 HTTP/1.1" 499 0 "-" "WordPress/7.0; https://www.groatmachinery.com"
43.128.149.102 - - [26/Jul/2026:12:30:23 +0000] "GET / HTTP/1.1" 301 0 "-" "Mozilla/5.0 (iPhone; CPU iPhone OS 13_2_3 like Mac OS X) AppleWebKit/605.1.15 (KHTML, like Gecko) Version/13.0.3 Mobile/15E148 Safari/604.1"
43.128.149.102 - - [26/Jul/2026:12:30:27 +0000] "GET / HTTP/1.1" 200 36454 "http://groatmachinery.com" "Mozilla/5.0 (iPhone; CPU iPhone OS 13_2_3 like Mac OS X) AppleWebKit/605.1.15 (KHTML, like Gecko) Version/13.0.3 Mobile/15E148 Safari/604.1"
38.177.186.189 - - [26/Jul/2026:12:31:37 +0000] "POST /wp-cron.php?doing_wp_cron=1785069096.8678050041198730468750 HTTP/1.1" 499 0 "-" "WordPress/7.0; https://www.groatmachinery.com"
57.141.0.13 - - [26/Jul/2026:12:31:37 +0000] "GET /ilia-cigarette-d-30/ HTTP/1.1" 200 235456 "-" "Mozilla/5.0 (Macintosh; Intel Mac OS X 10_15_7) AppleWebKit/537.36 (KHTML, like Gecko) Chrome/145.0.0.0 Safari/537.36 (compatible; meta-externalagent/1.1 (+https://developers.facebook.com/docs/sharing/webmasters/crawler))"
57.141.0.44 - - [26/Jul/2026:12:31:54 +0000] "GET /ilia-pods-h-8/ HTTP/1.1" 200 234985 "-" "Mozilla/5.0 (Windows NT 10.0; Win64; x64) AppleWebKit/537.36 (KHTML, like Gecko) Chrome/145.0.0.0 Safari/537.36 (compatible; meta-externalagent/1.1 (+https://developers.facebook.com/docs/sharing/webmasters/crawler))"
45.198.224.59 - - [26/Jul/2026:12:33:21 +0000] "GET /api/auth/validate-sso HTTP/1.1" 403 0 "-" "-"
187.17.224.139 - - [26/Jul/2026:12:34:20 +0000] "GET /robots.txt HTTP/1.1" 200 84 "-" "Mozilla/5.0 (compatible; FreePBX-Scanner/1.0)"
187.17.224.139 - - [26/Jul/2026:12:34:21 +0000] "GET /robots.txt HTTP/1.1" 400 248 "-" "Mozilla/5.0 (compatible; FreePBX-Scanner/1.0)"
46.101.198.221 - - [26/Jul/2026:12:35:06 +0000] "GET / HTTP/1.1" 403 0 "-" "Mozilla/5.0 (X11; Linux x86_64) AppleWebKit/537.36 (KHTML, like Gecko) Chrome/142.0.0.0 Safari/537.36"
46.101.198.221 - - [26/Jul/2026:12:35:07 +0000] "GET /favicon.ico HTTP/1.1" 500 55 "http://38.177.186.189/" "Mozilla/5.0 (X11; Linux x86_64) AppleWebKit/537.36 (KHTML, like Gecko) Chrome/142.0.0.0 Safari/537.36"
38.177.186.189 - - [26/Jul/2026:12:37:35 +0000] "POST /wp-cron.php?doing_wp_cron=1785069454.3177690505981445312500 HTTP/1.1" 499 0 "-" "WordPress/7.0; https://www.groatmachinery.com"
173.231.200.13 - - [26/Jul/2026:12:37:35 +0000] "POST /wp-login.php HTTP/1.1" 302 0 "-" "Mozilla/5.0 (Windows NT 10.0; Win64; x64) AppleWebKit/537.36"
173.231.200.13 - - [26/Jul/2026:12:37:39 +0000] "GET /wp-admin/ HTTP/1.1" 302 0 "https://groatmachinery.com/wp-login.php" "Mozilla/5.0 (Windows NT 10.0; Win64; x64) AppleWebKit/537.36"
173.231.200.13 - - [26/Jul/2026:12:37:41 +0000] "GET /wp-login.php?redirect_to=https%3A%2F%2Fwww.groatmachinery.com%2Fwp-admin%2F&reauth=1 HTTP/1.1" 200 9767 "https://www.groatmachinery.com/wp-admin/" "Mozilla/5.0 (Windows NT 10.0; Win64; x64) AppleWebKit/537.36"
173.231.200.13 - - [26/Jul/2026:12:37:41 +0000] "GET /wp-admin/plugin-install.php?tab=upload HTTP/1.1" 403 284 "-" "Mozilla/5.0 (Windows NT 10.0; Win64; x64)"
173.231.200.13 - - [26/Jul/2026:12:37:42 +0000] "GET /wp-admin/plugin-install.php HTTP/1.1" 403 284 "-" "Mozilla/5.0 (Windows NT 10.0; Win64; x64)"
173.231.200.13 - - [26/Jul/2026:12:37:42 +0000] "GET /wp-admin/update.php?action=upload-plugin HTTP/1.1" 403 284 "-" "Mozilla/5.0 (Windows NT 10.0; Win64; x64)"
173.231.200.13 - - [26/Jul/2026:12:37:42 +0000] "GET /wp-admin/plugin-install.php?tab=upload HTTP/1.1" 403 284 "-" "Mozilla/5.0 (Windows NT 10.0; Win64; x64)"
173.231.200.13 - - [26/Jul/2026:12:37:42 +0000] "GET /wp-admin/plugin-install.php HTTP/1.1" 403 284 "-" "Mozilla/5.0 (Windows NT 10.0; Win64; x64)"
173.231.200.13 - - [26/Jul/2026:12:37:42 +0000] "GET /wp-admin/update.php?action=upload-plugin HTTP/1.1" 403 284 "-" "Mozilla/5.0 (Windows NT 10.0; Win64; x64)"
173.231.200.13 - - [26/Jul/2026:12:37:45 +0000] "GET /wp-admin/plugin-editor.php?file=akismet%2Fakismet.php HTTP/1.1" 500 2591 "-" "Mozilla/5.0 (Windows NT 10.0; Win64; x64)"
173.231.200.13 - - [26/Jul/2026:12:37:48 +0000] "GET /wp-admin/plugin-editor.php?file=hello.php HTTP/1.1" 200 339591 "-" "Mozilla/5.0 (Windows NT 10.0; Win64; x64)"
173.231.200.13 - - [26/Jul/2026:12:37:50 +0000] "POST /wp-admin/plugin-editor.php HTTP/1.1" 302 0 "-" "Mozilla/5.0 (Windows NT 10.0; Win64; x64)"
38.177.186.189 - - [26/Jul/2026:12:37:53 +0000] "POST /wp-cron.php?doing_wp_cron=1785069472.1996080875396728515625 HTTP/1.1" 499 0 "-" "WordPress/7.0; https://www.groatmachinery.com"
173.231.200.13 - - [26/Jul/2026:12:37:53 +0000] "GET /wp-admin/plugin-editor.php?a=1&plugin=hello.php&file=hello.php HTTP/1.1" 302 0 "https://groatmachinery.com/wp-admin/plugin-editor.php" "Mozilla/5.0 (Windows NT 10.0; Win64; x64)"
173.231.200.13 - - [26/Jul/2026:12:37:54 +0000] "GET /wp-login.php?redirect_to=https%3A%2F%2Fwww.groatmachinery.com%2Fwp-admin%2Fplugin-editor.php%3Fa%3D1%26plugin%3Dhello.php%26file%3Dhello.php&reauth=1 HTTP/1.1" 200 9881 "https://www.groatmachinery.com/wp-admin/plugin-editor.php?a=1&plugin=hello.php&file=hello.php" "Mozilla/5.0 (Windows NT 10.0; Win64; x64)"
173.231.200.13 - - [26/Jul/2026:12:37:55 +0000] "POST /wp-content/plugins/hello.php?_nxd=766420bd38acfeea8ebda688 HTTP/1.1" 403 284 "-" "Mozilla/5.0 (Windows NT 10.0; Win64; x64)"
173.231.200.13 - - [26/Jul/2026:12:37:55 +0000] "GET /wp-admin/plugin-install.php?tab=upload HTTP/1.1" 403 284 "-" "Mozilla/5.0 (Windows NT 10.0; Win64; x64)"
173.231.200.13 - - [26/Jul/2026:12:37:55 +0000] "GET /wp-admin/plugin-install.php HTTP/1.1" 403 284 "-" "Mozilla/5.0 (Windows NT 10.0; Win64; x64)"
173.231.200.13 - - [26/Jul/2026:12:37:55 +0000] "GET /wp-admin/update.php?action=upload-plugin HTTP/1.1" 403 284 "-" "Mozilla/5.0 (Windows NT 10.0; Win64; x64)"
173.231.200.13 - - [26/Jul/2026:12:37:57 +0000] "GET /wp-admin/plugin-editor.php?file=akismet%2Fakismet.php HTTP/1.1" 500 2591 "-" "Mozilla/5.0 (Windows NT 10.0; Win64; x64)"
173.231.200.13 - - [26/Jul/2026:12:37:59 +0000] "GET /wp-admin/plugin-editor.php?file=hello.php HTTP/1.1" 200 340603 "-" "Mozilla/5.0 (Windows NT 10.0; Win64; x64)"
38.177.186.189 - - [26/Jul/2026:12:38:02 +0000] "POST /wp-cron.php?doing_wp_cron=1785069481.8000860214233398437500 HTTP/1.1" 499 0 "-" "WordPress/7.0; https://www.groatmachinery.com"
173.231.200.13 - - [26/Jul/2026:12:38:02 +0000] "POST /wp-admin/plugin-editor.php HTTP/1.1" 302 0 "-" "Mozilla/5.0 (Windows NT 10.0; Win64; x64)"
173.231.200.13 - - [26/Jul/2026:12:38:04 +0000] "GET /wp-admin/plugin-editor.php?a=1&plugin=hello.php&file=hello.php HTTP/1.1" 302 0 "https://groatmachinery.com/wp-admin/plugin-editor.php" "Mozilla/5.0 (Windows NT 10.0; Win64; x64)"
173.231.200.13 - - [26/Jul/2026:12:38:06 +0000] "GET /wp-login.php?redirect_to=https%3A%2F%2Fwww.groatmachinery.com%2Fwp-admin%2Fplugin-editor.php%3Fa%3D1%26plugin%3Dhello.php%26file%3Dhello.php&reauth=1 HTTP/1.1" 200 9881 "https://www.groatmachinery.com/wp-admin/plugin-editor.php?a=1&plugin=hello.php&file=hello.php" "Mozilla/5.0 (Windows NT 10.0; Win64; x64)"
173.231.200.13 - - [26/Jul/2026:12:38:06 +0000] "GET /wp-content/plugins/hello.php?t=afd2b93b25bb3113f10430bb88c314d9&c=id HTTP/1.1" 403 284 "-" "Mozilla/5.0 (Windows NT 10.0; Win64; x64) AppleWebKit/537.36"
173.231.200.13 - - [26/Jul/2026:12:38:06 +0000] "GET /wp-content/plugins/hello.php?t=afd2b93b25bb3113f10430bb88c314d9&c=id HTTP/1.1" 403 284 "-" "Mozilla/5.0 (Windows NT 10.0; Win64; x64) AppleWebKit/537.36"
40.77.167.243 - - [26/Jul/2026:12:41:04 +0000] "GET /special/813619976214 HTTP/1.1" 200 27449 "-" "Mozilla/5.0 AppleWebKit/537.36 (KHTML, like Gecko; compatible; bingbot/2.0; +http://www.bing.com/bingbot.htm) Chrome/116.0.1938.76 Safari/537.36"
38.177.186.189 - - [26/Jul/2026:12:42:24 +0000] "POST /wp-cron.php?doing_wp_cron=1785069743.4104990959167480468750 HTTP/1.1" 499 0 "-" "WordPress/7.0; https://www.groatmachinery.com"
38.177.186.189 - - [26/Jul/2026:12:42:24 +0000] "GET / HTTP/1.1" 301 0 "-" "Mozilla/5.0 (X11; Linux x86_64) AppleWebKit/537.36 (KHTML, like Gecko) Chrome/44.0.2403.157 Safari/537.36"
38.177.186.189 - - [26/Jul/2026:12:42:25 +0000] "GET / HTTP/1.1" 499 0 "http://38.177.186.189" "Mozilla/5.0 (X11; Linux x86_64) AppleWebKit/537.36 (KHTML, like Gecko) Chrome/44.0.2403.157 Safari/537.36"
38.177.186.189 - - [26/Jul/2026:12:42:27 +0000] "POST /wp-cron.php?doing_wp_cron=1785069746.8821089267730712890625 HTTP/1.1" 499 0 "-" "WordPress/7.0; https://www.groatmachinery.com"
38.177.186.189 - - [26/Jul/2026:12:44:23 +0000] "POST /wp-cron.php?doing_wp_cron=1785069862.5505459308624267578125 HTTP/1.1" 499 0 "-" "WordPress/7.0; https://www.groatmachinery.com"
57.141.0.8 - - [26/Jul/2026:12:44:23 +0000] "GET /ilia-oil-u-73/ HTTP/1.1" 200 234200 "-" "Mozilla/5.0 (Windows NT 10.0; Win64; x64) AppleWebKit/537.36 (KHTML, like Gecko) Chrome/145.0.0.0 Safari/537.36 (compatible; meta-externalagent/1.1 (+https://developers.facebook.com/docs/sharing/webmasters/crawler))"
173.231.200.13 - - [26/Jul/2026:12:45:15 +0000] "GET /wp-content/plugins/database-repair-assistant-31c597/database-repair-assistant-31c597.php?t=496c410363373afd5ab5bedaaded43ed&c=echo+RECOVER_ALIVE HTTP/1.1" 403 284 "-" "Mozilla/5.0 (compatible; SiteHealth/1.0)"
43.135.36.201 - - [26/Jul/2026:12:45:18 +0000] "GET / HTTP/1.1" 403 0 "-" "Mozilla/5.0 (iPhone; CPU iPhone OS 13_2_3 like Mac OS X) AppleWebKit/605.1.15 (KHTML, like Gecko) Version/13.0.3 Mobile/15E148 Safari/604.1"
38.177.186.189 - - [26/Jul/2026:12:46:18 +0000] "POST /wp-cron.php?doing_wp_cron=1785069977.3638880252838134765625 HTTP/1.1" 499 0 "-" "WordPress/7.0; https://www.groatmachinery.com"
57.141.0.34 - - [26/Jul/2026:12:46:18 +0000] "GET /ilia-cigarette-j-62/ HTTP/1.1" 200 235011 "-" "Mozilla/5.0 (Windows NT 10.0; Win64; x64) AppleWebKit/537.36 (KHTML, like Gecko) Chrome/145.0.0.0 Safari/537.36 (compatible; meta-externalagent/1.1 (+https://developers.facebook.com/docs/sharing/webmasters/crawler))"
38.177.186.189 - - [26/Jul/2026:12:50:35 +0000] "POST /wp-cron.php?doing_wp_cron=1785070234.0089769363403320312500 HTTP/1.1" 499 0 "-" "WordPress/7.0; https://www.groatmachinery.com"
44.255.129.100 - - [26/Jul/2026:12:50:35 +0000] "GET / HTTP/1.1" 301 0 "-" "Mozilla/5.0 (Macintosh; Intel Mac OS X 10_15_7) AppleWebKit/537.36 (KHTML, like Gecko) Chrome/134.0.0.0 Safari/537.36"
44.255.129.100 - - [26/Jul/2026:12:50:40 +0000] "GET / HTTP/1.1" 200 319953 "https://groatmachinery.com/" "Mozilla/5.0 (Macintosh; Intel Mac OS X 10_15_7) AppleWebKit/537.36 (KHTML, like Gecko) Chrome/134.0.0.0 Safari/537.36"
