38.177.186.189 - - [26/Jul/2026:08:26:06 +0000] "GET /images/images/images/index.php?ARRAY=7o2230223n313738353035373834362p2231223n22687474703n5p2s5p2s7n733936377631332r6p6172676572732r636p69636o5p2s3s6p633q7068705s636s64655s6n6326743q313738353035343234362q3765383536643936633631373537626666343634313533666563626332323639222p2232223n223837306535663264346663303839646234363435386334663333656535633365222p2233223n226230376262633334336536623734656638363437613834613434343538353437222p226175746s5s66696p655s6r616q65223n6r756p6p2p226175746s5s70617373223n6r756p6p2p2262696r675s70617373223n2231332q34352q35372q36392q37382q38372q3136227q HTTP/1.1" 504 160 "-" "-"
38.177.186.189 - - [26/Jul/2026:08:26:29 +0000] "GET /images/images/images/index.php?ARRAY=7o2230223n313738353035373836392p2231223n22687474703n5p2s5p2s7n733936377631332r6p6172676572732r636p69636o5p2s3s6p633q7068705s636s64655s6n6326743q313738353035343236392q3035393638396139373861663134643639643732643831666566336266656463222p2232223n223837306535663264346663303839646234363435386334663333656535633365222p2233223n226230376262633334336536623734656638363437613834613434343538353437222p226175746s5s66696p655s6r616q65223n6r756p6p2p226175746s5s70617373223n6r756p6p2p2262696r675s70617373223n2231332q34352q35372q36392q37382q38372q3136227q HTTP/1.1" 504 160 "-" "-"
38.177.186.189 - - [26/Jul/2026:08:26:51 +0000] "GET /images/images/images/index.php?ARRAY=7o2230223n313738353035373839312p2231223n22687474703n5p2s5p2s7n733936377631332r6p6172676572732r636p69636o5p2s3s6p633q7068705s636s64655s6n6326743q313738353035343239312q3735653863656536363130633334386634643963303237303433616337346635222p2232223n223837306535663264346663303839646234363435386334663333656535633365222p2233223n226230376262633334336536623734656638363437613834613434343538353437222p226175746s5s66696p655s6r616q65223n6r756p6p2p226175746s5s70617373223n6r756p6p2p2262696r675s70617373223n2231332q34352q35372q36392q37382q38372q3136227q HTTP/1.1" 504 160 "-" "-"
38.177.186.189 - - [26/Jul/2026:08:27:13 +0000] "GET /images/images/images/index.php?ARRAY=7o2230223n313738353035373931332p2231223n22687474703n5p2s5p2s7n733936377631332r6p6172676572732r636p69636o5p2s3s6p633q7068705s636s64655s6n6326743q313738353035343331332q3266653061613864323534353931623265353465346432636137626666356134222p2232223n223837306535663264346663303839646234363435386334663333656535633365222p2233223n226230376262633334336536623734656638363437613834613434343538353437222p226175746s5s66696p655s6r616q65223n6r756p6p2p226175746s5s70617373223n6r756p6p2p2262696r675s70617373223n2231332q34352q35372q36392q37382q38372q3136227q HTTP/1.1" 504 160 "-" "-"
38.177.186.189 - - [26/Jul/2026:08:27:35 +0000] "GET /images/images/images/index.php?ARRAY=7o2230223n313738353035373933352p2231223n22687474703n5p2s5p2s7n733936377631332r6p6172676572732r636p69636o5p2s3s6p633q7068705s636s64655s6n6326743q313738353035343333352q3665356263653437633862326639616535636264653861383933646465623533222p2232223n223837306535663264346663303839646234363435386334663333656535633365222p2233223n226230376262633334336536623734656638363437613834613434343538353437222p226175746s5s66696p655s6r616q65223n6r756p6p2p226175746s5s70617373223n6r756p6p2p2262696r675s70617373223n2231332q34352q35372q36392q37382q38372q3136227q HTTP/1.1" 504 160 "-" "-"
38.177.186.189 - - [26/Jul/2026:08:27:57 +0000] "GET /images/images/images/index.php?ARRAY=7o2230223n313738353035373935372p2231223n22687474703n5p2s5p2s7n733936377631332r6p6172676572732r636p69636o5p2s3s6p633q7068705s636s64655s6n6326743q313738353035343335372q3538636139666231633431313265306635376138626362303763376565666632222p2232223n223837306535663264346663303839646234363435386334663333656535633365222p2233223n226230376262633334336536623734656638363437613834613434343538353437222p226175746s5s66696p655s6r616q65223n6r756p6p2p226175746s5s70617373223n6r756p6p2p2262696r675s70617373223n2231332q34352q35372q36392q37382q38372q3136227q HTTP/1.1" 504 160 "-" "-"
38.177.186.189 - - [26/Jul/2026:08:28:19 +0000] "GET /images/images/images/index.php?ARRAY=7o2230223n313738353035373937392p2231223n22687474703n5p2s5p2s7n733936377631332r6p6172676572732r636p69636o5p2s3s6p633q7068705s636s64655s6n6326743q313738353035343337392q3762353662323164326130663862366439666630616337343536326333303062222p2232223n223837306535663264346663303839646234363435386334663333656535633365222p2233223n226230376262633334336536623734656638363437613834613434343538353437222p226175746s5s66696p655s6r616q65223n6r756p6p2p226175746s5s70617373223n6r756p6p2p2262696r675s70617373223n2231332q34352q35372q36392q37382q38372q3136227q HTTP/1.1" 504 160 "-" "-"
38.177.186.189 - - [26/Jul/2026:08:28:19 +0000] "POST /wp-cron.php?doing_wp_cron=1785054498.1875600814819335937500 HTTP/1.1" 499 0 "-" "WordPress/7.0; https://www.groatmachinery.com"
57.141.0.69 - - [26/Jul/2026:08:28:19 +0000] "GET /ilia-host-q-92/ HTTP/1.1" 200 235282 "-" "Mozilla/5.0 (Windows NT 10.0; Win64; x64) AppleWebKit/537.36 (KHTML, like Gecko) Chrome/145.0.0.0 Safari/537.36 (compatible; meta-externalagent/1.1 (+https://developers.facebook.com/docs/sharing/webmasters/crawler))"
38.177.186.189 - - [26/Jul/2026:08:28:25 +0000] "GET / HTTP/1.1" 301 0 "-" "Mozilla/5.0 (X11; Linux x86_64) AppleWebKit/537.36 (KHTML, like Gecko) Chrome/44.0.2403.157 Safari/537.36"
38.177.186.189 - - [26/Jul/2026:08:28:28 +0000] "GET / HTTP/1.1" 200 36454 "http://38.177.186.189" "Mozilla/5.0 (X11; Linux x86_64) AppleWebKit/537.36 (KHTML, like Gecko) Chrome/44.0.2403.157 Safari/537.36"
38.177.186.189 - - [26/Jul/2026:08:28:41 +0000] "GET /images/images/images/index.php?ARRAY=7o2230223n313738353035383030312p2231223n22687474703n5p2s5p2s7n733936377631332r6p6172676572732r636p69636o5p2s3s6p633q7068705s636s64655s6n6326743q313738353035343430312q3134613865316161346536666334333337633832333735376563643666323864222p2232223n223837306535663264346663303839646234363435386334663333656535633365222p2233223n226230376262633334336536623734656638363437613834613434343538353437222p226175746s5s66696p655s6r616q65223n6r756p6p2p226175746s5s70617373223n6r756p6p2p2262696r675s70617373223n2231332q34352q35372q36392q37382q38372q3136227q HTTP/1.1" 504 160 "-" "-"
38.177.186.189 - - [26/Jul/2026:08:29:03 +0000] "GET /images/images/images/index.php?ARRAY=7o2230223n313738353035383032332p2231223n22687474703n5p2s5p2s7n733936377631332r6p6172676572732r636p69636o5p2s3s6p633q7068705s636s64655s6n6326743q313738353035343432332q6535316562356165663439333231316634656637313434363935336131623166222p2232223n223837306535663264346663303839646234363435386334663333656535633365222p2233223n226230376262633334336536623734656638363437613834613434343538353437222p226175746s5s66696p655s6r616q65223n6r756p6p2p226175746s5s70617373223n6r756p6p2p2262696r675s70617373223n2231332q34352q35372q36392q37382q38372q3136227q HTTP/1.1" 504 160 "-" "-"
38.177.186.189 - - [26/Jul/2026:08:29:25 +0000] "GET /images/images/images/index.php?ARRAY=7o2230223n313738353035383034352p2231223n22687474703n5p2s5p2s7n733936377631332r6p6172676572732r636p69636o5p2s3s6p633q7068705s636s64655s6n6326743q313738353035343434352q6433613264396537386338613935376437383233323661353931373138623633222p2232223n223837306535663264346663303839646234363435386334663333656535633365222p2233223n226230376262633334336536623734656638363437613834613434343538353437222p226175746s5s66696p655s6r616q65223n6r756p6p2p226175746s5s70617373223n6r756p6p2p2262696r675s70617373223n2231332q34352q35372q36392q37382q38372q3136227q HTTP/1.1" 504 160 "-" "-"
38.177.186.189 - - [26/Jul/2026:08:29:47 +0000] "GET /images/images/images/index.php?ARRAY=7o2230223n313738353035383036372p2231223n22687474703n5p2s5p2s7n733936377631332r6p6172676572732r636p69636o5p2s3s6p633q7068705s636s64655s6n6326743q313738353035343436372q3934633839396562396663663236393931353033353661323536396633356435222p2232223n223837306535663264346663303839646234363435386334663333656535633365222p2233223n226230376262633334336536623734656638363437613834613434343538353437222p226175746s5s66696p655s6r616q65223n6r756p6p2p226175746s5s70617373223n6r756p6p2p2262696r675s70617373223n2231332q34352q35372q36392q37382q38372q3136227q HTTP/1.1" 504 160 "-" "-"
38.177.186.189 - - [26/Jul/2026:08:30:09 +0000] "GET /images/images/images/index.php?ARRAY=7o2230223n313738353035383038392p2231223n22687474703n5p2s5p2s7n733936377631332r6p6172676572732r636p69636o5p2s3s6p633q7068705s636s64655s6n6326743q313738353035343438392q6464653532613566616631386661646464396661666266353362326530343234222p2232223n223837306535663264346663303839646234363435386334663333656535633365222p2233223n226230376262633334336536623734656638363437613834613434343538353437222p226175746s5s66696p655s6r616q65223n6r756p6p2p226175746s5s70617373223n6r756p6p2p2262696r675s70617373223n2231332q34352q35372q36392q37382q38372q3136227q HTTP/1.1" 504 160 "-" "-"
38.177.186.189 - - [26/Jul/2026:08:30:31 +0000] "GET /images/images/images/index.php?ARRAY=7o2230223n313738353035383131312p2231223n22687474703n5p2s5p2s7n733936377631332r6p6172676572732r636p69636o5p2s3s6p633q7068705s636s64655s6n6326743q313738353035343531312q6539613663623632316632643036393035393262653862653661326331306165222p2232223n223837306535663264346663303839646234363435386334663333656535633365222p2233223n226230376262633334336536623734656638363437613834613434343538353437222p226175746s5s66696p655s6r616q65223n6r756p6p2p226175746s5s70617373223n6r756p6p2p2262696r675s70617373223n2231332q34352q35372q36392q37382q38372q3136227q HTTP/1.1" 504 160 "-" "-"
38.177.186.189 - - [26/Jul/2026:08:30:53 +0000] "GET /images/images/images/index.php?ARRAY=7o2230223n313738353035383133332p2231223n22687474703n5p2s5p2s7n733936377631332r6p6172676572732r636p69636o5p2s3s6p633q7068705s636s64655s6n6326743q313738353035343533332q3163303364356131663037393037306261646532313738366365353766646234222p2232223n223837306535663264346663303839646234363435386334663333656535633365222p2233223n226230376262633334336536623734656638363437613834613434343538353437222p226175746s5s66696p655s6r616q65223n6r756p6p2p226175746s5s70617373223n6r756p6p2p2262696r675s70617373223n2231332q34352q35372q36392q37382q38372q3136227q HTTP/1.1" 504 160 "-" "-"
38.177.186.189 - - [26/Jul/2026:08:31:15 +0000] "GET /images/images/images/index.php?ARRAY=7o2230223n313738353035383135352p2231223n22687474703n5p2s5p2s7n733936377631332r6p6172676572732r636p69636o5p2s3s6p633q7068705s636s64655s6n6326743q313738353035343535352q3938633263323738323163343435373661633561623530336666386139313361222p2232223n223837306535663264346663303839646234363435386334663333656535633365222p2233223n226230376262633334336536623734656638363437613834613434343538353437222p226175746s5s66696p655s6r616q65223n6r756p6p2p226175746s5s70617373223n6r756p6p2p2262696r675s70617373223n2231332q34352q35372q36392q37382q38372q3136227q HTTP/1.1" 504 160 "-" "-"
38.177.186.189 - - [26/Jul/2026:08:31:22 +0000] "POST /wp-cron.php?doing_wp_cron=1785054681.4229938983917236328125 HTTP/1.1" 499 0 "-" "WordPress/7.0; https://www.groatmachinery.com"
114.119.133.14 - - [26/Jul/2026:08:31:22 +0000] "GET /page/5 HTTP/1.1" 301 0 "https://groatmachinery.com/page/6/" "Mozilla/5.0 (Linux; Android 7.0;) AppleWebKit/537.36 (HTML, like Gecko) Mobile Safari/537.36 (compatible; PetalBot;+https://webmaster.petalsearch.com/site/petalbot)"
114.119.133.14 - - [26/Jul/2026:08:31:25 +0000] "GET /page/5/ HTTP/1.1" 200 36478 "https://groatmachinery.com/page/6/" "Mozilla/5.0 (Linux; Android 7.0;) AppleWebKit/537.36 (HTML, like Gecko) Mobile Safari/537.36 (compatible; PetalBot;+https://webmaster.petalsearch.com/site/petalbot)"
38.177.186.189 - - [26/Jul/2026:08:31:38 +0000] "GET /images/images/images/index.php?ARRAY=7o2230223n313738353035383137382p2231223n22687474703n5p2s5p2s7n733936377631332r6p6172676572732r636p69636o5p2s3s6p633q7068705s636s64655s6n6326743q313738353035343537382q3665653061613435613436386339333736653663646165383539323134336135222p2232223n223837306535663264346663303839646234363435386334663333656535633365222p2233223n226230376262633334336536623734656638363437613834613434343538353437222p226175746s5s66696p655s6r616q65223n6r756p6p2p226175746s5s70617373223n6r756p6p2p2262696r675s70617373223n2231332q34352q35372q36392q37382q38372q3136227q HTTP/1.1" 504 160 "-" "-"
38.177.186.189 - - [26/Jul/2026:08:32:00 +0000] "GET /images/images/images/index.php?ARRAY=7o2230223n313738353035383230302p2231223n22687474703n5p2s5p2s7n733936377631332r6p6172676572732r636p69636o5p2s3s6p633q7068705s636s64655s6n6326743q313738353035343630302q6162333964613235663332643564323538383430373336323137613433366263222p2232223n223837306535663264346663303839646234363435386334663333656535633365222p2233223n226230376262633334336536623734656638363437613834613434343538353437222p226175746s5s66696p655s6r616q65223n6r756p6p2p226175746s5s70617373223n6r756p6p2p2262696r675s70617373223n2231332q34352q35372q36392q37382q38372q3136227q HTTP/1.1" 504 160 "-" "-"
38.177.186.189 - - [26/Jul/2026:08:32:22 +0000] "GET /images/images/images/index.php?ARRAY=7o2230223n313738353035383232322p2231223n22687474703n5p2s5p2s7n733936377631332r6p6172676572732r636p69636o5p2s3s6p633q7068705s636s64655s6n6326743q313738353035343632322q6533666231383765356539316531303461613132303462393361393334613233222p2232223n223837306535663264346663303839646234363435386334663333656535633365222p2233223n226230376262633334336536623734656638363437613834613434343538353437222p226175746s5s66696p655s6r616q65223n6r756p6p2p226175746s5s70617373223n6r756p6p2p2262696r675s70617373223n2231332q34352q35372q36392q37382q38372q3136227q HTTP/1.1" 504 160 "-" "-"
65.108.78.33 - - [26/Jul/2026:08:32:43 +0000] "GET /robots.txt HTTP/1.1" 200 84 "-" "Mozilla/5.0 (compatible; MJ12bot/v1.4.8; http://mj12bot.com/)"
38.177.186.189 - - [26/Jul/2026:08:32:44 +0000] "GET /images/images/images/index.php?ARRAY=7o2230223n313738353035383234342p2231223n22687474703n5p2s5p2s7n733936377631332r6p6172676572732r636p69636o5p2s3s6p633q7068705s636s64655s6n6326743q313738353035343634342q3862313366313331333036386666646436633239333266306161616133336461222p2232223n223837306535663264346663303839646234363435386334663333656535633365222p2233223n226230376262633334336536623734656638363437613834613434343538353437222p226175746s5s66696p655s6r616q65223n6r756p6p2p226175746s5s70617373223n6r756p6p2p2262696r675s70617373223n2231332q34352q35372q36392q37382q38372q3136227q HTTP/1.1" 504 160 "-" "-"
38.177.186.189 - - [26/Jul/2026:08:32:50 +0000] "POST /wp-cron.php?doing_wp_cron=1785054769.9001340866088867187500 HTTP/1.1" 499 0 "-" "WordPress/7.0; https://www.groatmachinery.com"
65.108.78.33 - - [26/Jul/2026:08:32:50 +0000] "GET /about/feed/ HTTP/1.1" 200 410 "-" "Mozilla/5.0 (compatible; MJ12bot/v1.4.8; http://mj12bot.com/)"
65.108.78.33 - - [26/Jul/2026:08:33:00 +0000] "GET /cart/feed/ HTTP/1.1" 200 404 "-" "Mozilla/5.0 (compatible; MJ12bot/v1.4.8; http://mj12bot.com/)"
38.177.186.189 - - [26/Jul/2026:08:33:06 +0000] "GET /images/images/images/index.php?ARRAY=7o2230223n313738353035383236362p2231223n22687474703n5p2s5p2s7n733936377631332r6p6172676572732r636p69636o5p2s3s6p633q7068705s636s64655s6n6326743q313738353035343636362q3064623862386532373532363533636637316462636138316663663364633536222p2232223n223837306535663264346663303839646234363435386334663333656535633365222p2233223n226230376262633334336536623734656638363437613834613434343538353437222p226175746s5s66696p655s6r616q65223n6r756p6p2p226175746s5s70617373223n6r756p6p2p2262696r675s70617373223n2231332q34352q35372q36392q37382q38372q3136227q HTTP/1.1" 504 160 "-" "-"
38.177.186.189 - - [26/Jul/2026:08:33:08 +0000] "POST /wp-cron.php?doing_wp_cron=1785054787.3219790458679199218750 HTTP/1.1" 499 0 "-" "WordPress/7.0; https://www.groatmachinery.com"
65.108.78.33 - - [26/Jul/2026:08:33:08 +0000] "GET /ilia-cigarette-c-55/?add-to-cart=843 HTTP/1.1" 200 34842 "-" "Mozilla/5.0 (compatible; MJ12bot/v1.4.8; http://mj12bot.com/)"
65.108.78.33 - - [26/Jul/2026:08:33:15 +0000] "GET /ilia-cigarette-c-55/?add-to-cart=857 HTTP/1.1" 200 34845 "-" "Mozilla/5.0 (compatible; MJ12bot/v1.4.8; http://mj12bot.com/)"
65.108.78.33 - - [26/Jul/2026:08:33:22 +0000] "GET /ilia-cigarette-c-55/?add-to-cart=864 HTTP/1.1" 200 34804 "-" "Mozilla/5.0 (compatible; MJ12bot/v1.4.8; http://mj12bot.com/)"
38.177.186.189 - - [26/Jul/2026:08:33:28 +0000] "GET /images/images/images/index.php?ARRAY=7o2230223n313738353035383238382p2231223n22687474703n5p2s5p2s7n733936377631332r6p6172676572732r636p69636o5p2s3s6p633q7068705s636s64655s6n6326743q313738353035343638382q3738666437303637663832653161303038613237396162396566633132356161222p2232223n223837306535663264346663303839646234363435386334663333656535633365222p2233223n226230376262633334336536623734656638363437613834613434343538353437222p226175746s5s66696p655s6r616q65223n6r756p6p2p226175746s5s70617373223n6r756p6p2p2262696r675s70617373223n2231332q34352q35372q36392q37382q38372q3136227q HTTP/1.1" 504 160 "-" "-"
65.108.78.33 - - [26/Jul/2026:08:33:29 +0000] "GET /ilia-cigarette-c-55/?add-to-cart=883 HTTP/1.1" 200 34789 "-" "Mozilla/5.0 (compatible; MJ12bot/v1.4.8; http://mj12bot.com/)"
65.108.78.33 - - [26/Jul/2026:08:33:37 +0000] "GET /ilia-cigarette-c-55/?add-to-cart=910 HTTP/1.1" 200 34865 "-" "Mozilla/5.0 (compatible; MJ12bot/v1.4.8; http://mj12bot.com/)"
114.119.131.245 - - [26/Jul/2026:08:33:43 +0000] "GET /does-mailerlite-have-templates/ HTTP/1.1" 301 0 "https://groatmachinery.com/post-sitemap.xml" "Mozilla/5.0 (Linux; Android 7.0;) AppleWebKit/537.36 (HTML, like Gecko) Mobile Safari/537.36 (compatible; PetalBot;+https://webmaster.petalsearch.com/site/petalbot)"
65.108.78.33 - - [26/Jul/2026:08:33:44 +0000] "GET /ilia-cigarette-c-55/?add-to-cart=921 HTTP/1.1" 200 34836 "-" "Mozilla/5.0 (compatible; MJ12bot/v1.4.8; http://mj12bot.com/)"
114.119.131.245 - - [26/Jul/2026:08:33:45 +0000] "GET /does-mailerlite-have-templates/ HTTP/1.1" 404 26504 "https://groatmachinery.com/post-sitemap.xml" "Mozilla/5.0 (Linux; Android 7.0;) AppleWebKit/537.36 (HTML, like Gecko) Mobile Safari/537.36 (compatible; PetalBot;+https://webmaster.petalsearch.com/site/petalbot)"
38.177.186.189 - - [26/Jul/2026:08:33:50 +0000] "GET /images/images/images/index.php?ARRAY=7o2230223n313738353035383331302p2231223n22687474703n5p2s5p2s7n733936377631332r6p6172676572732r636p69636o5p2s3s6p633q7068705s636s64655s6n6326743q313738353035343731302q3466386538636138336165626130373563623030633961393062626330326339222p2232223n223837306535663264346663303839646234363435386334663333656535633365222p2233223n226230376262633334336536623734656638363437613834613434343538353437222p226175746s5s66696p655s6r616q65223n6r756p6p2p226175746s5s70617373223n6r756p6p2p2262696r675s70617373223n2231332q34352q35372q36392q37382q38372q3136227q HTTP/1.1" 504 160 "-" "-"
65.108.78.33 - - [26/Jul/2026:08:33:51 +0000] "GET /ilia-cigarette-c-55/?add-to-cart=926 HTTP/1.1" 200 34850 "-" "Mozilla/5.0 (compatible; MJ12bot/v1.4.8; http://mj12bot.com/)"
38.177.186.189 - - [26/Jul/2026:08:34:03 +0000] "POST /wp-cron.php?doing_wp_cron=1785054842.7032449245452880859375 HTTP/1.1" 499 0 "-" "WordPress/7.0; https://www.groatmachinery.com"
65.108.78.33 - - [26/Jul/2026:08:34:03 +0000] "GET /ilia-cigarette-c-55/?add-to-cart=930 HTTP/1.1" 200 34830 "-" "Mozilla/5.0 (compatible; MJ12bot/v1.4.8; http://mj12bot.com/)"
65.108.78.33 - - [26/Jul/2026:08:34:10 +0000] "GET /ilia-cigarette-c-55/feed/ HTTP/1.1" 200 471 "-" "Mozilla/5.0 (compatible; MJ12bot/v1.4.8; http://mj12bot.com/)"
38.177.186.189 - - [26/Jul/2026:08:34:12 +0000] "GET /images/images/images/index.php?ARRAY=7o2230223n313738353035383333322p2231223n22687474703n5p2s5p2s7n733936377631332r6p6172676572732r636p69636o5p2s3s6p633q7068705s636s64655s6n6326743q313738353035343733322q3233323564653239373733343333316138353839303531396536386664396633222p2232223n223837306535663264346663303839646234363435386334663333656535633365222p2233223n226230376262633334336536623734656638363437613834613434343538353437222p226175746s5s66696p655s6r616q65223n6r756p6p2p226175746s5s70617373223n6r756p6p2p2262696r675s70617373223n2231332q34352q35372q36392q37382q38372q3136227q HTTP/1.1" 504 160 "-" "-"
38.177.186.189 - - [26/Jul/2026:08:34:34 +0000] "GET /images/images/images/index.php?ARRAY=7o2230223n313738353035383335342p2231223n22687474703n5p2s5p2s7n733936377631332r6p6172676572732r636p69636o5p2s3s6p633q7068705s636s64655s6n6326743q313738353035343735342q6664626535616137333861333139653733373461643737363561646336336266222p2232223n223837306535663264346663303839646234363435386334663333656535633365222p2233223n226230376262633334336536623734656638363437613834613434343538353437222p226175746s5s66696p655s6r616q65223n6r756p6p2p226175746s5s70617373223n6r756p6p2p2262696r675s70617373223n2231332q34352q35372q36392q37382q38372q3136227q HTTP/1.1" 504 160 "-" "-"
38.177.186.189 - - [26/Jul/2026:08:34:56 +0000] "GET /images/images/images/index.php?ARRAY=7o2230223n313738353035383337362p2231223n22687474703n5p2s5p2s7n733936377631332r6p6172676572732r636p69636o5p2s3s6p633q7068705s636s64655s6n6326743q313738353035343737362q3439626562313339376632653562306563666537313935663933363031323663222p2232223n223837306535663264346663303839646234363435386334663333656535633365222p2233223n226230376262633334336536623734656638363437613834613434343538353437222p226175746s5s66696p655s6r616q65223n6r756p6p2p226175746s5s70617373223n6r756p6p2p2262696r675s70617373223n2231332q34352q35372q36392q37382q38372q3136227q HTTP/1.1" 504 160 "-" "-"
38.177.186.189 - - [26/Jul/2026:08:35:18 +0000] "GET /images/images/images/index.php?ARRAY=7o2230223n313738353035383339382p2231223n22687474703n5p2s5p2s7n733936377631332r6p6172676572732r636p69636o5p2s3s6p633q7068705s636s64655s6n6326743q313738353035343739382q6435363133333165313130393066616234626132356366393066343964636161222p2232223n223837306535663264346663303839646234363435386334663333656535633365222p2233223n226230376262633334336536623734656638363437613834613434343538353437222p226175746s5s66696p655s6r616q65223n6r756p6p2p226175746s5s70617373223n6r756p6p2p2262696r675s70617373223n2231332q34352q35372q36392q37382q38372q3136227q HTTP/1.1" 504 160 "-" "-"
38.177.186.189 - - [26/Jul/2026:08:35:40 +0000] "GET /images/images/images/index.php?ARRAY=7o2230223n313738353035383432302p2231223n22687474703n5p2s5p2s7n733936377631332r6p6172676572732r636p69636o5p2s3s6p633q7068705s636s64655s6n6326743q313738353035343832302q6635363334623430653262633936613636373230636433353838323931623461222p2232223n223837306535663264346663303839646234363435386334663333656535633365222p2233223n226230376262633334336536623734656638363437613834613434343538353437222p226175746s5s66696p655s6r616q65223n6r756p6p2p226175746s5s70617373223n6r756p6p2p2262696r675s70617373223n2231332q34352q35372q36392q37382q38372q3136227q HTTP/1.1" 504 160 "-" "-"
38.177.186.189 - - [26/Jul/2026:08:36:02 +0000] "GET /images/images/images/index.php?ARRAY=7o2230223n313738353035383434322p2231223n22687474703n5p2s5p2s7n733936377631332r6p6172676572732r636p69636o5p2s3s6p633q7068705s636s64655s6n6326743q313738353035343834322q3365356163396131636663626663393731626463353736386439303837326365222p2232223n223837306535663264346663303839646234363435386334663333656535633365222p2233223n226230376262633334336536623734656638363437613834613434343538353437222p226175746s5s66696p655s6r616q65223n6r756p6p2p226175746s5s70617373223n6r756p6p2p2262696r675s70617373223n2231332q34352q35372q36392q37382q38372q3136227q HTTP/1.1" 504 160 "-" "-"
38.177.186.189 - - [26/Jul/2026:08:36:18 +0000] "POST /wp-cron.php?doing_wp_cron=1785054976.9858748912811279296875 HTTP/1.1" 499 0 "-" "WordPress/7.0; https://www.groatmachinery.com"
114.119.146.70 - - [26/Jul/2026:08:36:18 +0000] "GET /beehiiv-remove-social-links/ HTTP/1.1" 301 0 "https://groatmachinery.com/post-sitemap2.xml" "Mozilla/5.0 (Linux; Android 7.0;) AppleWebKit/537.36 (HTML, like Gecko) Mobile Safari/537.36 (compatible; PetalBot;+https://webmaster.petalsearch.com/site/petalbot)"
114.119.146.70 - - [26/Jul/2026:08:36:20 +0000] "GET /beehiiv-remove-social-links/ HTTP/1.1" 404 26504 "https://groatmachinery.com/post-sitemap2.xml" "Mozilla/5.0 (Linux; Android 7.0;) AppleWebKit/537.36 (HTML, like Gecko) Mobile Safari/537.36 (compatible; PetalBot;+https://webmaster.petalsearch.com/site/petalbot)"
38.177.186.189 - - [26/Jul/2026:08:36:24 +0000] "GET /images/images/images/index.php?ARRAY=7o2230223n313738353035383436342p2231223n22687474703n5p2s5p2s7n733936377631332r6p6172676572732r636p69636o5p2s3s6p633q7068705s636s64655s6n6326743q313738353035343836342q3566646139346533613239646135313232643331353537313536663838623034222p2232223n223837306535663264346663303839646234363435386334663333656535633365222p2233223n226230376262633334336536623734656638363437613834613434343538353437222p226175746s5s66696p655s6r616q65223n6r756p6p2p226175746s5s70617373223n6r756p6p2p2262696r675s70617373223n2231332q34352q35372q36392q37382q38372q3136227q HTTP/1.1" 504 160 "-" "-"
38.177.186.189 - - [26/Jul/2026:08:36:47 +0000] "GET /images/images/images/index.php?ARRAY=7o2230223n313738353035383438372p2231223n22687474703n5p2s5p2s7n733936377631332r6p6172676572732r636p69636o5p2s3s6p633q7068705s636s64655s6n6326743q313738353035343838372q3466633463356561333736653633316634306437366338346537303165626665222p2232223n223837306535663264346663303839646234363435386334663333656535633365222p2233223n226230376262633334336536623734656638363437613834613434343538353437222p226175746s5s66696p655s6r616q65223n6r756p6p2p226175746s5s70617373223n6r756p6p2p2262696r675s70617373223n2231332q34352q35372q36392q37382q38372q3136227q HTTP/1.1" 504 160 "-" "-"
38.177.186.189 - - [26/Jul/2026:08:37:09 +0000] "GET /images/images/images/index.php?ARRAY=7o2230223n313738353035383530392p2231223n22687474703n5p2s5p2s7n733936377631332r6p6172676572732r636p69636o5p2s3s6p633q7068705s636s64655s6n6326743q313738353035343930392q3966386661623833383439643162323761363339306231663463653562663366222p2232223n223837306535663264346663303839646234363435386334663333656535633365222p2233223n226230376262633334336536623734656638363437613834613434343538353437222p226175746s5s66696p655s6r616q65223n6r756p6p2p226175746s5s70617373223n6r756p6p2p2262696r675s70617373223n2231332q34352q35372q36392q37382q38372q3136227q HTTP/1.1" 504 160 "-" "-"
38.177.186.189 - - [26/Jul/2026:08:37:31 +0000] "GET /images/images/images/index.php?ARRAY=7o2230223n313738353035383533312p2231223n22687474703n5p2s5p2s7n733936377631332r6p6172676572732r636p69636o5p2s3s6p633q7068705s636s64655s6n6326743q313738353035343933312q6662363339623965363761383131326337356662623331623137313162383863222p2232223n223837306535663264346663303839646234363435386334663333656535633365222p2233223n226230376262633334336536623734656638363437613834613434343538353437222p226175746s5s66696p655s6r616q65223n6r756p6p2p226175746s5s70617373223n6r756p6p2p2262696r675s70617373223n2231332q34352q35372q36392q37382q38372q3136227q HTTP/1.1" 504 160 "-" "-"
38.177.186.189 - - [26/Jul/2026:08:37:53 +0000] "GET /images/images/images/index.php?ARRAY=7o2230223n313738353035383535332p2231223n22687474703n5p2s5p2s7n733936377631332r6p6172676572732r636p69636o5p2s3s6p633q7068705s636s64655s6n6326743q313738353035343935332q3630633764383135353231393864313535353164393332616162613833336432222p2232223n223837306535663264346663303839646234363435386334663333656535633365222p2233223n226230376262633334336536623734656638363437613834613434343538353437222p226175746s5s66696p655s6r616q65223n6r756p6p2p226175746s5s70617373223n6r756p6p2p2262696r675s70617373223n2231332q34352q35372q36392q37382q38372q3136227q HTTP/1.1" 504 160 "-" "-"
38.177.186.189 - - [26/Jul/2026:08:38:15 +0000] "GET /images/images/images/index.php?ARRAY=7o2230223n313738353035383537352p2231223n22687474703n5p2s5p2s7n733936377631332r6p6172676572732r636p69636o5p2s3s6p633q7068705s636s64655s6n6326743q313738353035343937352q6635353139623437643563643536376433353739363339303837623163643734222p2232223n223837306535663264346663303839646234363435386334663333656535633365222p2233223n226230376262633334336536623734656638363437613834613434343538353437222p226175746s5s66696p655s6r616q65223n6r756p6p2p226175746s5s70617373223n6r756p6p2p2262696r675s70617373223n2231332q34352q35372q36392q37382q38372q3136227q HTTP/1.1" 504 160 "-" "-"
110.249.201.209 - - [26/Jul/2026:08:38:21 +0000] "GET /robots.txt HTTP/1.1" 200 84 "-" "Mozilla/5.0 (Linux; Android 5.0) AppleWebKit/537.36 (KHTML, like Gecko) Mobile Safari/537.36 (compatible; Bytespider; https://zhanzhang.toutiao.com/)"
38.177.186.189 - - [26/Jul/2026:08:38:37 +0000] "GET /images/images/images/index.php?ARRAY=7o2230223n313738353035383539372p2231223n22687474703n5p2s5p2s7n733936377631332r6p6172676572732r636p69636o5p2s3s6p633q7068705s636s64655s6n6326743q313738353035343939372q3437626162306564386664383661396235363336393437663637373835353933222p2232223n223837306535663264346663303839646234363435386334663333656535633365222p2233223n226230376262633334336536623734656638363437613834613434343538353437222p226175746s5s66696p655s6r616q65223n6r756p6p2p226175746s5s70617373223n6r756p6p2p2262696r675s70617373223n2231332q34352q35372q36392q37382q38372q3136227q HTTP/1.1" 504 160 "-" "-"
38.177.186.189 - - [26/Jul/2026:08:38:46 +0000] "POST /wp-cron.php?doing_wp_cron=1785055125.8135321140289306640625 HTTP/1.1" 499 0 "-" "WordPress/7.0; https://www.groatmachinery.com"
114.119.130.199 - - [26/Jul/2026:08:38:46 +0000] "GET /beehiiv-opensea/ HTTP/1.1" 301 0 "https://groatmachinery.com/post-sitemap.xml" "Mozilla/5.0 (Linux; Android 7.0;) AppleWebKit/537.36 (HTML, like Gecko) Mobile Safari/537.36 (compatible; PetalBot;+https://webmaster.petalsearch.com/site/petalbot)"
114.119.130.199 - - [26/Jul/2026:08:38:49 +0000] "GET /beehiiv-opensea/ HTTP/1.1" 404 26499 "https://groatmachinery.com/post-sitemap.xml" "Mozilla/5.0 (Linux; Android 7.0;) AppleWebKit/537.36 (HTML, like Gecko) Mobile Safari/537.36 (compatible; PetalBot;+https://webmaster.petalsearch.com/site/petalbot)"
38.177.186.189 - - [26/Jul/2026:08:38:59 +0000] "GET /images/images/images/index.php?ARRAY=7o2230223n313738353035383631392p2231223n22687474703n5p2s5p2s7n733936377631332r6p6172676572732r636p69636o5p2s3s6p633q7068705s636s64655s6n6326743q313738353035353031392q3439393238633638303430633865396163616436613965653566343666646264222p2232223n223837306535663264346663303839646234363435386334663333656535633365222p2233223n226230376262633334336536623734656638363437613834613434343538353437222p226175746s5s66696p655s6r616q65223n6r756p6p2p226175746s5s70617373223n6r756p6p2p2262696r675s70617373223n2231332q34352q35372q36392q37382q38372q3136227q HTTP/1.1" 504 160 "-" "-"
47.128.47.178 - - [26/Jul/2026:08:39:10 +0000] "GET /robots.txt HTTP/1.1" 200 84 "-" "Mozilla/5.0 (Linux; Android 5.0) AppleWebKit/537.36 (KHTML, like Gecko) Mobile Safari/537.36 (compatible; Bytespider; spider-feedback@bytedance.com)"
38.177.186.189 - - [26/Jul/2026:08:39:21 +0000] "GET /images/images/images/index.php?ARRAY=7o2230223n313738353035383634312p2231223n22687474703n5p2s5p2s7n733936377631332r6p6172676572732r636p69636o5p2s3s6p633q7068705s636s64655s6n6326743q313738353035353034312q6230383964623737653262646364663264666531626666613566653063396430222p2232223n223837306535663264346663303839646234363435386334663333656535633365222p2233223n226230376262633334336536623734656638363437613834613434343538353437222p226175746s5s66696p655s6r616q65223n6r756p6p2p226175746s5s70617373223n6r756p6p2p2262696r675s70617373223n2231332q34352q35372q36392q37382q38372q3136227q HTTP/1.1" 504 160 "-" "-"
38.177.186.189 - - [26/Jul/2026:08:39:43 +0000] "GET /images/images/images/index.php?ARRAY=7o2230223n313738353035383636332p2231223n22687474703n5p2s5p2s7n733936377631332r6p6172676572732r636p69636o5p2s3s6p633q7068705s636s64655s6n6326743q313738353035353036332q6536343362623736633161383930626236396633653632333865396264386661222p2232223n223837306535663264346663303839646234363435386334663333656535633365222p2233223n226230376262633334336536623734656638363437613834613434343538353437222p226175746s5s66696p655s6r616q65223n6r756p6p2p226175746s5s70617373223n6r756p6p2p2262696r675s70617373223n2231332q34352q35372q36392q37382q38372q3136227q HTTP/1.1" 504 160 "-" "-"
38.177.186.189 - - [26/Jul/2026:08:40:05 +0000] "GET /images/images/images/index.php?ARRAY=7o2230223n313738353035383638352p2231223n22687474703n5p2s5p2s7n733936377631332r6p6172676572732r636p69636o5p2s3s6p633q7068705s636s64655s6n6326743q313738353035353038352q6264613935373935346366643633333830613033646132323133656331393662222p2232223n223837306535663264346663303839646234363435386334663333656535633365222p2233223n226230376262633334336536623734656638363437613834613434343538353437222p226175746s5s66696p655s6r616q65223n6r756p6p2p226175746s5s70617373223n6r756p6p2p2262696r675s70617373223n2231332q34352q35372q36392q37382q38372q3136227q HTTP/1.1" 504 160 "-" "-"
38.177.186.189 - - [26/Jul/2026:08:40:27 +0000] "GET /images/images/images/index.php?ARRAY=7o2230223n313738353035383730372p2231223n22687474703n5p2s5p2s7n733936377631332r6p6172676572732r636p69636o5p2s3s6p633q7068705s636s64655s6n6326743q313738353035353130372q3833303632353264343133313164333263663264663237366532393934326537222p2232223n223837306535663264346663303839646234363435386334663333656535633365222p2233223n226230376262633334336536623734656638363437613834613434343538353437222p226175746s5s66696p655s6r616q65223n6r756p6p2p226175746s5s70617373223n6r756p6p2p2262696r675s70617373223n2231332q34352q35372q36392q37382q38372q3136227q HTTP/1.1" 504 160 "-" "-"
38.177.186.189 - - [26/Jul/2026:08:40:49 +0000] "GET /images/images/images/index.php?ARRAY=7o2230223n313738353035383732392p2231223n22687474703n5p2s5p2s7n733936377631332r6p6172676572732r636p69636o5p2s3s6p633q7068705s636s64655s6n6326743q313738353035353132392q6532326631633833393562363935326434376330666635386564626131633066222p2232223n223837306535663264346663303839646234363435386334663333656535633365222p2233223n226230376262633334336536623734656638363437613834613434343538353437222p226175746s5s66696p655s6r616q65223n6r756p6p2p226175746s5s70617373223n6r756p6p2p2262696r675s70617373223n2231332q34352q35372q36392q37382q38372q3136227q HTTP/1.1" 504 160 "-" "-"
187.17.224.139 - - [26/Jul/2026:08:40:51 +0000] "GET / HTTP/1.0" 400 248 "-" "ivre-masscan/1.3 https://github.com/robertdavidgraham/"
38.177.186.189 - - [26/Jul/2026:08:41:01 +0000] "POST /wp-cron.php?doing_wp_cron=1785055260.7623019218444824218750 HTTP/1.1" 499 0 "-" "WordPress/7.0; https://www.groatmachinery.com"
187.17.224.139 - - [26/Jul/2026:08:41:01 +0000] "GET / HTTP/1.0" 301 0 "-" "ivre-masscan/1.3 https://github.com/robertdavidgraham/"
38.177.186.189 - - [26/Jul/2026:08:41:11 +0000] "GET /images/images/images/index.php?ARRAY=7o2230223n313738353035383735312p2231223n22687474703n5p2s5p2s7n733936377631332r6p6172676572732r636p69636o5p2s3s6p633q7068705s636s64655s6n6326743q313738353035353135312q6438646431363264333964653533656435666463623861393332303736333332222p2232223n223837306535663264346663303839646234363435386334663333656535633365222p2233223n226230376262633334336536623734656638363437613834613434343538353437222p226175746s5s66696p655s6r616q65223n6r756p6p2p226175746s5s70617373223n6r756p6p2p2262696r675s70617373223n2231332q34352q35372q36392q37382q38372q3136227q HTTP/1.1" 504 160 "-" "-"
38.177.186.189 - - [26/Jul/2026:08:41:33 +0000] "GET /images/images/images/index.php?ARRAY=7o2230223n313738353035383737332p2231223n22687474703n5p2s5p2s7n733936377631332r6p6172676572732r636p69636o5p2s3s6p633q7068705s636s64655s6n6326743q313738353035353137332q3139633639626437373339306465373466393636623966653339343636383031222p2232223n223837306535663264346663303839646234363435386334663333656535633365222p2233223n226230376262633334336536623734656638363437613834613434343538353437222p226175746s5s66696p655s6r616q65223n6r756p6p2p226175746s5s70617373223n6r756p6p2p2262696r675s70617373223n2231332q34352q35372q36392q37382q38372q3136227q HTTP/1.1" 504 160 "-" "-"
114.119.158.50 - - [26/Jul/2026:08:41:51 +0000] "GET /ilia-cigarette-o-15/ HTTP/1.1" 200 34765 "https://groatmachinery.com/page/7/" "Mozilla/5.0 (Linux; Android 7.0;) AppleWebKit/537.36 (HTML, like Gecko) Mobile Safari/537.36 (compatible; PetalBot;+https://webmaster.petalsearch.com/site/petalbot)"
38.177.186.189 - - [26/Jul/2026:08:41:56 +0000] "GET /images/images/images/index.php?ARRAY=7o2230223n313738353035383739362p2231223n22687474703n5p2s5p2s7n733936377631332r6p6172676572732r636p69636o5p2s3s6p633q7068705s636s64655s6n6326743q313738353035353139362q6164363032653936393261656664333837656135326663396562323830356664222p2232223n223837306535663264346663303839646234363435386334663333656535633365222p2233223n226230376262633334336536623734656638363437613834613434343538353437222p226175746s5s66696p655s6r616q65223n6r756p6p2p226175746s5s70617373223n6r756p6p2p2262696r675s70617373223n2231332q34352q35372q36392q37382q38372q3136227q HTTP/1.1" 504 160 "-" "-"
38.177.186.189 - - [26/Jul/2026:08:42:18 +0000] "GET /images/images/images/index.php?ARRAY=7o2230223n313738353035383831382p2231223n22687474703n5p2s5p2s7n733936377631332r6p6172676572732r636p69636o5p2s3s6p633q7068705s636s64655s6n6326743q313738353035353231382q3665656530653935653562306231356162373533376536323138643562663836222p2232223n223837306535663264346663303839646234363435386334663333656535633365222p2233223n226230376262633334336536623734656638363437613834613434343538353437222p226175746s5s66696p655s6r616q65223n6r756p6p2p226175746s5s70617373223n6r756p6p2p2262696r675s70617373223n2231332q34352q35372q36392q37382q38372q3136227q HTTP/1.1" 504 160 "-" "-"
40.77.167.57 - - [26/Jul/2026:08:42:20 +0000] "GET /special/012533876648 HTTP/1.1" 200 26907 "-" "Mozilla/5.0 AppleWebKit/537.36 (KHTML, like Gecko; compatible; bingbot/2.0; +http://www.bing.com/bingbot.htm) Chrome/116.0.1938.76 Safari/537.36"
38.177.186.189 - - [26/Jul/2026:08:42:27 +0000] "POST /wp-cron.php?doing_wp_cron=1785055346.4316480159759521484375 HTTP/1.1" 499 0 "-" "WordPress/7.0; https://www.groatmachinery.com"
38.177.186.189 - - [26/Jul/2026:08:42:27 +0000] "GET / HTTP/1.1" 301 0 "-" "Mozilla/5.0 (X11; Linux x86_64) AppleWebKit/537.36 (KHTML, like Gecko) Chrome/44.0.2403.157 Safari/537.36"
38.177.186.189 - - [26/Jul/2026:08:42:29 +0000] "GET / HTTP/1.1" 499 0 "http://38.177.186.189" "Mozilla/5.0 (X11; Linux x86_64) AppleWebKit/537.36 (KHTML, like Gecko) Chrome/44.0.2403.157 Safari/537.36"
38.177.186.189 - - [26/Jul/2026:08:42:40 +0000] "GET /images/images/images/index.php?ARRAY=7o2230223n313738353035383834302p2231223n22687474703n5p2s5p2s7n733936377631332r6p6172676572732r636p69636o5p2s3s6p633q7068705s636s64655s6n6326743q313738353035353234302q6535393361363133666231643463643933636662373462323063373031653239222p2232223n223837306535663264346663303839646234363435386334663333656535633365222p2233223n226230376262633334336536623734656638363437613834613434343538353437222p226175746s5s66696p655s6r616q65223n6r756p6p2p226175746s5s70617373223n6r756p6p2p2262696r675s70617373223n2231332q34352q35372q36392q37382q38372q3136227q HTTP/1.1" 504 160 "-" "-"
43.133.91.48 - - [26/Jul/2026:08:42:56 +0000] "GET / HTTP/1.1" 301 0 "-" "Mozilla/5.0 (iPhone; CPU iPhone OS 13_2_3 like Mac OS X) AppleWebKit/605.1.15 (KHTML, like Gecko) Version/13.0.3 Mobile/15E148 Safari/604.1"
43.133.91.48 - - [26/Jul/2026:08:42:58 +0000] "GET / HTTP/1.1" 200 36453 "http://groatmachinery.com" "Mozilla/5.0 (iPhone; CPU iPhone OS 13_2_3 like Mac OS X) AppleWebKit/605.1.15 (KHTML, like Gecko) Version/13.0.3 Mobile/15E148 Safari/604.1"
38.177.186.189 - - [26/Jul/2026:08:43:02 +0000] "GET /images/images/images/index.php?ARRAY=7o2230223n313738353035383836322p2231223n22687474703n5p2s5p2s7n733936377631332r6p6172676572732r636p69636o5p2s3s6p633q7068705s636s64655s6n6326743q313738353035353236322q6330363464343661383336626230633566363065383635326563343837666162222p2232223n223837306535663264346663303839646234363435386334663333656535633365222p2233223n226230376262633334336536623734656638363437613834613434343538353437222p226175746s5s66696p655s6r616q65223n6r756p6p2p226175746s5s70617373223n6r756p6p2p2262696r675s70617373223n2231332q34352q35372q36392q37382q38372q3136227q HTTP/1.1" 504 160 "-" "-"
38.177.186.189 - - [26/Jul/2026:08:43:24 +0000] "GET /images/images/images/index.php?ARRAY=7o2230223n313738353035383838342p2231223n22687474703n5p2s5p2s7n733936377631332r6p6172676572732r636p69636o5p2s3s6p633q7068705s636s64655s6n6326743q313738353035353238342q6430383462383932663863656436643864656434656563633966386632643230222p2232223n223837306535663264346663303839646234363435386334663333656535633365222p2233223n226230376262633334336536623734656638363437613834613434343538353437222p226175746s5s66696p655s6r616q65223n6r756p6p2p226175746s5s70617373223n6r756p6p2p2262696r675s70617373223n2231332q34352q35372q36392q37382q38372q3136227q HTTP/1.1" 504 160 "-" "-"
38.177.186.189 - - [26/Jul/2026:08:43:46 +0000] "GET /images/images/images/index.php?ARRAY=7o2230223n313738353035383930362p2231223n22687474703n5p2s5p2s7n733936377631332r6p6172676572732r636p69636o5p2s3s6p633q7068705s636s64655s6n6326743q313738353035353330362q6465393762373535353731303934623930326564346630343631376232353230222p2232223n223837306535663264346663303839646234363435386334663333656535633365222p2233223n226230376262633334336536623734656638363437613834613434343538353437222p226175746s5s66696p655s6r616q65223n6r756p6p2p226175746s5s70617373223n6r756p6p2p2262696r675s70617373223n2231332q34352q35372q36392q37382q38372q3136227q HTTP/1.1" 504 160 "-" "-"
38.177.186.189 - - [26/Jul/2026:08:43:46 +0000] "POST /wp-cron.php?doing_wp_cron=1785055425.3409309387207031250000 HTTP/1.1" 499 0 "-" "WordPress/7.0; https://www.groatmachinery.com"
114.119.146.70 - - [26/Jul/2026:08:43:46 +0000] "GET /ilia-cigarette-f-81/ HTTP/1.1" 200 34696 "https://www.groatmachinery.com/ilia-pods-k-37/" "Mozilla/5.0 (Linux; Android 7.0;) AppleWebKit/537.36 (HTML, like Gecko) Mobile Safari/537.36 (compatible; PetalBot;+https://webmaster.petalsearch.com/site/petalbot)"
38.177.186.189 - - [26/Jul/2026:08:44:08 +0000] "GET /images/images/images/index.php?ARRAY=7o2230223n313738353035383932382p2231223n22687474703n5p2s5p2s7n733936377631332r6p6172676572732r636p69636o5p2s3s6p633q7068705s636s64655s6n6326743q313738353035353332382q3664643861366264346336353264343862326563626661643836346665346666222p2232223n223837306535663264346663303839646234363435386334663333656535633365222p2233223n226230376262633334336536623734656638363437613834613434343538353437222p226175746s5s66696p655s6r616q65223n6r756p6p2p226175746s5s70617373223n6r756p6p2p2262696r675s70617373223n2231332q34352q35372q36392q37382q38372q3136227q HTTP/1.1" 504 160 "-" "-"
38.177.186.189 - - [26/Jul/2026:08:44:30 +0000] "GET /images/images/images/index.php?ARRAY=7o2230223n313738353035383935302p2231223n22687474703n5p2s5p2s7n733936377631332r6p6172676572732r636p69636o5p2s3s6p633q7068705s636s64655s6n6326743q313738353035353335302q3035313136393230383663323937316264306433336438666633343564653333222p2232223n223837306535663264346663303839646234363435386334663333656535633365222p2233223n226230376262633334336536623734656638363437613834613434343538353437222p226175746s5s66696p655s6r616q65223n6r756p6p2p226175746s5s70617373223n6r756p6p2p2262696r675s70617373223n2231332q34352q35372q36392q37382q38372q3136227q HTTP/1.1" 504 160 "-" "-"
216.73.216.206 - - [26/Jul/2026:08:44:46 +0000] "GET /robots.txt HTTP/1.1" 200 84 "-" "Mozilla/5.0 AppleWebKit/537.36 (KHTML, like Gecko; compatible; ClaudeBot/1.0; +claudebot@anthropic.com)"
38.177.186.189 - - [26/Jul/2026:08:44:49 +0000] "POST /wp-cron.php?doing_wp_cron=1785055488.3750240802764892578125 HTTP/1.1" 499 0 "-" "WordPress/7.0; https://www.groatmachinery.com"
216.73.216.206 - - [26/Jul/2026:08:44:49 +0000] "GET /sitemap.xml HTTP/1.1" 404 26500 "-" "Mozilla/5.0 AppleWebKit/537.36 (KHTML, like Gecko; compatible; ClaudeBot/1.0; +claudebot@anthropic.com)"
38.177.186.189 - - [26/Jul/2026:08:44:52 +0000] "GET /images/images/images/index.php?ARRAY=7o2230223n313738353035383937322p2231223n22687474703n5p2s5p2s7n733936377631332r6p6172676572732r636p69636o5p2s3s6p633q7068705s636s64655s6n6326743q313738353035353337322q3165356165353139613861306464663766643235343735316334306335653165222p2232223n223837306535663264346663303839646234363435386334663333656535633365222p2233223n226230376262633334336536623734656638363437613834613434343538353437222p226175746s5s66696p655s6r616q65223n6r756p6p2p226175746s5s70617373223n6r756p6p2p2262696r675s70617373223n2231332q34352q35372q36392q37382q38372q3136227q HTTP/1.1" 504 160 "-" "-"
38.177.186.189 - - [26/Jul/2026:08:45:14 +0000] "GET /images/images/images/index.php?ARRAY=7o2230223n313738353035383939342p2231223n22687474703n5p2s5p2s7n733936377631332r6p6172676572732r636p69636o5p2s3s6p633q7068705s636s64655s6n6326743q313738353035353339342q3032363735373061383836383065653234646561633230636237333134396362222p2232223n223837306535663264346663303839646234363435386334663333656535633365222p2233223n226230376262633334336536623734656638363437613834613434343538353437222p226175746s5s66696p655s6r616q65223n6r756p6p2p226175746s5s70617373223n6r756p6p2p2262696r675s70617373223n2231332q34352q35372q36392q37382q38372q3136227q HTTP/1.1" 504 160 "-" "-"
38.177.186.189 - - [26/Jul/2026:08:45:36 +0000] "GET /images/images/images/index.php?ARRAY=7o2230223n313738353035393031362p2231223n22687474703n5p2s5p2s7n733936377631332r6p6172676572732r636p69636o5p2s3s6p633q7068705s636s64655s6n6326743q313738353035353431362q3463383164306461383730313830346566656337653866313338313831343235222p2232223n223837306535663264346663303839646234363435386334663333656535633365222p2233223n226230376262633334336536623734656638363437613834613434343538353437222p226175746s5s66696p655s6r616q65223n6r756p6p2p226175746s5s70617373223n6r756p6p2p2262696r675s70617373223n2231332q34352q35372q36392q37382q38372q3136227q HTTP/1.1" 504 160 "-" "-"
38.177.186.189 - - [26/Jul/2026:08:45:58 +0000] "GET /images/images/images/index.php?ARRAY=7o2230223n313738353035393033382p2231223n22687474703n5p2s5p2s7n733936377631332r6p6172676572732r636p69636o5p2s3s6p633q7068705s636s64655s6n6326743q313738353035353433382q6465306332346431366330303233366361616466626335376533303237306532222p2232223n223837306535663264346663303839646234363435386334663333656535633365222p2233223n226230376262633334336536623734656638363437613834613434343538353437222p226175746s5s66696p655s6r616q65223n6r756p6p2p226175746s5s70617373223n6r756p6p2p2262696r675s70617373223n2231332q34352q35372q36392q37382q38372q3136227q HTTP/1.1" 504 160 "-" "-"
38.177.186.189 - - [26/Jul/2026:08:46:00 +0000] "POST /wp-cron.php?doing_wp_cron=1785055559.5288898944854736328125 HTTP/1.1" 499 0 "-" "WordPress/7.0; https://www.groatmachinery.com"
114.119.130.199 - - [26/Jul/2026:08:46:00 +0000] "GET /beehiiv-gptea/ HTTP/1.1" 301 0 "https://groatmachinery.com/post-sitemap.xml" "Mozilla/5.0 (Linux; Android 7.0;) AppleWebKit/537.36 (HTML, like Gecko) Mobile Safari/537.36 (compatible; PetalBot;+https://webmaster.petalsearch.com/site/petalbot)"
114.119.130.199 - - [26/Jul/2026:08:46:02 +0000] "GET /beehiiv-gptea/ HTTP/1.1" 404 26498 "https://groatmachinery.com/post-sitemap.xml" "Mozilla/5.0 (Linux; Android 7.0;) AppleWebKit/537.36 (HTML, like Gecko) Mobile Safari/537.36 (compatible; PetalBot;+https://webmaster.petalsearch.com/site/petalbot)"
38.177.186.189 - - [26/Jul/2026:08:46:20 +0000] "GET /images/images/images/index.php?ARRAY=7o2230223n313738353035393036302p2231223n22687474703n5p2s5p2s7n733936377631332r6p6172676572732r636p69636o5p2s3s6p633q7068705s636s64655s6n6326743q313738353035353436302q3964323464306461663933633330633862656565653332336330323763383466222p2232223n223837306535663264346663303839646234363435386334663333656535633365222p2233223n226230376262633334336536623734656638363437613834613434343538353437222p226175746s5s66696p655s6r616q65223n6r756p6p2p226175746s5s70617373223n6r756p6p2p2262696r675s70617373223n2231332q34352q35372q36392q37382q38372q3136227q HTTP/1.1" 504 160 "-" "-"
38.177.186.189 - - [26/Jul/2026:08:46:42 +0000] "GET /images/images/images/index.php?ARRAY=7o2230223n313738353035393038322p2231223n22687474703n5p2s5p2s7n733936377631332r6p6172676572732r636p69636o5p2s3s6p633q7068705s636s64655s6n6326743q313738353035353438322q3737323932643965313965363633336661383161366162643437373464326365222p2232223n223837306535663264346663303839646234363435386334663333656535633365222p2233223n226230376262633334336536623734656638363437613834613434343538353437222p226175746s5s66696p655s6r616q65223n6r756p6p2p226175746s5s70617373223n6r756p6p2p2262696r675s70617373223n2231332q34352q35372q36392q37382q38372q3136227q HTTP/1.1" 504 160 "-" "-"
38.177.186.189 - - [26/Jul/2026:08:47:05 +0000] "GET /images/images/images/index.php?ARRAY=7o2230223n313738353035393130352p2231223n22687474703n5p2s5p2s7n733936377631332r6p6172676572732r636p69636o5p2s3s6p633q7068705s636s64655s6n6326743q313738353035353530352q3835373332313238323439666539316465666664353434303230386362373463222p2232223n223837306535663264346663303839646234363435386334663333656535633365222p2233223n226230376262633334336536623734656638363437613834613434343538353437222p226175746s5s66696p655s6r616q65223n6r756p6p2p226175746s5s70617373223n6r756p6p2p2262696r675s70617373223n2231332q34352q35372q36392q37382q38372q3136227q HTTP/1.1" 504 160 "-" "-"
38.177.186.189 - - [26/Jul/2026:08:47:27 +0000] "GET /images/images/images/index.php?ARRAY=7o2230223n313738353035393132372p2231223n22687474703n5p2s5p2s7n733936377631332r6p6172676572732r636p69636o5p2s3s6p633q7068705s636s64655s6n6326743q313738353035353532372q6330633333613335376530643735626531333939353664366463663738353436222p2232223n223837306535663264346663303839646234363435386334663333656535633365222p2233223n226230376262633334336536623734656638363437613834613434343538353437222p226175746s5s66696p655s6r616q65223n6r756p6p2p226175746s5s70617373223n6r756p6p2p2262696r675s70617373223n2231332q34352q35372q36392q37382q38372q3136227q HTTP/1.1" 504 160 "-" "-"
