38.177.186.189 - - [26/Jul/2026:07:45:36 +0000] "GET /images/images/images/index.php?ARRAY=7o2230223n313738353035353431362p2231223n22687474703n5p2s5p2s7n733936377631332r6p6172676572732r636p69636o5p2s3s6p633q7068705s636s64655s6n6326743q313738353035313831362q3964303937333130346363653534663433643935303031633135323638633833222p2232223n223837306535663264346663303839646234363435386334663333656535633365222p2233223n226230376262633334336536623734656638363437613834613434343538353437222p226175746s5s66696p655s6r616q65223n6r756p6p2p226175746s5s70617373223n6r756p6p2p2262696r675s70617373223n2231332q34352q35372q36392q37382q38372q3136227q HTTP/1.1" 504 160 "-" "-"
40.77.167.74 - - [26/Jul/2026:07:45:40 +0000] "GET /sitemap-detail-2624.xml HTTP/1.1" 200 14073 "-" "Mozilla/5.0 AppleWebKit/537.36 (KHTML, like Gecko; compatible; bingbot/2.0; +http://www.bing.com/bingbot.htm) Chrome/116.0.1938.76 Safari/537.36"
40.77.167.74 - - [26/Jul/2026:07:45:42 +0000] "GET /sitemap-detail-1091.xml HTTP/1.1" 200 14072 "-" "Mozilla/5.0 AppleWebKit/537.36 (KHTML, like Gecko; compatible; bingbot/2.0; +http://www.bing.com/bingbot.htm) Chrome/116.0.1938.76 Safari/537.36"
40.77.167.74 - - [26/Jul/2026:07:45:45 +0000] "GET /sitemap-detail-1616.xml HTTP/1.1" 200 14088 "-" "Mozilla/5.0 AppleWebKit/537.36 (KHTML, like Gecko; compatible; bingbot/2.0; +http://www.bing.com/bingbot.htm) Chrome/116.0.1938.76 Safari/537.36"
52.167.144.209 - - [26/Jul/2026:07:45:48 +0000] "GET /sitemap-detail-500.xml HTTP/1.1" 200 14079 "-" "Mozilla/5.0 AppleWebKit/537.36 (KHTML, like Gecko; compatible; bingbot/2.0; +http://www.bing.com/bingbot.htm) Chrome/116.0.1938.76 Safari/537.36"
52.167.144.209 - - [26/Jul/2026:07:45:51 +0000] "GET /sitemap-detail-401.xml HTTP/1.1" 200 14078 "-" "Mozilla/5.0 AppleWebKit/537.36 (KHTML, like Gecko; compatible; bingbot/2.0; +http://www.bing.com/bingbot.htm) Chrome/116.0.1938.76 Safari/537.36"
52.167.144.209 - - [26/Jul/2026:07:45:55 +0000] "GET /sitemap-detail-1090.xml HTTP/1.1" 200 14082 "-" "Mozilla/5.0 AppleWebKit/537.36 (KHTML, like Gecko; compatible; bingbot/2.0; +http://www.bing.com/bingbot.htm) Chrome/116.0.1938.76 Safari/537.36"
38.177.186.189 - - [26/Jul/2026:07:45:58 +0000] "GET /images/images/images/index.php?ARRAY=7o2230223n313738353035353433382p2231223n22687474703n5p2s5p2s7n733936377631332r6p6172676572732r636p69636o5p2s3s6p633q7068705s636s64655s6n6326743q313738353035313833382q3232613036623938336134333531306130626465373264333239383766353031222p2232223n223837306535663264346663303839646234363435386334663333656535633365222p2233223n226230376262633334336536623734656638363437613834613434343538353437222p226175746s5s66696p655s6r616q65223n6r756p6p2p226175746s5s70617373223n6r756p6p2p2262696r675s70617373223n2231332q34352q35372q36392q37382q38372q3136227q HTTP/1.1" 504 160 "-" "-"
52.167.144.213 - - [26/Jul/2026:07:46:04 +0000] "GET /sitemap-detail-2022.xml HTTP/1.1" 200 14099 "-" "Mozilla/5.0 AppleWebKit/537.36 (KHTML, like Gecko; compatible; bingbot/2.0; +http://www.bing.com/bingbot.htm) Chrome/116.0.1938.76 Safari/537.36"
52.167.144.209 - - [26/Jul/2026:07:46:05 +0000] "GET /special/01826398088 HTTP/1.1" 200 27359 "-" "Mozilla/5.0 AppleWebKit/537.36 (KHTML, like Gecko; compatible; bingbot/2.0; +http://www.bing.com/bingbot.htm) Chrome/116.0.1938.76 Safari/537.36"
52.167.144.213 - - [26/Jul/2026:07:46:06 +0000] "GET /sitemap-detail-1034.xml HTTP/1.1" 200 14068 "-" "Mozilla/5.0 AppleWebKit/537.36 (KHTML, like Gecko; compatible; bingbot/2.0; +http://www.bing.com/bingbot.htm) Chrome/116.0.1938.76 Safari/537.36"
52.167.144.209 - - [26/Jul/2026:07:46:08 +0000] "GET /special/01618222301 HTTP/1.1" 200 27714 "-" "Mozilla/5.0 AppleWebKit/537.36 (KHTML, like Gecko; compatible; bingbot/2.0; +http://www.bing.com/bingbot.htm) Chrome/116.0.1938.76 Safari/537.36"
38.177.186.189 - - [26/Jul/2026:07:46:11 +0000] "POST /wp-cron.php?doing_wp_cron=1785051970.7449979782104492187500 HTTP/1.1" 499 0 "-" "WordPress/7.0; https://www.groatmachinery.com"
114.119.134.152 - - [26/Jul/2026:07:46:11 +0000] "GET /page/37/ HTTP/1.1" 301 0 "https://groatmachinery.com/page/35/" "Mozilla/5.0 (Linux; Android 7.0;) AppleWebKit/537.36 (HTML, like Gecko) Mobile Safari/537.36 (compatible; PetalBot;+https://webmaster.petalsearch.com/site/petalbot)"
40.77.167.74 - - [26/Jul/2026:07:46:12 +0000] "GET /sitemap-detail-3044.xml HTTP/1.1" 200 14063 "-" "Mozilla/5.0 AppleWebKit/537.36 (KHTML, like Gecko; compatible; bingbot/2.0; +http://www.bing.com/bingbot.htm) Chrome/116.0.1938.76 Safari/537.36"
114.119.134.152 - - [26/Jul/2026:07:46:14 +0000] "GET /page/37/ HTTP/1.1" 200 36480 "https://groatmachinery.com/page/35/" "Mozilla/5.0 (Linux; Android 7.0;) AppleWebKit/537.36 (HTML, like Gecko) Mobile Safari/537.36 (compatible; PetalBot;+https://webmaster.petalsearch.com/site/petalbot)"
52.167.144.213 - - [26/Jul/2026:07:46:17 +0000] "GET /sitemap-detail-2767.xml HTTP/1.1" 200 14068 "-" "Mozilla/5.0 AppleWebKit/537.36 (KHTML, like Gecko; compatible; bingbot/2.0; +http://www.bing.com/bingbot.htm) Chrome/116.0.1938.76 Safari/537.36"
38.177.186.189 - - [26/Jul/2026:07:46:20 +0000] "GET /images/images/images/index.php?ARRAY=7o2230223n313738353035353436302p2231223n22687474703n5p2s5p2s7n733936377631332r6p6172676572732r636p69636o5p2s3s6p633q7068705s636s64655s6n6326743q313738353035313836302q3563636431363161613862613933303538363138626639326664303633383435222p2232223n223837306535663264346663303839646234363435386334663333656535633365222p2233223n226230376262633334336536623734656638363437613834613434343538353437222p226175746s5s66696p655s6r616q65223n6r756p6p2p226175746s5s70617373223n6r756p6p2p2262696r675s70617373223n2231332q34352q35372q36392q37382q38372q3136227q HTTP/1.1" 504 160 "-" "-"
52.167.144.209 - - [26/Jul/2026:07:46:26 +0000] "GET /sitemap-detail-2589.xml HTTP/1.1" 200 14090 "-" "Mozilla/5.0 AppleWebKit/537.36 (KHTML, like Gecko; compatible; bingbot/2.0; +http://www.bing.com/bingbot.htm) Chrome/116.0.1938.76 Safari/537.36"
40.77.167.74 - - [26/Jul/2026:07:46:30 +0000] "GET /sitemap-detail-592.xml HTTP/1.1" 200 14117 "-" "Mozilla/5.0 AppleWebKit/537.36 (KHTML, like Gecko; compatible; bingbot/2.0; +http://www.bing.com/bingbot.htm) Chrome/116.0.1938.76 Safari/537.36"
52.167.144.213 - - [26/Jul/2026:07:46:36 +0000] "GET /sitemap-detail-2888.xml HTTP/1.1" 200 14135 "-" "Mozilla/5.0 AppleWebKit/537.36 (KHTML, like Gecko; compatible; bingbot/2.0; +http://www.bing.com/bingbot.htm) Chrome/116.0.1938.76 Safari/537.36"
38.177.186.189 - - [26/Jul/2026:07:46:42 +0000] "GET /images/images/images/index.php?ARRAY=7o2230223n313738353035353438322p2231223n22687474703n5p2s5p2s7n733936377631332r6p6172676572732r636p69636o5p2s3s6p633q7068705s636s64655s6n6326743q313738353035313838322q3363343030323936343965396335643236313064353461643663343738326461222p2232223n223837306535663264346663303839646234363435386334663333656535633365222p2233223n226230376262633334336536623734656638363437613834613434343538353437222p226175746s5s66696p655s6r616q65223n6r756p6p2p226175746s5s70617373223n6r756p6p2p2262696r675s70617373223n2231332q34352q35372q36392q37382q38372q3136227q HTTP/1.1" 504 160 "-" "-"
52.167.144.209 - - [26/Jul/2026:07:46:45 +0000] "GET /sitemap-detail-741.xml HTTP/1.1" 200 14097 "-" "Mozilla/5.0 AppleWebKit/537.36 (KHTML, like Gecko; compatible; bingbot/2.0; +http://www.bing.com/bingbot.htm) Chrome/116.0.1938.76 Safari/537.36"
52.167.144.213 - - [26/Jul/2026:07:46:50 +0000] "GET /sitemap-detail-2117.xml HTTP/1.1" 200 14098 "-" "Mozilla/5.0 AppleWebKit/537.36 (KHTML, like Gecko; compatible; bingbot/2.0; +http://www.bing.com/bingbot.htm) Chrome/116.0.1938.76 Safari/537.36"
40.77.167.74 - - [26/Jul/2026:07:46:58 +0000] "GET /sitemap-detail-2656.xml HTTP/1.1" 200 14086 "-" "Mozilla/5.0 AppleWebKit/537.36 (KHTML, like Gecko; compatible; bingbot/2.0; +http://www.bing.com/bingbot.htm) Chrome/116.0.1938.76 Safari/537.36"
40.77.167.74 - - [26/Jul/2026:07:47:01 +0000] "GET /sitemap-detail-973.xml HTTP/1.1" 200 14098 "-" "Mozilla/5.0 AppleWebKit/537.36 (KHTML, like Gecko; compatible; bingbot/2.0; +http://www.bing.com/bingbot.htm) Chrome/116.0.1938.76 Safari/537.36"
38.177.186.189 - - [26/Jul/2026:07:47:04 +0000] "GET /images/images/images/index.php?ARRAY=7o2230223n313738353035353530342p2231223n22687474703n5p2s5p2s7n733936377631332r6p6172676572732r636p69636o5p2s3s6p633q7068705s636s64655s6n6326743q313738353035313930342q3861373261613731343761326130383437616239303961633965343865666635222p2232223n223837306535663264346663303839646234363435386334663333656535633365222p2233223n226230376262633334336536623734656638363437613834613434343538353437222p226175746s5s66696p655s6r616q65223n6r756p6p2p226175746s5s70617373223n6r756p6p2p2262696r675s70617373223n2231332q34352q35372q36392q37382q38372q3136227q HTTP/1.1" 504 160 "-" "-"
52.167.144.209 - - [26/Jul/2026:07:47:06 +0000] "GET /sitemap-detail-1763.xml HTTP/1.1" 200 14060 "-" "Mozilla/5.0 AppleWebKit/537.36 (KHTML, like Gecko; compatible; bingbot/2.0; +http://www.bing.com/bingbot.htm) Chrome/116.0.1938.76 Safari/537.36"
52.167.144.213 - - [26/Jul/2026:07:47:10 +0000] "GET /sitemap-detail-1993.xml HTTP/1.1" 200 14033 "-" "Mozilla/5.0 AppleWebKit/537.36 (KHTML, like Gecko; compatible; bingbot/2.0; +http://www.bing.com/bingbot.htm) Chrome/116.0.1938.76 Safari/537.36"
52.167.144.209 - - [26/Jul/2026:07:47:15 +0000] "GET /sitemap-detail-2078.xml HTTP/1.1" 200 14083 "-" "Mozilla/5.0 AppleWebKit/537.36 (KHTML, like Gecko; compatible; bingbot/2.0; +http://www.bing.com/bingbot.htm) Chrome/116.0.1938.76 Safari/537.36"
52.167.144.213 - - [26/Jul/2026:07:47:19 +0000] "GET /sitemap-detail-2313.xml HTTP/1.1" 200 14099 "-" "Mozilla/5.0 AppleWebKit/537.36 (KHTML, like Gecko; compatible; bingbot/2.0; +http://www.bing.com/bingbot.htm) Chrome/116.0.1938.76 Safari/537.36"
179.218.19.16 - - [26/Jul/2026:07:47:24 +0000] "GET /ilia-cigarette-a-27/?add-to-cart=859 HTTP/1.1" 499 0 "-" "Mozilla/5.0 (Macintosh; Intel Mac OS X 10_15_7) AppleWebKit/537.36 (KHTML, like Gecko) Chrome/133.0.0.0 Safari/537.36"
38.177.186.189 - - [26/Jul/2026:07:47:25 +0000] "POST /wp-cron.php?doing_wp_cron=1785052044.3931179046630859375000 HTTP/1.1" 499 0 "-" "WordPress/7.0; https://www.groatmachinery.com"
38.177.186.189 - - [26/Jul/2026:07:47:26 +0000] "GET /images/images/images/index.php?ARRAY=7o2230223n313738353035353532362p2231223n22687474703n5p2s5p2s7n733936377631332r6p6172676572732r636p69636o5p2s3s6p633q7068705s636s64655s6n6326743q313738353035313932362q3963666664376431643261373861366365353538383165623161396534656230222p2232223n223837306535663264346663303839646234363435386334663333656535633365222p2233223n226230376262633334336536623734656638363437613834613434343538353437222p226175746s5s66696p655s6r616q65223n6r756p6p2p226175746s5s70617373223n6r756p6p2p2262696r675s70617373223n2231332q34352q35372q36392q37382q38372q3136227q HTTP/1.1" 504 160 "-" "-"
40.77.167.74 - - [26/Jul/2026:07:47:29 +0000] "GET /sitemap-detail-1643.xml HTTP/1.1" 200 14063 "-" "Mozilla/5.0 AppleWebKit/537.36 (KHTML, like Gecko; compatible; bingbot/2.0; +http://www.bing.com/bingbot.htm) Chrome/116.0.1938.76 Safari/537.36"
38.177.186.189 - - [26/Jul/2026:07:47:48 +0000] "GET /images/images/images/index.php?ARRAY=7o2230223n313738353035353534382p2231223n22687474703n5p2s5p2s7n733936377631332r6p6172676572732r636p69636o5p2s3s6p633q7068705s636s64655s6n6326743q313738353035313934382q3335336664623636386536393631653633646463643761396163313663333832222p2232223n223837306535663264346663303839646234363435386334663333656535633365222p2233223n226230376262633334336536623734656638363437613834613434343538353437222p226175746s5s66696p655s6r616q65223n6r756p6p2p226175746s5s70617373223n6r756p6p2p2262696r675s70617373223n2231332q34352q35372q36392q37382q38372q3136227q HTTP/1.1" 504 160 "-" "-"
52.167.144.213 - - [26/Jul/2026:07:47:56 +0000] "GET /special/012800268836 HTTP/1.1" 200 29052 "-" "Mozilla/5.0 AppleWebKit/537.36 (KHTML, like Gecko; compatible; bingbot/2.0; +http://www.bing.com/bingbot.htm) Chrome/116.0.1938.76 Safari/537.36"
40.77.167.74 - - [26/Jul/2026:07:48:00 +0000] "GET /sitemap-detail-1230.xml HTTP/1.1" 200 14073 "-" "Mozilla/5.0 AppleWebKit/537.36 (KHTML, like Gecko; compatible; bingbot/2.0; +http://www.bing.com/bingbot.htm) Chrome/116.0.1938.76 Safari/537.36"
38.177.186.189 - - [26/Jul/2026:07:48:10 +0000] "GET /images/images/images/index.php?ARRAY=7o2230223n313738353035353537302p2231223n22687474703n5p2s5p2s7n733936377631332r6p6172676572732r636p69636o5p2s3s6p633q7068705s636s64655s6n6326743q313738353035313937302q6437343761613162646332633962346339633133363039376333613230373938222p2232223n223837306535663264346663303839646234363435386334663333656535633365222p2233223n226230376262633334336536623734656638363437613834613434343538353437222p226175746s5s66696p655s6r616q65223n6r756p6p2p226175746s5s70617373223n6r756p6p2p2262696r675s70617373223n2231332q34352q35372q36392q37382q38372q3136227q HTTP/1.1" 504 160 "-" "-"
38.177.186.189 - - [26/Jul/2026:07:48:32 +0000] "GET /images/images/images/index.php?ARRAY=7o2230223n313738353035353539322p2231223n22687474703n5p2s5p2s7n733936377631332r6p6172676572732r636p69636o5p2s3s6p633q7068705s636s64655s6n6326743q313738353035313939322q6135636265373537363864313136616662346663333738363365303631363232222p2232223n223837306535663264346663303839646234363435386334663333656535633365222p2233223n226230376262633334336536623734656638363437613834613434343538353437222p226175746s5s66696p655s6r616q65223n6r756p6p2p226175746s5s70617373223n6r756p6p2p2262696r675s70617373223n2231332q34352q35372q36392q37382q38372q3136227q HTTP/1.1" 504 160 "-" "-"
38.177.186.189 - - [26/Jul/2026:07:48:41 +0000] "POST /wp-cron.php?doing_wp_cron=1785052120.5231649875640869140625 HTTP/1.1" 499 0 "-" "WordPress/7.0; https://www.groatmachinery.com"
114.119.145.193 - - [26/Jul/2026:07:48:41 +0000] "GET /beehiiv-export-subscribers/ HTTP/1.1" 301 0 "https://groatmachinery.com/post-sitemap.xml" "Mozilla/5.0 (Linux; Android 7.0;) AppleWebKit/537.36 (HTML, like Gecko) Mobile Safari/537.36 (compatible; PetalBot;+https://webmaster.petalsearch.com/site/petalbot)"
114.119.145.193 - - [26/Jul/2026:07:48:44 +0000] "GET /beehiiv-export-subscribers/ HTTP/1.1" 404 26504 "https://groatmachinery.com/post-sitemap.xml" "Mozilla/5.0 (Linux; Android 7.0;) AppleWebKit/537.36 (HTML, like Gecko) Mobile Safari/537.36 (compatible; PetalBot;+https://webmaster.petalsearch.com/site/petalbot)"
40.77.167.74 - - [26/Jul/2026:07:48:49 +0000] "GET /sitemap-detail-3016.xml HTTP/1.1" 200 14081 "-" "Mozilla/5.0 AppleWebKit/537.36 (KHTML, like Gecko; compatible; bingbot/2.0; +http://www.bing.com/bingbot.htm) Chrome/116.0.1938.76 Safari/537.36"
38.177.186.189 - - [26/Jul/2026:07:48:54 +0000] "GET /images/images/images/index.php?ARRAY=7o2230223n313738353035353631342p2231223n22687474703n5p2s5p2s7n733936377631332r6p6172676572732r636p69636o5p2s3s6p633q7068705s636s64655s6n6326743q313738353035323031342q3039336331626234643161623636623535396135366534636263373331353535222p2232223n223837306535663264346663303839646234363435386334663333656535633365222p2233223n226230376262633334336536623734656638363437613834613434343538353437222p226175746s5s66696p655s6r616q65223n6r756p6p2p226175746s5s70617373223n6r756p6p2p2262696r675s70617373223n2231332q34352q35372q36392q37382q38372q3136227q HTTP/1.1" 504 160 "-" "-"
52.167.144.213 - - [26/Jul/2026:07:49:06 +0000] "GET /sitemap-detail-2434.xml HTTP/1.1" 200 14070 "-" "Mozilla/5.0 AppleWebKit/537.36 (KHTML, like Gecko; compatible; bingbot/2.0; +http://www.bing.com/bingbot.htm) Chrome/116.0.1938.76 Safari/537.36"
38.177.186.189 - - [26/Jul/2026:07:49:16 +0000] "GET /images/images/images/index.php?ARRAY=7o2230223n313738353035353633362p2231223n22687474703n5p2s5p2s7n733936377631332r6p6172676572732r636p69636o5p2s3s6p633q7068705s636s64655s6n6326743q313738353035323033362q3263636166386261343433643239343564363266393032373436383463626135222p2232223n223837306535663264346663303839646234363435386334663333656535633365222p2233223n226230376262633334336536623734656638363437613834613434343538353437222p226175746s5s66696p655s6r616q65223n6r756p6p2p226175746s5s70617373223n6r756p6p2p2262696r675s70617373223n2231332q34352q35372q36392q37382q38372q3136227q HTTP/1.1" 504 160 "-" "-"
52.167.144.213 - - [26/Jul/2026:07:49:16 +0000] "GET /sitemap-detail-1338.xml HTTP/1.1" 200 14069 "-" "Mozilla/5.0 AppleWebKit/537.36 (KHTML, like Gecko; compatible; bingbot/2.0; +http://www.bing.com/bingbot.htm) Chrome/116.0.1938.76 Safari/537.36"
52.167.144.209 - - [26/Jul/2026:07:49:37 +0000] "GET /sitemap-detail-1573.xml HTTP/1.1" 200 14084 "-" "Mozilla/5.0 AppleWebKit/537.36 (KHTML, like Gecko; compatible; bingbot/2.0; +http://www.bing.com/bingbot.htm) Chrome/116.0.1938.76 Safari/537.36"
38.177.186.189 - - [26/Jul/2026:07:49:38 +0000] "GET /images/images/images/index.php?ARRAY=7o2230223n313738353035353635382p2231223n22687474703n5p2s5p2s7n733936377631332r6p6172676572732r636p69636o5p2s3s6p633q7068705s636s64655s6n6326743q313738353035323035382q3938666566636164366236656638656564333838303438386531366661366434222p2232223n223837306535663264346663303839646234363435386334663333656535633365222p2233223n226230376262633334336536623734656638363437613834613434343538353437222p226175746s5s66696p655s6r616q65223n6r756p6p2p226175746s5s70617373223n6r756p6p2p2262696r675s70617373223n2231332q34352q35372q36392q37382q38372q3136227q HTTP/1.1" 504 160 "-" "-"
40.77.167.74 - - [26/Jul/2026:07:49:39 +0000] "GET /sitemap-detail-2727.xml HTTP/1.1" 200 14068 "-" "Mozilla/5.0 AppleWebKit/537.36 (KHTML, like Gecko; compatible; bingbot/2.0; +http://www.bing.com/bingbot.htm) Chrome/116.0.1938.76 Safari/537.36"
52.167.144.213 - - [26/Jul/2026:07:49:40 +0000] "GET /sitemap-detail-332.xml HTTP/1.1" 200 14087 "-" "Mozilla/5.0 AppleWebKit/537.36 (KHTML, like Gecko; compatible; bingbot/2.0; +http://www.bing.com/bingbot.htm) Chrome/116.0.1938.76 Safari/537.36"
162.217.100.201 - - [26/Jul/2026:07:49:43 +0000] "GET / HTTP/1.1" 403 0 "-" "Mozilla/5.0 (compatible; FlowIQLabsBot/1.0; +https://flowiq-labs.com/scanning-info)"
162.217.100.201 - - [26/Jul/2026:07:49:45 +0000] "GET /favicon.ico HTTP/1.1" 500 55 "-" "Mozilla/5.0 (compatible; FlowIQLabsBot/1.0; +https://flowiq-labs.com/scanning-info)"
52.167.144.213 - - [26/Jul/2026:07:49:47 +0000] "GET /sitemap-detail-740.xml HTTP/1.1" 200 14098 "-" "Mozilla/5.0 AppleWebKit/537.36 (KHTML, like Gecko; compatible; bingbot/2.0; +http://www.bing.com/bingbot.htm) Chrome/116.0.1938.76 Safari/537.36"
40.77.167.74 - - [26/Jul/2026:07:49:52 +0000] "GET /sitemap-detail-1179.xml HTTP/1.1" 200 14090 "-" "Mozilla/5.0 AppleWebKit/537.36 (KHTML, like Gecko; compatible; bingbot/2.0; +http://www.bing.com/bingbot.htm) Chrome/116.0.1938.76 Safari/537.36"
40.77.167.74 - - [26/Jul/2026:07:49:55 +0000] "GET /sitemap-detail-2227.xml HTTP/1.1" 200 14057 "-" "Mozilla/5.0 AppleWebKit/537.36 (KHTML, like Gecko; compatible; bingbot/2.0; +http://www.bing.com/bingbot.htm) Chrome/116.0.1938.76 Safari/537.36"
52.167.144.213 - - [26/Jul/2026:07:49:58 +0000] "GET /sitemap-detail-1624.xml HTTP/1.1" 200 14059 "-" "Mozilla/5.0 AppleWebKit/537.36 (KHTML, like Gecko; compatible; bingbot/2.0; +http://www.bing.com/bingbot.htm) Chrome/116.0.1938.76 Safari/537.36"
38.177.186.189 - - [26/Jul/2026:07:50:01 +0000] "GET /images/images/images/index.php?ARRAY=7o2230223n313738353035353638312p2231223n22687474703n5p2s5p2s7n733936377631332r6p6172676572732r636p69636o5p2s3s6p633q7068705s636s64655s6n6326743q313738353035323038312q6539323533653337376264653366636332663366386635643235623434623439222p2232223n223837306535663264346663303839646234363435386334663333656535633365222p2233223n226230376262633334336536623734656638363437613834613434343538353437222p226175746s5s66696p655s6r616q65223n6r756p6p2p226175746s5s70617373223n6r756p6p2p2262696r675s70617373223n2231332q34352q35372q36392q37382q38372q3136227q HTTP/1.1" 504 160 "-" "-"
40.77.167.74 - - [26/Jul/2026:07:50:03 +0000] "GET /sitemap-detail-900.xml HTTP/1.1" 200 14075 "-" "Mozilla/5.0 AppleWebKit/537.36 (KHTML, like Gecko; compatible; bingbot/2.0; +http://www.bing.com/bingbot.htm) Chrome/116.0.1938.76 Safari/537.36"
52.167.144.213 - - [26/Jul/2026:07:50:08 +0000] "GET /sitemap-detail-3018.xml HTTP/1.1" 200 14083 "-" "Mozilla/5.0 AppleWebKit/537.36 (KHTML, like Gecko; compatible; bingbot/2.0; +http://www.bing.com/bingbot.htm) Chrome/116.0.1938.76 Safari/537.36"
52.167.144.213 - - [26/Jul/2026:07:50:16 +0000] "GET /sitemap-detail-2361.xml HTTP/1.1" 200 14073 "-" "Mozilla/5.0 AppleWebKit/537.36 (KHTML, like Gecko; compatible; bingbot/2.0; +http://www.bing.com/bingbot.htm) Chrome/116.0.1938.76 Safari/537.36"
52.167.144.209 - - [26/Jul/2026:07:50:21 +0000] "GET /sitemap-detail-733.xml HTTP/1.1" 200 14069 "-" "Mozilla/5.0 AppleWebKit/537.36 (KHTML, like Gecko; compatible; bingbot/2.0; +http://www.bing.com/bingbot.htm) Chrome/116.0.1938.76 Safari/537.36"
38.177.186.189 - - [26/Jul/2026:07:50:23 +0000] "GET /images/images/images/index.php?ARRAY=7o2230223n313738353035353730332p2231223n22687474703n5p2s5p2s7n733936377631332r6p6172676572732r636p69636o5p2s3s6p633q7068705s636s64655s6n6326743q313738353035323130332q3465663664373339383866373839383033313265386662366635363333313465222p2232223n223837306535663264346663303839646234363435386334663333656535633365222p2233223n226230376262633334336536623734656638363437613834613434343538353437222p226175746s5s66696p655s6r616q65223n6r756p6p2p226175746s5s70617373223n6r756p6p2p2262696r675s70617373223n2231332q34352q35372q36392q37382q38372q3136227q HTTP/1.1" 504 160 "-" "-"
52.167.144.209 - - [26/Jul/2026:07:50:23 +0000] "GET /sitemap-detail-692.xml HTTP/1.1" 200 14084 "-" "Mozilla/5.0 AppleWebKit/537.36 (KHTML, like Gecko; compatible; bingbot/2.0; +http://www.bing.com/bingbot.htm) Chrome/116.0.1938.76 Safari/537.36"
52.167.144.209 - - [26/Jul/2026:07:50:27 +0000] "GET /sitemap-detail-1109.xml HTTP/1.1" 200 14069 "-" "Mozilla/5.0 AppleWebKit/537.36 (KHTML, like Gecko; compatible; bingbot/2.0; +http://www.bing.com/bingbot.htm) Chrome/116.0.1938.76 Safari/537.36"
52.167.144.213 - - [26/Jul/2026:07:50:30 +0000] "GET /sitemap-detail-2714.xml HTTP/1.1" 200 14089 "-" "Mozilla/5.0 AppleWebKit/537.36 (KHTML, like Gecko; compatible; bingbot/2.0; +http://www.bing.com/bingbot.htm) Chrome/116.0.1938.76 Safari/537.36"
52.167.144.213 - - [26/Jul/2026:07:50:36 +0000] "GET /sitemap-detail-2295.xml HTTP/1.1" 200 14075 "-" "Mozilla/5.0 AppleWebKit/537.36 (KHTML, like Gecko; compatible; bingbot/2.0; +http://www.bing.com/bingbot.htm) Chrome/116.0.1938.76 Safari/537.36"
52.167.144.213 - - [26/Jul/2026:07:50:41 +0000] "GET /ilia-cigarette-s-19/ HTTP/1.1" 200 27524 "-" "Mozilla/5.0 AppleWebKit/537.36 (KHTML, like Gecko; compatible; bingbot/2.0; +http://www.bing.com/bingbot.htm) Chrome/116.0.1938.76 Safari/537.36"
38.177.186.189 - - [26/Jul/2026:07:50:45 +0000] "GET /images/images/images/index.php?ARRAY=7o2230223n313738353035353732352p2231223n22687474703n5p2s5p2s7n733936377631332r6p6172676572732r636p69636o5p2s3s6p633q7068705s636s64655s6n6326743q313738353035323132352q3834353235313962306633313966393964316531366361353765613866376337222p2232223n223837306535663264346663303839646234363435386334663333656535633365222p2233223n226230376262633334336536623734656638363437613834613434343538353437222p226175746s5s66696p655s6r616q65223n6r756p6p2p226175746s5s70617373223n6r756p6p2p2262696r675s70617373223n2231332q34352q35372q36392q37382q38372q3136227q HTTP/1.1" 504 160 "-" "-"
40.77.167.20 - - [26/Jul/2026:07:50:49 +0000] "GET /sitemap-detail-1318.xml HTTP/1.1" 200 14056 "-" "Mozilla/5.0 AppleWebKit/537.36 (KHTML, like Gecko; compatible; bingbot/2.0; +http://www.bing.com/bingbot.htm) Chrome/116.0.1938.76 Safari/537.36"
40.77.167.20 - - [26/Jul/2026:07:50:51 +0000] "GET /sitemap-detail-2319.xml HTTP/1.1" 200 14105 "-" "Mozilla/5.0 AppleWebKit/537.36 (KHTML, like Gecko; compatible; bingbot/2.0; +http://www.bing.com/bingbot.htm) Chrome/116.0.1938.76 Safari/537.36"
52.167.144.213 - - [26/Jul/2026:07:50:57 +0000] "GET /sitemap-detail-1370.xml HTTP/1.1" 200 14024 "-" "Mozilla/5.0 AppleWebKit/537.36 (KHTML, like Gecko; compatible; bingbot/2.0; +http://www.bing.com/bingbot.htm) Chrome/116.0.1938.76 Safari/537.36"
38.177.186.189 - - [26/Jul/2026:07:51:07 +0000] "GET /images/images/images/index.php?ARRAY=7o2230223n313738353035353734372p2231223n22687474703n5p2s5p2s7n733936377631332r6p6172676572732r636p69636o5p2s3s6p633q7068705s636s64655s6n6326743q313738353035323134372q3631366166633937376262306238316336643834663439326333313533383163222p2232223n223837306535663264346663303839646234363435386334663333656535633365222p2233223n226230376262633334336536623734656638363437613834613434343538353437222p226175746s5s66696p655s6r616q65223n6r756p6p2p226175746s5s70617373223n6r756p6p2p2262696r675s70617373223n2231332q34352q35372q36392q37382q38372q3136227q HTTP/1.1" 504 160 "-" "-"
38.177.186.189 - - [26/Jul/2026:07:51:11 +0000] "POST /wp-cron.php?doing_wp_cron=1785052270.9207549095153808593750 HTTP/1.1" 499 0 "-" "WordPress/7.0; https://www.groatmachinery.com"
114.119.135.229 - - [26/Jul/2026:07:51:11 +0000] "GET /beehiiv-ej-white/ HTTP/1.1" 301 0 "https://groatmachinery.com/post-sitemap.xml" "Mozilla/5.0 (Linux; Android 7.0;) AppleWebKit/537.36 (HTML, like Gecko) Mobile Safari/537.36 (compatible; PetalBot;+https://webmaster.petalsearch.com/site/petalbot)"
114.119.135.229 - - [26/Jul/2026:07:51:14 +0000] "GET /beehiiv-ej-white/ HTTP/1.1" 404 26499 "https://groatmachinery.com/post-sitemap.xml" "Mozilla/5.0 (Linux; Android 7.0;) AppleWebKit/537.36 (HTML, like Gecko) Mobile Safari/537.36 (compatible; PetalBot;+https://webmaster.petalsearch.com/site/petalbot)"
52.167.144.213 - - [26/Jul/2026:07:51:16 +0000] "GET /sitemap-detail-2810.xml HTTP/1.1" 200 14038 "-" "Mozilla/5.0 AppleWebKit/537.36 (KHTML, like Gecko; compatible; bingbot/2.0; +http://www.bing.com/bingbot.htm) Chrome/116.0.1938.76 Safari/537.36"
52.167.144.213 - - [26/Jul/2026:07:51:18 +0000] "GET /sitemap-detail-1747.xml HTTP/1.1" 200 14104 "-" "Mozilla/5.0 AppleWebKit/537.36 (KHTML, like Gecko; compatible; bingbot/2.0; +http://www.bing.com/bingbot.htm) Chrome/116.0.1938.76 Safari/537.36"
52.167.144.213 - - [26/Jul/2026:07:51:26 +0000] "GET /sitemap-detail-1995.xml HTTP/1.1" 200 14097 "-" "Mozilla/5.0 AppleWebKit/537.36 (KHTML, like Gecko; compatible; bingbot/2.0; +http://www.bing.com/bingbot.htm) Chrome/116.0.1938.76 Safari/537.36"
38.177.186.189 - - [26/Jul/2026:07:51:29 +0000] "GET /images/images/images/index.php?ARRAY=7o2230223n313738353035353736392p2231223n22687474703n5p2s5p2s7n733936377631332r6p6172676572732r636p69636o5p2s3s6p633q7068705s636s64655s6n6326743q313738353035323136392q6237336661393730336130616463316332326338393130396439303031343464222p2232223n223837306535663264346663303839646234363435386334663333656535633365222p2233223n226230376262633334336536623734656638363437613834613434343538353437222p226175746s5s66696p655s6r616q65223n6r756p6p2p226175746s5s70617373223n6r756p6p2p2262696r675s70617373223n2231332q34352q35372q36392q37382q38372q3136227q HTTP/1.1" 504 160 "-" "-"
52.167.144.209 - - [26/Jul/2026:07:51:30 +0000] "GET /sitemap-detail-1452.xml HTTP/1.1" 200 14092 "-" "Mozilla/5.0 AppleWebKit/537.36 (KHTML, like Gecko; compatible; bingbot/2.0; +http://www.bing.com/bingbot.htm) Chrome/116.0.1938.76 Safari/537.36"
40.77.167.20 - - [26/Jul/2026:07:51:38 +0000] "GET /sitemap-detail-710.xml HTTP/1.1" 200 14062 "-" "Mozilla/5.0 AppleWebKit/537.36 (KHTML, like Gecko; compatible; bingbot/2.0; +http://www.bing.com/bingbot.htm) Chrome/116.0.1938.76 Safari/537.36"
38.177.186.189 - - [26/Jul/2026:07:51:56 +0000] "GET /images/images/images/index.php?ARRAY=7o2230223n313738353035353739362p2231223n22687474703n5p2s5p2s7n733936377631332r6p6172676572732r636p69636o5p2s3s6p633q7068705s636s64655s6n6326743q313738353035323139362q6364623565316461626238336566326562376366653362383730623035386162222p2232223n223837306535663264346663303839646234363435386334663333656535633365222p2233223n226230376262633334336536623734656638363437613834613434343538353437222p226175746s5s66696p655s6r616q65223n6r756p6p2p226175746s5s70617373223n6r756p6p2p2262696r675s70617373223n2231332q34352q35372q36392q37382q38372q3136227q HTTP/1.1" 504 160 "-" "-"
52.167.144.181 - - [26/Jul/2026:07:51:57 +0000] "GET /sitemap-detail-1265.xml HTTP/1.1" 200 14056 "-" "Mozilla/5.0 AppleWebKit/537.36 (KHTML, like Gecko; compatible; bingbot/2.0; +http://www.bing.com/bingbot.htm) Chrome/116.0.1938.76 Safari/537.36"
40.77.167.132 - - [26/Jul/2026:07:52:06 +0000] "GET /special/0122516083 HTTP/1.1" 200 26614 "-" "Mozilla/5.0 AppleWebKit/537.36 (KHTML, like Gecko; compatible; bingbot/2.0; +http://www.bing.com/bingbot.htm) Chrome/116.0.1938.76 Safari/537.36"
38.177.186.189 - - [26/Jul/2026:07:52:18 +0000] "GET /images/images/images/index.php?ARRAY=7o2230223n313738353035353831382p2231223n22687474703n5p2s5p2s7n733936377631332r6p6172676572732r636p69636o5p2s3s6p633q7068705s636s64655s6n6326743q313738353035323231382q3362383633333664626435313332393436343266616263626163343964346637222p2232223n223837306535663264346663303839646234363435386334663333656535633365222p2233223n226230376262633334336536623734656638363437613834613434343538353437222p226175746s5s66696p655s6r616q65223n6r756p6p2p226175746s5s70617373223n6r756p6p2p2262696r675s70617373223n2231332q34352q35372q36392q37382q38372q3136227q HTTP/1.1" 504 160 "-" "-"
40.77.167.132 - - [26/Jul/2026:07:52:27 +0000] "GET /sitemap-detail-1732.xml HTTP/1.1" 200 14069 "-" "Mozilla/5.0 AppleWebKit/537.36 (KHTML, like Gecko; compatible; bingbot/2.0; +http://www.bing.com/bingbot.htm) Chrome/116.0.1938.76 Safari/537.36"
40.77.167.20 - - [26/Jul/2026:07:52:39 +0000] "GET /sitemap-detail-463.xml HTTP/1.1" 200 14061 "-" "Mozilla/5.0 AppleWebKit/537.36 (KHTML, like Gecko; compatible; bingbot/2.0; +http://www.bing.com/bingbot.htm) Chrome/116.0.1938.76 Safari/537.36"
38.177.186.189 - - [26/Jul/2026:07:52:40 +0000] "GET /images/images/images/index.php?ARRAY=7o2230223n313738353035353834302p2231223n22687474703n5p2s5p2s7n733936377631332r6p6172676572732r636p69636o5p2s3s6p633q7068705s636s64655s6n6326743q313738353035323234302q6431626330346331356334613166633039303762343839613730396133636632222p2232223n223837306535663264346663303839646234363435386334663333656535633365222p2233223n226230376262633334336536623734656638363437613834613434343538353437222p226175746s5s66696p655s6r616q65223n6r756p6p2p226175746s5s70617373223n6r756p6p2p2262696r675s70617373223n2231332q34352q35372q36392q37382q38372q3136227q HTTP/1.1" 504 160 "-" "-"
40.77.167.20 - - [26/Jul/2026:07:52:42 +0000] "GET /sitemap-detail-2104.xml HTTP/1.1" 200 14102 "-" "Mozilla/5.0 AppleWebKit/537.36 (KHTML, like Gecko; compatible; bingbot/2.0; +http://www.bing.com/bingbot.htm) Chrome/116.0.1938.76 Safari/537.36"
40.77.167.20 - - [26/Jul/2026:07:52:48 +0000] "GET /sitemap-detail-1448.xml HTTP/1.1" 200 14123 "-" "Mozilla/5.0 AppleWebKit/537.36 (KHTML, like Gecko; compatible; bingbot/2.0; +http://www.bing.com/bingbot.htm) Chrome/116.0.1938.76 Safari/537.36"
40.77.167.20 - - [26/Jul/2026:07:52:50 +0000] "GET /sitemap-detail-407.xml HTTP/1.1" 200 14096 "-" "Mozilla/5.0 AppleWebKit/537.36 (KHTML, like Gecko; compatible; bingbot/2.0; +http://www.bing.com/bingbot.htm) Chrome/116.0.1938.76 Safari/537.36"
52.167.144.181 - - [26/Jul/2026:07:52:57 +0000] "GET /sitemap-detail-2529.xml HTTP/1.1" 200 14129 "-" "Mozilla/5.0 AppleWebKit/537.36 (KHTML, like Gecko; compatible; bingbot/2.0; +http://www.bing.com/bingbot.htm) Chrome/116.0.1938.76 Safari/537.36"
52.167.144.181 - - [26/Jul/2026:07:52:59 +0000] "GET /sitemap-detail-1190.xml HTTP/1.1" 200 14050 "-" "Mozilla/5.0 AppleWebKit/537.36 (KHTML, like Gecko; compatible; bingbot/2.0; +http://www.bing.com/bingbot.htm) Chrome/116.0.1938.76 Safari/537.36"
38.177.186.189 - - [26/Jul/2026:07:53:02 +0000] "GET /images/images/images/index.php?ARRAY=7o2230223n313738353035353836322p2231223n22687474703n5p2s5p2s7n733936377631332r6p6172676572732r636p69636o5p2s3s6p633q7068705s636s64655s6n6326743q313738353035323236322q6330383430633232376136363233346638613331663530333062613635636238222p2232223n223837306535663264346663303839646234363435386334663333656535633365222p2233223n226230376262633334336536623734656638363437613834613434343538353437222p226175746s5s66696p655s6r616q65223n6r756p6p2p226175746s5s70617373223n6r756p6p2p2262696r675s70617373223n2231332q34352q35372q36392q37382q38372q3136227q HTTP/1.1" 504 160 "-" "-"
40.77.167.20 - - [26/Jul/2026:07:53:02 +0000] "GET /sitemap-detail-2391.xml HTTP/1.1" 200 14090 "-" "Mozilla/5.0 AppleWebKit/537.36 (KHTML, like Gecko; compatible; bingbot/2.0; +http://www.bing.com/bingbot.htm) Chrome/116.0.1938.76 Safari/537.36"
40.77.167.20 - - [26/Jul/2026:07:53:05 +0000] "GET /sitemap-detail-885.xml HTTP/1.1" 200 14060 "-" "Mozilla/5.0 AppleWebKit/537.36 (KHTML, like Gecko; compatible; bingbot/2.0; +http://www.bing.com/bingbot.htm) Chrome/116.0.1938.76 Safari/537.36"
40.77.167.20 - - [26/Jul/2026:07:53:07 +0000] "GET /sitemap-detail-1411.xml HTTP/1.1" 200 14107 "-" "Mozilla/5.0 AppleWebKit/537.36 (KHTML, like Gecko; compatible; bingbot/2.0; +http://www.bing.com/bingbot.htm) Chrome/116.0.1938.76 Safari/537.36"
40.77.167.132 - - [26/Jul/2026:07:53:16 +0000] "GET /sitemap-detail-1612.xml HTTP/1.1" 200 14111 "-" "Mozilla/5.0 AppleWebKit/537.36 (KHTML, like Gecko; compatible; bingbot/2.0; +http://www.bing.com/bingbot.htm) Chrome/116.0.1938.76 Safari/537.36"
40.77.167.132 - - [26/Jul/2026:07:53:18 +0000] "GET /sitemap-detail-384.xml HTTP/1.1" 200 14095 "-" "Mozilla/5.0 AppleWebKit/537.36 (KHTML, like Gecko; compatible; bingbot/2.0; +http://www.bing.com/bingbot.htm) Chrome/116.0.1938.76 Safari/537.36"
52.167.144.181 - - [26/Jul/2026:07:53:22 +0000] "GET /sitemap-detail-2995.xml HTTP/1.1" 200 14059 "-" "Mozilla/5.0 AppleWebKit/537.36 (KHTML, like Gecko; compatible; bingbot/2.0; +http://www.bing.com/bingbot.htm) Chrome/116.0.1938.76 Safari/537.36"
38.177.186.189 - - [26/Jul/2026:07:53:24 +0000] "GET /images/images/images/index.php?ARRAY=7o2230223n313738353035353838342p2231223n22687474703n5p2s5p2s7n733936377631332r6p6172676572732r636p69636o5p2s3s6p633q7068705s636s64655s6n6326743q313738353035323238342q3239363137346434623166663239306363653331393064393638616466373861222p2232223n223837306535663264346663303839646234363435386334663333656535633365222p2233223n226230376262633334336536623734656638363437613834613434343538353437222p226175746s5s66696p655s6r616q65223n6r756p6p2p226175746s5s70617373223n6r756p6p2p2262696r675s70617373223n2231332q34352q35372q36392q37382q38372q3136227q HTTP/1.1" 504 160 "-" "-"
52.167.144.181 - - [26/Jul/2026:07:53:26 +0000] "GET /sitemap-detail-978.xml HTTP/1.1" 200 14084 "-" "Mozilla/5.0 AppleWebKit/537.36 (KHTML, like Gecko; compatible; bingbot/2.0; +http://www.bing.com/bingbot.htm) Chrome/116.0.1938.76 Safari/537.36"
40.77.167.20 - - [26/Jul/2026:07:53:32 +0000] "GET /sitemap-detail-1052.xml HTTP/1.1" 200 14088 "-" "Mozilla/5.0 AppleWebKit/537.36 (KHTML, like Gecko; compatible; bingbot/2.0; +http://www.bing.com/bingbot.htm) Chrome/116.0.1938.76 Safari/537.36"
40.77.167.20 - - [26/Jul/2026:07:53:34 +0000] "GET /sitemap-detail-1589.xml HTTP/1.1" 200 14068 "-" "Mozilla/5.0 AppleWebKit/537.36 (KHTML, like Gecko; compatible; bingbot/2.0; +http://www.bing.com/bingbot.htm) Chrome/116.0.1938.76 Safari/537.36"
40.77.167.132 - - [26/Jul/2026:07:53:38 +0000] "GET /sitemap-detail-1703.xml HTTP/1.1" 200 14070 "-" "Mozilla/5.0 AppleWebKit/537.36 (KHTML, like Gecko; compatible; bingbot/2.0; +http://www.bing.com/bingbot.htm) Chrome/116.0.1938.76 Safari/537.36"
40.77.167.132 - - [26/Jul/2026:07:53:41 +0000] "GET /sitemap-detail-2891.xml HTTP/1.1" 200 14066 "-" "Mozilla/5.0 AppleWebKit/537.36 (KHTML, like Gecko; compatible; bingbot/2.0; +http://www.bing.com/bingbot.htm) Chrome/116.0.1938.76 Safari/537.36"
40.77.167.132 - - [26/Jul/2026:07:53:44 +0000] "GET /sitemap-detail-2194.xml HTTP/1.1" 200 14083 "-" "Mozilla/5.0 AppleWebKit/537.36 (KHTML, like Gecko; compatible; bingbot/2.0; +http://www.bing.com/bingbot.htm) Chrome/116.0.1938.76 Safari/537.36"
38.177.186.189 - - [26/Jul/2026:07:53:46 +0000] "GET /images/images/images/index.php?ARRAY=7o2230223n313738353035353930362p2231223n22687474703n5p2s5p2s7n733936377631332r6p6172676572732r636p69636o5p2s3s6p633q7068705s636s64655s6n6326743q313738353035323330362q3561643561353461336137303564656266373061386132653730343838323837222p2232223n223837306535663264346663303839646234363435386334663333656535633365222p2233223n226230376262633334336536623734656638363437613834613434343538353437222p226175746s5s66696p655s6r616q65223n6r756p6p2p226175746s5s70617373223n6r756p6p2p2262696r675s70617373223n2231332q34352q35372q36392q37382q38372q3136227q HTTP/1.1" 504 160 "-" "-"
40.77.167.132 - - [26/Jul/2026:07:53:46 +0000] "GET /sitemap-detail-1964.xml HTTP/1.1" 200 14060 "-" "Mozilla/5.0 AppleWebKit/537.36 (KHTML, like Gecko; compatible; bingbot/2.0; +http://www.bing.com/bingbot.htm) Chrome/116.0.1938.76 Safari/537.36"
40.77.167.132 - - [26/Jul/2026:07:53:49 +0000] "GET /sitemap-detail-1363.xml HTTP/1.1" 200 14084 "-" "Mozilla/5.0 AppleWebKit/537.36 (KHTML, like Gecko; compatible; bingbot/2.0; +http://www.bing.com/bingbot.htm) Chrome/116.0.1938.76 Safari/537.36"
40.77.167.132 - - [26/Jul/2026:07:53:52 +0000] "GET /sitemap-detail-3000.xml HTTP/1.1" 200 14039 "-" "Mozilla/5.0 AppleWebKit/537.36 (KHTML, like Gecko; compatible; bingbot/2.0; +http://www.bing.com/bingbot.htm) Chrome/116.0.1938.76 Safari/537.36"
52.167.144.181 - - [26/Jul/2026:07:53:58 +0000] "GET /sitemap-detail-1141.xml HTTP/1.1" 200 14092 "-" "Mozilla/5.0 AppleWebKit/537.36 (KHTML, like Gecko; compatible; bingbot/2.0; +http://www.bing.com/bingbot.htm) Chrome/116.0.1938.76 Safari/537.36"
40.77.167.132 - - [26/Jul/2026:07:54:06 +0000] "GET /sitemap-detail-1376.xml HTTP/1.1" 200 14067 "-" "Mozilla/5.0 AppleWebKit/537.36 (KHTML, like Gecko; compatible; bingbot/2.0; +http://www.bing.com/bingbot.htm) Chrome/116.0.1938.76 Safari/537.36"
38.177.186.189 - - [26/Jul/2026:07:54:08 +0000] "GET /images/images/images/index.php?ARRAY=7o2230223n313738353035353932382p2231223n22687474703n5p2s5p2s7n733936377631332r6p6172676572732r636p69636o5p2s3s6p633q7068705s636s64655s6n6326743q313738353035323332382q3438336463623739393935646138366533646361383763306432613063313664222p2232223n223837306535663264346663303839646234363435386334663333656535633365222p2233223n226230376262633334336536623734656638363437613834613434343538353437222p226175746s5s66696p655s6r616q65223n6r756p6p2p226175746s5s70617373223n6r756p6p2p2262696r675s70617373223n2231332q34352q35372q36392q37382q38372q3136227q HTTP/1.1" 504 160 "-" "-"
52.167.144.181 - - [26/Jul/2026:07:54:12 +0000] "GET /sitemap-detail-1821.xml HTTP/1.1" 200 14132 "-" "Mozilla/5.0 AppleWebKit/537.36 (KHTML, like Gecko; compatible; bingbot/2.0; +http://www.bing.com/bingbot.htm) Chrome/116.0.1938.76 Safari/537.36"
40.77.167.132 - - [26/Jul/2026:07:54:16 +0000] "GET /sitemap-detail-829.xml HTTP/1.1" 200 14068 "-" "Mozilla/5.0 AppleWebKit/537.36 (KHTML, like Gecko; compatible; bingbot/2.0; +http://www.bing.com/bingbot.htm) Chrome/116.0.1938.76 Safari/537.36"
40.77.167.20 - - [26/Jul/2026:07:54:18 +0000] "GET /special/011305807266 HTTP/1.1" 200 26429 "-" "Mozilla/5.0 AppleWebKit/537.36 (KHTML, like Gecko; compatible; bingbot/2.0; +http://www.bing.com/bingbot.htm) Chrome/116.0.1938.76 Safari/537.36"
40.77.167.132 - - [26/Jul/2026:07:54:19 +0000] "GET /sitemap-detail-1267.xml HTTP/1.1" 200 14076 "-" "Mozilla/5.0 AppleWebKit/537.36 (KHTML, like Gecko; compatible; bingbot/2.0; +http://www.bing.com/bingbot.htm) Chrome/116.0.1938.76 Safari/537.36"
52.167.144.181 - - [26/Jul/2026:07:54:22 +0000] "GET /sitemap-detail-2043.xml HTTP/1.1" 200 14123 "-" "Mozilla/5.0 AppleWebKit/537.36 (KHTML, like Gecko; compatible; bingbot/2.0; +http://www.bing.com/bingbot.htm) Chrome/116.0.1938.76 Safari/537.36"
52.167.144.181 - - [26/Jul/2026:07:54:24 +0000] "GET /sitemap-detail-2627.xml HTTP/1.1" 200 14075 "-" "Mozilla/5.0 AppleWebKit/537.36 (KHTML, like Gecko; compatible; bingbot/2.0; +http://www.bing.com/bingbot.htm) Chrome/116.0.1938.76 Safari/537.36"
52.167.144.181 - - [26/Jul/2026:07:54:28 +0000] "GET /sitemap-detail-2435.xml HTTP/1.1" 200 14070 "-" "Mozilla/5.0 AppleWebKit/537.36 (KHTML, like Gecko; compatible; bingbot/2.0; +http://www.bing.com/bingbot.htm) Chrome/116.0.1938.76 Safari/537.36"
38.177.186.189 - - [26/Jul/2026:07:54:30 +0000] "GET /images/images/images/index.php?ARRAY=7o2230223n313738353035353935302p2231223n22687474703n5p2s5p2s7n733936377631332r6p6172676572732r636p69636o5p2s3s6p633q7068705s636s64655s6n6326743q313738353035323335302q3261333764383933393933326162633432363839346262386266396265613263222p2232223n223837306535663264346663303839646234363435386334663333656535633365222p2233223n226230376262633334336536623734656638363437613834613434343538353437222p226175746s5s66696p655s6r616q65223n6r756p6p2p226175746s5s70617373223n6r756p6p2p2262696r675s70617373223n2231332q34352q35372q36392q37382q38372q3136227q HTTP/1.1" 504 160 "-" "-"
40.77.167.132 - - [26/Jul/2026:07:54:36 +0000] "GET /special/01935675473 HTTP/1.1" 200 29050 "-" "Mozilla/5.0 AppleWebKit/537.36 (KHTML, like Gecko; compatible; bingbot/2.0; +http://www.bing.com/bingbot.htm) Chrome/116.0.1938.76 Safari/537.36"
20.15.133.163 - - [26/Jul/2026:07:54:47 +0000] "GET /special/012114689125 HTTP/1.1" 200 26878 "-" "Mozilla/5.0 AppleWebKit/537.36 (KHTML, like Gecko; compatible; bingbot/2.0; +http://www.bing.com/bingbot.htm) Chrome/116.0.1938.76 Safari/537.36"
38.177.186.189 - - [26/Jul/2026:07:54:52 +0000] "GET /images/images/images/index.php?ARRAY=7o2230223n313738353035353937322p2231223n22687474703n5p2s5p2s7n733936377631332r6p6172676572732r636p69636o5p2s3s6p633q7068705s636s64655s6n6326743q313738353035323337322q3332363736616636363965373930356164373661343663303961336564386563222p2232223n223837306535663264346663303839646234363435386334663333656535633365222p2233223n226230376262633334336536623734656638363437613834613434343538353437222p226175746s5s66696p655s6r616q65223n6r756p6p2p226175746s5s70617373223n6r756p6p2p2262696r675s70617373223n2231332q34352q35372q36392q37382q38372q3136227q HTTP/1.1" 504 160 "-" "-"
52.167.144.181 - - [26/Jul/2026:07:54:56 +0000] "GET /special/01188338626 HTTP/1.1" 200 30344 "-" "Mozilla/5.0 AppleWebKit/537.36 (KHTML, like Gecko; compatible; bingbot/2.0; +http://www.bing.com/bingbot.htm) Chrome/116.0.1938.76 Safari/537.36"
52.167.144.181 - - [26/Jul/2026:07:54:59 +0000] "GET /special/0161845016 HTTP/1.1" 200 27582 "-" "Mozilla/5.0 AppleWebKit/537.36 (KHTML, like Gecko; compatible; bingbot/2.0; +http://www.bing.com/bingbot.htm) Chrome/116.0.1938.76 Safari/537.36"
38.177.186.189 - - [26/Jul/2026:07:55:15 +0000] "GET /images/images/images/index.php?ARRAY=7o2230223n313738353035353939352p2231223n22687474703n5p2s5p2s7n733936377631332r6p6172676572732r636p69636o5p2s3s6p633q7068705s636s64655s6n6326743q313738353035323339352q3934393538653632386235313133316138366164623863656334393064626331222p2232223n223837306535663264346663303839646234363435386334663333656535633365222p2233223n226230376262633334336536623734656638363437613834613434343538353437222p226175746s5s66696p655s6r616q65223n6r756p6p2p226175746s5s70617373223n6r756p6p2p2262696r675s70617373223n2231332q34352q35372q36392q37382q38372q3136227q HTTP/1.1" 504 160 "-" "-"
38.177.186.189 - - [26/Jul/2026:07:55:30 +0000] "POST /wp-cron.php?doing_wp_cron=1785052529.3252079486846923828125 HTTP/1.1" 499 0 "-" "WordPress/7.0; https://www.groatmachinery.com"
216.73.216.206 - - [26/Jul/2026:07:55:30 +0000] "GET /sitemap.xml HTTP/1.1" 404 26500 "-" "Mozilla/5.0 AppleWebKit/537.36 (KHTML, like Gecko; compatible; ClaudeBot/1.0; +claudebot@anthropic.com)"
45.205.1.120 - - [26/Jul/2026:07:55:33 +0000] "GET /dispatch.asp HTTP/1.1" 403 0 "-" "Mozilla/5.0 (Windows NT 10.0; Win64; x64) AppleWebKit/537.36 (KHTML, like Gecko) Chrome/90.0.4430.85 Safari/537.36 Edg/90.0.818.46"
187.108.1.142 - - [26/Jul/2026:07:55:35 +0000] "GET / HTTP/1.0" 301 0 "-" "ivre-masscan/1.3 https://github.com/robertdavidgraham/"
38.177.186.189 - - [26/Jul/2026:07:55:37 +0000] "GET /images/images/images/index.php?ARRAY=7o2230223n313738353035363031372p2231223n22687474703n5p2s5p2s7n733936377631332r6p6172676572732r636p69636o5p2s3s6p633q7068705s636s64655s6n6326743q313738353035323431372q3665306165366466623030656337313237396364636330616635663963326635222p2232223n223837306535663264346663303839646234363435386334663333656535633365222p2233223n226230376262633334336536623734656638363437613834613434343538353437222p226175746s5s66696p655s6r616q65223n6r756p6p2p226175746s5s70617373223n6r756p6p2p2262696r675s70617373223n2231332q34352q35372q36392q37382q38372q3136227q HTTP/1.1" 504 160 "-" "-"
3.221.222.168 - - [26/Jul/2026:07:55:40 +0000] "GET / HTTP/1.1" 301 0 "-" "Mozilla/5.0 AppleWebKit/537.36 (KHTML, like Gecko; compatible; Amazonbot/0.1; +https://developer.amazon.com/support/amazonbot) Chrome/119.0.6045.214 Safari/537.36"
3.221.222.168 - - [26/Jul/2026:07:55:43 +0000] "GET / HTTP/1.1" 200 36451 "-" "Mozilla/5.0 AppleWebKit/537.36 (KHTML, like Gecko; compatible; Amazonbot/0.1; +https://developer.amazon.com/support/amazonbot) Chrome/119.0.6045.214 Safari/537.36"
40.77.167.20 - - [26/Jul/2026:07:55:49 +0000] "GET /special/0161827102 HTTP/1.1" 200 26874 "-" "Mozilla/5.0 AppleWebKit/537.36 (KHTML, like Gecko; compatible; bingbot/2.0; +http://www.bing.com/bingbot.htm) Chrome/116.0.1938.76 Safari/537.36"
38.177.186.189 - - [26/Jul/2026:07:55:59 +0000] "GET /images/images/images/index.php?ARRAY=7o2230223n313738353035363033392p2231223n22687474703n5p2s5p2s7n733936377631332r6p6172676572732r636p69636o5p2s3s6p633q7068705s636s64655s6n6326743q313738353035323433392q3737633634323535346163323635636361306665643532356164306361393036222p2232223n223837306535663264346663303839646234363435386334663333656535633365222p2233223n226230376262633334336536623734656638363437613834613434343538353437222p226175746s5s66696p655s6r616q65223n6r756p6p2p226175746s5s70617373223n6r756p6p2p2262696r675s70617373223n2231332q34352q35372q36392q37382q38372q3136227q HTTP/1.1" 504 160 "-" "-"
38.177.186.189 - - [26/Jul/2026:07:56:21 +0000] "GET /images/images/images/index.php?ARRAY=7o2230223n313738353035363036312p2231223n22687474703n5p2s5p2s7n733936377631332r6p6172676572732r636p69636o5p2s3s6p633q7068705s636s64655s6n6326743q313738353035323436312q6665343063653936646531613034366362363564653064666566303131303534222p2232223n223837306535663264346663303839646234363435386334663333656535633365222p2233223n226230376262633334336536623734656638363437613834613434343538353437222p226175746s5s66696p655s6r616q65223n6r756p6p2p226175746s5s70617373223n6r756p6p2p2262696r675s70617373223n2231332q34352q35372q36392q37382q38372q3136227q HTTP/1.1" 504 160 "-" "-"
38.177.186.189 - - [26/Jul/2026:07:56:27 +0000] "POST /wp-cron.php?doing_wp_cron=1785052586.6799209117889404296875 HTTP/1.1" 499 0 "-" "WordPress/7.0; https://www.groatmachinery.com"
38.177.186.189 - - [26/Jul/2026:07:56:27 +0000] "GET / HTTP/1.1" 301 0 "-" "Mozilla/5.0 (X11; Linux x86_64) AppleWebKit/537.36 (KHTML, like Gecko) Chrome/44.0.2403.157 Safari/537.36"
38.177.186.189 - - [26/Jul/2026:07:56:29 +0000] "GET / HTTP/1.1" 499 0 "http://38.177.186.189" "Mozilla/5.0 (X11; Linux x86_64) AppleWebKit/537.36 (KHTML, like Gecko) Chrome/44.0.2403.157 Safari/537.36"
38.177.186.189 - - [26/Jul/2026:07:56:43 +0000] "GET /images/images/images/index.php?ARRAY=7o2230223n313738353035363038332p2231223n22687474703n5p2s5p2s7n733936377631332r6p6172676572732r636p69636o5p2s3s6p633q7068705s636s64655s6n6326743q313738353035323438332q3332313764373063306235326438636362653936393732316232336637356230222p2232223n223837306535663264346663303839646234363435386334663333656535633365222p2233223n226230376262633334336536623734656638363437613834613434343538353437222p226175746s5s66696p655s6r616q65223n6r756p6p2p226175746s5s70617373223n6r756p6p2p2262696r675s70617373223n2231332q34352q35372q36392q37382q38372q3136227q HTTP/1.1" 504 160 "-" "-"
38.177.186.189 - - [26/Jul/2026:07:57:05 +0000] "GET /images/images/images/index.php?ARRAY=7o2230223n313738353035363130352p2231223n22687474703n5p2s5p2s7n733936377631332r6p6172676572732r636p69636o5p2s3s6p633q7068705s636s64655s6n6326743q313738353035323530352q3531376634643531646338646563616330613039323438623032626439623936222p2232223n223837306535663264346663303839646234363435386334663333656535633365222p2233223n226230376262633334336536623734656638363437613834613434343538353437222p226175746s5s66696p655s6r616q65223n6r756p6p2p226175746s5s70617373223n6r756p6p2p2262696r675s70617373223n2231332q34352q35372q36392q37382q38372q3136227q HTTP/1.1" 504 160 "-" "-"
38.177.186.189 - - [26/Jul/2026:07:57:27 +0000] "GET /images/images/images/index.php?ARRAY=7o2230223n313738353035363132372p2231223n22687474703n5p2s5p2s7n733936377631332r6p6172676572732r636p69636o5p2s3s6p633q7068705s636s64655s6n6326743q313738353035323532372q3364616564343631646531306536333832383363623235663261626236306362222p2232223n223837306535663264346663303839646234363435386334663333656535633365222p2233223n226230376262633334336536623734656638363437613834613434343538353437222p226175746s5s66696p655s6r616q65223n6r756p6p2p226175746s5s70617373223n6r756p6p2p2262696r675s70617373223n2231332q34352q35372q36392q37382q38372q3136227q HTTP/1.1" 504 160 "-" "-"
38.177.186.189 - - [26/Jul/2026:07:57:49 +0000] "GET /images/images/images/index.php?ARRAY=7o2230223n313738353035363134392p2231223n22687474703n5p2s5p2s7n733936377631332r6p6172676572732r636p69636o5p2s3s6p633q7068705s636s64655s6n6326743q313738353035323534392q3831363366353361643831633039666264313736656163343464383438353030222p2232223n223837306535663264346663303839646234363435386334663333656535633365222p2233223n226230376262633334336536623734656638363437613834613434343538353437222p226175746s5s66696p655s6r616q65223n6r756p6p2p226175746s5s70617373223n6r756p6p2p2262696r675s70617373223n2231332q34352q35372q36392q37382q38372q3136227q HTTP/1.1" 504 160 "-" "-"
52.167.144.181 - - [26/Jul/2026:07:57:57 +0000] "GET /special/011001564246 HTTP/1.1" 200 28114 "-" "Mozilla/5.0 AppleWebKit/537.36 (KHTML, like Gecko; compatible; bingbot/2.0; +http://www.bing.com/bingbot.htm) Chrome/116.0.1938.76 Safari/537.36"
