57.141.0.67 - - [26/Jul/2026:16:06:14 +0000] "GET /product-sitemap.xml HTTP/1.1" 200 25381 "-" "Mozilla/5.0 (Macintosh; Intel Mac OS X 10_15_7) AppleWebKit/537.36 (KHTML, like Gecko) Chrome/145.0.0.0 Safari/537.36 (compatible; meta-externalagent/1.1 (+https://developers.facebook.com/docs/sharing/webmasters/crawler))"
38.177.186.189 - - [26/Jul/2026:16:07:23 +0000] "POST /wp-cron.php?doing_wp_cron=1785082042.5109429359436035156250 HTTP/1.1" 499 0 "-" "WordPress/7.0; https://www.groatmachinery.com"
45.138.16.164 - - [26/Jul/2026:16:07:23 +0000] "POST /?rest_route=/batch/v1 HTTP/1.1" 207 16 "-" "Mozilla/5.0"
45.138.16.164 - - [26/Jul/2026:16:07:31 +0000] "POST /?rest_route=/batch/v1 HTTP/1.1" 207 1551044 "-" "Mozilla/5.0"
45.138.16.164 - - [26/Jul/2026:16:07:34 +0000] "GET /?rest_route=%2Fwp%2Fv2%2Fposts&per_page=1&_fields=link HTTP/1.1" 200 2 "-" "Mozilla/5.0"
45.138.16.164 - - [26/Jul/2026:16:07:36 +0000] "GET /?rest_route=%2Fwp%2Fv2%2Fpages&per_page=1&_fields=link HTTP/1.1" 200 121 "-" "Mozilla/5.0"
45.138.16.164 - - [26/Jul/2026:16:07:39 +0000] "POST /?rest_route=/batch/v1 HTTP/1.1" 207 6353 "-" "Mozilla/5.0"
45.138.16.164 - - [26/Jul/2026:16:07:47 +0000] "POST /?rest_route=/batch/v1 HTTP/1.1" 207 1551304 "-" "Mozilla/5.0"
45.138.16.164 - - [26/Jul/2026:16:07:55 +0000] "POST /?rest_route=/batch/v1 HTTP/1.1" 207 1551269 "-" "Mozilla/5.0"
45.138.16.164 - - [26/Jul/2026:16:08:02 +0000] "POST /?rest_route=/batch/v1 HTTP/1.1" 207 1551254 "-" "Mozilla/5.0"
38.177.186.189 - - [26/Jul/2026:16:08:08 +0000] "POST /wp-cron.php?doing_wp_cron=1785082087.8555550575256347656250 HTTP/1.1" 499 0 "-" "WordPress/7.0; https://www.groatmachinery.com"
45.138.16.164 - - [26/Jul/2026:16:08:10 +0000] "POST /?rest_route=/batch/v1 HTTP/1.1" 207 1551263 "-" "Mozilla/5.0"
45.138.16.164 - - [26/Jul/2026:16:08:17 +0000] "POST /?rest_route=/batch/v1 HTTP/1.1" 207 1551254 "-" "Mozilla/5.0"
45.138.16.164 - - [26/Jul/2026:16:08:20 +0000] "POST /?rest_route=/batch/v1 HTTP/1.1" 207 5232 "-" "Mozilla/5.0"
45.138.16.164 - - [26/Jul/2026:16:08:22 +0000] "GET /wp-login.php HTTP/1.1" 302 0 "-" "Mozilla/5.0"
45.138.16.164 - - [26/Jul/2026:16:08:26 +0000] "GET /wp-admin/ HTTP/1.1" 302 0 "-" "Mozilla/5.0"
45.138.16.164 - - [26/Jul/2026:16:08:30 +0000] "GET /wp-login.php?redirect_to=https%3A%2F%2Fwww.groatmachinery.com%2Fwp-admin%2F&reauth=1 HTTP/1.1" 200 9767 "-" "Mozilla/5.0"
45.138.16.164 - - [26/Jul/2026:16:08:32 +0000] "POST /wp-login.php HTTP/1.1" 302 0 "-" "Mozilla/5.0"
45.138.16.164 - - [26/Jul/2026:16:08:34 +0000] "GET /wp-admin/ HTTP/1.1" 302 0 "-" "Mozilla/5.0"
45.138.16.164 - - [26/Jul/2026:16:08:36 +0000] "GET /wp-login.php?redirect_to=https%3A%2F%2Fwww.groatmachinery.com%2Fwp-admin%2F&reauth=1 HTTP/1.1" 200 9767 "-" "Mozilla/5.0"
45.138.16.164 - - [26/Jul/2026:16:08:38 +0000] "GET /wp-admin/ HTTP/1.1" 302 0 "-" "Mozilla/5.0"
45.138.16.164 - - [26/Jul/2026:16:08:41 +0000] "GET /wp-admin/ HTTP/1.1" 302 0 "-" "Mozilla/5.0"
45.138.16.164 - - [26/Jul/2026:16:08:43 +0000] "GET /wp-login.php?redirect_to=https%3A%2F%2Fgroatmachinery.com%2Fwp-admin%2F&reauth=1 HTTP/1.1" 200 9759 "-" "Mozilla/5.0"
38.177.186.189 - - [26/Jul/2026:16:14:21 +0000] "POST /wp-cron.php?doing_wp_cron=1785082460.2855329513549804687500 HTTP/1.1" 499 0 "-" "WordPress/7.0; https://www.groatmachinery.com"
114.119.146.70 - - [26/Jul/2026:16:14:21 +0000] "GET /gaqepuh/2026/06/pods-xigua.webp HTTP/1.1" 404 26513 "https://www.groatmachinery.com/ilia-pods-m-13/" "Mozilla/5.0 (Linux; Android 7.0;) AppleWebKit/537.36 (HTML, like Gecko) Mobile Safari/537.36 (compatible; PetalBot;+https://webmaster.petalsearch.com/site/petalbot)"
38.177.186.189 - - [26/Jul/2026:16:14:28 +0000] "GET / HTTP/1.1" 301 0 "-" "Mozilla/5.0 (X11; Linux x86_64) AppleWebKit/537.36 (KHTML, like Gecko) Chrome/44.0.2403.157 Safari/537.36"
38.177.186.189 - - [26/Jul/2026:16:14:30 +0000] "GET / HTTP/1.1" 200 36450 "http://38.177.186.189" "Mozilla/5.0 (X11; Linux x86_64) AppleWebKit/537.36 (KHTML, like Gecko) Chrome/44.0.2403.157 Safari/537.36"
59.17.144.87 - - [26/Jul/2026:16:15:20 +0000] "GET / HTTP/1.0" 403 0 "-" "-"
51.68.34.180 - - [26/Jul/2026:16:17:02 +0000] "GET /robots.txt HTTP/1.1" 200 84 "-" "Mozilla/5.0 (compatible; MJ12bot/v1.4.8; http://mj12bot.com/)"
38.177.186.189 - - [26/Jul/2026:16:17:11 +0000] "POST /wp-cron.php?doing_wp_cron=1785082630.2290139198303222656250 HTTP/1.1" 499 0 "-" "WordPress/7.0; https://www.groatmachinery.com"
51.68.34.180 - - [26/Jul/2026:16:17:11 +0000] "GET /product-tag/%E5%93%A9%E5%95%9E/feed/ HTTP/1.1" 200 1859 "-" "Mozilla/5.0 (compatible; MJ12bot/v1.4.8; http://mj12bot.com/)"
51.68.34.180 - - [26/Jul/2026:16:17:16 +0000] "GET /product-tag/%E5%93%A9%E5%95%9Eilia/feed/ HTTP/1.1" 200 1886 "-" "Mozilla/5.0 (compatible; MJ12bot/v1.4.8; http://mj12bot.com/)"
51.68.34.180 - - [26/Jul/2026:16:17:22 +0000] "GET /product-tag/ilia%E5%93%A9%E5%95%9E/feed/ HTTP/1.1" 200 1855 "-" "Mozilla/5.0 (compatible; MJ12bot/v1.4.8; http://mj12bot.com/)"
51.68.34.180 - - [26/Jul/2026:16:17:29 +0000] "GET /product-tag/ilia%E5%93%A9%E5%95%9E/ HTTP/1.1" 200 35246 "-" "Mozilla/5.0 (compatible; MJ12bot/v1.4.8; http://mj12bot.com/)"
38.177.186.189 - - [26/Jul/2026:16:28:27 +0000] "POST /wp-cron.php?doing_wp_cron=1785083306.8059868812561035156250 HTTP/1.1" 499 0 "-" "WordPress/7.0; https://www.groatmachinery.com"
38.177.186.189 - - [26/Jul/2026:16:28:27 +0000] "GET / HTTP/1.1" 301 0 "-" "Mozilla/5.0 (X11; Linux x86_64) AppleWebKit/537.36 (KHTML, like Gecko) Chrome/44.0.2403.157 Safari/537.36"
38.177.186.189 - - [26/Jul/2026:16:28:29 +0000] "GET / HTTP/1.1" 499 0 "http://38.177.186.189" "Mozilla/5.0 (X11; Linux x86_64) AppleWebKit/537.36 (KHTML, like Gecko) Chrome/44.0.2403.157 Safari/537.36"
38.107.237.68 - - [26/Jul/2026:16:28:48 +0000] "GET / HTTP/1.1" 301 0 "-" "Mozilla/5.0 (Windows NT 10.0; Win64; x64) AppleWebKit/537.36 (KHTML, like Gecko) Chrome/120.0.0.0 Safari/537.36"
38.107.237.68 - - [26/Jul/2026:16:28:50 +0000] "GET / HTTP/1.1" 200 36450 "-" "Mozilla/5.0 (Windows NT 10.0; Win64; x64) AppleWebKit/537.36 (KHTML, like Gecko) Chrome/120.0.0.0 Safari/537.36"
38.107.237.68 - - [26/Jul/2026:16:28:52 +0000] "GET /wp-login.php HTTP/1.1" 302 0 "-" "Mozilla/5.0 (Windows NT 10.0; Win64; x64) AppleWebKit/537.36 (KHTML, like Gecko) Chrome/120.0.0.0 Safari/537.36"
38.107.237.68 - - [26/Jul/2026:16:28:54 +0000] "GET /wp-admin/ HTTP/1.1" 302 0 "-" "Mozilla/5.0 (Windows NT 10.0; Win64; x64) AppleWebKit/537.36 (KHTML, like Gecko) Chrome/120.0.0.0 Safari/537.36"
38.177.186.189 - - [26/Jul/2026:16:29:10 +0000] "POST /wp-cron.php?doing_wp_cron=1785083349.7212140560150146484375 HTTP/1.1" 499 0 "-" "WordPress/7.0; https://www.groatmachinery.com"
57.141.0.51 - - [26/Jul/2026:16:29:10 +0000] "GET /ilia-oil-b-77/ HTTP/1.1" 200 234173 "-" "Mozilla/5.0 (Windows NT 10.0; Win64; x64) AppleWebKit/537.36 (KHTML, like Gecko) Chrome/145.0.0.0 Safari/537.36 (compatible; meta-externalagent/1.1 (+https://developers.facebook.com/docs/sharing/webmasters/crawler))"
216.73.216.206 - - [26/Jul/2026:16:31:11 +0000] "GET /robots.txt HTTP/1.1" 200 84 "-" "Mozilla/5.0 AppleWebKit/537.36 (KHTML, like Gecko; compatible; ClaudeBot/1.0; +claudebot@anthropic.com)"
38.177.186.189 - - [26/Jul/2026:16:31:16 +0000] "POST /wp-cron.php?doing_wp_cron=1785083475.0737040042877197265625 HTTP/1.1" 499 0 "-" "WordPress/7.0; https://www.groatmachinery.com"
216.73.216.206 - - [26/Jul/2026:16:31:16 +0000] "GET /ilia-oil-b-77/?add-to-cart=868 HTTP/1.1" 200 34714 "-" "Mozilla/5.0 AppleWebKit/537.36 (KHTML, like Gecko; compatible; ClaudeBot/1.0; +claudebot@anthropic.com)"
46.105.39.50 - - [26/Jul/2026:16:35:25 +0000] "GET /robots.txt HTTP/1.1" 200 84 "-" "Mozilla/5.0 (compatible; MJ12bot/v2.0.5; http://mj12bot.com/)"
38.177.186.189 - - [26/Jul/2026:16:35:29 +0000] "POST /wp-cron.php?doing_wp_cron=1785083728.6056408882141113281250 HTTP/1.1" 499 0 "-" "WordPress/7.0; https://www.groatmachinery.com"
46.105.39.50 - - [26/Jul/2026:16:35:29 +0000] "GET / HTTP/1.1" 200 36450 "-" "Mozilla/5.0 (compatible; MJ12bot/v2.0.5; http://mj12bot.com/)"
38.177.186.189 - - [26/Jul/2026:16:38:50 +0000] "POST /wp-cron.php?doing_wp_cron=1785083929.0773301124572753906250 HTTP/1.1" 499 0 "-" "WordPress/7.0; https://www.groatmachinery.com"
216.73.216.206 - - [26/Jul/2026:16:38:50 +0000] "GET /ilia-oil-b-77/?add-to-cart=909 HTTP/1.1" 200 34733 "-" "Mozilla/5.0 AppleWebKit/537.36 (KHTML, like Gecko; compatible; ClaudeBot/1.0; +claudebot@anthropic.com)"
38.177.186.189 - - [26/Jul/2026:16:40:06 +0000] "POST /wp-cron.php?doing_wp_cron=1785084005.6698279380798339843750 HTTP/1.1" 499 0 "-" "WordPress/7.0; https://www.groatmachinery.com"
216.73.216.206 - - [26/Jul/2026:16:40:06 +0000] "GET /ilia-oil-b-77/?add-to-cart=871 HTTP/1.1" 200 34775 "-" "Mozilla/5.0 AppleWebKit/537.36 (KHTML, like Gecko; compatible; ClaudeBot/1.0; +claudebot@anthropic.com)"
38.177.186.189 - - [26/Jul/2026:16:42:25 +0000] "POST /wp-cron.php?doing_wp_cron=1785084144.6254389286041259765625 HTTP/1.1" 499 0 "-" "WordPress/7.0; https://www.groatmachinery.com"
38.177.186.189 - - [26/Jul/2026:16:42:25 +0000] "GET / HTTP/1.1" 301 0 "-" "Mozilla/5.0 (X11; Linux x86_64) AppleWebKit/537.36 (KHTML, like Gecko) Chrome/44.0.2403.157 Safari/537.36"
38.177.186.189 - - [26/Jul/2026:16:42:27 +0000] "GET / HTTP/1.1" 499 0 "http://38.177.186.189" "Mozilla/5.0 (X11; Linux x86_64) AppleWebKit/537.36 (KHTML, like Gecko) Chrome/44.0.2403.157 Safari/537.36"
185.93.89.10 - - [26/Jul/2026:16:43:42 +0000] "GET /remote/login HTTP/1.0" 400 650 "https://www.google.com" "Mozilla/5.0 (X11; Linux x86_64) AppleWebKit/537.36 (KHTML, like Gecko) Chrome/119.0.0.0 Safari/537.36"
185.93.89.10 - - [26/Jul/2026:16:43:42 +0000] "GET /login?redir= HTTP/1.0" 400 650 "https://www.google.com" "Mozilla/5.0 (X11; Linux x86_64) AppleWebKit/537.36 (KHTML, like Gecko) Chrome/119.0.0.0 Safari/537.36"
185.93.89.10 - - [26/Jul/2026:16:43:44 +0000] "GET /remote/login HTTP/1.0" 403 0 "https://www.google.com" "Mozilla/5.0 (X11; Linux x86_64) AppleWebKit/537.36 (KHTML, like Gecko) Chrome/119.0.0.0 Safari/537.36"
185.93.89.10 - - [26/Jul/2026:16:43:46 +0000] "GET /login?redir= HTTP/1.0" 403 0 "https://www.google.com" "Mozilla/5.0 (X11; Linux x86_64) AppleWebKit/537.36 (KHTML, like Gecko) Chrome/119.0.0.0 Safari/537.36"
93.107.11.217 - - [26/Jul/2026:16:47:03 +0000] "GET / HTTP/1.0" 403 0 "-" "-"
185.12.59.118 - - [26/Jul/2026:16:50:32 +0000] "GET / HTTP/1.1" 403 0 "-" "Mozilla/5.0 (Windows NT 10.0; Win64; x64; rv:132.0) Gecko/20100101 Firefox/132.0"
52.167.144.147 - - [26/Jul/2026:16:50:57 +0000] "GET /special/813525220905 HTTP/1.1" 200 26213 "-" "Mozilla/5.0 AppleWebKit/537.36 (KHTML, like Gecko; compatible; bingbot/2.0; +http://www.bing.com/bingbot.htm) Chrome/116.0.1938.76 Safari/537.36"
38.177.186.189 - - [26/Jul/2026:16:56:25 +0000] "POST /wp-cron.php?doing_wp_cron=1785084984.4987359046936035156250 HTTP/1.1" 499 0 "-" "WordPress/7.0; https://www.groatmachinery.com"
38.177.186.189 - - [26/Jul/2026:16:56:25 +0000] "GET / HTTP/1.1" 301 0 "-" "Mozilla/5.0 (X11; Linux x86_64) AppleWebKit/537.36 (KHTML, like Gecko) Chrome/44.0.2403.157 Safari/537.36"
38.177.186.189 - - [26/Jul/2026:16:56:26 +0000] "GET / HTTP/1.1" 499 0 "http://38.177.186.189" "Mozilla/5.0 (X11; Linux x86_64) AppleWebKit/537.36 (KHTML, like Gecko) Chrome/44.0.2403.157 Safari/537.36"
51.159.210.94 - - [26/Jul/2026:16:57:26 +0000] "GET / HTTP/1.1" 499 0 "-" "sellsybot/1.0 (+mailto:dev@sellsy.com)"
38.177.186.189 - - [26/Jul/2026:16:57:27 +0000] "POST /wp-cron.php?doing_wp_cron=1785085046.9814679622650146484375 HTTP/1.1" 499 0 "-" "WordPress/7.0; https://www.groatmachinery.com"
38.177.186.189 - - [26/Jul/2026:17:00:29 +0000] "GET / HTTP/1.1" 499 0 "-" "Mozilla/5.0 (X11; Linux x86_64) AppleWebKit/537.36 (KHTML, like Gecko) Chrome/44.0.2403.157 Safari/537.36"
38.177.186.189 - - [26/Jul/2026:17:00:30 +0000] "POST /wp-cron.php?doing_wp_cron=1785085229.4298579692840576171875 HTTP/1.1" 499 0 "-" "WordPress/7.0; https://www.groatmachinery.com"
103.203.57.3 - - [26/Jul/2026:17:00:33 +0000] "GET / HTTP/1.1" 403 0 "-" "Mozilla/5.0 zgrab/0.x"
217.29.59.24 - - [26/Jul/2026:17:01:53 +0000] "GET /contact.php HTTP/1.0" 403 283 "-" "Mozilla/5.0 (Windows NT 6.3; Win64; x64) AppleWebKit/537.36 (KHTML, like Gecko) Chrome/75.0.3770.100 Safari/537.36"
144.202.92.17 - - [26/Jul/2026:17:03:54 +0000] "GET / HTTP/1.1" 403 0 "-" "Mozilla/5.0 (compatible; CyberConvoyScout/1.0; +https://scout.cyberconvoy.co)"
216.73.216.206 - - [26/Jul/2026:17:05:29 +0000] "GET /robots.txt HTTP/1.1" 200 84 "-" "Mozilla/5.0 AppleWebKit/537.36 (KHTML, like Gecko; compatible; ClaudeBot/1.0; +claudebot@anthropic.com)"
38.177.186.189 - - [26/Jul/2026:17:05:36 +0000] "POST /wp-cron.php?doing_wp_cron=1785085535.3019399642944335937500 HTTP/1.1" 499 0 "-" "WordPress/7.0; https://www.groatmachinery.com"
216.73.216.206 - - [26/Jul/2026:17:05:36 +0000] "GET /sitemap.xml HTTP/1.1" 404 26499 "-" "Mozilla/5.0 AppleWebKit/537.36 (KHTML, like Gecko; compatible; ClaudeBot/1.0; +claudebot@anthropic.com)"
38.177.186.189 - - [26/Jul/2026:17:06:03 +0000] "POST /wp-cron.php?doing_wp_cron=1785085562.1462559700012207031250 HTTP/1.1" 499 0 "-" "WordPress/7.0; https://www.groatmachinery.com"
77.172.98.188 - - [26/Jul/2026:17:06:03 +0000] "GET /shop-oil/?add-to-cart=873 HTTP/1.1" 200 35055 "-" "Mozilla/5.0 (Macintosh; Intel Mac OS X 10_15_7) AppleWebKit/537.36 (KHTML, like Gecko) Chrome/133.0.0.0 Safari/537.36"
20.55.3.202 - - [26/Jul/2026:17:10:31 +0000] "GET / HTTP/1.1" 403 0 "-" "Mozilla/5.0 zgrab/0.x"
38.177.186.189 - - [26/Jul/2026:17:14:26 +0000] "POST /wp-cron.php?doing_wp_cron=1785086065.7911078929901123046875 HTTP/1.1" 499 0 "-" "WordPress/7.0; https://www.groatmachinery.com"
38.177.186.189 - - [26/Jul/2026:17:14:26 +0000] "GET / HTTP/1.1" 301 0 "-" "Mozilla/5.0 (X11; Linux x86_64) AppleWebKit/537.36 (KHTML, like Gecko) Chrome/44.0.2403.157 Safari/537.36"
38.177.186.189 - - [26/Jul/2026:17:14:28 +0000] "GET / HTTP/1.1" 499 0 "http://38.177.186.189" "Mozilla/5.0 (X11; Linux x86_64) AppleWebKit/537.36 (KHTML, like Gecko) Chrome/44.0.2403.157 Safari/537.36"
38.177.186.189 - - [26/Jul/2026:17:17:30 +0000] "POST /wp-cron.php?doing_wp_cron=1785086249.2947540283203125000000 HTTP/1.1" 499 0 "-" "WordPress/7.0; https://www.groatmachinery.com"
47.79.11.124 - - [26/Jul/2026:17:17:30 +0000] "GET /ilia-host-e-80/ HTTP/1.1" 200 34758 "-" "Mozilla/5.0 (Macintosh; Intel Mac OS X 10_15_7) AppleWebKit/537.36 (KHTML, like Gecko) Chrome/145.0.0.0 Safari/537.36"
38.177.186.189 - - [26/Jul/2026:17:19:16 +0000] "POST /wp-cron.php?doing_wp_cron=1785086355.6092379093170166015625 HTTP/1.1" 499 0 "-" "WordPress/7.0; https://www.groatmachinery.com"
57.141.0.9 - - [26/Jul/2026:17:19:16 +0000] "GET /ilia-pods-m-88/ HTTP/1.1" 200 235072 "-" "Mozilla/5.0 (Macintosh; Intel Mac OS X 10_15_7) AppleWebKit/537.36 (KHTML, like Gecko) Chrome/145.0.0.0 Safari/537.36 (compatible; meta-externalagent/1.1 (+https://developers.facebook.com/docs/sharing/webmasters/crawler))"
52.167.144.172 - - [26/Jul/2026:17:22:20 +0000] "GET /special/39405069036 HTTP/1.1" 200 26931 "-" "Mozilla/5.0 AppleWebKit/537.36 (KHTML, like Gecko; compatible; bingbot/2.0; +http://www.bing.com/bingbot.htm) Chrome/116.0.1938.76 Safari/537.36"
38.177.186.189 - - [26/Jul/2026:17:22:32 +0000] "POST /wp-cron.php?doing_wp_cron=1785086551.8631548881530761718750 HTTP/1.1" 499 0 "-" "WordPress/7.0; https://www.groatmachinery.com"
57.141.0.5 - - [26/Jul/2026:17:22:33 +0000] "GET /ilia-host-q-17/ HTTP/1.1" 200 234567 "-" "Mozilla/5.0 (Windows NT 10.0; Win64; x64) AppleWebKit/537.36 (KHTML, like Gecko) Chrome/145.0.0.0 Safari/537.36 (compatible; meta-externalagent/1.1 (+https://developers.facebook.com/docs/sharing/webmasters/crawler))"
38.177.186.189 - - [26/Jul/2026:17:23:35 +0000] "POST /wp-cron.php?doing_wp_cron=1785086614.3690800666809082031250 HTTP/1.1" 499 0 "-" "WordPress/7.0; https://www.groatmachinery.com"
114.119.134.152 - - [26/Jul/2026:17:23:35 +0000] "GET /Upload/20191109135629538.jpg HTTP/1.1" 404 26524 "http://www.groatmachinery.com/about.asp" "Mozilla/5.0 (Linux; Android 7.0;) AppleWebKit/537.36 (HTML, like Gecko) Mobile Safari/537.36 (compatible; PetalBot;+https://webmaster.petalsearch.com/site/petalbot)"
38.177.186.189 - - [26/Jul/2026:17:25:20 +0000] "POST /wp-cron.php?doing_wp_cron=1785086719.0695090293884277343750 HTTP/1.1" 499 0 "-" "WordPress/7.0; https://www.groatmachinery.com"
79.249.48.159 - - [26/Jul/2026:17:25:20 +0000] "GET /shop/?add-to-cart=873 HTTP/1.1" 200 40854 "-" "Mozilla/5.0 (Macintosh; Intel Mac OS X 10_15_7) AppleWebKit/537.36 (KHTML, like Gecko) Chrome/133.0.0.0 Safari/537.36"
57.141.0.55 - - [26/Jul/2026:17:26:00 +0000] "GET /ilia-pods-b-2/ HTTP/1.1" 200 234497 "-" "Mozilla/5.0 (Windows NT 10.0; Win64; x64) AppleWebKit/537.36 (KHTML, like Gecko) Chrome/145.0.0.0 Safari/537.36 (compatible; meta-externalagent/1.1 (+https://developers.facebook.com/docs/sharing/webmasters/crawler))"
38.177.186.189 - - [26/Jul/2026:17:28:24 +0000] "POST /wp-cron.php?doing_wp_cron=1785086903.2773299217224121093750 HTTP/1.1" 499 0 "-" "WordPress/7.0; https://www.groatmachinery.com"
38.177.186.189 - - [26/Jul/2026:17:28:24 +0000] "GET / HTTP/1.1" 301 0 "-" "Mozilla/5.0 (X11; Linux x86_64) AppleWebKit/537.36 (KHTML, like Gecko) Chrome/44.0.2403.157 Safari/537.36"
38.177.186.189 - - [26/Jul/2026:17:28:26 +0000] "GET / HTTP/1.1" 499 0 "http://38.177.186.189" "Mozilla/5.0 (X11; Linux x86_64) AppleWebKit/537.36 (KHTML, like Gecko) Chrome/44.0.2403.157 Safari/537.36"
57.141.0.43 - - [26/Jul/2026:17:28:29 +0000] "GET /shop-oil/ HTTP/1.1" 200 300465 "-" "Mozilla/5.0 (Windows NT 10.0; Win64; x64) AppleWebKit/537.36 (KHTML, like Gecko) Chrome/145.0.0.0 Safari/537.36 (compatible; meta-externalagent/1.1 (+https://developers.facebook.com/docs/sharing/webmasters/crawler))"
38.177.186.189 - - [26/Jul/2026:17:32:19 +0000] "POST /wp-cron.php?doing_wp_cron=1785087138.2664210796356201171875 HTTP/1.1" 499 0 "-" "WordPress/7.0; https://www.groatmachinery.com"
185.242.3.153 - - [26/Jul/2026:17:32:19 +0000] "GET / HTTP/1.1" 301 0 "-" "-"
185.242.3.153 - - [26/Jul/2026:17:32:23 +0000] "GET / HTTP/1.1" 200 319953 "-" "-"
185.242.3.153 - - [26/Jul/2026:17:32:23 +0000] "GET /wp-admin/install.php HTTP/1.1" 403 288 "-" "-"
185.242.3.153 - - [26/Jul/2026:17:32:24 +0000] "GET /wp-admin/setup-config.php HTTP/1.1" 409 2716 "-" "-"
47.79.11.196 - - [26/Jul/2026:17:32:25 +0000] "GET /ilia-host-k-86/ HTTP/1.1" 200 34851 "-" "Mozilla/5.0 (Macintosh; Intel Mac OS X 10_15_7) AppleWebKit/537.36 (KHTML, like Gecko) Chrome/147.0.0.0 Safari/537.36"
47.79.11.227 - - [26/Jul/2026:17:32:25 +0000] "GET /ilia-cigarette-n-66/ HTTP/1.1" 200 34778 "-" "Mozilla/5.0 (Windows NT 10.0; Win64; x64) AppleWebKit/537.36 (KHTML, like Gecko) Chrome/147.0.0.0 Safari/537.36"
38.177.186.189 - - [26/Jul/2026:17:37:39 +0000] "POST /wp-cron.php?doing_wp_cron=1785087458.7900381088256835937500 HTTP/1.1" 499 0 "-" "WordPress/7.0; https://www.groatmachinery.com"
3.213.69.117 - - [26/Jul/2026:17:37:39 +0000] "GET / HTTP/1.1" 301 0 "-" "Mozilla/5.0 (X11; Linux x86_64) AppleWebKit/535.21 (KHTML, like Gecko) Chrome/19.0.1042.0 Safari/535.21"
3.213.69.117 - - [26/Jul/2026:17:37:42 +0000] "GET / HTTP/1.1" 200 36449 "-" "Mozilla/5.0 (X11; Linux x86_64) AppleWebKit/535.21 (KHTML, like Gecko) Chrome/19.0.1042.0 Safari/535.21"
94.154.43.254 - - [26/Jul/2026:17:37:45 +0000] "GET / HTTP/1.1" 403 0 "-" "Linux Gnu (cow)"
38.177.186.189 - - [26/Jul/2026:17:38:35 +0000] "POST /wp-cron.php?doing_wp_cron=1785087514.4060111045837402343750 HTTP/1.1" 499 0 "-" "WordPress/7.0; https://www.groatmachinery.com"
34.200.241.89 - - [26/Jul/2026:17:38:35 +0000] "GET / HTTP/1.1" 301 0 "-" "Mozilla/5.0 (Windows NT 10.0; Win64; x64; rv:130.0) Gecko/20100101 Firefox/130.0"
34.200.241.89 - - [26/Jul/2026:17:38:38 +0000] "GET / HTTP/1.1" 200 36450 "https://groatmachinery.com" "Mozilla/5.0 (Windows NT 10.0; Win64; x64; rv:130.0) Gecko/20100101 Firefox/130.0"
38.177.186.189 - - [26/Jul/2026:17:40:00 +0000] "POST /wp-cron.php?doing_wp_cron=1785087599.4291439056396484375000 HTTP/1.1" 499 0 "-" "WordPress/7.0; https://www.groatmachinery.com"
54.157.149.144 - - [26/Jul/2026:17:40:00 +0000] "GET / HTTP/1.1" 301 0 "-" "Mozilla/5.0 (Windows NT 6.1; WOW64; rv:43.0) Gecko/20100101 Firefox/43.0"
38.177.186.189 - - [26/Jul/2026:17:40:04 +0000] "POST /wp-cron.php?doing_wp_cron=1785087603.2707290649414062500000 HTTP/1.1" 499 0 "-" "WordPress/7.0; https://www.groatmachinery.com"
34.195.23.187 - - [26/Jul/2026:17:40:04 +0000] "GET / HTTP/1.1" 200 36450 "-" "Mozilla/5.0 (Windows NT 6.1; WOW64; rv:43.0) Gecko/20100101 Firefox/43.0"
38.177.186.189 - - [26/Jul/2026:17:42:27 +0000] "POST /wp-cron.php?doing_wp_cron=1785087746.1920740604400634765625 HTTP/1.1" 499 0 "-" "WordPress/7.0; https://www.groatmachinery.com"
38.177.186.189 - - [26/Jul/2026:17:42:27 +0000] "GET / HTTP/1.1" 301 0 "-" "Mozilla/5.0 (X11; Linux x86_64) AppleWebKit/537.36 (KHTML, like Gecko) Chrome/44.0.2403.157 Safari/537.36"
38.177.186.189 - - [26/Jul/2026:17:42:29 +0000] "GET / HTTP/1.1" 499 0 "http://38.177.186.189" "Mozilla/5.0 (X11; Linux x86_64) AppleWebKit/537.36 (KHTML, like Gecko) Chrome/44.0.2403.157 Safari/537.36"
185.242.3.90 - - [26/Jul/2026:17:42:31 +0000] "GET / HTTP/1.1" 301 0 "-" "-"
185.242.3.90 - - [26/Jul/2026:17:42:37 +0000] "GET / HTTP/1.1" 301 0 "-" "-"
185.242.3.90 - - [26/Jul/2026:17:42:44 +0000] "GET / HTTP/1.1" 200 114108 "-" "-"
34.204.28.244 - - [26/Jul/2026:17:45:12 +0000] "GET /robots.txt HTTP/1.1" 200 84 "-" "Mozilla/5.0 (Macintosh; Intel Mac OS X 10_10_1) AppleWebKit/600.2.5 (KHTML, like Gecko) Version/8.0.2 Safari/600.2.5 (Gort)"
38.177.186.189 - - [26/Jul/2026:17:45:22 +0000] "POST /wp-cron.php?doing_wp_cron=1785087921.3561859130859375000000 HTTP/1.1" 499 0 "-" "WordPress/7.0; https://www.groatmachinery.com"
189.196.205.162 - - [26/Jul/2026:17:45:22 +0000] "GET /ilia-host-k-37/?add-to-cart=937 HTTP/1.1" 200 34770 "-" "Mozilla/5.0 (Macintosh; Intel Mac OS X 10_15_7) AppleWebKit/537.36 (KHTML, like Gecko) Chrome/133.0.0.0 Safari/537.36"
38.177.186.189 - - [26/Jul/2026:17:47:41 +0000] "POST /wp-cron.php?doing_wp_cron=1785088060.6149320602416992187500 HTTP/1.1" 499 0 "-" "WordPress/7.0; https://www.groatmachinery.com"
90.205.81.99 - - [26/Jul/2026:17:47:41 +0000] "GET /ilia-host-o-67/?add-to-cart=846 HTTP/1.1" 200 34788 "-" "Mozilla/5.0 (Macintosh; Intel Mac OS X 10_15_7) AppleWebKit/537.36 (KHTML, like Gecko) Chrome/133.0.0.0 Safari/537.36"
38.177.186.189 - - [26/Jul/2026:17:52:20 +0000] "POST /wp-cron.php?doing_wp_cron=1785088339.3247280120849609375000 HTTP/1.1" 499 0 "-" "WordPress/7.0; https://www.groatmachinery.com"
216.73.216.206 - - [26/Jul/2026:17:52:20 +0000] "GET /sitemap.xml HTTP/1.1" 404 26499 "-" "Mozilla/5.0 AppleWebKit/537.36 (KHTML, like Gecko; compatible; ClaudeBot/1.0; +claudebot@anthropic.com)"
107.20.225.14 - - [26/Jul/2026:17:52:50 +0000] "GET / HTTP/1.1" 301 0 "-" "Mozilla/5.0 AppleWebKit/605.1.15 (KHTML, like Gecko) Chrome/139.0.0.0 Safari/605.1.15"
44.197.47.41 - - [26/Jul/2026:17:52:53 +0000] "GET / HTTP/1.1" 200 36450 "-" "Mozilla/5.0 AppleWebKit/605.1.15 (KHTML, like Gecko) Chrome/139.0.0.0 Safari/605.1.15"
38.177.186.189 - - [26/Jul/2026:17:54:58 +0000] "POST /wp-cron.php?doing_wp_cron=1785088497.3138310909271240234375 HTTP/1.1" 499 0 "-" "WordPress/7.0; https://www.groatmachinery.com"
161.118.221.78 - - [26/Jul/2026:17:54:58 +0000] "GET / HTTP/1.1" 301 0 "-" "python-requests/2.34.2"
38.177.186.189 - - [26/Jul/2026:17:55:02 +0000] "POST /wp-cron.php?doing_wp_cron=1785088501.0263309478759765625000 HTTP/1.1" 499 0 "-" "WordPress/7.0; https://www.groatmachinery.com"
161.118.221.78 - - [26/Jul/2026:17:55:02 +0000] "GET / HTTP/1.1" 200 36449 "-" "python-requests/2.34.2"
161.118.221.78 - - [26/Jul/2026:17:55:03 +0000] "POST /wp-login.php HTTP/1.1" 200 3314 "https://groatmachinery.com/wp-login.php" "Mozilla/5.0 (Windows NT 6.1; Win64; x64) AppleWebKit/537.36 (KHTML, like Gecko) Chrome/94.0.4606.71 Safari/537.36"
161.118.221.78 - - [26/Jul/2026:17:55:11 +0000] "GET /wp-admin/index.php HTTP/1.1" 200 88500 "https://groatmachinery.com/wp-login.php" "Mozilla/5.0 (Macintosh; Intel Mac OS X 10_15_7) AppleWebKit/537.36 (KHTML, like Gecko) Chrome/91.0.4472.124 Safari/537.36"
38.177.186.189 - - [26/Jul/2026:17:56:25 +0000] "POST /wp-cron.php?doing_wp_cron=1785088584.6564619541168212890625 HTTP/1.1" 499 0 "-" "WordPress/7.0; https://www.groatmachinery.com"
38.177.186.189 - - [26/Jul/2026:17:56:25 +0000] "GET / HTTP/1.1" 301 0 "-" "Mozilla/5.0 (X11; Linux x86_64) AppleWebKit/537.36 (KHTML, like Gecko) Chrome/44.0.2403.157 Safari/537.36"
38.177.186.189 - - [26/Jul/2026:17:56:27 +0000] "GET / HTTP/1.1" 499 0 "http://38.177.186.189" "Mozilla/5.0 (X11; Linux x86_64) AppleWebKit/537.36 (KHTML, like Gecko) Chrome/44.0.2403.157 Safari/537.36"
38.177.186.189 - - [26/Jul/2026:17:59:23 +0000] "POST /wp-cron.php?doing_wp_cron=1785088762.6087470054626464843750 HTTP/1.1" 499 0 "-" "WordPress/7.0; https://www.groatmachinery.com"
57.141.0.56 - - [26/Jul/2026:17:59:23 +0000] "GET /ilia-pods-g-59/ HTTP/1.1" 200 234862 "-" "Mozilla/5.0 (Windows NT 10.0; Win64; x64) AppleWebKit/537.36 (KHTML, like Gecko) Chrome/145.0.0.0 Safari/537.36 Edg/145.0.0.0 (compatible; meta-externalagent/1.1 (+https://developers.facebook.com/docs/sharing/webmasters/crawler))"
38.177.186.189 - - [26/Jul/2026:18:00:34 +0000] "POST /wp-cron.php?doing_wp_cron=1785088833.4652450084686279296875 HTTP/1.1" 499 0 "-" "WordPress/7.0; https://www.groatmachinery.com"
38.177.186.189 - - [26/Jul/2026:18:00:34 +0000] "GET / HTTP/1.1" 301 0 "-" "Mozilla/5.0 (X11; Linux x86_64) AppleWebKit/537.36 (KHTML, like Gecko) Chrome/44.0.2403.157 Safari/537.36"
38.177.186.189 - - [26/Jul/2026:18:00:36 +0000] "GET / HTTP/1.1" 499 0 "http://38.177.186.189" "Mozilla/5.0 (X11; Linux x86_64) AppleWebKit/537.36 (KHTML, like Gecko) Chrome/44.0.2403.157 Safari/537.36"
217.60.195.187 - - [26/Jul/2026:18:02:30 +0000] "POST /boaform/admin/formLogin HTTP/1.1" 403 0 "http://38.177.186.189:80/admin/login.asp" "Mozilla/5.0 (X11; Ubuntu; Linux x86_64; rv:77.0) Gecko/20100101 Firefox/77.0"
217.60.195.187 - - [26/Jul/2026:18:02:30 +0000] "" 400 0 "-" "-"
5.61.209.44 - - [26/Jul/2026:18:03:33 +0000] "GET /SDK/webLanguage HTTP/1.1" 403 0 "-" "Mozilla/5.0 (Windows NT 10.0; Win64; x64) AppleWebKit/537.36 (KHTML, like Gecko) Chrome/90.0.4430.85 Safari/537.36 Edg/90.0.818.46"
43.166.251.233 - - [26/Jul/2026:18:05:29 +0000] "GET / HTTP/1.1" 400 248 "-" "Mozilla/5.0 (iPhone; CPU iPhone OS 13_2_3 like Mac OS X) AppleWebKit/605.1.15 (KHTML, like Gecko) Version/13.0.3 Mobile/15E148 Safari/604.1"
38.177.186.189 - - [26/Jul/2026:18:08:39 +0000] "POST /wp-cron.php?doing_wp_cron=1785089318.8731539249420166015625 HTTP/1.1" 499 0 "-" "WordPress/7.0; https://www.groatmachinery.com"
93.158.91.12 - - [26/Jul/2026:18:08:39 +0000] "GET / HTTP/1.1" 301 0 "-" "Mozilla/5.0 (Windows NT 10.0; Win64; x64) AppleWebKit/537.36 (KHTML, like Gecko) Chrome/105.0.0.0 Safari/537.36"
93.158.91.12 - - [26/Jul/2026:18:08:44 +0000] "GET / HTTP/1.1" 200 36453 "-" "Mozilla/5.0 (Windows NT 10.0; Win64; x64) AppleWebKit/537.36 (KHTML, like Gecko) Chrome/105.0.0.0 Safari/537.36"
93.158.91.12 - - [26/Jul/2026:18:08:47 +0000] "GET /gaqepuh/2026/06/cropped-favicon-32x32.png HTTP/1.1" 404 26523 "-" "Mozilla/5.0 (Windows NT 10.0; Win64; x64) AppleWebKit/537.36 (KHTML, like Gecko) Chrome/105.0.0.0 Safari/537.36"
38.177.186.189 - - [26/Jul/2026:18:12:10 +0000] "POST /wp-cron.php?doing_wp_cron=1785089529.5980300903320312500000 HTTP/1.1" 499 0 "-" "WordPress/7.0; https://www.groatmachinery.com"
47.82.8.106 - - [26/Jul/2026:18:12:10 +0000] "GET /ilia-host-j-10/ HTTP/1.1" 200 34798 "-" "Mozilla/5.0 (Macintosh; Intel Mac OS X 10_15_7) AppleWebKit/537.36 (KHTML, like Gecko) Chrome/148.0.0.0 Safari/537.36"
38.177.186.189 - - [26/Jul/2026:18:14:23 +0000] "GET / HTTP/1.1" 301 0 "-" "Mozilla/5.0 (X11; Linux x86_64) AppleWebKit/537.36 (KHTML, like Gecko) Chrome/44.0.2403.157 Safari/537.36"
38.177.186.189 - - [26/Jul/2026:18:14:24 +0000] "POST /wp-cron.php?doing_wp_cron=1785089663.0844659805297851562500 HTTP/1.1" 499 0 "-" "WordPress/7.0; https://www.groatmachinery.com"
47.82.50.185 - - [26/Jul/2026:18:14:24 +0000] "GET /ilia-host-x-50/ HTTP/1.1" 200 34823 "-" "Mozilla/5.0 (Macintosh; Intel Mac OS X 10_15_7) AppleWebKit/537.36 (KHTML, like Gecko) Chrome/141.0.0.0 Safari/537.36"
38.177.186.189 - - [26/Jul/2026:18:14:26 +0000] "GET / HTTP/1.1" 200 36453 "http://38.177.186.189" "Mozilla/5.0 (X11; Linux x86_64) AppleWebKit/537.36 (KHTML, like Gecko) Chrome/44.0.2403.157 Safari/537.36"
20.203.219.190 - - [26/Jul/2026:18:14:56 +0000] "GET /wp-content/plugins/hellopress/wp_filemanager.php HTTP/1.1" 301 0 "-" "-"
38.177.186.189 - - [26/Jul/2026:18:15:05 +0000] "POST /wp-cron.php?doing_wp_cron=1785089704.9657120704650878906250 HTTP/1.1" 499 0 "-" "WordPress/7.0; https://www.groatmachinery.com"
20.203.219.190 - - [26/Jul/2026:18:15:06 +0000] "GET /lodavop/hellopress/wp_filemanager.php HTTP/1.1" 404 111695 "-" "-"
20.203.219.190 - - [26/Jul/2026:18:15:06 +0000] "GET /this_is_a_new_hello_world.php HTTP/1.1" 403 283 "-" "-"
20.203.219.190 - - [26/Jul/2026:18:15:06 +0000] "GET /images.php HTTP/1.1" 403 283 "-" "-"
20.203.219.190 - - [26/Jul/2026:18:15:06 +0000] "GET /bootstrap.php HTTP/1.1" 403 283 "-" "-"
20.203.219.190 - - [26/Jul/2026:18:15:07 +0000] "GET /fpwch.php HTTP/1.1" 403 283 "-" "-"
20.203.219.190 - - [26/Jul/2026:18:15:07 +0000] "GET /hypo.php HTTP/1.1" 403 283 "-" "-"
20.203.219.190 - - [26/Jul/2026:18:15:07 +0000] "GET /kir.php HTTP/1.1" 403 283 "-" "-"
20.203.219.190 - - [26/Jul/2026:18:15:08 +0000] "GET /blacks.php HTTP/1.1" 403 283 "-" "-"
20.203.219.190 - - [26/Jul/2026:18:15:08 +0000] "GET /cap.php HTTP/1.1" 403 283 "-" "-"
20.203.219.190 - - [26/Jul/2026:18:15:08 +0000] "GET /ccc.php HTTP/1.1" 403 283 "-" "-"
20.203.219.190 - - [26/Jul/2026:18:15:08 +0000] "GET /wp-5jbk59g.php HTTP/1.1" 403 283 "-" "-"
20.203.219.190 - - [26/Jul/2026:18:15:09 +0000] "GET /123.php HTTP/1.1" 403 283 "-" "-"
20.203.219.190 - - [26/Jul/2026:18:15:09 +0000] "GET /reviall.php HTTP/1.1" 403 283 "-" "-"
20.203.219.190 - - [26/Jul/2026:18:15:09 +0000] "GET /cmd.php HTTP/1.1" 403 283 "-" "-"
20.203.219.190 - - [26/Jul/2026:18:15:10 +0000] "GET /common.php HTTP/1.1" 403 283 "-" "-"
20.203.219.190 - - [26/Jul/2026:18:15:10 +0000] "GET /zoomab.php HTTP/1.1" 403 283 "-" "-"
20.203.219.190 - - [26/Jul/2026:18:15:10 +0000] "GET /zewuaq.php HTTP/1.1" 403 283 "-" "-"
20.203.219.190 - - [26/Jul/2026:18:15:10 +0000] "GET /bootstrap.php HTTP/1.1" 403 283 "-" "-"
20.203.219.190 - - [26/Jul/2026:18:15:11 +0000] "GET /shell.php HTTP/1.1" 403 283 "-" "-"
20.203.219.190 - - [26/Jul/2026:18:15:11 +0000] "GET /vdgrbPKxpkw.php HTTP/1.1" 403 283 "-" "-"
20.203.219.190 - - [26/Jul/2026:18:15:14 +0000] "GET /ms-edit.php HTTP/1.1" 301 0 "-" "-"
20.203.219.190 - - [26/Jul/2026:18:15:16 +0000] "GET /ms-edit.php HTTP/1.1" 404 111669 "-" "-"
20.203.219.190 - - [26/Jul/2026:18:15:17 +0000] "GET /swm.php HTTP/1.1" 403 283 "-" "-"
20.203.219.190 - - [26/Jul/2026:18:15:17 +0000] "GET /2x.php HTTP/1.1" 403 283 "-" "-"
20.203.219.190 - - [26/Jul/2026:18:15:17 +0000] "GET /9WOLF.php HTTP/1.1" 403 283 "-" "-"
20.203.219.190 - - [26/Jul/2026:18:15:18 +0000] "GET /as.php HTTP/1.1" 403 283 "-" "-"
20.203.219.190 - - [26/Jul/2026:18:15:18 +0000] "GET /window.php HTTP/1.1" 403 283 "-" "-"
20.203.219.190 - - [26/Jul/2026:18:15:18 +0000] "GET /lazqstrk.php HTTP/1.1" 403 283 "-" "-"
20.203.219.190 - - [26/Jul/2026:18:15:19 +0000] "GET /sx.php HTTP/1.1" 403 283 "-" "-"
20.203.219.190 - - [26/Jul/2026:18:15:19 +0000] "GET /php.php HTTP/1.1" 403 283 "-" "-"
20.203.219.190 - - [26/Jul/2026:18:15:19 +0000] "GET /666.php HTTP/1.1" 403 283 "-" "-"
20.203.219.190 - - [26/Jul/2026:18:15:19 +0000] "GET /white.php HTTP/1.1" 403 283 "-" "-"
20.203.219.190 - - [26/Jul/2026:18:15:20 +0000] "GET /class-t.api.php HTTP/1.1" 403 283 "-" "-"
20.203.219.190 - - [26/Jul/2026:18:15:20 +0000] "GET /esp.php HTTP/1.1" 403 283 "-" "-"
20.203.219.190 - - [26/Jul/2026:18:15:20 +0000] "GET /class-wp-image.php HTTP/1.1" 403 283 "-" "-"
20.203.219.190 - - [26/Jul/2026:18:15:20 +0000] "GET /class-wp-logo-new.php HTTP/1.1" 403 283 "-" "-"
46.151.178.13 - - [26/Jul/2026:18:16:48 +0000] "PROPFIND / HTTP/1.1" 403 0 "http://38.177.186.189:443/" "-"
38.177.186.189 - - [26/Jul/2026:18:20:04 +0000] "POST /wp-cron.php?doing_wp_cron=1785090003.4558720588684082031250 HTTP/1.1" 499 0 "-" "WordPress/7.0; https://www.groatmachinery.com"
57.141.0.43 - - [26/Jul/2026:18:20:04 +0000] "GET /post-sitemap.xml HTTP/1.1" 200 664 "-" "Mozilla/5.0 (Windows NT 10.0; Win64; x64) AppleWebKit/537.36 (KHTML, like Gecko) Chrome/145.0.0.0 Safari/537.36 (compatible; meta-externalagent/1.1 (+https://developers.facebook.com/docs/sharing/webmasters/crawler))"
38.177.186.189 - - [26/Jul/2026:18:22:16 +0000] "POST /wp-cron.php?doing_wp_cron=1785090135.9043240547180175781250 HTTP/1.1" 499 0 "-" "WordPress/7.0; https://www.groatmachinery.com"
57.141.0.42 - - [26/Jul/2026:18:22:17 +0000] "GET /ilia-oil-s-71/ HTTP/1.1" 200 234473 "-" "Mozilla/5.0 (Macintosh; Intel Mac OS X 10_15_7) AppleWebKit/537.36 (KHTML, like Gecko) Chrome/145.0.0.0 Safari/537.36 (compatible; meta-externalagent/1.1 (+https://developers.facebook.com/docs/sharing/webmasters/crawler))"
38.177.186.189 - - [26/Jul/2026:18:26:48 +0000] "POST /wp-cron.php?doing_wp_cron=1785090407.9487519264221191406250 HTTP/1.1" 499 0 "-" "WordPress/7.0; https://www.groatmachinery.com"
191.235.98.185 - - [26/Jul/2026:18:26:48 +0000] "GET /inputs.php HTTP/1.1" 301 0 "-" "Mozilla/5.0 (Windows NT 10.0; Win64; x64) AppleWebKit/537.36 (KHTML, like Gecko) Chrome/120.0.0.0 Safari/537.36"
191.235.98.185 - - [26/Jul/2026:18:26:51 +0000] "GET /admin.php HTTP/1.1" 301 0 "-" "Mozilla/5.0 (Windows NT 10.0; Win64; x64) AppleWebKit/537.36 (KHTML, like Gecko) Chrome/120.0.0.0 Safari/537.36"
191.235.98.185 - - [26/Jul/2026:18:26:51 +0000] "GET /goods.php HTTP/1.1" 403 284 "-" "Mozilla/5.0 (Windows NT 10.0; Win64; x64) AppleWebKit/537.36 (KHTML, like Gecko) Chrome/120.0.0.0 Safari/537.36"
191.235.98.185 - - [26/Jul/2026:18:26:52 +0000] "GET /file.php HTTP/1.1" 403 284 "-" "Mozilla/5.0 (Windows NT 10.0; Win64; x64) AppleWebKit/537.36 (KHTML, like Gecko) Chrome/120.0.0.0 Safari/537.36"
191.235.98.185 - - [26/Jul/2026:18:26:54 +0000] "GET /adminfuns.php HTTP/1.1" 301 0 "-" "Mozilla/5.0 (Windows NT 10.0; Win64; x64) AppleWebKit/537.36 (KHTML, like Gecko) Chrome/120.0.0.0 Safari/537.36"
191.235.98.185 - - [26/Jul/2026:18:26:54 +0000] "GET /404.php HTTP/1.1" 403 284 "-" "Mozilla/5.0 (Windows NT 10.0; Win64; x64) AppleWebKit/537.36 (KHTML, like Gecko) Chrome/120.0.0.0 Safari/537.36"
191.235.98.185 - - [26/Jul/2026:18:26:56 +0000] "GET /wk/index.php HTTP/1.1" 301 0 "-" "Mozilla/5.0 (Windows NT 10.0; Win64; x64) AppleWebKit/537.36 (KHTML, like Gecko) Chrome/120.0.0.0 Safari/537.36"
191.235.98.185 - - [26/Jul/2026:18:26:57 +0000] "GET /about.php HTTP/1.1" 403 284 "-" "Mozilla/5.0 (Windows NT 10.0; Win64; x64) AppleWebKit/537.36 (KHTML, like Gecko) Chrome/120.0.0.0 Safari/537.36"
191.235.98.185 - - [26/Jul/2026:18:26:59 +0000] "GET /term.php HTTP/1.1" 301 0 "-" "Mozilla/5.0 (Windows NT 10.0; Win64; x64) AppleWebKit/537.36 (KHTML, like Gecko) Chrome/120.0.0.0 Safari/537.36"
191.235.98.185 - - [26/Jul/2026:18:26:59 +0000] "GET /ioxi-o.php HTTP/1.1" 403 284 "-" "Mozilla/5.0 (Windows NT 10.0; Win64; x64) AppleWebKit/537.36 (KHTML, like Gecko) Chrome/120.0.0.0 Safari/537.36"
191.235.98.185 - - [26/Jul/2026:18:27:00 +0000] "GET /1.php HTTP/1.1" 403 284 "-" "Mozilla/5.0 (Windows NT 10.0; Win64; x64) AppleWebKit/537.36 (KHTML, like Gecko) Chrome/120.0.0.0 Safari/537.36"
191.235.98.185 - - [26/Jul/2026:18:27:00 +0000] "GET /alfa.php HTTP/1.1" 403 284 "-" "Mozilla/5.0 (Windows NT 10.0; Win64; x64) AppleWebKit/537.36 (KHTML, like Gecko) Chrome/120.0.0.0 Safari/537.36"
38.177.186.189 - - [26/Jul/2026:18:27:03 +0000] "POST /wp-cron.php?doing_wp_cron=1785090422.8540298938751220703125 HTTP/1.1" 499 0 "-" "WordPress/7.0; https://www.groatmachinery.com"
191.235.98.185 - - [26/Jul/2026:18:27:03 +0000] "GET /edit.php HTTP/1.1" 301 0 "-" "Mozilla/5.0 (Windows NT 10.0; Win64; x64) AppleWebKit/537.36 (KHTML, like Gecko) Chrome/120.0.0.0 Safari/537.36"
191.235.98.185 - - [26/Jul/2026:18:27:04 +0000] "GET /elp.php HTTP/1.1" 403 284 "-" "Mozilla/5.0 (Windows NT 10.0; Win64; x64) AppleWebKit/537.36 (KHTML, like Gecko) Chrome/120.0.0.0 Safari/537.36"
191.235.98.185 - - [26/Jul/2026:18:27:04 +0000] "GET /classwithtostring.php HTTP/1.1" 403 284 "-" "Mozilla/5.0 (Windows NT 10.0; Win64; x64) AppleWebKit/537.36 (KHTML, like Gecko) Chrome/120.0.0.0 Safari/537.36"
191.235.98.185 - - [26/Jul/2026:18:27:05 +0000] "GET /666.php HTTP/1.1" 403 284 "-" "Mozilla/5.0 (Windows NT 10.0; Win64; x64) AppleWebKit/537.36 (KHTML, like Gecko) Chrome/120.0.0.0 Safari/537.36"
191.235.98.185 - - [26/Jul/2026:18:27:06 +0000] "GET /wp-admin/ HTTP/1.1" 302 0 "-" "Mozilla/5.0 (Windows NT 10.0; Win64; x64) AppleWebKit/537.36 (KHTML, like Gecko) Chrome/120.0.0.0 Safari/537.36"
191.235.98.185 - - [26/Jul/2026:18:27:07 +0000] "GET /ws54.php HTTP/1.1" 403 284 "-" "Mozilla/5.0 (Windows NT 10.0; Win64; x64) AppleWebKit/537.36 (KHTML, like Gecko) Chrome/120.0.0.0 Safari/537.36"
191.235.98.185 - - [26/Jul/2026:18:27:07 +0000] "GET /deepseek_d.php HTTP/1.1" 403 284 "-" "Mozilla/5.0 (Windows NT 10.0; Win64; x64) AppleWebKit/537.36 (KHTML, like Gecko) Chrome/120.0.0.0 Safari/537.36"
191.235.98.185 - - [26/Jul/2026:18:27:09 +0000] "GET /function/function.php HTTP/1.1" 301 0 "-" "Mozilla/5.0 (Windows NT 10.0; Win64; x64) AppleWebKit/537.36 (KHTML, like Gecko) Chrome/120.0.0.0 Safari/537.36"
191.235.98.185 - - [26/Jul/2026:18:27:10 +0000] "GET /nw.php HTTP/1.1" 403 284 "-" "Mozilla/5.0 (Windows NT 10.0; Win64; x64) AppleWebKit/537.36 (KHTML, like Gecko) Chrome/120.0.0.0 Safari/537.36"
191.235.98.185 - - [26/Jul/2026:18:27:10 +0000] "GET /xleet.php HTTP/1.1" 403 284 "-" "Mozilla/5.0 (Windows NT 10.0; Win64; x64) AppleWebKit/537.36 (KHTML, like Gecko) Chrome/120.0.0.0 Safari/537.36"
191.235.98.185 - - [26/Jul/2026:18:27:11 +0000] "GET /wp.php HTTP/1.1" 403 284 "-" "Mozilla/5.0 (Windows NT 10.0; Win64; x64) AppleWebKit/537.36 (KHTML, like Gecko) Chrome/120.0.0.0 Safari/537.36"
191.235.98.185 - - [26/Jul/2026:18:27:11 +0000] "GET /155.php HTTP/1.1" 403 284 "-" "Mozilla/5.0 (Windows NT 10.0; Win64; x64) AppleWebKit/537.36 (KHTML, like Gecko) Chrome/120.0.0.0 Safari/537.36"
191.235.98.185 - - [26/Jul/2026:18:27:11 +0000] "GET /96i.php HTTP/1.1" 403 284 "-" "Mozilla/5.0 (Windows NT 10.0; Win64; x64) AppleWebKit/537.36 (KHTML, like Gecko) Chrome/120.0.0.0 Safari/537.36"
191.235.98.185 - - [26/Jul/2026:18:27:12 +0000] "GET /as.php HTTP/1.1" 403 284 "-" "Mozilla/5.0 (Windows NT 10.0; Win64; x64) AppleWebKit/537.36 (KHTML, like Gecko) Chrome/120.0.0.0 Safari/537.36"
191.235.98.185 - - [26/Jul/2026:18:27:12 +0000] "GET /min.php HTTP/1.1" 403 284 "-" "Mozilla/5.0 (Windows NT 10.0; Win64; x64) AppleWebKit/537.36 (KHTML, like Gecko) Chrome/120.0.0.0 Safari/537.36"
191.235.98.185 - - [26/Jul/2026:18:27:13 +0000] "GET /php8.php HTTP/1.1" 403 284 "-" "Mozilla/5.0 (Windows NT 10.0; Win64; x64) AppleWebKit/537.36 (KHTML, like Gecko) Chrome/120.0.0.0 Safari/537.36"
191.235.98.185 - - [26/Jul/2026:18:27:15 +0000] "GET /wp-content/admin.php HTTP/1.1" 301 0 "-" "Mozilla/5.0 (Windows NT 10.0; Win64; x64) AppleWebKit/537.36 (KHTML, like Gecko) Chrome/120.0.0.0 Safari/537.36"
191.235.98.185 - - [26/Jul/2026:18:27:16 +0000] "GET /222.php HTTP/1.1" 403 284 "-" "Mozilla/5.0 (Windows NT 10.0; Win64; x64) AppleWebKit/537.36 (KHTML, like Gecko) Chrome/120.0.0.0 Safari/537.36"
191.235.98.185 - - [26/Jul/2026:18:27:18 +0000] "GET /wp-content/themes/pridmag/il.php HTTP/1.1" 301 0 "-" "Mozilla/5.0 (Windows NT 10.0; Win64; x64) AppleWebKit/537.36 (KHTML, like Gecko) Chrome/120.0.0.0 Safari/537.36"
191.235.98.185 - - [26/Jul/2026:18:27:18 +0000] "GET /info.php HTTP/1.1" 403 284 "-" "Mozilla/5.0 (Windows NT 10.0; Win64; x64) AppleWebKit/537.36 (KHTML, like Gecko) Chrome/120.0.0.0 Safari/537.36"
191.235.98.185 - - [26/Jul/2026:18:27:19 +0000] "GET /a.php HTTP/1.1" 403 284 "-" "Mozilla/5.0 (Windows NT 10.0; Win64; x64) AppleWebKit/537.36 (KHTML, like Gecko) Chrome/120.0.0.0 Safari/537.36"
191.235.98.185 - - [26/Jul/2026:18:27:19 +0000] "GET /chosen.php HTTP/1.1" 403 284 "-" "Mozilla/5.0 (Windows NT 10.0; Win64; x64) AppleWebKit/537.36 (KHTML, like Gecko) Chrome/120.0.0.0 Safari/537.36"
191.235.98.185 - - [26/Jul/2026:18:27:19 +0000] "GET /wp-content/index.php HTTP/1.1" 200 0 "-" "Mozilla/5.0 (Windows NT 10.0; Win64; x64) AppleWebKit/537.36 (KHTML, like Gecko) Chrome/120.0.0.0 Safari/537.36"
191.235.98.185 - - [26/Jul/2026:18:27:20 +0000] "GET /vx.php HTTP/1.1" 403 284 "-" "Mozilla/5.0 (Windows NT 10.0; Win64; x64) AppleWebKit/537.36 (KHTML, like Gecko) Chrome/120.0.0.0 Safari/537.36"
191.235.98.185 - - [26/Jul/2026:18:27:22 +0000] "GET /admin/controller/extension/ HTTP/1.1" 301 0 "-" "Mozilla/5.0 (Windows NT 10.0; Win64; x64) AppleWebKit/537.36 (KHTML, like Gecko) Chrome/120.0.0.0 Safari/537.36"
191.235.98.185 - - [26/Jul/2026:18:27:22 +0000] "GET /wap.php HTTP/1.1" 403 284 "-" "Mozilla/5.0 (Windows NT 10.0; Win64; x64) AppleWebKit/537.36 (KHTML, like Gecko) Chrome/120.0.0.0 Safari/537.36"
191.235.98.185 - - [26/Jul/2026:18:27:23 +0000] "GET /wp-admin/wp.php HTTP/1.1" 403 284 "-" "Mozilla/5.0 (Windows NT 10.0; Win64; x64) AppleWebKit/537.36 (KHTML, like Gecko) Chrome/120.0.0.0 Safari/537.36"
191.235.98.185 - - [26/Jul/2026:18:27:23 +0000] "GET /bgymj.php HTTP/1.1" 403 284 "-" "Mozilla/5.0 (Windows NT 10.0; Win64; x64) AppleWebKit/537.36 (KHTML, like Gecko) Chrome/120.0.0.0 Safari/537.36"
191.235.98.185 - - [26/Jul/2026:18:27:23 +0000] "GET /aa.php HTTP/1.1" 403 284 "-" "Mozilla/5.0 (Windows NT 10.0; Win64; x64) AppleWebKit/537.36 (KHTML, like Gecko) Chrome/120.0.0.0 Safari/537.36"
191.235.98.185 - - [26/Jul/2026:18:27:25 +0000] "GET /wp-mail.php HTTP/1.1" 403 1198 "-" "Mozilla/5.0 (Windows NT 10.0; Win64; x64) AppleWebKit/537.36 (KHTML, like Gecko) Chrome/120.0.0.0 Safari/537.36"
191.235.98.185 - - [26/Jul/2026:18:27:25 +0000] "GET /bolt.php HTTP/1.1" 403 284 "-" "Mozilla/5.0 (Windows NT 10.0; Win64; x64) AppleWebKit/537.36 (KHTML, like Gecko) Chrome/120.0.0.0 Safari/537.36"
191.235.98.185 - - [26/Jul/2026:18:27:26 +0000] "GET /bthil.php HTTP/1.1" 403 284 "-" "Mozilla/5.0 (Windows NT 10.0; Win64; x64) AppleWebKit/537.36 (KHTML, like Gecko) Chrome/120.0.0.0 Safari/537.36"
191.235.98.185 - - [26/Jul/2026:18:27:26 +0000] "GET /cgi-bin/ HTTP/1.1" 403 284 "-" "Mozilla/5.0 (Windows NT 10.0; Win64; x64) AppleWebKit/537.36 (KHTML, like Gecko) Chrome/120.0.0.0 Safari/537.36"
191.235.98.185 - - [26/Jul/2026:18:27:26 +0000] "GET /x.php HTTP/1.1" 403 284 "-" "Mozilla/5.0 (Windows NT 10.0; Win64; x64) AppleWebKit/537.36 (KHTML, like Gecko) Chrome/120.0.0.0 Safari/537.36"
191.235.98.185 - - [26/Jul/2026:18:27:29 +0000] "GET /index/function.php HTTP/1.1" 301 0 "-" "Mozilla/5.0 (Windows NT 10.0; Win64; x64) AppleWebKit/537.36 (KHTML, like Gecko) Chrome/120.0.0.0 Safari/537.36"
191.235.98.185 - - [26/Jul/2026:18:27:29 +0000] "GET /aaa.php HTTP/1.1" 403 284 "-" "Mozilla/5.0 (Windows NT 10.0; Win64; x64) AppleWebKit/537.36 (KHTML, like Gecko) Chrome/120.0.0.0 Safari/537.36"
191.235.98.185 - - [26/Jul/2026:18:27:29 +0000] "GET /abcd.php HTTP/1.1" 403 284 "-" "Mozilla/5.0 (Windows NT 10.0; Win64; x64) AppleWebKit/537.36 (KHTML, like Gecko) Chrome/120.0.0.0 Safari/537.36"
191.235.98.185 - - [26/Jul/2026:18:27:30 +0000] "GET /wp-good.php HTTP/1.1" 403 284 "-" "Mozilla/5.0 (Windows NT 10.0; Win64; x64) AppleWebKit/537.36 (KHTML, like Gecko) Chrome/120.0.0.0 Safari/537.36"
191.235.98.185 - - [26/Jul/2026:18:27:30 +0000] "GET /simple.php HTTP/1.1" 403 284 "-" "Mozilla/5.0 (Windows NT 10.0; Win64; x64) AppleWebKit/537.36 (KHTML, like Gecko) Chrome/120.0.0.0 Safari/537.36"
191.235.98.185 - - [26/Jul/2026:18:27:32 +0000] "GET /edit-tags.php HTTP/1.1" 301 0 "-" "Mozilla/5.0 (Windows NT 10.0; Win64; x64) AppleWebKit/537.36 (KHTML, like Gecko) Chrome/120.0.0.0 Safari/537.36"
191.235.98.185 - - [26/Jul/2026:18:27:33 +0000] "GET /u.php HTTP/1.1" 403 284 "-" "Mozilla/5.0 (Windows NT 10.0; Win64; x64) AppleWebKit/537.36 (KHTML, like Gecko) Chrome/120.0.0.0 Safari/537.36"
191.235.98.185 - - [26/Jul/2026:18:27:33 +0000] "GET /wp-content/themes/admin.php HTTP/1.1" 403 284 "-" "Mozilla/5.0 (Windows NT 10.0; Win64; x64) AppleWebKit/537.36 (KHTML, like Gecko) Chrome/120.0.0.0 Safari/537.36"
191.235.98.185 - - [26/Jul/2026:18:27:33 +0000] "GET /h.php HTTP/1.1" 403 284 "-" "Mozilla/5.0 (Windows NT 10.0; Win64; x64) AppleWebKit/537.36 (KHTML, like Gecko) Chrome/120.0.0.0 Safari/537.36"
191.235.98.185 - - [26/Jul/2026:18:27:36 +0000] "GET /ms-edit.php HTTP/1.1" 301 0 "-" "Mozilla/5.0 (Windows NT 10.0; Win64; x64) AppleWebKit/537.36 (KHTML, like Gecko) Chrome/120.0.0.0 Safari/537.36"
191.235.98.185 - - [26/Jul/2026:18:27:36 +0000] "GET /a7.php HTTP/1.1" 403 284 "-" "Mozilla/5.0 (Windows NT 10.0; Win64; x64) AppleWebKit/537.36 (KHTML, like Gecko) Chrome/120.0.0.0 Safari/537.36"
191.235.98.185 - - [26/Jul/2026:18:27:36 +0000] "GET /manager.php HTTP/1.1" 403 284 "-" "Mozilla/5.0 (Windows NT 10.0; Win64; x64) AppleWebKit/537.36 (KHTML, like Gecko) Chrome/120.0.0.0 Safari/537.36"
191.235.98.185 - - [26/Jul/2026:18:27:37 +0000] "GET /w1.php HTTP/1.1" 403 284 "-" "Mozilla/5.0 (Windows NT 10.0; Win64; x64) AppleWebKit/537.36 (KHTML, like Gecko) Chrome/120.0.0.0 Safari/537.36"
191.235.98.185 - - [26/Jul/2026:18:27:37 +0000] "GET /wp-includes/fonts/ HTTP/1.1" 403 284 "-" "Mozilla/5.0 (Windows NT 10.0; Win64; x64) AppleWebKit/537.36 (KHTML, like Gecko) Chrome/120.0.0.0 Safari/537.36"
191.235.98.185 - - [26/Jul/2026:18:27:39 +0000] "GET /wp-login.php HTTP/1.1" 200 3097 "-" "Mozilla/5.0 (Windows NT 10.0; Win64; x64) AppleWebKit/537.36 (KHTML, like Gecko) Chrome/120.0.0.0 Safari/537.36"
191.235.98.185 - - [26/Jul/2026:18:27:39 +0000] "GET /default.php HTTP/1.1" 403 284 "-" "Mozilla/5.0 (Windows NT 10.0; Win64; x64) AppleWebKit/537.36 (KHTML, like Gecko) Chrome/120.0.0.0 Safari/537.36"
191.235.98.185 - - [26/Jul/2026:18:27:40 +0000] "GET /i.php HTTP/1.1" 403 284 "-" "Mozilla/5.0 (Windows NT 10.0; Win64; x64) AppleWebKit/537.36 (KHTML, like Gecko) Chrome/120.0.0.0 Safari/537.36"
191.235.98.185 - - [26/Jul/2026:18:27:40 +0000] "GET /wp-content/uploads/ HTTP/1.1" 403 284 "-" "Mozilla/5.0 (Windows NT 10.0; Win64; x64) AppleWebKit/537.36 (KHTML, like Gecko) Chrome/120.0.0.0 Safari/537.36"
191.235.98.185 - - [26/Jul/2026:18:27:40 +0000] "GET /wp-includes/Requests/library/index.php HTTP/1.1" 403 284 "-" "Mozilla/5.0 (Windows NT 10.0; Win64; x64) AppleWebKit/537.36 (KHTML, like Gecko) Chrome/120.0.0.0 Safari/537.36"
191.235.98.185 - - [26/Jul/2026:18:27:41 +0000] "GET /wp-content/themes/index.php HTTP/1.1" 403 284 "-" "Mozilla/5.0 (Windows NT 10.0; Win64; x64) AppleWebKit/537.36 (KHTML, like Gecko) Chrome/120.0.0.0 Safari/537.36"
191.235.98.185 - - [26/Jul/2026:18:27:41 +0000] "GET /gecko-new.php HTTP/1.1" 403 284 "-" "Mozilla/5.0 (Windows NT 10.0; Win64; x64) AppleWebKit/537.36 (KHTML, like Gecko) Chrome/120.0.0.0 Safari/537.36"
191.235.98.185 - - [26/Jul/2026:18:27:42 +0000] "GET /NewFile.php HTTP/1.1" 403 284 "-" "Mozilla/5.0 (Windows NT 10.0; Win64; x64) AppleWebKit/537.36 (KHTML, like Gecko) Chrome/120.0.0.0 Safari/537.36"
191.235.98.185 - - [26/Jul/2026:18:27:42 +0000] "GET /wp-Blogs.php HTTP/1.1" 403 284 "-" "Mozilla/5.0 (Windows NT 10.0; Win64; x64) AppleWebKit/537.36 (KHTML, like Gecko) Chrome/120.0.0.0 Safari/537.36"
191.235.98.185 - - [26/Jul/2026:18:27:42 +0000] "GET /wp-includes/fonts/index.php HTTP/1.1" 403 284 "-" "Mozilla/5.0 (Windows NT 10.0; Win64; x64) AppleWebKit/537.36 (KHTML, like Gecko) Chrome/120.0.0.0 Safari/537.36"
191.235.98.185 - - [26/Jul/2026:18:27:45 +0000] "GET /themes.php HTTP/1.1" 301 0 "-" "Mozilla/5.0 (Windows NT 10.0; Win64; x64) AppleWebKit/537.36 (KHTML, like Gecko) Chrome/120.0.0.0 Safari/537.36"
191.235.98.185 - - [26/Jul/2026:18:27:45 +0000] "GET /cv.php HTTP/1.1" 403 284 "-" "Mozilla/5.0 (Windows NT 10.0; Win64; x64) AppleWebKit/537.36 (KHTML, like Gecko) Chrome/120.0.0.0 Safari/537.36"
191.235.98.185 - - [26/Jul/2026:18:27:45 +0000] "GET /wp-admin/js/ HTTP/1.1" 403 284 "-" "Mozilla/5.0 (Windows NT 10.0; Win64; x64) AppleWebKit/537.36 (KHTML, like Gecko) Chrome/120.0.0.0 Safari/537.36"
191.235.98.185 - - [26/Jul/2026:18:27:46 +0000] "GET /wp-content/uploads/index.php HTTP/1.1" 403 284 "-" "Mozilla/5.0 (Windows NT 10.0; Win64; x64) AppleWebKit/537.36 (KHTML, like Gecko) Chrome/120.0.0.0 Safari/537.36"
191.235.98.185 - - [26/Jul/2026:18:27:46 +0000] "GET /ws83.php HTTP/1.1" 403 284 "-" "Mozilla/5.0 (Windows NT 10.0; Win64; x64) AppleWebKit/537.36 (KHTML, like Gecko) Chrome/120.0.0.0 Safari/537.36"
191.235.98.185 - - [26/Jul/2026:18:27:46 +0000] "GET /atex1.php HTTP/1.1" 403 284 "-" "Mozilla/5.0 (Windows NT 10.0; Win64; x64) AppleWebKit/537.36 (KHTML, like Gecko) Chrome/120.0.0.0 Safari/537.36"
191.235.98.185 - - [26/Jul/2026:18:27:47 +0000] "GET /class-t.api.php HTTP/1.1" 403 284 "-" "Mozilla/5.0 (Windows NT 10.0; Win64; x64) AppleWebKit/537.36 (KHTML, like Gecko) Chrome/120.0.0.0 Safari/537.36"
191.235.98.185 - - [26/Jul/2026:18:27:47 +0000] "GET /w.php HTTP/1.1" 403 284 "-" "Mozilla/5.0 (Windows NT 10.0; Win64; x64) AppleWebKit/537.36 (KHTML, like Gecko) Chrome/120.0.0.0 Safari/537.36"
191.235.98.185 - - [26/Jul/2026:18:27:48 +0000] "GET /archive.php HTTP/1.1" 403 284 "-" "Mozilla/5.0 (Windows NT 10.0; Win64; x64) AppleWebKit/537.36 (KHTML, like Gecko) Chrome/120.0.0.0 Safari/537.36"
191.235.98.185 - - [26/Jul/2026:18:27:48 +0000] "GET /bless.php HTTP/1.1" 403 284 "-" "Mozilla/5.0 (Windows NT 10.0; Win64; x64) AppleWebKit/537.36 (KHTML, like Gecko) Chrome/120.0.0.0 Safari/537.36"
191.235.98.185 - - [26/Jul/2026:18:27:48 +0000] "GET /sagax1.php HTTP/1.1" 403 284 "-" "Mozilla/5.0 (Windows NT 10.0; Win64; x64) AppleWebKit/537.36 (KHTML, like Gecko) Chrome/120.0.0.0 Safari/537.36"
