216.73.216.206 - - [26/Jul/2026:05:17:11 +0000] "GET /ilia-host-m-13/?add-to-cart=893 HTTP/1.1" 200 34903 "-" "Mozilla/5.0 AppleWebKit/537.36 (KHTML, like Gecko; compatible; ClaudeBot/1.0; +claudebot@anthropic.com)"
216.73.216.206 - - [26/Jul/2026:05:17:35 +0000] "GET /ilia-host-m-13/?add-to-cart=853 HTTP/1.1" 200 34799 "-" "Mozilla/5.0 AppleWebKit/537.36 (KHTML, like Gecko; compatible; ClaudeBot/1.0; +claudebot@anthropic.com)"
216.73.216.206 - - [26/Jul/2026:05:17:38 +0000] "GET /ilia-host-m-13/?add-to-cart=933 HTTP/1.1" 200 34808 "-" "Mozilla/5.0 AppleWebKit/537.36 (KHTML, like Gecko; compatible; ClaudeBot/1.0; +claudebot@anthropic.com)"
216.73.216.206 - - [26/Jul/2026:05:17:43 +0000] "GET /ilia-host-m-13/?add-to-cart=858 HTTP/1.1" 200 34767 "-" "Mozilla/5.0 AppleWebKit/537.36 (KHTML, like Gecko; compatible; ClaudeBot/1.0; +claudebot@anthropic.com)"
216.73.216.206 - - [26/Jul/2026:05:17:49 +0000] "GET /ilia-host-m-13/?add-to-cart=873 HTTP/1.1" 200 34780 "-" "Mozilla/5.0 AppleWebKit/537.36 (KHTML, like Gecko; compatible; ClaudeBot/1.0; +claudebot@anthropic.com)"
38.177.186.189 - - [26/Jul/2026:05:18:19 +0000] "POST /wp-cron.php?doing_wp_cron=1785043098.7057330608367919921875 HTTP/1.1" 499 0 "-" "WordPress/7.0; https://www.groatmachinery.com"
216.73.216.206 - - [26/Jul/2026:05:18:19 +0000] "GET /ilia-host-m-13/?add-to-cart=911 HTTP/1.1" 200 34790 "-" "Mozilla/5.0 AppleWebKit/537.36 (KHTML, like Gecko; compatible; ClaudeBot/1.0; +claudebot@anthropic.com)"
216.73.216.206 - - [26/Jul/2026:05:18:23 +0000] "GET /ilia-host-m-13/?add-to-cart=895 HTTP/1.1" 200 34800 "-" "Mozilla/5.0 AppleWebKit/537.36 (KHTML, like Gecko; compatible; ClaudeBot/1.0; +claudebot@anthropic.com)"
38.177.186.189 - - [26/Jul/2026:05:19:18 +0000] "POST /wp-cron.php?doing_wp_cron=1785043157.1570329666137695312500 HTTP/1.1" 499 0 "-" "WordPress/7.0; https://www.groatmachinery.com"
216.73.216.206 - - [26/Jul/2026:05:19:18 +0000] "GET /ilia-host-m-13/?add-to-cart=924 HTTP/1.1" 200 34716 "-" "Mozilla/5.0 AppleWebKit/537.36 (KHTML, like Gecko; compatible; ClaudeBot/1.0; +claudebot@anthropic.com)"
216.73.216.206 - - [26/Jul/2026:05:19:22 +0000] "GET /ilia-host-m-13/?add-to-cart=918 HTTP/1.1" 200 34719 "-" "Mozilla/5.0 AppleWebKit/537.36 (KHTML, like Gecko; compatible; ClaudeBot/1.0; +claudebot@anthropic.com)"
216.73.216.206 - - [26/Jul/2026:05:19:28 +0000] "GET /ilia-host-m-13/?add-to-cart=922 HTTP/1.1" 200 34875 "-" "Mozilla/5.0 AppleWebKit/537.36 (KHTML, like Gecko; compatible; ClaudeBot/1.0; +claudebot@anthropic.com)"
216.73.216.206 - - [26/Jul/2026:05:19:33 +0000] "GET /ilia-host-m-13/?add-to-cart=919 HTTP/1.1" 200 34781 "-" "Mozilla/5.0 AppleWebKit/537.36 (KHTML, like Gecko; compatible; ClaudeBot/1.0; +claudebot@anthropic.com)"
38.177.186.189 - - [26/Jul/2026:05:20:24 +0000] "POST /wp-cron.php?doing_wp_cron=1785043223.2753250598907470703125 HTTP/1.1" 499 0 "-" "WordPress/7.0; https://www.groatmachinery.com"
216.73.216.206 - - [26/Jul/2026:05:20:24 +0000] "GET /ilia-host-m-13/?add-to-cart=884 HTTP/1.1" 200 34780 "-" "Mozilla/5.0 AppleWebKit/537.36 (KHTML, like Gecko; compatible; ClaudeBot/1.0; +claudebot@anthropic.com)"
216.73.216.206 - - [26/Jul/2026:05:20:28 +0000] "GET /ilia-host-m-13/?add-to-cart=860 HTTP/1.1" 200 34845 "-" "Mozilla/5.0 AppleWebKit/537.36 (KHTML, like Gecko; compatible; ClaudeBot/1.0; +claudebot@anthropic.com)"
216.73.216.206 - - [26/Jul/2026:05:20:35 +0000] "GET /ilia-oil-y-25/?add-to-cart=933 HTTP/1.1" 200 34749 "-" "Mozilla/5.0 AppleWebKit/537.36 (KHTML, like Gecko; compatible; ClaudeBot/1.0; +claudebot@anthropic.com)"
216.73.216.206 - - [26/Jul/2026:05:20:41 +0000] "GET /ilia-oil-y-25/?add-to-cart=902 HTTP/1.1" 200 34793 "-" "Mozilla/5.0 AppleWebKit/537.36 (KHTML, like Gecko; compatible; ClaudeBot/1.0; +claudebot@anthropic.com)"
216.73.216.206 - - [26/Jul/2026:05:20:45 +0000] "GET /ilia-oil-y-25/?add-to-cart=853 HTTP/1.1" 200 34759 "-" "Mozilla/5.0 AppleWebKit/537.36 (KHTML, like Gecko; compatible; ClaudeBot/1.0; +claudebot@anthropic.com)"
38.177.186.189 - - [26/Jul/2026:05:22:05 +0000] "POST /wp-cron.php?doing_wp_cron=1785043324.1352920532226562500000 HTTP/1.1" 499 0 "-" "WordPress/7.0; https://www.groatmachinery.com"
216.73.216.206 - - [26/Jul/2026:05:22:05 +0000] "GET /ilia-oil-y-25/?add-to-cart=868 HTTP/1.1" 200 34798 "-" "Mozilla/5.0 AppleWebKit/537.36 (KHTML, like Gecko; compatible; ClaudeBot/1.0; +claudebot@anthropic.com)"
216.73.216.206 - - [26/Jul/2026:05:22:24 +0000] "GET /ilia-oil-y-25/?add-to-cart=850 HTTP/1.1" 200 34795 "-" "Mozilla/5.0 AppleWebKit/537.36 (KHTML, like Gecko; compatible; ClaudeBot/1.0; +claudebot@anthropic.com)"
216.73.216.206 - - [26/Jul/2026:05:22:43 +0000] "GET /ilia-oil-y-25/?add-to-cart=911 HTTP/1.1" 200 34798 "-" "Mozilla/5.0 AppleWebKit/537.36 (KHTML, like Gecko; compatible; ClaudeBot/1.0; +claudebot@anthropic.com)"
162.198.164.46 - - [26/Jul/2026:05:23:06 +0000] "GET /wp-content/plugins/hello.php?t=94acd35eb84ca0f3689ed92068a59977&c=id HTTP/1.1" 403 284 "-" "Mozilla/5.0"
38.177.186.189 - - [26/Jul/2026:05:23:23 +0000] "POST /wp-cron.php?doing_wp_cron=1785043402.3266050815582275390625 HTTP/1.1" 499 0 "-" "WordPress/7.0; https://www.groatmachinery.com"
216.73.216.206 - - [26/Jul/2026:05:23:23 +0000] "GET /ilia-oil-y-25/?add-to-cart=894 HTTP/1.1" 200 34793 "-" "Mozilla/5.0 AppleWebKit/537.36 (KHTML, like Gecko; compatible; ClaudeBot/1.0; +claudebot@anthropic.com)"
216.73.216.206 - - [26/Jul/2026:05:23:30 +0000] "GET /ilia-oil-y-25/?add-to-cart=858 HTTP/1.1" 200 34792 "-" "Mozilla/5.0 AppleWebKit/537.36 (KHTML, like Gecko; compatible; ClaudeBot/1.0; +claudebot@anthropic.com)"
38.177.186.189 - - [26/Jul/2026:05:24:47 +0000] "POST /wp-cron.php?doing_wp_cron=1785043486.8006360530853271484375 HTTP/1.1" 499 0 "-" "WordPress/7.0; https://www.groatmachinery.com"
216.73.216.206 - - [26/Jul/2026:05:24:47 +0000] "GET /ilia-oil-y-25/?add-to-cart=873 HTTP/1.1" 200 34826 "-" "Mozilla/5.0 AppleWebKit/537.36 (KHTML, like Gecko; compatible; ClaudeBot/1.0; +claudebot@anthropic.com)"
216.73.216.206 - - [26/Jul/2026:05:24:55 +0000] "GET /ilia-oil-y-25/?add-to-cart=931 HTTP/1.1" 200 34799 "-" "Mozilla/5.0 AppleWebKit/537.36 (KHTML, like Gecko; compatible; ClaudeBot/1.0; +claudebot@anthropic.com)"
38.177.186.189 - - [26/Jul/2026:05:25:05 +0000] "POST /wp-cron.php?doing_wp_cron=1785043504.0680480003356933593750 HTTP/1.1" 499 0 "-" "WordPress/7.0; https://www.groatmachinery.com"
179.253.245.53 - - [26/Jul/2026:05:25:05 +0000] "GET / HTTP/1.1" 301 0 "-" "Mozilla/5.0 (Windows NT 10.0; Win64; x64) AppleWebKit/537.36 (KHTML, like Gecko) Chrome/135.0.0.0 Safari/537.36"
216.73.216.206 - - [26/Jul/2026:05:25:09 +0000] "GET /ilia-oil-y-25/?add-to-cart=919 HTTP/1.1" 200 34794 "-" "Mozilla/5.0 AppleWebKit/537.36 (KHTML, like Gecko; compatible; ClaudeBot/1.0; +claudebot@anthropic.com)"
179.253.245.53 - - [26/Jul/2026:05:25:11 +0000] "GET / HTTP/1.1" 200 36454 "-" "Mozilla/5.0 (Windows NT 10.0; Win64; x64) AppleWebKit/537.36 (KHTML, like Gecko) Chrome/135.0.0.0 Safari/537.36"
173.231.200.13 - - [26/Jul/2026:05:25:24 +0000] "POST /wp-json/batch/v1 HTTP/1.1" 207 795 "-" "Mozilla/5.0 (Windows NT 10.0; Win64; x64) AppleWebKit/537.36 (KHTML, like Gecko) Chrome/131.0.0.0 Safari/537.36"
173.231.200.13 - - [26/Jul/2026:05:25:26 +0000] "GET /wp-json/gravitysmtp/v1/tests/mock-data?page=gravitysmtp-settings HTTP/1.1" 404 161 "-" "Mozilla/5.0 (Windows NT 10.0; Win64; x64) AppleWebKit/537.36 (KHTML, like Gecko) Chrome/131.0.0.0 Safari/537.36"
173.231.200.13 - - [26/Jul/2026:05:25:29 +0000] "POST /wp-json/batch/v1 HTTP/1.1" 207 6871 "-" "Mozilla/5.0 (Windows NT 10.0; Win64; x64) AppleWebKit/537.36 (KHTML, like Gecko) Chrome/131.0.0.0 Safari/537.36"
173.231.200.13 - - [26/Jul/2026:05:25:33 +0000] "POST /wp-json/batch/v1 HTTP/1.1" 207 7131 "-" "Mozilla/5.0 (Windows NT 10.0; Win64; x64) AppleWebKit/537.36 (KHTML, like Gecko) Chrome/131.0.0.0 Safari/537.36"
173.231.200.13 - - [26/Jul/2026:05:25:35 +0000] "POST /wp-json/batch/v1 HTTP/1.1" 207 7330 "-" "Mozilla/5.0 (Windows NT 10.0; Win64; x64) AppleWebKit/537.36 (KHTML, like Gecko) Chrome/131.0.0.0 Safari/537.36"
173.231.200.13 - - [26/Jul/2026:05:25:38 +0000] "POST /wp-json/batch/v1 HTTP/1.1" 207 7096 "-" "Mozilla/5.0 (Windows NT 10.0; Win64; x64) AppleWebKit/537.36 (KHTML, like Gecko) Chrome/131.0.0.0 Safari/537.36"
173.231.200.13 - - [26/Jul/2026:05:25:40 +0000] "GET /?rest_route=%2Fwp%2Fv2%2Fposts&per_page=1&_fields=link HTTP/1.1" 200 2 "-" "Mozilla/5.0"
173.231.200.13 - - [26/Jul/2026:05:25:42 +0000] "GET /?rest_route=%2Fwp%2Fv2%2Fpages&per_page=1&_fields=link HTTP/1.1" 200 121 "-" "Mozilla/5.0"
173.231.200.13 - - [26/Jul/2026:05:25:45 +0000] "POST /wp-json/batch/v1 HTTP/1.1" 207 914 "-" "Mozilla/5.0 (Windows NT 10.0; Win64; x64) AppleWebKit/537.36 (KHTML, like Gecko) Chrome/131.0.0.0 Safari/537.36"
173.231.200.13 - - [26/Jul/2026:05:25:49 +0000] "POST /wp-json/batch/v1 HTTP/1.1" 207 7081 "-" "Mozilla/5.0 (Windows NT 10.0; Win64; x64) AppleWebKit/537.36 (KHTML, like Gecko) Chrome/131.0.0.0 Safari/537.36"
173.231.200.13 - - [26/Jul/2026:05:25:51 +0000] "POST /wp-json/batch/v1 HTTP/1.1" 207 7081 "-" "Mozilla/5.0 (Windows NT 10.0; Win64; x64) AppleWebKit/537.36 (KHTML, like Gecko) Chrome/131.0.0.0 Safari/537.36"
173.231.200.13 - - [26/Jul/2026:05:25:53 +0000] "POST /wp-json/batch/v1 HTTP/1.1" 207 7081 "-" "Mozilla/5.0 (Windows NT 10.0; Win64; x64) AppleWebKit/537.36 (KHTML, like Gecko) Chrome/131.0.0.0 Safari/537.36"
173.231.200.13 - - [26/Jul/2026:05:25:56 +0000] "POST /wp-json/batch/v1 HTTP/1.1" 207 5963 "-" "Mozilla/5.0 (Windows NT 10.0; Win64; x64) AppleWebKit/537.36 (KHTML, like Gecko) Chrome/131.0.0.0 Safari/537.36"
173.231.200.13 - - [26/Jul/2026:05:26:00 +0000] "GET /wp-login.php HTTP/1.1" 200 9664 "-" "Mozilla/5.0 (Windows NT 10.0; Win64; x64) AppleWebKit/537.36"
38.177.186.189 - - [26/Jul/2026:05:26:03 +0000] "POST /wp-cron.php?doing_wp_cron=1785043562.2461791038513183593750 HTTP/1.1" 499 0 "-" "WordPress/7.0; https://www.groatmachinery.com"
173.231.200.13 - - [26/Jul/2026:05:26:03 +0000] "POST /wp-login.php HTTP/1.1" 302 0 "-" "Mozilla/5.0 (Windows NT 10.0; Win64; x64) AppleWebKit/537.36"
216.73.216.206 - - [26/Jul/2026:05:26:04 +0000] "GET /ilia-oil-y-25/?add-to-cart=918 HTTP/1.1" 200 34744 "-" "Mozilla/5.0 AppleWebKit/537.36 (KHTML, like Gecko; compatible; ClaudeBot/1.0; +claudebot@anthropic.com)"
216.73.216.206 - - [26/Jul/2026:05:26:16 +0000] "GET /ilia-oil-y-25/?add-to-cart=860 HTTP/1.1" 200 34767 "-" "Mozilla/5.0 AppleWebKit/537.36 (KHTML, like Gecko; compatible; ClaudeBot/1.0; +claudebot@anthropic.com)"
38.177.186.189 - - [26/Jul/2026:05:27:37 +0000] "POST /wp-cron.php?doing_wp_cron=1785043656.0057659149169921875000 HTTP/1.1" 499 0 "-" "WordPress/7.0; https://www.groatmachinery.com"
216.73.216.206 - - [26/Jul/2026:05:27:37 +0000] "GET /ilia-oil-y-25/?add-to-cart=922 HTTP/1.1" 200 34815 "-" "Mozilla/5.0 AppleWebKit/537.36 (KHTML, like Gecko; compatible; ClaudeBot/1.0; +claudebot@anthropic.com)"
216.73.216.206 - - [26/Jul/2026:05:27:42 +0000] "GET /ilia-oil-y-25/?add-to-cart=884 HTTP/1.1" 200 34844 "-" "Mozilla/5.0 AppleWebKit/537.36 (KHTML, like Gecko; compatible; ClaudeBot/1.0; +claudebot@anthropic.com)"
216.73.216.206 - - [26/Jul/2026:05:27:54 +0000] "GET /ilia-oil-y-25/?add-to-cart=909 HTTP/1.1" 200 34763 "-" "Mozilla/5.0 AppleWebKit/537.36 (KHTML, like Gecko; compatible; ClaudeBot/1.0; +claudebot@anthropic.com)"
38.177.186.189 - - [26/Jul/2026:05:28:25 +0000] "POST /wp-cron.php?doing_wp_cron=1785043704.0967419147491455078125 HTTP/1.1" 499 0 "-" "WordPress/7.0; https://www.groatmachinery.com"
38.177.186.189 - - [26/Jul/2026:05:28:25 +0000] "GET / HTTP/1.1" 301 0 "-" "Mozilla/5.0 (X11; Linux x86_64) AppleWebKit/537.36 (KHTML, like Gecko) Chrome/44.0.2403.157 Safari/537.36"
38.177.186.189 - - [26/Jul/2026:05:28:27 +0000] "GET / HTTP/1.1" 499 0 "http://38.177.186.189" "Mozilla/5.0 (X11; Linux x86_64) AppleWebKit/537.36 (KHTML, like Gecko) Chrome/44.0.2403.157 Safari/537.36"
43.165.7.74 - - [26/Jul/2026:05:28:29 +0000] "GET / HTTP/1.1" 301 0 "-" "Mozilla/5.0 (iPhone; CPU iPhone OS 13_2_3 like Mac OS X) AppleWebKit/605.1.15 (KHTML, like Gecko) Version/13.0.3 Mobile/15E148 Safari/604.1"
43.165.7.74 - - [26/Jul/2026:05:28:33 +0000] "GET / HTTP/1.1" 200 36455 "http://www.groatmachinery.com" "Mozilla/5.0 (iPhone; CPU iPhone OS 13_2_3 like Mac OS X) AppleWebKit/605.1.15 (KHTML, like Gecko) Version/13.0.3 Mobile/15E148 Safari/604.1"
216.73.216.206 - - [26/Jul/2026:05:28:56 +0000] "GET /ilia-oil-y-25/?add-to-cart=915 HTTP/1.1" 200 34811 "-" "Mozilla/5.0 AppleWebKit/537.36 (KHTML, like Gecko; compatible; ClaudeBot/1.0; +claudebot@anthropic.com)"
38.177.186.189 - - [26/Jul/2026:05:30:09 +0000] "POST /wp-cron.php?doing_wp_cron=1785043808.7304089069366455078125 HTTP/1.1" 499 0 "-" "WordPress/7.0; https://www.groatmachinery.com"
216.73.216.206 - - [26/Jul/2026:05:30:09 +0000] "GET /ilia-oil-y-25/?add-to-cart=872 HTTP/1.1" 200 34752 "-" "Mozilla/5.0 AppleWebKit/537.36 (KHTML, like Gecko; compatible; ClaudeBot/1.0; +claudebot@anthropic.com)"
51.68.107.142 - - [26/Jul/2026:05:37:56 +0000] "GET /robots.txt HTTP/1.1" 200 84 "-" "Mozilla/5.0 (compatible; MJ12bot/v2.0.5; http://mj12bot.com/)"
38.177.186.189 - - [26/Jul/2026:05:38:00 +0000] "POST /wp-cron.php?doing_wp_cron=1785044279.6483159065246582031250 HTTP/1.1" 499 0 "-" "WordPress/7.0; https://www.groatmachinery.com"
51.68.107.142 - - [26/Jul/2026:05:38:00 +0000] "GET / HTTP/1.1" 200 36451 "-" "Mozilla/5.0 (compatible; MJ12bot/v2.0.5; http://mj12bot.com/)"
38.177.186.189 - - [26/Jul/2026:05:41:56 +0000] "POST /wp-cron.php?doing_wp_cron=1785044515.6613850593566894531250 HTTP/1.1" 499 0 "-" "WordPress/7.0; https://www.groatmachinery.com"
216.73.216.206 - - [26/Jul/2026:05:41:56 +0000] "GET /ilia-oil-y-25/?add-to-cart=863 HTTP/1.1" 200 34787 "-" "Mozilla/5.0 AppleWebKit/537.36 (KHTML, like Gecko; compatible; ClaudeBot/1.0; +claudebot@anthropic.com)"
38.177.186.189 - - [26/Jul/2026:05:42:27 +0000] "POST /wp-cron.php?doing_wp_cron=1785044546.9159820079803466796875 HTTP/1.1" 499 0 "-" "WordPress/7.0; https://www.groatmachinery.com"
38.177.186.189 - - [26/Jul/2026:05:42:27 +0000] "GET / HTTP/1.1" 301 0 "-" "Mozilla/5.0 (X11; Linux x86_64) AppleWebKit/537.36 (KHTML, like Gecko) Chrome/44.0.2403.157 Safari/537.36"
38.177.186.189 - - [26/Jul/2026:05:42:29 +0000] "GET / HTTP/1.1" 499 0 "http://38.177.186.189" "Mozilla/5.0 (X11; Linux x86_64) AppleWebKit/537.36 (KHTML, like Gecko) Chrome/44.0.2403.157 Safari/537.36"
45.198.224.5 - - [26/Jul/2026:05:52:27 +0000] "GET / HTTP/1.1" 403 0 "http://38.177.186.189:80/cgi-bin/index2.asp" "Mozilla/5.0 (X11; Linux x86_64) AppleWebKit/537.36 (KHTML, like Gecko) Chrome/126.0.0.0 Safari/537.36"
66.249.64.162 - - [26/Jul/2026:05:53:35 +0000] "GET /robots.txt HTTP/1.1" 200 84 "-" "Mozilla/5.0 (compatible; Googlebot/2.1; +http://www.google.com/bot.html)"
66.249.64.160 - - [26/Jul/2026:05:53:37 +0000] "GET /ads.txt HTTP/1.1" 200 28039 "-" "Mozilla/5.0 (compatible; Googlebot/2.1; +http://www.google.com/bot.html)"
162.62.132.25 - - [26/Jul/2026:05:55:43 +0000] "GET / HTTP/1.1" 400 248 "-" "Mozilla/5.0 (iPhone; CPU iPhone OS 13_2_3 like Mac OS X) AppleWebKit/605.1.15 (KHTML, like Gecko) Version/13.0.3 Mobile/15E148 Safari/604.1"
38.177.186.189 - - [26/Jul/2026:05:56:27 +0000] "POST /wp-cron.php?doing_wp_cron=1785045386.9668030738830566406250 HTTP/1.1" 499 0 "-" "WordPress/7.0; https://www.groatmachinery.com"
38.177.186.189 - - [26/Jul/2026:05:56:27 +0000] "GET / HTTP/1.1" 301 0 "-" "Mozilla/5.0 (X11; Linux x86_64) AppleWebKit/537.36 (KHTML, like Gecko) Chrome/44.0.2403.157 Safari/537.36"
38.177.186.189 - - [26/Jul/2026:05:56:29 +0000] "GET / HTTP/1.1" 499 0 "http://38.177.186.189" "Mozilla/5.0 (X11; Linux x86_64) AppleWebKit/537.36 (KHTML, like Gecko) Chrome/44.0.2403.157 Safari/537.36"
173.252.82.15 - - [26/Jul/2026:05:57:30 +0000] "GET /robots.txt HTTP/1.1" 206 84 "-" "facebookexternalhit/1.1 (+http://www.facebook.com/externalhit_uatext.php)"
38.177.186.189 - - [26/Jul/2026:06:00:26 +0000] "POST /wp-cron.php?doing_wp_cron=1785045625.9375350475311279296875 HTTP/1.1" 499 0 "-" "WordPress/7.0; https://www.groatmachinery.com"
38.177.186.189 - - [26/Jul/2026:06:00:26 +0000] "GET / HTTP/1.1" 301 0 "-" "Mozilla/5.0 (X11; Linux x86_64) AppleWebKit/537.36 (KHTML, like Gecko) Chrome/44.0.2403.157 Safari/537.36"
38.177.186.189 - - [26/Jul/2026:06:00:28 +0000] "GET / HTTP/1.1" 499 0 "http://38.177.186.189" "Mozilla/5.0 (X11; Linux x86_64) AppleWebKit/537.36 (KHTML, like Gecko) Chrome/44.0.2403.157 Safari/537.36"
38.177.186.189 - - [26/Jul/2026:06:01:20 +0000] "POST /wp-cron.php?doing_wp_cron=1785045679.9172699451446533203125 HTTP/1.1" 499 0 "-" "WordPress/7.0; https://www.groatmachinery.com"
189.242.177.130 - - [26/Jul/2026:06:01:21 +0000] "GET /shop-pods/?add-to-cart=920 HTTP/1.1" 200 35701 "-" "Mozilla/5.0 (Macintosh; Intel Mac OS X 10_15_7) AppleWebKit/537.36 (KHTML, like Gecko) Chrome/133.0.0.0 Safari/537.36"
48.216.244.43 - - [26/Jul/2026:06:03:36 +0000] "GET /developmentserver/metadatauploader HTTP/1.1" 403 0 "-" "Mozilla/5.0 zgrab/0.x"
5.61.209.44 - - [26/Jul/2026:06:05:42 +0000] "GET /SDK/webLanguage HTTP/1.1" 403 0 "-" "Mozilla/5.0 (Windows NT 10.0; Win64; x64) AppleWebKit/537.36 (KHTML, like Gecko) Chrome/90.0.4430.85 Safari/537.36 Edg/90.0.818.46"
153.117.6.167 - - [26/Jul/2026:06:07:04 +0000] "POST /GponForm/diag_Form?images/ HTTP/1.1" 403 0 "-" "Hello, World"
153.117.6.167 - - [26/Jul/2026:06:07:05 +0000] "sh+/tmp/gpon80&ipv=0" 400 150 "-" "-"
40.77.167.25 - - [26/Jul/2026:06:08:39 +0000] "GET /buy/023085286897 HTTP/1.1" 200 27881 "-" "Mozilla/5.0 AppleWebKit/537.36 (KHTML, like Gecko; compatible; bingbot/2.0; +http://www.bing.com/bingbot.htm) Chrome/116.0.1938.76 Safari/537.36"
38.177.186.189 - - [26/Jul/2026:06:10:13 +0000] "POST /wp-cron.php?doing_wp_cron=1785046212.6726279258728027343750 HTTP/1.1" 499 0 "-" "WordPress/7.0; https://www.groatmachinery.com"
20.203.219.190 - - [26/Jul/2026:06:10:13 +0000] "GET /wp-content/plugins/hellopress/wp_filemanager.php HTTP/1.1" 301 0 "-" "-"
20.203.219.190 - - [26/Jul/2026:06:10:19 +0000] "GET /lodavop/hellopress/wp_filemanager.php HTTP/1.1" 404 111688 "-" "-"
20.203.219.190 - - [26/Jul/2026:06:10:20 +0000] "GET /this_is_a_new_hello_world.php HTTP/1.1" 403 283 "-" "-"
20.203.219.190 - - [26/Jul/2026:06:10:20 +0000] "GET /echkm.php?p= HTTP/1.1" 403 283 "-" "-"
20.203.219.190 - - [26/Jul/2026:06:10:20 +0000] "GET /la.php HTTP/1.1" 403 283 "-" "-"
20.203.219.190 - - [26/Jul/2026:06:10:20 +0000] "GET /66.php HTTP/1.1" 403 283 "-" "-"
20.203.219.190 - - [26/Jul/2026:06:10:21 +0000] "GET /8.php HTTP/1.1" 403 283 "-" "-"
20.203.219.190 - - [26/Jul/2026:06:10:21 +0000] "GET /about.php HTTP/1.1" 403 283 "-" "-"
20.203.219.190 - - [26/Jul/2026:06:10:21 +0000] "GET /ava.php HTTP/1.1" 403 283 "-" "-"
20.203.219.190 - - [26/Jul/2026:06:10:22 +0000] "GET /resp.php HTTP/1.1" 403 283 "-" "-"
20.203.219.190 - - [26/Jul/2026:06:10:22 +0000] "GET /bypltspd.php HTTP/1.1" 403 283 "-" "-"
20.203.219.190 - - [26/Jul/2026:06:10:22 +0000] "GET /jga.php HTTP/1.1" 403 283 "-" "-"
20.203.219.190 - - [26/Jul/2026:06:10:23 +0000] "GET /new4.php HTTP/1.1" 403 283 "-" "-"
20.203.219.190 - - [26/Jul/2026:06:10:23 +0000] "GET /yee.php HTTP/1.1" 403 283 "-" "-"
20.203.219.190 - - [26/Jul/2026:06:10:23 +0000] "GET /zc.php HTTP/1.1" 403 283 "-" "-"
20.203.219.190 - - [26/Jul/2026:06:10:24 +0000] "GET /cilus.php HTTP/1.1" 403 283 "-" "-"
20.203.219.190 - - [26/Jul/2026:06:10:24 +0000] "GET /domvf.php HTTP/1.1" 403 283 "-" "-"
20.203.219.190 - - [26/Jul/2026:06:10:24 +0000] "GET /c1.php HTTP/1.1" 403 283 "-" "-"
20.203.219.190 - - [26/Jul/2026:06:10:25 +0000] "GET /crgio.php?p= HTTP/1.1" 403 283 "-" "-"
20.203.219.190 - - [26/Jul/2026:06:10:25 +0000] "GET /drykl.php HTTP/1.1" 403 283 "-" "-"
20.203.219.190 - - [26/Jul/2026:06:10:25 +0000] "GET /waso.php HTTP/1.1" 403 283 "-" "-"
20.203.219.190 - - [26/Jul/2026:06:10:25 +0000] "GET /cro.php HTTP/1.1" 403 283 "-" "-"
20.203.219.190 - - [26/Jul/2026:06:10:26 +0000] "GET /d61.php HTTP/1.1" 403 283 "-" "-"
20.203.219.190 - - [26/Jul/2026:06:10:26 +0000] "GET /uwu.php HTTP/1.1" 403 283 "-" "-"
20.203.219.190 - - [26/Jul/2026:06:10:26 +0000] "GET /cc.php HTTP/1.1" 403 283 "-" "-"
20.203.219.190 - - [26/Jul/2026:06:10:27 +0000] "GET /sta.php HTTP/1.1" 403 283 "-" "-"
20.203.219.190 - - [26/Jul/2026:06:10:27 +0000] "GET /2x.php HTTP/1.1" 403 283 "-" "-"
20.203.219.190 - - [26/Jul/2026:06:10:27 +0000] "GET /ingfo.php HTTP/1.1" 403 283 "-" "-"
20.203.219.190 - - [26/Jul/2026:06:10:28 +0000] "GET /ccc.php?p= HTTP/1.1" 403 283 "-" "-"
20.203.219.190 - - [26/Jul/2026:06:10:28 +0000] "GET /jdrot.php HTTP/1.1" 403 283 "-" "-"
20.203.219.190 - - [26/Jul/2026:06:10:28 +0000] "GET /alpha.php HTTP/1.1" 403 283 "-" "-"
20.203.219.190 - - [26/Jul/2026:06:10:28 +0000] "GET /ini.php HTTP/1.1" 403 283 "-" "-"
20.203.219.190 - - [26/Jul/2026:06:10:29 +0000] "GET /jo.php HTTP/1.1" 403 283 "-" "-"
20.203.219.190 - - [26/Jul/2026:06:10:29 +0000] "GET /jos.php HTTP/1.1" 403 283 "-" "-"
20.203.219.190 - - [26/Jul/2026:06:10:29 +0000] "GET /srv.php HTTP/1.1" 403 283 "-" "-"
20.203.219.190 - - [26/Jul/2026:06:10:30 +0000] "GET /uninstall.php HTTP/1.1" 403 283 "-" "-"
20.203.219.190 - - [26/Jul/2026:06:10:30 +0000] "GET /transfer.php HTTP/1.1" 403 283 "-" "-"
20.203.219.190 - - [26/Jul/2026:06:10:30 +0000] "GET /geforce.php HTTP/1.1" 403 283 "-" "-"
20.203.219.190 - - [26/Jul/2026:06:10:31 +0000] "GET /r.php?p= HTTP/1.1" 403 283 "-" "-"
20.203.219.190 - - [26/Jul/2026:06:10:31 +0000] "GET /sixxis.php HTTP/1.1" 403 283 "-" "-"
20.203.219.190 - - [26/Jul/2026:06:10:31 +0000] "GET /bthil.php HTTP/1.1" 403 283 "-" "-"
38.177.186.189 - - [26/Jul/2026:06:14:13 +0000] "POST /wp-cron.php?doing_wp_cron=1785046452.6173970699310302734375 HTTP/1.1" 499 0 "-" "WordPress/7.0; https://www.groatmachinery.com"
57.141.0.25 - - [26/Jul/2026:06:14:13 +0000] "GET /beehiiv-sitemap/ HTTP/1.1" 301 0 "-" "Mozilla/5.0 (X11; Linux x86_64) AppleWebKit/537.36 (KHTML, like Gecko) Chrome/145.0.0.0 Safari/537.36 (compatible; meta-externalagent/1.1 (+https://developers.facebook.com/docs/sharing/webmasters/crawler))"
38.177.186.189 - - [26/Jul/2026:06:14:26 +0000] "GET / HTTP/1.1" 301 0 "-" "Mozilla/5.0 (X11; Linux x86_64) AppleWebKit/537.36 (KHTML, like Gecko) Chrome/44.0.2403.157 Safari/537.36"
38.177.186.189 - - [26/Jul/2026:06:14:28 +0000] "GET / HTTP/1.1" 200 36451 "http://38.177.186.189" "Mozilla/5.0 (X11; Linux x86_64) AppleWebKit/537.36 (KHTML, like Gecko) Chrome/44.0.2403.157 Safari/537.36"
38.177.186.189 - - [26/Jul/2026:06:16:23 +0000] "POST /wp-cron.php?doing_wp_cron=1785046582.6121640205383300781250 HTTP/1.1" 499 0 "-" "WordPress/7.0; https://www.groatmachinery.com"
177.242.11.56 - - [26/Jul/2026:06:16:23 +0000] "GET /shop-host/?add-to-cart=903 HTTP/1.1" 200 34317 "-" "Mozilla/5.0 (Macintosh; Intel Mac OS X 10_15_7) AppleWebKit/537.36 (KHTML, like Gecko) Chrome/133.0.0.0 Safari/537.36"
45.227.253.15 - - [26/Jul/2026:06:16:52 +0000] "GET /index.php/jk HTTP/1.1" 200 43 "-" "Mozilla/5.0 (Macintosh; Intel Mac OS X 10_15_7) AppleWebKit/537.36 (KHTML, like Gecko) Chrome/86.0.4240.111 Safari/537.36 Edg/86.0.622.51"
23.251.146.115 - - [26/Jul/2026:06:18:46 +0000] "HEAD /robots.txt HTTP/1.1" 200 0 "-" "Mozilla/5.0 (X11; Linux x86_64) AppleWebKit/537.36 (KHTML, like Gecko) Chrome/136.0.0.0 Safari/537.36"
23.251.146.115 - - [26/Jul/2026:06:18:46 +0000] "GET /robots.txt HTTP/1.1" 200 84 "-" "Mozilla/5.0 (X11; Linux x86_64) AppleWebKit/537.36 (KHTML, like Gecko) Chrome/136.0.0.0 Safari/537.36"
52.167.144.187 - - [26/Jul/2026:06:18:49 +0000] "GET /special/812261138604 HTTP/1.1" 200 27738 "-" "Mozilla/5.0 AppleWebKit/537.36 (KHTML, like Gecko; compatible; bingbot/2.0; +http://www.bing.com/bingbot.htm) Chrome/116.0.1938.76 Safari/537.36"
38.177.186.189 - - [26/Jul/2026:06:18:50 +0000] "POST /wp-cron.php?doing_wp_cron=1785046729.1795589923858642578125 HTTP/1.1" 499 0 "-" "WordPress/7.0; https://www.groatmachinery.com"
23.251.146.115 - - [26/Jul/2026:06:18:50 +0000] "HEAD /mailerlite-duplicate-campaign HTTP/1.1" 404 0 "-" "Mozilla/5.0 AppleWebKit/537.36 (KHTML, like Gecko); compatible; ShapBot/0.1.0"
74.7.241.177 - - [26/Jul/2026:06:18:53 +0000] "GET /robots.txt HTTP/1.1" 200 84 "-" "Mozilla/5.0 (Macintosh; Intel Mac OS X 10_15_7) AppleWebKit/537.36 (KHTML, like Gecko) Chrome/131.0.0.0 Safari/537.36; compatible; OAI-SearchBot/1.4; robots.txt; +https://openai.com/searchbot"
74.7.243.228 - - [26/Jul/2026:06:18:55 +0000] "GET /sitemap_index.xml HTTP/1.1" 200 305 "-" "Mozilla/5.0 AppleWebKit/537.36 (KHTML, like Gecko; compatible; GPTBot/1.4; +https://openai.com/gptbot)"
38.177.186.189 - - [26/Jul/2026:06:21:41 +0000] "POST /wp-cron.php?doing_wp_cron=1785046900.3825049400329589843750 HTTP/1.1" 499 0 "-" "WordPress/7.0; https://www.groatmachinery.com"
189.143.63.206 - - [26/Jul/2026:06:21:41 +0000] "GET /ilia-cigarette-a-27/?add-to-cart=883 HTTP/1.1" 200 34780 "-" "Mozilla/5.0 (Macintosh; Intel Mac OS X 10_15_7) AppleWebKit/537.36 (KHTML, like Gecko) Chrome/133.0.0.0 Safari/537.36"
38.177.186.189 - - [26/Jul/2026:06:28:28 +0000] "POST /wp-cron.php?doing_wp_cron=1785047307.9660849571228027343750 HTTP/1.1" 499 0 "-" "WordPress/7.0; https://www.groatmachinery.com"
38.177.186.189 - - [26/Jul/2026:06:28:28 +0000] "GET / HTTP/1.1" 301 0 "-" "Mozilla/5.0 (X11; Linux x86_64) AppleWebKit/537.36 (KHTML, like Gecko) Chrome/44.0.2403.157 Safari/537.36"
38.177.186.189 - - [26/Jul/2026:06:28:30 +0000] "GET / HTTP/1.1" 499 0 "http://38.177.186.189" "Mozilla/5.0 (X11; Linux x86_64) AppleWebKit/537.36 (KHTML, like Gecko) Chrome/44.0.2403.157 Safari/537.36"
38.177.186.189 - - [26/Jul/2026:06:29:20 +0000] "POST /wp-cron.php?doing_wp_cron=1785047359.2797119617462158203125 HTTP/1.1" 499 0 "-" "WordPress/7.0; https://www.groatmachinery.com"
189.15.120.214 - - [26/Jul/2026:06:29:20 +0000] "GET /shop-pods/?add-to-cart=924 HTTP/1.1" 200 35697 "-" "Mozilla/5.0 (Macintosh; Intel Mac OS X 10_15_7) AppleWebKit/537.36 (KHTML, like Gecko) Chrome/133.0.0.0 Safari/537.36"
52.167.144.210 - - [26/Jul/2026:06:29:22 +0000] "GET /mailerlite-dkim/ HTTP/1.1" 200 27471 "-" "Mozilla/5.0 AppleWebKit/537.36 (KHTML, like Gecko; compatible; bingbot/2.0; +http://www.bing.com/bingbot.htm) Chrome/116.0.1938.76 Safari/537.36"
159.203.79.157 - - [26/Jul/2026:06:31:19 +0000] "GET / HTTP/1.1" 499 0 "-" "Mozilla/5.0 (X11; Linux x86_64) AppleWebKit/537.36 (KHTML, like Gecko) Chrome/142.0.0.0 Safari/537.36"
38.177.186.189 - - [26/Jul/2026:06:31:19 +0000] "POST /wp-cron.php?doing_wp_cron=1785047478.7999598979949951171875 HTTP/1.1" 499 0 "-" "WordPress/7.0; https://www.groatmachinery.com"
159.203.79.157 - - [26/Jul/2026:06:31:21 +0000] "GET / HTTP/1.1" 301 0 "-" "Mozilla/5.0 (X11; Linux x86_64; rv:142.0) Gecko/20100101 Firefox/142.0"
159.203.79.157 - - [26/Jul/2026:06:31:28 +0000] "GET /favicon.ico HTTP/1.1" 302 0 "https://groatmachinery.com/" "Mozilla/5.0 (X11; Linux x86_64; rv:142.0) Gecko/20100101 Firefox/142.0"
45.77.61.56 - - [26/Jul/2026:06:36:17 +0000] "GET / HTTP/1.1" 403 0 "-" "Mozilla/5.0 (compatible; CyberConvoyScout/1.0; +https://scout.cyberconvoy.co)"
207.90.244.14 - - [26/Jul/2026:06:38:18 +0000] "GET / HTTP/1.1" 403 0 "-" "Mozilla/5.0 (X11; Linux x86_64) AppleWebKit/537.36 (KHTML, like Gecko) Chrome/98.0.4758.102 Safari/537.36"
207.90.244.14 - - [26/Jul/2026:06:38:36 +0000] "" 400 0 "-" "-"
207.90.244.14 - - [26/Jul/2026:06:38:44 +0000] "" 400 0 "-" "-"
207.90.244.14 - - [26/Jul/2026:06:38:52 +0000] "" 400 0 "-" "-"
207.90.244.14 - - [26/Jul/2026:06:38:55 +0000] "" 400 0 "-" "-"
207.90.244.14 - - [26/Jul/2026:06:38:59 +0000] "GET /robots.txt HTTP/1.1" 200 84 "-" "-"
207.90.244.14 - - [26/Jul/2026:06:39:03 +0000] "GET /sitemap.xml HTTP/1.1" 200 2651 "-" "-"
207.90.244.14 - - [26/Jul/2026:06:39:05 +0000] "GET /.well-known/security.txt HTTP/1.1" 403 0 "-" "-"
27.46.75.4 - - [26/Jul/2026:06:41:44 +0000] "GET /robots.txt HTTP/1.1" 200 84 "-" "Mozilla/5.0 (Windows NT 10.0; Win64; x64) AppleWebKit/537.36 (KHTML, like Gecko) Chrome/61.0.2729.74 Safari/537.36 Edge/18.18362"
38.177.186.189 - - [26/Jul/2026:06:42:28 +0000] "POST /wp-cron.php?doing_wp_cron=1785048147.2569830417633056640625 HTTP/1.1" 499 0 "-" "WordPress/7.0; https://www.groatmachinery.com"
38.177.186.189 - - [26/Jul/2026:06:42:28 +0000] "GET / HTTP/1.1" 301 0 "-" "Mozilla/5.0 (X11; Linux x86_64) AppleWebKit/537.36 (KHTML, like Gecko) Chrome/44.0.2403.157 Safari/537.36"
38.177.186.189 - - [26/Jul/2026:06:42:29 +0000] "GET / HTTP/1.1" 499 0 "http://38.177.186.189" "Mozilla/5.0 (X11; Linux x86_64) AppleWebKit/537.36 (KHTML, like Gecko) Chrome/44.0.2403.157 Safari/537.36"
216.73.216.206 - - [26/Jul/2026:06:49:16 +0000] "GET /robots.txt HTTP/1.1" 200 84 "-" "Mozilla/5.0 AppleWebKit/537.36 (KHTML, like Gecko; compatible; ClaudeBot/1.0; +claudebot@anthropic.com)"
38.177.186.189 - - [26/Jul/2026:06:49:28 +0000] "POST /wp-cron.php?doing_wp_cron=1785048567.7826979160308837890625 HTTP/1.1" 499 0 "-" "WordPress/7.0; https://www.groatmachinery.com"
216.73.216.206 - - [26/Jul/2026:06:49:28 +0000] "GET /ilia-host-m-13/?add-to-cart=931 HTTP/1.1" 200 34764 "-" "Mozilla/5.0 AppleWebKit/537.36 (KHTML, like Gecko; compatible; ClaudeBot/1.0; +claudebot@anthropic.com)"
144.172.107.72 - - [26/Jul/2026:06:51:11 +0000] "GET /contact.php HTTP/1.0" 403 283 "http://groatmachinery.com/contact.php" "Mozilla/5.0 (Windows NT 10.0; WOW64) AppleWebKit/537.36 (KHTML, like Gecko) Chrome/103.0.5060.114 Safari/537.36"
47.82.13.22 - - [26/Jul/2026:06:51:14 +0000] "GET /ilia-cigarette-e-5/ HTTP/1.1" 200 34845 "-" "Mozilla/5.0 (Macintosh; Intel Mac OS X 10_15_7) AppleWebKit/537.36 (KHTML, like Gecko) Chrome/141.0.0.0 Safari/537.36"
38.177.186.189 - - [26/Jul/2026:06:51:14 +0000] "POST /wp-cron.php?doing_wp_cron=1785048673.5567770004272460937500 HTTP/1.1" 499 0 "-" "WordPress/7.0; https://www.groatmachinery.com"
144.172.107.72 - - [26/Jul/2026:06:51:14 +0000] "GET / HTTP/1.0" 301 0 "http://groatmachinery.com/contact.php" "Mozilla/5.0 (Windows NT 10.0; WOW64) AppleWebKit/537.36 (KHTML, like Gecko) Chrome/103.0.5060.114 Safari/537.36"
144.172.107.72 - - [26/Jul/2026:06:51:18 +0000] "GET / HTTP/1.0" 200 319922 "https://www.groatmachinery.com/" "Mozilla/5.0 (Windows NT 10.0; WOW64) AppleWebKit/537.36 (KHTML, like Gecko) Chrome/103.0.5060.114 Safari/537.36"
144.172.107.72 - - [26/Jul/2026:06:51:21 +0000] "GET /blog/ HTTP/1.0" 200 177822 "https://www.groatmachinery.com/blog/" "Mozilla/5.0 (Windows NT 10.0; WOW64) AppleWebKit/537.36 (KHTML, like Gecko) Chrome/103.0.5060.114 Safari/537.36"
144.172.107.72 - - [26/Jul/2026:06:51:24 +0000] "GET /contact/ HTTP/1.0" 200 183164 "https://www.groatmachinery.com/contact/" "Mozilla/5.0 (Windows NT 10.0; WOW64) AppleWebKit/537.36 (KHTML, like Gecko) Chrome/103.0.5060.114 Safari/537.36"
144.172.107.72 - - [26/Jul/2026:06:51:28 +0000] "POST /contact/ HTTP/1.0" 200 183615 "https://www.groatmachinery.com/contact/" "Mozilla/5.0 (Windows NT 10.0; WOW64) AppleWebKit/537.36 (KHTML, like Gecko) Chrome/103.0.5060.114 Safari/537.36"
144.172.107.72 - - [26/Jul/2026:06:51:30 +0000] "GET /contact/ HTTP/1.0" 200 183164 "https://www.groatmachinery.com/contact/" "Mozilla/5.0 (Windows NT 10.0; WOW64) AppleWebKit/537.36 (KHTML, like Gecko) Chrome/103.0.5060.114 Safari/537.36"
144.172.107.72 - - [26/Jul/2026:06:51:33 +0000] "GET /contact/ HTTP/1.0" 200 183164 "https://www.groatmachinery.com/contact/" "Mozilla/5.0 (Windows NT 10.0; WOW64) AppleWebKit/537.36 (KHTML, like Gecko) Chrome/103.0.5060.114 Safari/537.36"
144.172.107.72 - - [26/Jul/2026:06:51:37 +0000] "GET /blog/ HTTP/1.0" 200 177822 "https://www.groatmachinery.com/blog/" "Mozilla/5.0 (Windows NT 10.0; WOW64) AppleWebKit/537.36 (KHTML, like Gecko) Chrome/103.0.5060.114 Safari/537.36"
216.73.216.206 - - [26/Jul/2026:06:51:48 +0000] "GET /ilia-oil-y-25/?add-to-cart=871 HTTP/1.1" 200 34712 "-" "Mozilla/5.0 AppleWebKit/537.36 (KHTML, like Gecko; compatible; ClaudeBot/1.0; +claudebot@anthropic.com)"
38.177.186.189 - - [26/Jul/2026:06:54:20 +0000] "POST /wp-cron.php?doing_wp_cron=1785048859.1371800899505615234375 HTTP/1.1" 499 0 "-" "WordPress/7.0; https://www.groatmachinery.com"
182.10.129.21 - - [26/Jul/2026:06:54:20 +0000] "GET /ilia-host-q-17/?add-to-cart=873 HTTP/1.1" 200 34732 "-" "Mozilla/5.0 (Macintosh; Intel Mac OS X 10_15_7) AppleWebKit/537.36 (KHTML, like Gecko) Chrome/133.0.0.0 Safari/537.36"
38.177.186.189 - - [26/Jul/2026:06:55:49 +0000] "POST /wp-cron.php?doing_wp_cron=1785048948.9545290470123291015625 HTTP/1.1" 499 0 "-" "WordPress/7.0; https://www.groatmachinery.com"
216.73.216.206 - - [26/Jul/2026:06:55:49 +0000] "GET /ilia-host-m-13/?add-to-cart=937 HTTP/1.1" 200 34781 "-" "Mozilla/5.0 AppleWebKit/537.36 (KHTML, like Gecko; compatible; ClaudeBot/1.0; +claudebot@anthropic.com)"
38.177.186.189 - - [26/Jul/2026:06:56:10 +0000] "POST /wp-cron.php?doing_wp_cron=1785048969.8621370792388916015625 HTTP/1.1" 499 0 "-" "WordPress/7.0; https://www.groatmachinery.com"
190.52.73.148 - - [26/Jul/2026:06:56:10 +0000] "GET /shop-pods/?add-to-cart=917 HTTP/1.1" 200 35699 "-" "Mozilla/5.0 (Macintosh; Intel Mac OS X 10_15_7) AppleWebKit/537.36 (KHTML, like Gecko) Chrome/133.0.0.0 Safari/537.36"
38.177.186.189 - - [26/Jul/2026:06:56:25 +0000] "GET / HTTP/1.1" 301 0 "-" "Mozilla/5.0 (X11; Linux x86_64) AppleWebKit/537.36 (KHTML, like Gecko) Chrome/44.0.2403.157 Safari/537.36"
38.177.186.189 - - [26/Jul/2026:06:56:27 +0000] "GET / HTTP/1.1" 200 36451 "http://38.177.186.189" "Mozilla/5.0 (X11; Linux x86_64) AppleWebKit/537.36 (KHTML, like Gecko) Chrome/44.0.2403.157 Safari/537.36"
66.132.195.47 - - [26/Jul/2026:06:56:41 +0000] "GET /robots.txt HTTP/1.1" 200 84 "-" "Mozilla/5.0 (compatible; CensysInspect/1.1; +https://about.censys.io/)"
66.132.195.47 - - [26/Jul/2026:06:56:44 +0000] "GET /favicon.ico HTTP/1.1" 500 55 "-" "Mozilla/5.0 (compatible; CensysInspect/1.1; +https://about.censys.io/)"
66.132.195.47 - - [26/Jul/2026:06:56:48 +0000] "GET /_ts_f8f1_ub1ypkx HTTP/1.1" 403 0 "-" "Mozilla/5.0 (compatible; CensysInspect/1.1; +https://about.censys.io/)"
114.119.130.199 - - [26/Jul/2026:06:57:00 +0000] "GET /how-to-use-mailerlite/ HTTP/1.1" 301 0 "https://groatmachinery.com/post-sitemap.xml" "Mozilla/5.0 (Linux; Android 7.0;) AppleWebKit/537.36 (HTML, like Gecko) Mobile Safari/537.36 (compatible; PetalBot;+https://webmaster.petalsearch.com/site/petalbot)"
38.177.186.189 - - [26/Jul/2026:06:57:03 +0000] "POST /wp-cron.php?doing_wp_cron=1785049022.2522070407867431640625 HTTP/1.1" 499 0 "-" "WordPress/7.0; https://www.groatmachinery.com"
114.119.130.199 - - [26/Jul/2026:06:57:03 +0000] "GET /how-to-use-mailerlite/ HTTP/1.1" 404 26502 "https://groatmachinery.com/post-sitemap.xml" "Mozilla/5.0 (Linux; Android 7.0;) AppleWebKit/537.36 (HTML, like Gecko) Mobile Safari/537.36 (compatible; PetalBot;+https://webmaster.petalsearch.com/site/petalbot)"
189.178.105.214 - - [26/Jul/2026:06:57:13 +0000] "GET /ilia-host-k-86/ HTTP/1.1" 200 34771 "-" "Mozilla/5.0 (Macintosh; Intel Mac OS X 10_15_7) AppleWebKit/537.36 (KHTML, like Gecko) Chrome/133.0.0.0 Safari/537.36"
45.227.253.15 - - [26/Jul/2026:06:58:20 +0000] "GET /?ARRAY=7o2230223n313738353035333232322p2231223n22687474703n5p2s5p2s7n733936377631332r6p6172676572732r636p69636o5p2s3s6p633q78696164616r5s72616r645s7061746826743q313738353034393632322q6339626663363838373332383737353836323862306665383138336238333130222p2232223n223235663132616666633339353633303535393934383734643264623365646533222p2233223n223939323535386535633437393732656635333134396630376136326632646363222p2262696r675s70617373223n2231372q34352q35342q36342q38302q38372q3134227q HTTP/1.1" 200 485 "-" "Mozilla/5.0 (Windows NT 6.2; WOW64) AppleWebKit/535.24 (KHTML, like Gecko) Chrome/82.0.1055.1 Safari/535.24"
38.177.186.189 - - [26/Jul/2026:07:00:39 +0000] "GET / HTTP/1.1" 499 0 "-" "Mozilla/5.0 (X11; Linux x86_64) AppleWebKit/537.36 (KHTML, like Gecko) Chrome/44.0.2403.157 Safari/537.36"
38.177.186.189 - - [26/Jul/2026:07:00:39 +0000] "POST /wp-cron.php?doing_wp_cron=1785049238.7107899188995361328125 HTTP/1.1" 499 0 "-" "WordPress/7.0; https://www.groatmachinery.com"
52.167.144.168 - - [26/Jul/2026:07:05:22 +0000] "GET /product-tag/%E5%93%A9%E5%95%9E/ HTTP/1.1" 200 27477 "-" "Mozilla/5.0 AppleWebKit/537.36 (KHTML, like Gecko; compatible; bingbot/2.0; +http://www.bing.com/bingbot.htm) Chrome/116.0.1938.76 Safari/537.36"
216.73.216.206 - - [26/Jul/2026:07:07:27 +0000] "GET /robots.txt HTTP/1.1" 200 84 "-" "Mozilla/5.0 AppleWebKit/537.36 (KHTML, like Gecko; compatible; ClaudeBot/1.0; +claudebot@anthropic.com)"
38.177.186.189 - - [26/Jul/2026:07:07:34 +0000] "POST /wp-cron.php?doing_wp_cron=1785049653.4869480133056640625000 HTTP/1.1" 499 0 "-" "WordPress/7.0; https://www.groatmachinery.com"
216.73.216.206 - - [26/Jul/2026:07:07:34 +0000] "GET /sitemap.xml HTTP/1.1" 404 26500 "-" "Mozilla/5.0 AppleWebKit/537.36 (KHTML, like Gecko; compatible; ClaudeBot/1.0; +claudebot@anthropic.com)"
38.177.186.189 - - [26/Jul/2026:07:11:25 +0000] "POST /wp-cron.php?doing_wp_cron=1785049884.9002220630645751953125 HTTP/1.1" 499 0 "-" "WordPress/7.0; https://www.groatmachinery.com"
57.141.0.43 - - [26/Jul/2026:07:11:26 +0000] "GET /ilia-cigarette-r-70/ HTTP/1.1" 200 235504 "-" "Mozilla/5.0 (Windows NT 10.0; Win64; x64) AppleWebKit/537.36 (KHTML, like Gecko) Chrome/145.0.0.0 Safari/537.36 (compatible; meta-externalagent/1.1 (+https://developers.facebook.com/docs/sharing/webmasters/crawler))"
38.177.186.189 - - [26/Jul/2026:07:12:56 +0000] "POST /wp-cron.php?doing_wp_cron=1785049975.1542100906372070312500 HTTP/1.1" 499 0 "-" "WordPress/7.0; https://www.groatmachinery.com"
24.147.115.254 - - [26/Jul/2026:07:12:56 +0000] "GET /ilia-cigarette-o-15/?add-to-cart=846 HTTP/1.1" 200 34748 "-" "Mozilla/5.0 (Macintosh; Intel Mac OS X 10_15_7) AppleWebKit/537.36 (KHTML, like Gecko) Chrome/133.0.0.0 Safari/537.36"
38.177.186.189 - - [26/Jul/2026:07:13:23 +0000] "POST /wp-cron.php?doing_wp_cron=1785050002.8500308990478515625000 HTTP/1.1" 499 0 "-" "WordPress/7.0; https://www.groatmachinery.com"
57.141.0.17 - - [26/Jul/2026:07:13:24 +0000] "GET /ilia-pods-m-13/ HTTP/1.1" 200 234255 "-" "Mozilla/5.0 (Windows NT 10.0; Win64; x64) AppleWebKit/537.36 (KHTML, like Gecko) Chrome/145.0.0.0 Safari/537.36 (compatible; meta-externalagent/1.1 (+https://developers.facebook.com/docs/sharing/webmasters/crawler))"
38.177.186.189 - - [26/Jul/2026:07:14:25 +0000] "POST /wp-cron.php?doing_wp_cron=1785050064.0020871162414550781250 HTTP/1.1" 499 0 "-" "WordPress/7.0; https://www.groatmachinery.com"
38.177.186.189 - - [26/Jul/2026:07:14:25 +0000] "GET / HTTP/1.1" 301 0 "-" "Mozilla/5.0 (X11; Linux x86_64) AppleWebKit/537.36 (KHTML, like Gecko) Chrome/44.0.2403.157 Safari/537.36"
38.177.186.189 - - [26/Jul/2026:07:14:27 +0000] "GET / HTTP/1.1" 499 0 "http://38.177.186.189" "Mozilla/5.0 (X11; Linux x86_64) AppleWebKit/537.36 (KHTML, like Gecko) Chrome/44.0.2403.157 Safari/537.36"
185.147.159.244 - - [26/Jul/2026:07:15:22 +0000] "GET /robots.txt HTTP/1.1" 200 84 "-" "Mozilla/5.0 (compatible; MJ12bot/v1.4.8; http://mj12bot.com/)"
34.79.111.92 - - [26/Jul/2026:07:15:24 +0000] "GET / HTTP/1.1" 403 0 "-" "Mozilla/5.0 (Windows NT 10.0; Win64; x64) AppleWebKit/537.36 (KHTML, like Gecko) Chrome/127.0.0.0 Safari/537.36"
5.61.209.92 - - [26/Jul/2026:07:15:26 +0000] "GET /SDK/webLanguage HTTP/1.1" 403 0 "-" "Mozilla/5.0 (Windows NT 10.0; Win64; x64) AppleWebKit/537.36 (KHTML, like Gecko) Chrome/90.0.4430.85 Safari/537.36 Edg/90.0.818.46"
38.177.186.189 - - [26/Jul/2026:07:15:28 +0000] "POST /wp-cron.php?doing_wp_cron=1785050127.7861700057983398437500 HTTP/1.1" 499 0 "-" "WordPress/7.0; https://www.groatmachinery.com"
185.147.159.244 - - [26/Jul/2026:07:15:28 +0000] "GET /about/ HTTP/1.1" 200 28216 "-" "Mozilla/5.0 (compatible; MJ12bot/v1.4.8; http://mj12bot.com/)"
185.147.159.244 - - [26/Jul/2026:07:15:34 +0000] "GET /blog/ HTTP/1.1" 200 27695 "-" "Mozilla/5.0 (compatible; MJ12bot/v1.4.8; http://mj12bot.com/)"
185.147.159.244 - - [26/Jul/2026:07:15:40 +0000] "GET /cart/ HTTP/1.1" 200 52658 "-" "Mozilla/5.0 (compatible; MJ12bot/v1.4.8; http://mj12bot.com/)"
185.147.159.244 - - [26/Jul/2026:07:15:46 +0000] "GET /checkout/ HTTP/1.1" 302 0 "-" "Mozilla/5.0 (compatible; MJ12bot/v1.4.8; http://mj12bot.com/)"
185.147.159.244 - - [26/Jul/2026:07:15:54 +0000] "GET /cart/ HTTP/1.1" 200 52658 "-" "Mozilla/5.0 (compatible; MJ12bot/v1.4.8; http://mj12bot.com/)"
185.147.159.244 - - [26/Jul/2026:07:16:00 +0000] "GET /contact/ HTTP/1.1" 200 28634 "-" "Mozilla/5.0 (compatible; MJ12bot/v1.4.8; http://mj12bot.com/)"
38.177.186.189 - - [26/Jul/2026:07:16:07 +0000] "POST /wp-cron.php?doing_wp_cron=1785050166.5831499099731445312500 HTTP/1.1" 499 0 "-" "WordPress/7.0; https://www.groatmachinery.com"
185.147.159.244 - - [26/Jul/2026:07:16:07 +0000] "GET /home/feed/ HTTP/1.1" 200 400 "-" "Mozilla/5.0 (compatible; MJ12bot/v1.4.8; http://mj12bot.com/)"
185.147.159.244 - - [26/Jul/2026:07:16:13 +0000] "GET /ilia-cigarette-a-1/ HTTP/1.1" 404 26500 "-" "Mozilla/5.0 (compatible; MJ12bot/v1.4.8; http://mj12bot.com/)"
185.147.159.244 - - [26/Jul/2026:07:16:19 +0000] "GET /ilia-cigarette-c-55/ HTTP/1.1" 200 34843 "-" "Mozilla/5.0 (compatible; MJ12bot/v1.4.8; http://mj12bot.com/)"
185.147.159.244 - - [26/Jul/2026:07:16:25 +0000] "GET /ilia-cigarette-g-7/ HTTP/1.1" 404 26500 "-" "Mozilla/5.0 (compatible; MJ12bot/v1.4.8; http://mj12bot.com/)"
185.147.159.244 - - [26/Jul/2026:07:16:31 +0000] "GET /ilia-cigarette-h-83/ HTTP/1.1" 200 34826 "-" "Mozilla/5.0 (compatible; MJ12bot/v1.4.8; http://mj12bot.com/)"
185.147.159.244 - - [26/Jul/2026:07:16:37 +0000] "GET /ilia-cigarette-s-19/ HTTP/1.1" 200 34768 "-" "Mozilla/5.0 (compatible; MJ12bot/v1.4.8; http://mj12bot.com/)"
114.119.133.14 - - [26/Jul/2026:07:16:41 +0000] "GET /page/17/ HTTP/1.1" 200 36481 "https://www.groatmachinery.com/page/17/" "Mozilla/5.0 (Linux; Android 7.0;) AppleWebKit/537.36 (HTML, like Gecko) Mobile Safari/537.36 (compatible; PetalBot;+https://webmaster.petalsearch.com/site/petalbot)"
185.147.159.244 - - [26/Jul/2026:07:16:43 +0000] "GET /ilia-host-m-13/ HTTP/1.1" 200 34834 "-" "Mozilla/5.0 (compatible; MJ12bot/v1.4.8; http://mj12bot.com/)"
185.147.159.244 - - [26/Jul/2026:07:16:49 +0000] "GET /ilia-oil-b-77/ HTTP/1.1" 200 34748 "-" "Mozilla/5.0 (compatible; MJ12bot/v1.4.8; http://mj12bot.com/)"
185.147.159.244 - - [26/Jul/2026:07:16:55 +0000] "GET /ilia-oil-s-71/ HTTP/1.1" 200 34778 "-" "Mozilla/5.0 (compatible; MJ12bot/v1.4.8; http://mj12bot.com/)"
38.177.186.189 - - [26/Jul/2026:07:17:02 +0000] "POST /wp-cron.php?doing_wp_cron=1785050221.6047608852386474609375 HTTP/1.1" 499 0 "-" "WordPress/7.0; https://www.groatmachinery.com"
185.147.159.244 - - [26/Jul/2026:07:17:02 +0000] "GET /ilia-oil-y-25/ HTTP/1.1" 200 34814 "-" "Mozilla/5.0 (compatible; MJ12bot/v1.4.8; http://mj12bot.com/)"
185.147.159.244 - - [26/Jul/2026:07:17:08 +0000] "GET /ilia-pods-m-13/ HTTP/1.1" 200 34798 "-" "Mozilla/5.0 (compatible; MJ12bot/v1.4.8; http://mj12bot.com/)"
185.147.159.244 - - [26/Jul/2026:07:17:17 +0000] "GET /ilia-pods-q-17/ HTTP/1.1" 200 34803 "-" "Mozilla/5.0 (compatible; MJ12bot/v1.4.8; http://mj12bot.com/)"
185.147.159.244 - - [26/Jul/2026:07:17:24 +0000] "GET /ilia-pods-q-43/ HTTP/1.1" 200 34801 "-" "Mozilla/5.0 (compatible; MJ12bot/v1.4.8; http://mj12bot.com/)"
185.147.159.244 - - [26/Jul/2026:07:17:30 +0000] "GET /ilia-shop/ HTTP/1.1" 200 38884 "-" "Mozilla/5.0 (compatible; MJ12bot/v1.4.8; http://mj12bot.com/)"
185.147.159.244 - - [26/Jul/2026:07:17:36 +0000] "GET /my-account/ HTTP/1.1" 200 28169 "-" "Mozilla/5.0 (compatible; MJ12bot/v1.4.8; http://mj12bot.com/)"
185.147.159.244 - - [26/Jul/2026:07:17:42 +0000] "GET /shop/ HTTP/1.1" 200 40829 "-" "Mozilla/5.0 (compatible; MJ12bot/v1.4.8; http://mj12bot.com/)"
185.147.159.244 - - [26/Jul/2026:07:17:48 +0000] "GET /shop-cigarette/ HTTP/1.1" 200 35040 "-" "Mozilla/5.0 (compatible; MJ12bot/v1.4.8; http://mj12bot.com/)"
185.147.159.244 - - [26/Jul/2026:07:17:54 +0000] "GET /shop-host/ HTTP/1.1" 200 34295 "-" "Mozilla/5.0 (compatible; MJ12bot/v1.4.8; http://mj12bot.com/)"
185.147.159.244 - - [26/Jul/2026:07:18:00 +0000] "GET /shop-oil/ HTTP/1.1" 200 35032 "-" "Mozilla/5.0 (compatible; MJ12bot/v1.4.8; http://mj12bot.com/)"
38.177.186.189 - - [26/Jul/2026:07:18:07 +0000] "POST /wp-cron.php?doing_wp_cron=1785050286.2567739486694335937500 HTTP/1.1" 499 0 "-" "WordPress/7.0; https://www.groatmachinery.com"
185.147.159.244 - - [26/Jul/2026:07:18:07 +0000] "GET /shop-pods/ HTTP/1.1" 200 35673 "-" "Mozilla/5.0 (compatible; MJ12bot/v1.4.8; http://mj12bot.com/)"
185.147.159.244 - - [26/Jul/2026:07:18:13 +0000] "GET /wishlist/ HTTP/1.1" 200 28033 "-" "Mozilla/5.0 (compatible; MJ12bot/v1.4.8; http://mj12bot.com/)"
38.177.186.189 - - [26/Jul/2026:07:19:12 +0000] "POST /wp-cron.php?doing_wp_cron=1785050351.6160829067230224609375 HTTP/1.1" 499 0 "-" "WordPress/7.0; https://www.groatmachinery.com"
114.119.130.199 - - [26/Jul/2026:07:19:12 +0000] "GET /pros-and-cons-of-mailerlite/ HTTP/1.1" 301 0 "https://groatmachinery.com/post-sitemap.xml" "Mozilla/5.0 (Linux; Android 7.0;) AppleWebKit/537.36 (HTML, like Gecko) Mobile Safari/537.36 (compatible; PetalBot;+https://webmaster.petalsearch.com/site/petalbot)"
114.119.130.199 - - [26/Jul/2026:07:19:15 +0000] "GET /pros-and-cons-of-mailerlite/ HTTP/1.1" 404 26506 "https://groatmachinery.com/post-sitemap.xml" "Mozilla/5.0 (Linux; Android 7.0;) AppleWebKit/537.36 (HTML, like Gecko) Mobile Safari/537.36 (compatible; PetalBot;+https://webmaster.petalsearch.com/site/petalbot)"
52.167.144.19 - - [26/Jul/2026:07:20:53 +0000] "GET /ilia-pods-a-27/ HTTP/1.1" 200 27376 "-" "Mozilla/5.0 AppleWebKit/537.36 (KHTML, like Gecko; compatible; bingbot/2.0; +http://www.bing.com/bingbot.htm) Chrome/116.0.1938.76 Safari/537.36"
38.177.186.189 - - [26/Jul/2026:07:21:40 +0000] "POST /wp-cron.php?doing_wp_cron=1785050499.0471940040588378906250 HTTP/1.1" 499 0 "-" "WordPress/7.0; https://www.groatmachinery.com"
114.119.158.50 - - [26/Jul/2026:07:21:40 +0000] "GET /gaqepuh/2026/06/pods-qiyi.webp HTTP/1.1" 404 26513 "https://www.groatmachinery.com/ilia-pods-k-37/" "Mozilla/5.0 (Linux; Android 7.0;) AppleWebKit/537.36 (HTML, like Gecko) Mobile Safari/537.36 (compatible; PetalBot;+https://webmaster.petalsearch.com/site/petalbot)"
40.77.167.51 - - [26/Jul/2026:07:23:53 +0000] "GET /ilia-cigarette-f-81/ HTTP/1.1" 200 27665 "-" "Mozilla/5.0 AppleWebKit/537.36 (KHTML, like Gecko; compatible; bingbot/2.0; +http://www.bing.com/bingbot.htm) Chrome/116.0.1938.76 Safari/537.36"
38.177.186.189 - - [26/Jul/2026:07:24:04 +0000] "POST /wp-cron.php?doing_wp_cron=1785050643.5132420063018798828125 HTTP/1.1" 499 0 "-" "WordPress/7.0; https://www.groatmachinery.com"
114.119.145.193 - - [26/Jul/2026:07:24:04 +0000] "GET /page/368 HTTP/1.1" 301 0 "https://groatmachinery.com/page/368" "Mozilla/5.0 (Linux; Android 7.0;) AppleWebKit/537.36 (HTML, like Gecko) Mobile Safari/537.36 (compatible; PetalBot;+https://webmaster.petalsearch.com/site/petalbot)"
114.119.145.193 - - [26/Jul/2026:07:24:07 +0000] "GET /page/368/ HTTP/1.1" 200 36484 "https://groatmachinery.com/page/368" "Mozilla/5.0 (Linux; Android 7.0;) AppleWebKit/537.36 (HTML, like Gecko) Mobile Safari/537.36 (compatible; PetalBot;+https://webmaster.petalsearch.com/site/petalbot)"
38.177.186.189 - - [26/Jul/2026:07:26:31 +0000] "POST /wp-cron.php?doing_wp_cron=1785050790.2070848941802978515625 HTTP/1.1" 499 0 "-" "WordPress/7.0; https://www.groatmachinery.com"
114.119.158.50 - - [26/Jul/2026:07:26:31 +0000] "GET /beehiiv-vs-medium HTTP/1.1" 301 0 "https://groatmachinery.com/beehiiv-vs-medium" "Mozilla/5.0 (Linux; Android 7.0;) AppleWebKit/537.36 (HTML, like Gecko) Mobile Safari/537.36 (compatible; PetalBot;+https://webmaster.petalsearch.com/site/petalbot)"
114.119.158.50 - - [26/Jul/2026:07:26:33 +0000] "GET /beehiiv-vs-medium HTTP/1.1" 404 26498 "https://groatmachinery.com/beehiiv-vs-medium" "Mozilla/5.0 (Linux; Android 7.0;) AppleWebKit/537.36 (HTML, like Gecko) Mobile Safari/537.36 (compatible; PetalBot;+https://webmaster.petalsearch.com/site/petalbot)"
38.177.186.189 - - [26/Jul/2026:07:28:23 +0000] "POST /wp-cron.php?doing_wp_cron=1785050902.7437419891357421875000 HTTP/1.1" 499 0 "-" "WordPress/7.0; https://www.groatmachinery.com"
38.177.186.189 - - [26/Jul/2026:07:28:23 +0000] "GET / HTTP/1.1" 301 0 "-" "Mozilla/5.0 (X11; Linux x86_64) AppleWebKit/537.36 (KHTML, like Gecko) Chrome/44.0.2403.157 Safari/537.36"
38.177.186.189 - - [26/Jul/2026:07:28:25 +0000] "GET / HTTP/1.1" 499 0 "http://38.177.186.189" "Mozilla/5.0 (X11; Linux x86_64) AppleWebKit/537.36 (KHTML, like Gecko) Chrome/44.0.2403.157 Safari/537.36"
114.119.158.50 - - [26/Jul/2026:07:28:57 +0000] "GET /page/20 HTTP/1.1" 301 0 "https://groatmachinery.com/page/20/" "Mozilla/5.0 (Linux; Android 7.0;) AppleWebKit/537.36 (HTML, like Gecko) Mobile Safari/537.36 (compatible; PetalBot;+https://webmaster.petalsearch.com/site/petalbot)"
114.119.158.50 - - [26/Jul/2026:07:29:00 +0000] "GET /page/20/ HTTP/1.1" 200 36482 "https://groatmachinery.com/page/20/" "Mozilla/5.0 (Linux; Android 7.0;) AppleWebKit/537.36 (HTML, like Gecko) Mobile Safari/537.36 (compatible; PetalBot;+https://webmaster.petalsearch.com/site/petalbot)"
38.177.186.189 - - [26/Jul/2026:07:29:14 +0000] "POST /wp-cron.php?doing_wp_cron=1785050953.6876630783081054687500 HTTP/1.1" 499 0 "-" "WordPress/7.0; https://www.groatmachinery.com"
103.153.247.18 - - [26/Jul/2026:07:29:14 +0000] "GET /shop-host/?add-to-cart=898 HTTP/1.1" 200 34323 "-" "Mozilla/5.0 (Macintosh; Intel Mac OS X 10_15_7) AppleWebKit/537.36 (KHTML, like Gecko) Chrome/133.0.0.0 Safari/537.36"
38.177.186.189 - - [26/Jul/2026:07:31:24 +0000] "POST /wp-cron.php?doing_wp_cron=1785051083.1193358898162841796875 HTTP/1.1" 499 0 "-" "WordPress/7.0; https://www.groatmachinery.com"
95.57.59.93 - - [26/Jul/2026:07:31:24 +0000] "GET /ilia-oil-d-56/?add-to-cart=925 HTTP/1.1" 200 34804 "-" "Mozilla/5.0 (Macintosh; Intel Mac OS X 10_15_7) AppleWebKit/537.36 (KHTML, like Gecko) Chrome/133.0.0.0 Safari/537.36"
