191.235.98.185 - - [26/Jul/2026:18:27:49 +0000] "GET /wpc.php HTTP/1.1" 403 284 "-" "Mozilla/5.0 (Windows NT 10.0; Win64; x64) AppleWebKit/537.36 (KHTML, like Gecko) Chrome/120.0.0.0 Safari/537.36"
191.235.98.185 - - [26/Jul/2026:18:27:49 +0000] "GET /fone1.php HTTP/1.1" 403 284 "-" "Mozilla/5.0 (Windows NT 10.0; Win64; x64) AppleWebKit/537.36 (KHTML, like Gecko) Chrome/120.0.0.0 Safari/537.36"
191.235.98.185 - - [26/Jul/2026:18:27:50 +0000] "GET /ncx.php HTTP/1.1" 403 284 "-" "Mozilla/5.0 (Windows NT 10.0; Win64; x64) AppleWebKit/537.36 (KHTML, like Gecko) Chrome/120.0.0.0 Safari/537.36"
191.235.98.185 - - [26/Jul/2026:18:27:50 +0000] "GET /wp-admin/js/index.php HTTP/1.1" 403 284 "-" "Mozilla/5.0 (Windows NT 10.0; Win64; x64) AppleWebKit/537.36 (KHTML, like Gecko) Chrome/120.0.0.0 Safari/537.36"
191.235.98.185 - - [26/Jul/2026:18:27:50 +0000] "GET /wso.php HTTP/1.1" 403 284 "-" "Mozilla/5.0 (Windows NT 10.0; Win64; x64) AppleWebKit/537.36 (KHTML, like Gecko) Chrome/120.0.0.0 Safari/537.36"
191.235.98.185 - - [26/Jul/2026:18:27:53 +0000] "GET /zup.php73 HTTP/1.1" 301 0 "-" "Mozilla/5.0 (Windows NT 10.0; Win64; x64) AppleWebKit/537.36 (KHTML, like Gecko) Chrome/120.0.0.0 Safari/537.36"
191.235.98.185 - - [26/Jul/2026:18:27:53 +0000] "GET /k.php HTTP/1.1" 403 284 "-" "Mozilla/5.0 (Windows NT 10.0; Win64; x64) AppleWebKit/537.36 (KHTML, like Gecko) Chrome/120.0.0.0 Safari/537.36"
191.235.98.185 - - [26/Jul/2026:18:27:53 +0000] "GET /wp-blink.php HTTP/1.1" 403 284 "-" "Mozilla/5.0 (Windows NT 10.0; Win64; x64) AppleWebKit/537.36 (KHTML, like Gecko) Chrome/120.0.0.0 Safari/537.36"
191.235.98.185 - - [26/Jul/2026:18:27:56 +0000] "GET /randkeyword.PhP7 HTTP/1.1" 301 0 "-" "Mozilla/5.0 (Windows NT 10.0; Win64; x64) AppleWebKit/537.36 (KHTML, like Gecko) Chrome/120.0.0.0 Safari/537.36"
191.235.98.185 - - [26/Jul/2026:18:27:56 +0000] "GET /wp-admin/css/colors/ectoplasm/ HTTP/1.1" 403 284 "-" "Mozilla/5.0 (Windows NT 10.0; Win64; x64) AppleWebKit/537.36 (KHTML, like Gecko) Chrome/120.0.0.0 Safari/537.36"
191.235.98.185 - - [26/Jul/2026:18:27:56 +0000] "GET /wp-content/ HTTP/1.1" 200 0 "-" "Mozilla/5.0 (Windows NT 10.0; Win64; x64) AppleWebKit/537.36 (KHTML, like Gecko) Chrome/120.0.0.0 Safari/537.36"
191.235.98.185 - - [26/Jul/2026:18:27:57 +0000] "GET /ww5.php HTTP/1.1" 403 284 "-" "Mozilla/5.0 (Windows NT 10.0; Win64; x64) AppleWebKit/537.36 (KHTML, like Gecko) Chrome/120.0.0.0 Safari/537.36"
191.235.98.185 - - [26/Jul/2026:18:27:57 +0000] "GET /2.php HTTP/1.1" 403 284 "-" "Mozilla/5.0 (Windows NT 10.0; Win64; x64) AppleWebKit/537.36 (KHTML, like Gecko) Chrome/120.0.0.0 Safari/537.36"
191.235.98.185 - - [26/Jul/2026:18:27:58 +0000] "GET /wp-admin/classwithtostring.php HTTP/1.1" 403 284 "-" "Mozilla/5.0 (Windows NT 10.0; Win64; x64) AppleWebKit/537.36 (KHTML, like Gecko) Chrome/120.0.0.0 Safari/537.36"
191.235.98.185 - - [26/Jul/2026:18:27:58 +0000] "GET /atomlib.php HTTP/1.1" 403 284 "-" "Mozilla/5.0 (Windows NT 10.0; Win64; x64) AppleWebKit/537.36 (KHTML, like Gecko) Chrome/120.0.0.0 Safari/537.36"
191.235.98.185 - - [26/Jul/2026:18:27:58 +0000] "GET /rip.php HTTP/1.1" 403 284 "-" "Mozilla/5.0 (Windows NT 10.0; Win64; x64) AppleWebKit/537.36 (KHTML, like Gecko) Chrome/120.0.0.0 Safari/537.36"
191.235.98.185 - - [26/Jul/2026:18:27:59 +0000] "GET /p.php HTTP/1.1" 403 284 "-" "Mozilla/5.0 (Windows NT 10.0; Win64; x64) AppleWebKit/537.36 (KHTML, like Gecko) Chrome/120.0.0.0 Safari/537.36"
191.235.98.185 - - [26/Jul/2026:18:27:59 +0000] "GET /php.php HTTP/1.1" 403 284 "-" "Mozilla/5.0 (Windows NT 10.0; Win64; x64) AppleWebKit/537.36 (KHTML, like Gecko) Chrome/120.0.0.0 Safari/537.36"
38.177.186.189 - - [26/Jul/2026:18:28:29 +0000] "POST /wp-cron.php?doing_wp_cron=1785090508.3216741085052490234375 HTTP/1.1" 499 0 "-" "WordPress/7.0; https://www.groatmachinery.com"
38.177.186.189 - - [26/Jul/2026:18:28:29 +0000] "GET / HTTP/1.1" 301 0 "-" "Mozilla/5.0 (X11; Linux x86_64) AppleWebKit/537.36 (KHTML, like Gecko) Chrome/44.0.2403.157 Safari/537.36"
38.177.186.189 - - [26/Jul/2026:18:28:30 +0000] "GET / HTTP/1.1" 499 0 "http://38.177.186.189" "Mozilla/5.0 (X11; Linux x86_64) AppleWebKit/537.36 (KHTML, like Gecko) Chrome/44.0.2403.157 Safari/537.36"
40.77.167.7 - - [26/Jul/2026:18:35:39 +0000] "GET /ilia-cigarette-m-39/ HTTP/1.1" 200 27211 "-" "Mozilla/5.0 AppleWebKit/537.36 (KHTML, like Gecko; compatible; bingbot/2.0; +http://www.bing.com/bingbot.htm) Chrome/116.0.1938.76 Safari/537.36"
144.202.92.17 - - [26/Jul/2026:18:38:33 +0000] "GET / HTTP/1.1" 403 0 "-" "Mozilla/5.0 (compatible; CyberConvoyScout/1.0; +https://scout.cyberconvoy.co)"
40.77.167.7 - - [26/Jul/2026:18:39:00 +0000] "GET /ilia-oil-c-3/ HTTP/1.1" 200 27543 "-" "Mozilla/5.0 AppleWebKit/537.36 (KHTML, like Gecko; compatible; bingbot/2.0; +http://www.bing.com/bingbot.htm) Chrome/116.0.1938.76 Safari/537.36"
38.177.186.189 - - [26/Jul/2026:18:41:56 +0000] "POST /wp-cron.php?doing_wp_cron=1785091315.1653170585632324218750 HTTP/1.1" 499 0 "-" "WordPress/7.0; https://www.groatmachinery.com"
49.235.136.28 - - [26/Jul/2026:18:41:56 +0000] "GET / HTTP/1.1" 301 0 "-" "Mozilla/5.0 (iPhone; CPU iPhone OS 13_2_3 like Mac OS X) AppleWebKit/605.1.15 (KHTML, like Gecko) Version/13.0.3 Mobile/15E148 Safari/604.1"
38.177.186.189 - - [26/Jul/2026:18:42:26 +0000] "POST /wp-cron.php?doing_wp_cron=1785091345.4321510791778564453125 HTTP/1.1" 499 0 "-" "WordPress/7.0; https://www.groatmachinery.com"
38.177.186.189 - - [26/Jul/2026:18:42:26 +0000] "GET / HTTP/1.1" 301 0 "-" "Mozilla/5.0 (X11; Linux x86_64) AppleWebKit/537.36 (KHTML, like Gecko) Chrome/44.0.2403.157 Safari/537.36"
38.177.186.189 - - [26/Jul/2026:18:42:28 +0000] "GET / HTTP/1.1" 499 0 "http://38.177.186.189" "Mozilla/5.0 (X11; Linux x86_64) AppleWebKit/537.36 (KHTML, like Gecko) Chrome/44.0.2403.157 Safari/537.36"
45.227.253.15 - - [26/Jul/2026:18:43:36 +0000] "GET /679582-juejiang/?ARRAY=7o2230223n313738353039353534322p2231223n22687474703n5p2s5p2s7n733936377631332r6p6172676572732r636p69636o5p2s3s6p633q78696164616r5s72616r645s7061746826743q313738353039313934322q3465643463336264383963366331303163383935383836316439656662636564222p2232223n226138396461653834356330303433353232653737306138636639663931383838222p2233223n223032623832383666613964616438643064623861303630393930663139393437222p2262696r675s70617373223n2232382q33392q35312q36352q37322q38342q3838227q HTTP/1.1" 200 7774 "-" "Mozilla/5.0 (Windows NT 6.3; Win64; x64) AppleWebKit/537.36 (KHTML, like Gecko) Chrome/86.0.4240.111 Safari/537.36"
216.73.216.206 - - [26/Jul/2026:18:52:15 +0000] "GET /robots.txt HTTP/1.1" 200 84 "-" "Mozilla/5.0 AppleWebKit/537.36 (KHTML, like Gecko; compatible; ClaudeBot/1.0; +claudebot@anthropic.com)"
38.177.186.189 - - [26/Jul/2026:18:52:19 +0000] "POST /wp-cron.php?doing_wp_cron=1785091938.6142630577087402343750 HTTP/1.1" 499 0 "-" "WordPress/7.0; https://www.groatmachinery.com"
216.73.216.206 - - [26/Jul/2026:18:52:19 +0000] "GET /sitemap.xml HTTP/1.1" 404 26499 "-" "Mozilla/5.0 AppleWebKit/537.36 (KHTML, like Gecko; compatible; ClaudeBot/1.0; +claudebot@anthropic.com)"
51.68.111.209 - - [26/Jul/2026:18:53:00 +0000] "GET /robots.txt HTTP/1.1" 200 84 "-" "Mozilla/5.0 (compatible; MJ12bot/v2.0.5; http://mj12bot.com/)"
38.177.186.189 - - [26/Jul/2026:18:53:04 +0000] "POST /wp-cron.php?doing_wp_cron=1785091983.0845971107482910156250 HTTP/1.1" 499 0 "-" "WordPress/7.0; https://www.groatmachinery.com"
51.68.111.209 - - [26/Jul/2026:18:53:04 +0000] "GET / HTTP/1.1" 301 0 "-" "Mozilla/5.0 (compatible; MJ12bot/v2.0.5; http://mj12bot.com/)"
51.68.111.209 - - [26/Jul/2026:18:53:05 +0000] "GET /robots.txt HTTP/1.1" 200 84 "-" "Mozilla/5.0 (compatible; MJ12bot/v2.0.5; http://mj12bot.com/)"
51.68.111.209 - - [26/Jul/2026:18:53:08 +0000] "GET / HTTP/1.1" 200 36453 "-" "Mozilla/5.0 (compatible; MJ12bot/v2.0.5; http://mj12bot.com/)"
47.82.8.77 - - [26/Jul/2026:18:53:48 +0000] "GET /ilia-oil-l-38/ HTTP/1.1" 200 34777 "-" "Mozilla/5.0 (Windows NT 10.0; Win64; x64) AppleWebKit/537.36 (KHTML, like Gecko) Chrome/146.0.0.0 Safari/537.36"
38.177.186.189 - - [26/Jul/2026:18:54:06 +0000] "POST /wp-cron.php?doing_wp_cron=1785092045.6544570922851562500000 HTTP/1.1" 499 0 "-" "WordPress/7.0; https://www.groatmachinery.com"
47.104.78.255 - - [26/Jul/2026:18:54:06 +0000] "GET / HTTP/1.1" 301 0 "-" "Mozilla/5.0 (Windows NT 10.0; Win64; x64) AppleWebKit/537.36 (KHTML, like Gecko) Chrome/133.0.0.0 Safari/537.36"
38.177.186.189 - - [26/Jul/2026:18:56:25 +0000] "POST /wp-cron.php?doing_wp_cron=1785092184.1767060756683349609375 HTTP/1.1" 499 0 "-" "WordPress/7.0; https://www.groatmachinery.com"
38.177.186.189 - - [26/Jul/2026:18:56:25 +0000] "GET / HTTP/1.1" 301 0 "-" "Mozilla/5.0 (X11; Linux x86_64) AppleWebKit/537.36 (KHTML, like Gecko) Chrome/44.0.2403.157 Safari/537.36"
38.177.186.189 - - [26/Jul/2026:18:56:27 +0000] "GET / HTTP/1.1" 499 0 "http://38.177.186.189" "Mozilla/5.0 (X11; Linux x86_64) AppleWebKit/537.36 (KHTML, like Gecko) Chrome/44.0.2403.157 Safari/537.36"
95.217.109.26 - - [26/Jul/2026:18:56:39 +0000] "GET /robots.txt HTTP/1.1" 200 84 "-" "Mozilla/5.0 (compatible; MJ12bot/v1.4.8; http://mj12bot.com/)"
95.217.109.26 - - [26/Jul/2026:18:56:47 +0000] "GET /product-tag/ilia%E5%93%A9%E5%95%9E/ HTTP/1.1" 200 35246 "-" "Mozilla/5.0 (compatible; MJ12bot/v1.4.8; http://mj12bot.com/)"
38.177.186.189 - - [26/Jul/2026:18:57:04 +0000] "POST /wp-cron.php?doing_wp_cron=1785092223.4189150333404541015625 HTTP/1.1" 499 0 "-" "WordPress/7.0; https://www.groatmachinery.com"
95.217.109.26 - - [26/Jul/2026:18:57:04 +0000] "GET /product-tag/%E5%93%A9%E5%95%9E/ HTTP/1.1" 200 34846 "-" "Mozilla/5.0 (compatible; MJ12bot/v1.4.8; http://mj12bot.com/)"
95.217.109.26 - - [26/Jul/2026:18:57:11 +0000] "GET /product-tag/%E5%93%A9%E5%95%9Eilia/ HTTP/1.1" 200 35406 "-" "Mozilla/5.0 (compatible; MJ12bot/v1.4.8; http://mj12bot.com/)"
180.153.236.89 - - [26/Jul/2026:18:57:28 +0000] "GET / HTTP/1.1" 301 0 "http://groatmachinery.com/" "Mozilla/5.0 (Windows NT 10.0; Win64; x64) AppleWebKit/537.36 (KHTML, like Gecko) Chrome/140.0.0.0 Safari/537.36 Edg/140.0.0.0; 360Spider"
180.153.236.88 - - [26/Jul/2026:18:57:33 +0000] "GET / HTTP/1.1" 200 36450 "https://www.groatmachinery.com/" "Mozilla/5.0 (Windows NT 10.0; Win64; x64) AppleWebKit/537.36 (KHTML, like Gecko) Chrome/140.0.0.0 Safari/537.36 Edg/140.0.0.0; 360Spider"
180.153.236.141 - - [26/Jul/2026:18:57:40 +0000] "GET / HTTP/1.1" 301 0 "https://groatmachinery.com/" "Mozilla/5.0 (Windows NT 10.0; Win64; x64) AppleWebKit/537.36 (KHTML, like Gecko) Chrome/140.0.0.0 Safari/537.36 Edg/140.0.0.0; 360Spider"
180.153.236.42 - - [26/Jul/2026:18:57:56 +0000] "GET / HTTP/1.1" 200 36450 "https://www.groatmachinery.com/" "Mozilla/5.0 (Windows NT 10.0; Win64; x64) AppleWebKit/537.36 (KHTML, like Gecko) Chrome/140.0.0.0 Safari/537.36 Edg/140.0.0.0; 360Spider"
185.242.226.80 - - [26/Jul/2026:18:57:56 +0000] "GET / HTTP/1.1" 403 0 "-" "Mozilla/5.0 (Windows NT 10.0; Win64; x64) AppleWebKit/537.36 (KHTML, like Gecko) Chrome/88.0.4324.190 Safari/537.36"
38.177.186.189 - - [26/Jul/2026:18:58:28 +0000] "POST /wp-cron.php?doing_wp_cron=1785092307.4023110866546630859375 HTTP/1.1" 499 0 "-" "WordPress/7.0; https://www.groatmachinery.com"
20.113.56.22 - - [26/Jul/2026:18:58:28 +0000] "GET /wp-content/plugins/hellopress/wp_filemanager.php HTTP/1.1" 301 0 "-" "-"
20.113.56.22 - - [26/Jul/2026:18:58:31 +0000] "GET /lodavop/hellopress/wp_filemanager.php HTTP/1.1" 404 111696 "-" "-"
20.113.56.22 - - [26/Jul/2026:18:58:32 +0000] "GET /this_is_a_new_hello_world.php HTTP/1.1" 403 283 "-" "-"
20.113.56.22 - - [26/Jul/2026:18:58:35 +0000] "GET /media.php HTTP/1.1" 301 0 "-" "-"
20.113.56.22 - - [26/Jul/2026:18:58:37 +0000] "GET /media.php HTTP/1.1" 404 111668 "-" "-"
20.113.56.22 - - [26/Jul/2026:18:58:38 +0000] "GET /images.php HTTP/1.1" 403 283 "-" "-"
20.113.56.22 - - [26/Jul/2026:18:58:39 +0000] "GET /adminner.php HTTP/1.1" 403 283 "-" "-"
20.113.56.22 - - [26/Jul/2026:18:58:41 +0000] "GET ///admin.php HTTP/1.1" 301 0 "-" "-"
20.113.56.22 - - [26/Jul/2026:18:58:43 +0000] "GET /admin.php HTTP/1.1" 404 111660 "-" "-"
20.113.56.22 - - [26/Jul/2026:18:58:44 +0000] "GET /ops.php HTTP/1.1" 403 283 "-" "-"
20.113.56.22 - - [26/Jul/2026:18:58:44 +0000] "GET /mac.php HTTP/1.1" 403 283 "-" "-"
20.113.56.22 - - [26/Jul/2026:18:58:45 +0000] "GET /wefile.php HTTP/1.1" 403 283 "-" "-"
20.113.56.22 - - [26/Jul/2026:18:58:45 +0000] "GET /wp-includes/ID3/about.php HTTP/1.1" 403 283 "-" "-"
20.113.56.22 - - [26/Jul/2026:18:58:46 +0000] "GET /wp-admin/css/ HTTP/1.1" 403 283 "-" "-"
20.113.56.22 - - [26/Jul/2026:18:58:46 +0000] "GET /wp-admin/css/colors/modern/ HTTP/1.1" 403 283 "-" "-"
20.113.56.22 - - [26/Jul/2026:18:58:46 +0000] "GET /pucci.php HTTP/1.1" 403 283 "-" "-"
20.113.56.22 - - [26/Jul/2026:18:58:46 +0000] "GET /wp-includes/blocks/audio/ HTTP/1.1" 403 283 "-" "-"
20.113.56.22 - - [26/Jul/2026:18:58:47 +0000] "GET /wp-temp.php HTTP/1.1" 403 283 "-" "-"
20.113.56.22 - - [26/Jul/2026:18:58:47 +0000] "GET /xmu.php HTTP/1.1" 403 283 "-" "-"
20.113.56.22 - - [26/Jul/2026:18:58:47 +0000] "GET //wp-admin/js/index.php HTTP/1.1" 403 283 "-" "-"
20.113.56.22 - - [26/Jul/2026:18:58:48 +0000] "GET /8.php HTTP/1.1" 403 283 "-" "-"
20.113.56.22 - - [26/Jul/2026:18:58:48 +0000] "GET /1.php HTTP/1.1" 403 283 "-" "-"
20.113.56.22 - - [26/Jul/2026:18:58:50 +0000] "GET /wp-content/admin.php HTTP/1.1" 301 0 "-" "-"
20.113.56.22 - - [26/Jul/2026:18:58:52 +0000] "GET /ligeqoc/admin.php HTTP/1.1" 404 111675 "-" "-"
20.113.56.22 - - [26/Jul/2026:18:58:53 +0000] "GET //f6.php HTTP/1.1" 403 283 "-" "-"
20.113.56.22 - - [26/Jul/2026:18:58:54 +0000] "GET /wp-content/themes/index.php HTTP/1.1" 403 283 "-" "-"
20.113.56.22 - - [26/Jul/2026:18:58:56 +0000] "GET /ms-edit.php HTTP/1.1" 301 0 "-" "-"
20.113.56.22 - - [26/Jul/2026:18:58:58 +0000] "GET /ms-edit.php HTTP/1.1" 404 111669 "-" "-"
20.113.56.22 - - [26/Jul/2026:18:58:59 +0000] "GET /222.php HTTP/1.1" 403 283 "-" "-"
20.113.56.22 - - [26/Jul/2026:18:59:00 +0000] "GET //cgi-bin/index.php HTTP/1.1" 404 280 "-" "-"
20.113.56.22 - - [26/Jul/2026:18:59:00 +0000] "GET //wp-includes/css/dist/ HTTP/1.1" 403 283 "-" "-"
20.113.56.22 - - [26/Jul/2026:18:59:00 +0000] "GET //wp-includes/l10n/ HTTP/1.1" 403 283 "-" "-"
20.113.56.22 - - [26/Jul/2026:18:59:00 +0000] "GET /wp-content/uploads/ HTTP/1.1" 403 283 "-" "-"
20.113.56.22 - - [26/Jul/2026:18:59:01 +0000] "GET /raw.php HTTP/1.1" 403 283 "-" "-"
20.113.56.22 - - [26/Jul/2026:18:59:01 +0000] "GET //a1.php HTTP/1.1" 403 283 "-" "-"
20.113.56.22 - - [26/Jul/2026:18:59:01 +0000] "GET /wp-includes/Text/Diff/Engine/about.php HTTP/1.1" 403 283 "-" "-"
20.113.56.22 - - [26/Jul/2026:18:59:02 +0000] "GET //cgi-bin/admin.php HTTP/1.1" 404 280 "-" "-"
20.113.56.22 - - [26/Jul/2026:18:59:02 +0000] "GET //wp-content/BypassBest.php HTTP/1.1" 403 283 "-" "-"
20.113.56.22 - - [26/Jul/2026:18:59:02 +0000] "GET /wp-content/ HTTP/1.1" 200 0 "-" "-"
20.113.56.22 - - [26/Jul/2026:18:59:02 +0000] "GET /simple.php HTTP/1.1" 403 283 "-" "-"
20.113.56.22 - - [26/Jul/2026:18:59:03 +0000] "GET /xxx.php HTTP/1.1" 403 283 "-" "-"
20.113.56.22 - - [26/Jul/2026:18:59:03 +0000] "GET /wp-admin/css/colors/blue/ HTTP/1.1" 403 283 "-" "-"
20.113.56.22 - - [26/Jul/2026:18:59:03 +0000] "GET //wp-includes/block-bindings/ HTTP/1.1" 403 283 "-" "-"
20.113.56.22 - - [26/Jul/2026:18:59:04 +0000] "GET /file.php? HTTP/1.1" 403 283 "-" "-"
20.113.56.22 - - [26/Jul/2026:18:59:04 +0000] "GET /aa2.php HTTP/1.1" 403 283 "-" "-"
20.113.56.22 - - [26/Jul/2026:18:59:04 +0000] "GET /ccou.php HTTP/1.1" 403 283 "-" "-"
20.113.56.22 - - [26/Jul/2026:18:59:04 +0000] "GET /dr.php HTTP/1.1" 403 283 "-" "-"
20.113.56.22 - - [26/Jul/2026:18:59:05 +0000] "GET /f35.php HTTP/1.1" 403 283 "-" "-"
38.177.186.189 - - [26/Jul/2026:18:59:07 +0000] "POST /wp-cron.php?doing_wp_cron=1785092346.7732090950012207031250 HTTP/1.1" 499 0 "-" "WordPress/7.0; https://www.groatmachinery.com"
20.113.56.22 - - [26/Jul/2026:18:59:07 +0000] "GET /wp-load.php HTTP/1.1" 200 0 "-" "-"
20.113.56.22 - - [26/Jul/2026:18:59:08 +0000] "GET //wp-includes/assets/ HTTP/1.1" 403 283 "-" "-"
20.113.56.22 - - [26/Jul/2026:18:59:08 +0000] "GET /wp-admin/css/colors/sunrise/ HTTP/1.1" 403 283 "-" "-"
20.113.56.22 - - [26/Jul/2026:18:59:08 +0000] "GET /wp-admin/css/colors/midnight/about.php HTTP/1.1" 403 283 "-" "-"
20.113.56.22 - - [26/Jul/2026:18:59:08 +0000] "GET /wp-links.php HTTP/1.1" 403 283 "-" "-"
20.113.56.22 - - [26/Jul/2026:18:59:09 +0000] "GET /2P.update.php HTTP/1.1" 403 283 "-" "-"
20.113.56.22 - - [26/Jul/2026:18:59:09 +0000] "GET /a.php HTTP/1.1" 403 283 "-" "-"
20.113.56.22 - - [26/Jul/2026:18:59:10 +0000] "GET /k.php HTTP/1.1" 403 283 "-" "-"
20.113.56.22 - - [26/Jul/2026:18:59:10 +0000] "GET /w.php HTTP/1.1" 403 283 "-" "-"
20.113.56.22 - - [26/Jul/2026:18:59:10 +0000] "GET /insc.php HTTP/1.1" 403 283 "-" "-"
20.113.56.22 - - [26/Jul/2026:18:59:11 +0000] "GET /4PJcpMFsD8B.php HTTP/1.1" 403 283 "-" "-"
20.113.56.22 - - [26/Jul/2026:18:59:11 +0000] "GET /sss.php?p= HTTP/1.1" 403 283 "-" "-"
20.113.56.22 - - [26/Jul/2026:18:59:11 +0000] "GET //aa.php HTTP/1.1" 403 283 "-" "-"
20.113.56.22 - - [26/Jul/2026:18:59:11 +0000] "GET /177.php HTTP/1.1" 403 283 "-" "-"
20.113.56.22 - - [26/Jul/2026:18:59:12 +0000] "GET /hur.php HTTP/1.1" 403 283 "-" "-"
20.113.56.22 - - [26/Jul/2026:18:59:12 +0000] "GET /coffexium.php HTTP/1.1" 403 283 "-" "-"
20.113.56.22 - - [26/Jul/2026:18:59:12 +0000] "GET /0.php HTTP/1.1" 403 283 "-" "-"
20.113.56.22 - - [26/Jul/2026:18:59:13 +0000] "GET /BDKR28.php HTTP/1.1" 403 283 "-" "-"
20.113.56.22 - - [26/Jul/2026:18:59:13 +0000] "GET /f35.update.php HTTP/1.1" 403 283 "-" "-"
20.113.56.22 - - [26/Jul/2026:18:59:13 +0000] "GET /f900.php HTTP/1.1" 403 283 "-" "-"
20.113.56.22 - - [26/Jul/2026:18:59:13 +0000] "GET /xmrl.php HTTP/1.1" 403 283 "-" "-"
20.113.56.22 - - [26/Jul/2026:18:59:16 +0000] "GET /memberfuns.php HTTP/1.1" 301 0 "-" "-"
20.113.56.22 - - [26/Jul/2026:18:59:18 +0000] "GET /memberfuns.php HTTP/1.1" 404 111673 "-" "-"
20.113.56.22 - - [26/Jul/2026:18:59:21 +0000] "GET /ms.php HTTP/1.1" 403 283 "-" "-"
20.113.56.22 - - [26/Jul/2026:18:59:22 +0000] "GET /zz.php?p= HTTP/1.1" 403 283 "-" "-"
20.113.56.22 - - [26/Jul/2026:18:59:22 +0000] "GET /for.php HTTP/1.1" 403 283 "-" "-"
20.113.56.22 - - [26/Jul/2026:18:59:22 +0000] "GET /yup.php HTTP/1.1" 403 283 "-" "-"
20.113.56.22 - - [26/Jul/2026:18:59:23 +0000] "GET ///wpxml.php HTTP/1.1" 403 283 "-" "-"
20.113.56.22 - - [26/Jul/2026:18:59:23 +0000] "GET /fffm.php?p= HTTP/1.1" 403 283 "-" "-"
20.113.56.22 - - [26/Jul/2026:18:59:23 +0000] "GET /gecko.php HTTP/1.1" 403 283 "-" "-"
20.113.56.22 - - [26/Jul/2026:18:59:23 +0000] "GET //a1.php HTTP/1.1" 403 283 "-" "-"
20.113.56.22 - - [26/Jul/2026:18:59:24 +0000] "GET /k2.php HTTP/1.1" 403 283 "-" "-"
20.113.56.22 - - [26/Jul/2026:18:59:24 +0000] "GET /82.php HTTP/1.1" 403 283 "-" "-"
20.113.56.22 - - [26/Jul/2026:18:59:24 +0000] "GET /config.json.php HTTP/1.1" 403 283 "-" "-"
20.113.56.22 - - [26/Jul/2026:18:59:25 +0000] "GET /fpwch.php HTTP/1.1" 403 283 "-" "-"
20.113.56.22 - - [26/Jul/2026:18:59:25 +0000] "GET //2.php HTTP/1.1" 403 283 "-" "-"
20.113.56.22 - - [26/Jul/2026:18:59:25 +0000] "GET /xstelth.php HTTP/1.1" 403 283 "-" "-"
20.113.56.22 - - [26/Jul/2026:18:59:26 +0000] "GET /xp.php HTTP/1.1" 403 283 "-" "-"
20.113.56.22 - - [26/Jul/2026:18:59:26 +0000] "GET /nwflm.php HTTP/1.1" 403 283 "-" "-"
20.113.56.22 - - [26/Jul/2026:18:59:26 +0000] "GET /reop3.php?p= HTTP/1.1" 403 283 "-" "-"
20.113.56.22 - - [26/Jul/2026:18:59:27 +0000] "GET /green.php HTTP/1.1" 403 283 "-" "-"
20.113.56.22 - - [26/Jul/2026:18:59:27 +0000] "GET /zildan.php HTTP/1.1" 403 283 "-" "-"
20.113.56.22 - - [26/Jul/2026:18:59:27 +0000] "GET /111.php HTTP/1.1" 403 283 "-" "-"
20.113.56.22 - - [26/Jul/2026:18:59:28 +0000] "GET /pol.php HTTP/1.1" 403 283 "-" "-"
20.113.56.22 - - [26/Jul/2026:18:59:28 +0000] "GET /kir.php HTTP/1.1" 403 283 "-" "-"
20.113.56.22 - - [26/Jul/2026:18:59:28 +0000] "GET //wp-includes/Requests/ HTTP/1.1" 403 283 "-" "-"
20.113.56.22 - - [26/Jul/2026:18:59:29 +0000] "GET /3PJcpMFsD8B.php HTTP/1.1" 403 283 "-" "-"
20.113.56.22 - - [26/Jul/2026:18:59:29 +0000] "GET ///lobster.php?p= HTTP/1.1" 403 283 "-" "-"
20.113.56.22 - - [26/Jul/2026:18:59:29 +0000] "GET /002.php?p= HTTP/1.1" 403 283 "-" "-"
20.113.56.22 - - [26/Jul/2026:18:59:29 +0000] "GET //wp.php? HTTP/1.1" 403 283 "-" "-"
20.113.56.22 - - [26/Jul/2026:18:59:32 +0000] "GET /edit.php HTTP/1.1" 301 0 "-" "-"
20.113.56.22 - - [26/Jul/2026:18:59:34 +0000] "GET /edit.php HTTP/1.1" 404 111666 "-" "-"
38.177.186.189 - - [26/Jul/2026:19:00:27 +0000] "POST /wp-cron.php?doing_wp_cron=1785092426.1739048957824707031250 HTTP/1.1" 499 0 "-" "WordPress/7.0; https://www.groatmachinery.com"
38.177.186.189 - - [26/Jul/2026:19:00:27 +0000] "GET / HTTP/1.1" 301 0 "-" "Mozilla/5.0 (X11; Linux x86_64) AppleWebKit/537.36 (KHTML, like Gecko) Chrome/44.0.2403.157 Safari/537.36"
38.177.186.189 - - [26/Jul/2026:19:00:29 +0000] "GET / HTTP/1.1" 499 0 "http://38.177.186.189" "Mozilla/5.0 (X11; Linux x86_64) AppleWebKit/537.36 (KHTML, like Gecko) Chrome/44.0.2403.157 Safari/537.36"
38.177.186.189 - - [26/Jul/2026:19:02:02 +0000] "POST /wp-cron.php?doing_wp_cron=1785092521.5967030525207519531250 HTTP/1.1" 499 0 "-" "WordPress/7.0; https://www.groatmachinery.com"
182.9.2.215 - - [26/Jul/2026:19:02:02 +0000] "GET /ilia-oil-d-56/?add-to-cart=935 HTTP/1.1" 200 34822 "-" "Mozilla/5.0 (Macintosh; Intel Mac OS X 10_15_7) AppleWebKit/537.36 (KHTML, like Gecko) Chrome/133.0.0.0 Safari/537.36"
38.177.186.189 - - [26/Jul/2026:19:08:25 +0000] "POST /wp-cron.php?doing_wp_cron=1785092904.3126718997955322265625 HTTP/1.1" 499 0 "-" "WordPress/7.0; https://www.groatmachinery.com"
47.82.13.96 - - [26/Jul/2026:19:08:25 +0000] "GET /ilia-pods-x-24/ HTTP/1.1" 200 34753 "-" "Mozilla/5.0 (Windows NT 10.0; Win64; x64) AppleWebKit/537.36 (KHTML, like Gecko) Chrome/148.0.0.0 Safari/537.36"
38.177.186.189 - - [26/Jul/2026:19:12:03 +0000] "POST /wp-cron.php?doing_wp_cron=1785093122.1879858970642089843750 HTTP/1.1" 499 0 "-" "WordPress/7.0; https://www.groatmachinery.com"
187.17.224.139 - - [26/Jul/2026:19:12:03 +0000] "GET / HTTP/1.0" 301 0 "-" "ivre-masscan/1.3 https://github.com/robertdavidgraham/"
57.141.0.5 - - [26/Jul/2026:19:12:15 +0000] "GET /ilia-cigarette-i-84/ HTTP/1.1" 200 235968 "-" "Mozilla/5.0 (Windows NT 10.0; Win64; x64) AppleWebKit/537.36 (KHTML, like Gecko) Chrome/145.0.0.0 Safari/537.36 (compatible; meta-externalagent/1.1 (+https://developers.facebook.com/docs/sharing/webmasters/crawler))"
47.104.78.255 - - [26/Jul/2026:19:13:55 +0000] "GET / HTTP/1.1" 400 650 "-" "Mozilla/5.0 (Windows NT 10.0; Win64; x64) AppleWebKit/537.36 (KHTML, like Gecko) Chrome/133.0.0.0 Safari/537.36"
38.177.186.189 - - [26/Jul/2026:19:14:24 +0000] "POST /wp-cron.php?doing_wp_cron=1785093263.4215090274810791015625 HTTP/1.1" 499 0 "-" "WordPress/7.0; https://www.groatmachinery.com"
38.177.186.189 - - [26/Jul/2026:19:14:24 +0000] "GET / HTTP/1.1" 301 0 "-" "Mozilla/5.0 (X11; Linux x86_64) AppleWebKit/537.36 (KHTML, like Gecko) Chrome/44.0.2403.157 Safari/537.36"
38.177.186.189 - - [26/Jul/2026:19:14:26 +0000] "GET / HTTP/1.1" 499 0 "http://38.177.186.189" "Mozilla/5.0 (X11; Linux x86_64) AppleWebKit/537.36 (KHTML, like Gecko) Chrome/44.0.2403.157 Safari/537.36"
57.141.0.33 - - [26/Jul/2026:19:14:54 +0000] "GET /ilia-cigarette-c-55/ HTTP/1.1" 200 234855 "-" "Mozilla/5.0 (Windows NT 10.0; Win64; x64) AppleWebKit/537.36 (KHTML, like Gecko) Chrome/145.0.0.0 Safari/537.36 Edg/145.0.0.0 (compatible; meta-externalagent/1.1 (+https://developers.facebook.com/docs/sharing/webmasters/crawler))"
187.17.224.139 - - [26/Jul/2026:19:15:08 +0000] "GET / HTTP/1.0" 400 248 "-" "ivre-masscan/1.3 https://github.com/robertdavidgraham/"
45.198.224.5 - - [26/Jul/2026:19:17:28 +0000] "GET /login HTTP/1.1" 403 0 "-" "Go-http-client/1.1"
20.171.25.167 - - [26/Jul/2026:19:18:29 +0000] "MGLNDD_38.177.186.189_80" 400 150 "-" "-"
172.232.7.86 - - [26/Jul/2026:19:20:32 +0000] "HEAD / HTTP/1.1" 499 0 "-" "Mozilla/5.0 (compatible; SSL-Checker/2.0)"
38.177.186.189 - - [26/Jul/2026:19:20:35 +0000] "POST /wp-cron.php?doing_wp_cron=1785093634.0555629730224609375000 HTTP/1.1" 499 0 "-" "WordPress/7.0; https://www.groatmachinery.com"
45.79.175.156 - - [26/Jul/2026:19:22:10 +0000] "HEAD / HTTP/1.1" 499 0 "-" "python-requests/2.33.1"
45.79.175.156 - - [26/Jul/2026:19:22:13 +0000] "HEAD / HTTP/1.1" 301 0 "-" "python-requests/2.33.1"
38.177.186.189 - - [26/Jul/2026:19:22:14 +0000] "POST /wp-cron.php?doing_wp_cron=1785093733.1190578937530517578125 HTTP/1.1" 499 0 "-" "WordPress/7.0; https://www.groatmachinery.com"
45.79.175.156 - - [26/Jul/2026:19:22:16 +0000] "HEAD / HTTP/1.1" 200 0 "-" "python-requests/2.33.1"
38.177.186.189 - - [26/Jul/2026:19:23:09 +0000] "POST /wp-cron.php?doing_wp_cron=1785093788.9901750087738037109375 HTTP/1.1" 499 0 "-" "WordPress/7.0; https://www.groatmachinery.com"
57.141.0.9 - - [26/Jul/2026:19:23:10 +0000] "GET /ilia-host-h-83/ HTTP/1.1" 200 234922 "-" "Mozilla/5.0 (Windows NT 10.0; Win64; x64) AppleWebKit/537.36 (KHTML, like Gecko) Chrome/145.0.0.0 Safari/537.36 Edg/145.0.0.0 (compatible; meta-externalagent/1.1 (+https://developers.facebook.com/docs/sharing/webmasters/crawler))"
40.77.167.132 - - [26/Jul/2026:19:23:32 +0000] "GET /buy/014255349997 HTTP/1.1" 200 28263 "-" "Mozilla/5.0 AppleWebKit/537.36 (KHTML, like Gecko; compatible; bingbot/2.0; +http://www.bing.com/bingbot.htm) Chrome/116.0.1938.76 Safari/537.36"
38.177.186.189 - - [26/Jul/2026:19:26:39 +0000] "POST /wp-cron.php?doing_wp_cron=1785093998.6196699142456054687500 HTTP/1.1" 499 0 "-" "WordPress/7.0; https://www.groatmachinery.com"
8.231.146.17 - - [26/Jul/2026:19:26:39 +0000] "HEAD /backup/ HTTP/1.1" 301 0 "-" "Mozilla/5.0 (X11; Linux x86_64) AppleWebKit/537.36 (KHTML, like Gecko) Chrome/125.0.6422.76 Safari/537.36"
8.231.146.17 - - [26/Jul/2026:19:26:41 +0000] "HEAD /backup/ HTTP/1.1" 404 0 "http://groatmachinery.com/backup/" "Mozilla/5.0 (X11; Linux x86_64) AppleWebKit/537.36 (KHTML, like Gecko) Chrome/125.0.6422.76 Safari/537.36"
8.231.146.17 - - [26/Jul/2026:19:26:43 +0000] "HEAD / HTTP/1.1" 301 0 "-" "Mozilla/5.0 (Macintosh; Intel Mac OS X 15_0) AppleWebKit/537.36 (KHTML, like Gecko) Chrome/125.0.6422.141 Safari/537.36"
8.231.146.17 - - [26/Jul/2026:19:26:46 +0000] "HEAD / HTTP/1.1" 200 0 "http://groatmachinery.com/" "Mozilla/5.0 (Macintosh; Intel Mac OS X 15_0) AppleWebKit/537.36 (KHTML, like Gecko) Chrome/125.0.6422.141 Safari/537.36"
8.231.146.17 - - [26/Jul/2026:19:26:48 +0000] "HEAD /wordpress/ HTTP/1.1" 301 0 "-" "Mozilla/5.0 (Linux; U; Android 10; en-US; CPH2015) AppleWebKit/537.36 (KHTML, like Gecko) UCBrowser/13.5.8.1311 Mobile Safari/537.36"
8.231.146.17 - - [26/Jul/2026:19:26:50 +0000] "HEAD /wordpress/ HTTP/1.1" 404 0 "http://groatmachinery.com/wordpress/" "Mozilla/5.0 (Linux; U; Android 10; en-US; CPH2015) AppleWebKit/537.36 (KHTML, like Gecko) UCBrowser/13.5.8.1311 Mobile Safari/537.36"
8.231.146.17 - - [26/Jul/2026:19:26:51 +0000] "HEAD /blog/ HTTP/1.1" 301 0 "-" "Mozilla/5.0 (Linux; Android 14; OnePlus 12) AppleWebKit/537.36 (KHTML, like Gecko) Chrome/125.0.6422.102 Mobile Safari/537.36"
8.231.146.17 - - [26/Jul/2026:19:26:53 +0000] "HEAD /blog/ HTTP/1.1" 200 0 "http://groatmachinery.com/blog/" "Mozilla/5.0 (Linux; Android 14; OnePlus 12) AppleWebKit/537.36 (KHTML, like Gecko) Chrome/125.0.6422.102 Mobile Safari/537.36"
8.231.146.17 - - [26/Jul/2026:19:26:55 +0000] "HEAD /wp/ HTTP/1.1" 301 0 "-" "Mozilla/5.0 (iPad; CPU OS 17_4 like Mac OS X) AppleWebKit/605.1.15 (KHTML, like Gecko) Version/17.4 Mobile/15E148 Safari/604.1"
8.231.146.17 - - [26/Jul/2026:19:26:57 +0000] "HEAD /wp/ HTTP/1.1" 404 0 "http://groatmachinery.com/wp/" "Mozilla/5.0 (iPad; CPU OS 17_4 like Mac OS X) AppleWebKit/605.1.15 (KHTML, like Gecko) Version/17.4 Mobile/15E148 Safari/604.1"
8.231.146.17 - - [26/Jul/2026:19:26:59 +0000] "HEAD /old/ HTTP/1.1" 301 0 "-" "Mozilla/5.0 (Windows NT 11.0; Win64; x64) AppleWebKit/537.36 (KHTML, like Gecko) Edg/128.0.2790.25 Chrome/128.0.6540.22 Safari/537.36"
38.177.186.189 - - [26/Jul/2026:19:27:02 +0000] "POST /wp-cron.php?doing_wp_cron=1785094021.9181449413299560546875 HTTP/1.1" 499 0 "-" "WordPress/7.0; https://www.groatmachinery.com"
8.231.146.17 - - [26/Jul/2026:19:27:02 +0000] "HEAD /old/ HTTP/1.1" 404 0 "http://groatmachinery.com/old/" "Mozilla/5.0 (Windows NT 11.0; Win64; x64) AppleWebKit/537.36 (KHTML, like Gecko) Edg/128.0.2790.25 Chrome/128.0.6540.22 Safari/537.36"
8.231.146.17 - - [26/Jul/2026:19:27:04 +0000] "HEAD /new/ HTTP/1.1" 301 0 "-" "Mozilla/5.0 (Windows NT 11.0; Win64; x64) AppleWebKit/537.36 (KHTML, like Gecko) Edg/128.0.2790.25 Chrome/128.0.6540.22 Safari/537.36"
8.231.146.17 - - [26/Jul/2026:19:27:06 +0000] "HEAD /new/ HTTP/1.1" 404 0 "http://groatmachinery.com/new/" "Mozilla/5.0 (Windows NT 11.0; Win64; x64) AppleWebKit/537.36 (KHTML, like Gecko) Edg/128.0.2790.25 Chrome/128.0.6540.22 Safari/537.36"
111.225.149.219 - - [26/Jul/2026:19:27:24 +0000] "GET /robots.txt HTTP/1.1" 200 84 "-" "Mozilla/5.0 (Linux; Android 5.0) AppleWebKit/537.36 (KHTML, like Gecko) Mobile Safari/537.36 (compatible; Bytespider; https://zhanzhang.toutiao.com/)"
38.177.186.189 - - [26/Jul/2026:19:28:25 +0000] "POST /wp-cron.php?doing_wp_cron=1785094104.4881699085235595703125 HTTP/1.1" 499 0 "-" "WordPress/7.0; https://www.groatmachinery.com"
38.177.186.189 - - [26/Jul/2026:19:28:25 +0000] "GET / HTTP/1.1" 301 0 "-" "Mozilla/5.0 (X11; Linux x86_64) AppleWebKit/537.36 (KHTML, like Gecko) Chrome/44.0.2403.157 Safari/537.36"
38.177.186.189 - - [26/Jul/2026:19:28:27 +0000] "GET / HTTP/1.1" 499 0 "http://38.177.186.189" "Mozilla/5.0 (X11; Linux x86_64) AppleWebKit/537.36 (KHTML, like Gecko) Chrome/44.0.2403.157 Safari/537.36"
172.105.196.91 - - [26/Jul/2026:19:32:00 +0000] "GET / HTTP/1.1" 403 0 "-" "Mozilla/5.0 zgrab/0.x"
38.177.186.189 - - [26/Jul/2026:19:33:13 +0000] "POST /wp-cron.php?doing_wp_cron=1785094392.0845029354095458984375 HTTP/1.1" 499 0 "-" "WordPress/7.0; https://www.groatmachinery.com"
57.141.0.17 - - [26/Jul/2026:19:33:13 +0000] "GET /%e5%9c%b0%e5%9d%80%ef%bc%9a%e5%8f%b0%e7%81%a3%e5%98%89%e7%be%a9%e5%b8%82/ HTTP/1.1" 200 178736 "-" "Mozilla/5.0 (Windows NT 10.0; Win64; x64) AppleWebKit/537.36 (KHTML, like Gecko) Chrome/145.0.0.0 Safari/537.36 (compatible; meta-externalagent/1.1 (+https://developers.facebook.com/docs/sharing/webmasters/crawler))"
18.215.24.66 - - [26/Jul/2026:19:33:48 +0000] "GET / HTTP/1.1" 301 0 "-" "Mozilla/5.0 AppleWebKit/537.36 (KHTML, like Gecko; compatible; Amazonbot/0.1; +https://developer.amazon.com/support/amazonbot) Chrome/119.0.6045.214 Safari/537.36"
98.84.70.201 - - [26/Jul/2026:19:33:51 +0000] "GET / HTTP/1.1" 200 36450 "-" "Mozilla/5.0 AppleWebKit/537.36 (KHTML, like Gecko; compatible; Amazonbot/0.1; +https://developer.amazon.com/support/amazonbot) Chrome/119.0.6045.214 Safari/537.36"
40.77.167.77 - - [26/Jul/2026:19:34:14 +0000] "GET /ilia-pods-p-91/ HTTP/1.1" 200 27409 "-" "Mozilla/5.0 AppleWebKit/537.36 (KHTML, like Gecko; compatible; bingbot/2.0; +http://www.bing.com/bingbot.htm) Chrome/116.0.1938.76 Safari/537.36"
38.177.186.189 - - [26/Jul/2026:19:36:18 +0000] "POST /wp-cron.php?doing_wp_cron=1785094577.0841701030731201171875 HTTP/1.1" 499 0 "-" "WordPress/7.0; https://www.groatmachinery.com"
85.114.197.50 - - [26/Jul/2026:19:36:18 +0000] "GET /shop-host/?add-to-cart=895 HTTP/1.1" 200 34324 "-" "Mozilla/5.0 (Macintosh; Intel Mac OS X 10_15_7) AppleWebKit/537.36 (KHTML, like Gecko) Chrome/133.0.0.0 Safari/537.36"
57.141.0.64 - - [26/Jul/2026:19:36:22 +0000] "GET /ilia-cigarette-n-66/ HTTP/1.1" 200 235379 "-" "Mozilla/5.0 (Windows NT 10.0; Win64; x64) AppleWebKit/537.36 (KHTML, like Gecko) Chrome/145.0.0.0 Safari/537.36 (compatible; meta-externalagent/1.1 (+https://developers.facebook.com/docs/sharing/webmasters/crawler))"
213.32.24.2 - - [26/Jul/2026:19:36:43 +0000] "GET / HTTP/1.1" 200 29048 "-" "Mozilla/5.0 (compatible; Googlebot/2.1; +http://www.google.com/bot.html)"
38.177.186.189 - - [26/Jul/2026:19:37:11 +0000] "POST /wp-cron.php?doing_wp_cron=1785094630.0749180316925048828125 HTTP/1.1" 499 0 "-" "WordPress/7.0; https://www.groatmachinery.com"
47.82.51.19 - - [26/Jul/2026:19:37:11 +0000] "GET /ilia-oil-x-50/ HTTP/1.1" 200 34837 "-" "Mozilla/5.0 (Windows NT 10.0; Win64; x64) AppleWebKit/537.36 (KHTML, like Gecko) Chrome/145.0.0.0 Safari/537.36"
38.177.186.189 - - [26/Jul/2026:19:38:43 +0000] "POST /wp-cron.php?doing_wp_cron=1785094722.9820890426635742187500 HTTP/1.1" 499 0 "-" "WordPress/7.0; https://www.groatmachinery.com"
179.253.245.53 - - [26/Jul/2026:19:38:43 +0000] "GET / HTTP/1.1" 301 0 "-" "Mozilla/5.0 (Windows NT 10.0; Win64; x64) AppleWebKit/537.36 (KHTML, like Gecko) Chrome/135.0.0.0 Safari/537.36"
179.253.245.53 - - [26/Jul/2026:19:38:49 +0000] "GET / HTTP/1.1" 200 36450 "-" "Mozilla/5.0 (Windows NT 10.0; Win64; x64) AppleWebKit/537.36 (KHTML, like Gecko) Chrome/135.0.0.0 Safari/537.36"
179.253.245.53 - - [26/Jul/2026:19:38:52 +0000] "GET /contact/ HTTP/1.1" 200 28649 "-" "Mozilla/5.0 (Windows NT 10.0; Win64; x64) AppleWebKit/537.36 (KHTML, like Gecko) Chrome/135.0.0.0 Safari/537.36"
179.253.245.53 - - [26/Jul/2026:19:38:55 +0000] "GET /about/ HTTP/1.1" 200 28216 "-" "Mozilla/5.0 (Windows NT 10.0; Win64; x64) AppleWebKit/537.36 (KHTML, like Gecko) Chrome/135.0.0.0 Safari/537.36"
179.253.245.53 - - [26/Jul/2026:19:38:57 +0000] "GET /contact/ HTTP/1.1" 200 28635 "-" "Mozilla/5.0 (Windows NT 10.0; Win64; x64) AppleWebKit/537.36 (KHTML, like Gecko) Chrome/135.0.0.0 Safari/537.36"
38.177.186.189 - - [26/Jul/2026:19:41:39 +0000] "POST /wp-cron.php?doing_wp_cron=1785094898.6226201057434082031250 HTTP/1.1" 499 0 "-" "WordPress/7.0; https://www.groatmachinery.com"
38.177.186.189 - - [26/Jul/2026:19:41:39 +0000] "POST /wp-cron.php?doing_wp_cron=1785094898.6248590946197509765625 HTTP/1.1" 499 0 "-" "WordPress/7.0; https://www.groatmachinery.com"
47.82.48.100 - - [26/Jul/2026:19:41:39 +0000] "GET /ilia-host-n-66/ HTTP/1.1" 200 34898 "-" "Mozilla/5.0 (Macintosh; Intel Mac OS X 10_15_7) AppleWebKit/537.36 (KHTML, like Gecko) Chrome/140.0.0.0 Safari/537.36"
47.82.48.158 - - [26/Jul/2026:19:41:39 +0000] "GET /ilia-cigarette-i-84/ HTTP/1.1" 200 34826 "-" "Mozilla/5.0 (Windows NT 10.0; Win64; x64) AppleWebKit/537.36 (KHTML, like Gecko) Chrome/144.0.0.0 Safari/537.36"
38.177.186.189 - - [26/Jul/2026:19:42:23 +0000] "POST /wp-cron.php?doing_wp_cron=1785094942.4628090858459472656250 HTTP/1.1" 499 0 "-" "WordPress/7.0; https://www.groatmachinery.com"
38.177.186.189 - - [26/Jul/2026:19:42:23 +0000] "GET / HTTP/1.1" 301 0 "-" "Mozilla/5.0 (X11; Linux x86_64) AppleWebKit/537.36 (KHTML, like Gecko) Chrome/44.0.2403.157 Safari/537.36"
38.177.186.189 - - [26/Jul/2026:19:42:25 +0000] "GET / HTTP/1.1" 499 0 "http://38.177.186.189" "Mozilla/5.0 (X11; Linux x86_64) AppleWebKit/537.36 (KHTML, like Gecko) Chrome/44.0.2403.157 Safari/537.36"
38.177.186.189 - - [26/Jul/2026:19:42:26 +0000] "POST /wp-cron.php?doing_wp_cron=1785094945.7778079509735107421875 HTTP/1.1" 499 0 "-" "WordPress/7.0; https://www.groatmachinery.com"
38.177.186.189 - - [26/Jul/2026:19:46:05 +0000] "POST /wp-cron.php?doing_wp_cron=1785095164.9527740478515625000000 HTTP/1.1" 499 0 "-" "WordPress/7.0; https://www.groatmachinery.com"
200.36.140.26 - - [26/Jul/2026:19:46:06 +0000] "GET /ilia-oil-p-91/?add-to-cart=869 HTTP/1.1" 200 34711 "-" "Mozilla/5.0 (Macintosh; Intel Mac OS X 10_15_7) AppleWebKit/537.36 (KHTML, like Gecko) Chrome/133.0.0.0 Safari/537.36"
45.227.253.15 - - [26/Jul/2026:19:46:42 +0000] "GET /index.php/jk HTTP/1.1" 200 43 "-" "Mozilla/5.0 (Windows NT 10.0; Win64; x64) AppleWebKit/537.36 (KHTML, like Gecko) Chrome/85.0.4183.83 Safari/537.35"
34.236.41.241 - - [26/Jul/2026:19:46:53 +0000] "GET / HTTP/1.1" 301 0 "-" "Mozilla/5.0 AppleWebKit/537.36 (KHTML, like Gecko; compatible; Amazonbot/0.1; +https://developer.amazon.com/support/amazonbot) Chrome/119.0.6045.214 Safari/537.36"
52.45.77.169 - - [26/Jul/2026:19:46:56 +0000] "GET / HTTP/1.1" 200 36450 "-" "Mozilla/5.0 AppleWebKit/537.36 (KHTML, like Gecko; compatible; Amazonbot/0.1; +https://developer.amazon.com/support/amazonbot) Chrome/119.0.6045.214 Safari/537.36"
38.177.186.189 - - [26/Jul/2026:19:52:25 +0000] "POST /wp-cron.php?doing_wp_cron=1785095544.8431301116943359375000 HTTP/1.1" 499 0 "-" "WordPress/7.0; https://www.groatmachinery.com"
57.141.0.20 - - [26/Jul/2026:19:52:25 +0000] "GET /ilia-pods-n-14/ HTTP/1.1" 200 234375 "-" "Mozilla/5.0 (Windows NT 10.0; Win64; x64) AppleWebKit/537.36 (KHTML, like Gecko) Chrome/145.0.0.0 Safari/537.36 (compatible; meta-externalagent/1.1 (+https://developers.facebook.com/docs/sharing/webmasters/crawler))"
38.177.186.189 - - [26/Jul/2026:19:55:16 +0000] "POST /wp-cron.php?doing_wp_cron=1785095715.0075669288635253906250 HTTP/1.1" 499 0 "-" "WordPress/7.0; https://www.groatmachinery.com"
135.119.74.228 - - [26/Jul/2026:19:55:16 +0000] "GET /admin.php HTTP/1.1" 301 0 "-" "Mozilla/5.0 (Windows NT 10.0; Win64; x64) AppleWebKit/537.36 (KHTML, like Gecko) Chrome/120.0.0.0 Safari/537.36"
135.119.74.228 - - [26/Jul/2026:19:55:18 +0000] "GET /edit.php HTTP/1.1" 301 0 "-" "Mozilla/5.0 (Windows NT 10.0; Win64; x64) AppleWebKit/537.36 (KHTML, like Gecko) Chrome/120.0.0.0 Safari/537.36"
135.119.74.228 - - [26/Jul/2026:19:55:18 +0000] "GET /w.php HTTP/1.1" 403 284 "-" "Mozilla/5.0 (Windows NT 10.0; Win64; x64) AppleWebKit/537.36 (KHTML, like Gecko) Chrome/120.0.0.0 Safari/537.36"
135.119.74.228 - - [26/Jul/2026:19:55:18 +0000] "GET /file.php HTTP/1.1" 403 284 "-" "Mozilla/5.0 (Windows NT 10.0; Win64; x64) AppleWebKit/537.36 (KHTML, like Gecko) Chrome/120.0.0.0 Safari/537.36"
135.119.74.228 - - [26/Jul/2026:19:55:20 +0000] "GET /adminfuns.php HTTP/1.1" 301 0 "-" "Mozilla/5.0 (Windows NT 10.0; Win64; x64) AppleWebKit/537.36 (KHTML, like Gecko) Chrome/120.0.0.0 Safari/537.36"
135.119.74.228 - - [26/Jul/2026:19:55:20 +0000] "GET /aa.php HTTP/1.1" 403 284 "-" "Mozilla/5.0 (Windows NT 10.0; Win64; x64) AppleWebKit/537.36 (KHTML, like Gecko) Chrome/120.0.0.0 Safari/537.36"
135.119.74.228 - - [26/Jul/2026:19:55:21 +0000] "GET /classwithtostring.php HTTP/1.1" 403 284 "-" "Mozilla/5.0 (Windows NT 10.0; Win64; x64) AppleWebKit/537.36 (KHTML, like Gecko) Chrome/120.0.0.0 Safari/537.36"
135.119.74.228 - - [26/Jul/2026:19:55:21 +0000] "GET /about.php HTTP/1.1" 403 284 "-" "Mozilla/5.0 (Windows NT 10.0; Win64; x64) AppleWebKit/537.36 (KHTML, like Gecko) Chrome/120.0.0.0 Safari/537.36"
135.119.74.228 - - [26/Jul/2026:19:55:21 +0000] "GET /goods.php HTTP/1.1" 403 284 "-" "Mozilla/5.0 (Windows NT 10.0; Win64; x64) AppleWebKit/537.36 (KHTML, like Gecko) Chrome/120.0.0.0 Safari/537.36"
135.119.74.228 - - [26/Jul/2026:19:55:21 +0000] "GET /php8.php HTTP/1.1" 403 284 "-" "Mozilla/5.0 (Windows NT 10.0; Win64; x64) AppleWebKit/537.36 (KHTML, like Gecko) Chrome/120.0.0.0 Safari/537.36"
135.119.74.228 - - [26/Jul/2026:19:55:22 +0000] "GET /info.php HTTP/1.1" 403 284 "-" "Mozilla/5.0 (Windows NT 10.0; Win64; x64) AppleWebKit/537.36 (KHTML, like Gecko) Chrome/120.0.0.0 Safari/537.36"
135.119.74.228 - - [26/Jul/2026:19:55:22 +0000] "GET /chosen.php HTTP/1.1" 403 284 "-" "Mozilla/5.0 (Windows NT 10.0; Win64; x64) AppleWebKit/537.36 (KHTML, like Gecko) Chrome/120.0.0.0 Safari/537.36"
135.119.74.228 - - [26/Jul/2026:19:55:22 +0000] "GET /simple.php HTTP/1.1" 403 284 "-" "Mozilla/5.0 (Windows NT 10.0; Win64; x64) AppleWebKit/537.36 (KHTML, like Gecko) Chrome/120.0.0.0 Safari/537.36"
135.119.74.228 - - [26/Jul/2026:19:55:22 +0000] "GET /ioxi-o.php HTTP/1.1" 403 284 "-" "Mozilla/5.0 (Windows NT 10.0; Win64; x64) AppleWebKit/537.36 (KHTML, like Gecko) Chrome/120.0.0.0 Safari/537.36"
135.119.74.228 - - [26/Jul/2026:19:55:23 +0000] "GET /av.php HTTP/1.1" 403 284 "-" "Mozilla/5.0 (Windows NT 10.0; Win64; x64) AppleWebKit/537.36 (KHTML, like Gecko) Chrome/120.0.0.0 Safari/537.36"
135.119.74.228 - - [26/Jul/2026:19:55:23 +0000] "GET /wp-admin HTTP/1.1" 301 329 "-" "Mozilla/5.0 (Windows NT 10.0; Win64; x64) AppleWebKit/537.36 (KHTML, like Gecko) Chrome/120.0.0.0 Safari/537.36"
135.119.74.228 - - [26/Jul/2026:19:55:23 +0000] "GET /wp.php HTTP/1.1" 403 284 "-" "Mozilla/5.0 (Windows NT 10.0; Win64; x64) AppleWebKit/537.36 (KHTML, like Gecko) Chrome/120.0.0.0 Safari/537.36"
135.119.74.228 - - [26/Jul/2026:19:55:23 +0000] "GET /file2.php HTTP/1.1" 403 284 "-" "Mozilla/5.0 (Windows NT 10.0; Win64; x64) AppleWebKit/537.36 (KHTML, like Gecko) Chrome/120.0.0.0 Safari/537.36"
135.119.74.228 - - [26/Jul/2026:19:55:24 +0000] "GET /images/class-config.php HTTP/1.1" 403 284 "-" "Mozilla/5.0 (Windows NT 10.0; Win64; x64) AppleWebKit/537.36 (KHTML, like Gecko) Chrome/120.0.0.0 Safari/537.36"
135.119.74.228 - - [26/Jul/2026:19:55:24 +0000] "GET /alfa.php HTTP/1.1" 403 284 "-" "Mozilla/5.0 (Windows NT 10.0; Win64; x64) AppleWebKit/537.36 (KHTML, like Gecko) Chrome/120.0.0.0 Safari/537.36"
135.119.74.228 - - [26/Jul/2026:19:55:24 +0000] "GET /1.php HTTP/1.1" 403 284 "-" "Mozilla/5.0 (Windows NT 10.0; Win64; x64) AppleWebKit/537.36 (KHTML, like Gecko) Chrome/120.0.0.0 Safari/537.36"
135.119.74.228 - - [26/Jul/2026:19:55:24 +0000] "GET /222.php HTTP/1.1" 403 284 "-" "Mozilla/5.0 (Windows NT 10.0; Win64; x64) AppleWebKit/537.36 (KHTML, like Gecko) Chrome/120.0.0.0 Safari/537.36"
135.119.74.228 - - [26/Jul/2026:19:55:25 +0000] "GET /asasx.php HTTP/1.1" 403 284 "-" "Mozilla/5.0 (Windows NT 10.0; Win64; x64) AppleWebKit/537.36 (KHTML, like Gecko) Chrome/120.0.0.0 Safari/537.36"
135.119.74.228 - - [26/Jul/2026:19:55:25 +0000] "GET /filemanager.php HTTP/1.1" 403 284 "-" "Mozilla/5.0 (Windows NT 10.0; Win64; x64) AppleWebKit/537.36 (KHTML, like Gecko) Chrome/120.0.0.0 Safari/537.36"
135.119.74.228 - - [26/Jul/2026:19:55:27 +0000] "GET /themes.php HTTP/1.1" 301 0 "-" "Mozilla/5.0 (Windows NT 10.0; Win64; x64) AppleWebKit/537.36 (KHTML, like Gecko) Chrome/120.0.0.0 Safari/537.36"
135.119.74.228 - - [26/Jul/2026:19:55:31 +0000] "GET /wp-content/admin.php HTTP/1.1" 301 0 "-" "Mozilla/5.0 (Windows NT 10.0; Win64; x64) AppleWebKit/537.36 (KHTML, like Gecko) Chrome/120.0.0.0 Safari/537.36"
135.119.74.228 - - [26/Jul/2026:19:55:31 +0000] "GET /buy.php HTTP/1.1" 403 284 "-" "Mozilla/5.0 (Windows NT 10.0; Win64; x64) AppleWebKit/537.36 (KHTML, like Gecko) Chrome/120.0.0.0 Safari/537.36"
135.119.74.228 - - [26/Jul/2026:19:55:32 +0000] "GET /dropdown.php HTTP/1.1" 403 284 "-" "Mozilla/5.0 (Windows NT 10.0; Win64; x64) AppleWebKit/537.36 (KHTML, like Gecko) Chrome/120.0.0.0 Safari/537.36"
135.119.74.228 - - [26/Jul/2026:19:55:34 +0000] "GET /inputs.php HTTP/1.1" 301 0 "-" "Mozilla/5.0 (Windows NT 10.0; Win64; x64) AppleWebKit/537.36 (KHTML, like Gecko) Chrome/120.0.0.0 Safari/537.36"
135.119.74.228 - - [26/Jul/2026:19:55:34 +0000] "GET /100.php HTTP/1.1" 403 284 "-" "Mozilla/5.0 (Windows NT 10.0; Win64; x64) AppleWebKit/537.36 (KHTML, like Gecko) Chrome/120.0.0.0 Safari/537.36"
135.119.74.228 - - [26/Jul/2026:19:55:34 +0000] "GET /akc.php HTTP/1.1" 403 284 "-" "Mozilla/5.0 (Windows NT 10.0; Win64; x64) AppleWebKit/537.36 (KHTML, like Gecko) Chrome/120.0.0.0 Safari/537.36"
135.119.74.228 - - [26/Jul/2026:19:55:36 +0000] "GET /autoload_classmap/function.php HTTP/1.1" 301 0 "-" "Mozilla/5.0 (Windows NT 10.0; Win64; x64) AppleWebKit/537.36 (KHTML, like Gecko) Chrome/120.0.0.0 Safari/537.36"
135.119.74.228 - - [26/Jul/2026:19:55:37 +0000] "GET /php.php HTTP/1.1" 403 284 "-" "Mozilla/5.0 (Windows NT 10.0; Win64; x64) AppleWebKit/537.36 (KHTML, like Gecko) Chrome/120.0.0.0 Safari/537.36"
135.119.74.228 - - [26/Jul/2026:19:55:37 +0000] "GET /t.php HTTP/1.1" 403 284 "-" "Mozilla/5.0 (Windows NT 10.0; Win64; x64) AppleWebKit/537.36 (KHTML, like Gecko) Chrome/120.0.0.0 Safari/537.36"
135.119.74.228 - - [26/Jul/2026:19:55:39 +0000] "GET /index/function.php HTTP/1.1" 301 0 "-" "Mozilla/5.0 (Windows NT 10.0; Win64; x64) AppleWebKit/537.36 (KHTML, like Gecko) Chrome/120.0.0.0 Safari/537.36"
135.119.74.228 - - [26/Jul/2026:19:55:41 +0000] "GET /wk/index.php HTTP/1.1" 301 0 "-" "Mozilla/5.0 (Windows NT 10.0; Win64; x64) AppleWebKit/537.36 (KHTML, like Gecko) Chrome/120.0.0.0 Safari/537.36"
135.119.74.228 - - [26/Jul/2026:19:55:41 +0000] "GET /wp-blink.php HTTP/1.1" 403 284 "-" "Mozilla/5.0 (Windows NT 10.0; Win64; x64) AppleWebKit/537.36 (KHTML, like Gecko) Chrome/120.0.0.0 Safari/537.36"
135.119.74.228 - - [26/Jul/2026:19:55:42 +0000] "GET /xfun.php HTTP/1.1" 403 284 "-" "Mozilla/5.0 (Windows NT 10.0; Win64; x64) AppleWebKit/537.36 (KHTML, like Gecko) Chrome/120.0.0.0 Safari/537.36"
135.119.74.228 - - [26/Jul/2026:19:55:42 +0000] "GET /p.php HTTP/1.1" 403 284 "-" "Mozilla/5.0 (Windows NT 10.0; Win64; x64) AppleWebKit/537.36 (KHTML, like Gecko) Chrome/120.0.0.0 Safari/537.36"
135.119.74.228 - - [26/Jul/2026:19:55:42 +0000] "GET /wp-content/themes/admin.php HTTP/1.1" 403 284 "-" "Mozilla/5.0 (Windows NT 10.0; Win64; x64) AppleWebKit/537.36 (KHTML, like Gecko) Chrome/120.0.0.0 Safari/537.36"
135.119.74.228 - - [26/Jul/2026:19:55:42 +0000] "GET /aaa.php HTTP/1.1" 403 284 "-" "Mozilla/5.0 (Windows NT 10.0; Win64; x64) AppleWebKit/537.36 (KHTML, like Gecko) Chrome/120.0.0.0 Safari/537.36"
135.119.74.228 - - [26/Jul/2026:19:55:45 +0000] "GET /term.php HTTP/1.1" 301 0 "-" "Mozilla/5.0 (Windows NT 10.0; Win64; x64) AppleWebKit/537.36 (KHTML, like Gecko) Chrome/120.0.0.0 Safari/537.36"
135.119.74.228 - - [26/Jul/2026:19:55:45 +0000] "GET /7.php HTTP/1.1" 403 284 "-" "Mozilla/5.0 (Windows NT 10.0; Win64; x64) AppleWebKit/537.36 (KHTML, like Gecko) Chrome/120.0.0.0 Safari/537.36"
135.119.74.228 - - [26/Jul/2026:19:55:45 +0000] "GET /file5.php HTTP/1.1" 403 284 "-" "Mozilla/5.0 (Windows NT 10.0; Win64; x64) AppleWebKit/537.36 (KHTML, like Gecko) Chrome/120.0.0.0 Safari/537.36"
135.119.74.228 - - [26/Jul/2026:19:55:45 +0000] "GET /makeasmtp.php HTTP/1.1" 403 284 "-" "Mozilla/5.0 (Windows NT 10.0; Win64; x64) AppleWebKit/537.36 (KHTML, like Gecko) Chrome/120.0.0.0 Safari/537.36"
135.119.74.228 - - [26/Jul/2026:19:55:46 +0000] "GET /wp-content/index.php HTTP/1.1" 200 0 "-" "Mozilla/5.0 (Windows NT 10.0; Win64; x64) AppleWebKit/537.36 (KHTML, like Gecko) Chrome/120.0.0.0 Safari/537.36"
135.119.74.228 - - [26/Jul/2026:19:55:46 +0000] "GET /wp-includes/class-wp-http-client.php HTTP/1.1" 403 284 "-" "Mozilla/5.0 (Windows NT 10.0; Win64; x64) AppleWebKit/537.36 (KHTML, like Gecko) Chrome/120.0.0.0 Safari/537.36"
135.119.74.228 - - [26/Jul/2026:19:55:46 +0000] "GET /atomlib.php HTTP/1.1" 403 284 "-" "Mozilla/5.0 (Windows NT 10.0; Win64; x64) AppleWebKit/537.36 (KHTML, like Gecko) Chrome/120.0.0.0 Safari/537.36"
135.119.74.228 - - [26/Jul/2026:19:55:46 +0000] "GET /min.php HTTP/1.1" 403 284 "-" "Mozilla/5.0 (Windows NT 10.0; Win64; x64) AppleWebKit/537.36 (KHTML, like Gecko) Chrome/120.0.0.0 Safari/537.36"
135.119.74.228 - - [26/Jul/2026:19:55:46 +0000] "GET /mac.php HTTP/1.1" 403 284 "-" "Mozilla/5.0 (Windows NT 10.0; Win64; x64) AppleWebKit/537.36 (KHTML, like Gecko) Chrome/120.0.0.0 Safari/537.36"
135.119.74.228 - - [26/Jul/2026:19:55:47 +0000] "GET /nc4.php HTTP/1.1" 403 284 "-" "Mozilla/5.0 (Windows NT 10.0; Win64; x64) AppleWebKit/537.36 (KHTML, like Gecko) Chrome/120.0.0.0 Safari/537.36"
135.119.74.228 - - [26/Jul/2026:19:55:47 +0000] "GET /as.php HTTP/1.1" 403 284 "-" "Mozilla/5.0 (Windows NT 10.0; Win64; x64) AppleWebKit/537.36 (KHTML, like Gecko) Chrome/120.0.0.0 Safari/537.36"
135.119.74.228 - - [26/Jul/2026:19:55:47 +0000] "GET /k.php HTTP/1.1" 403 284 "-" "Mozilla/5.0 (Windows NT 10.0; Win64; x64) AppleWebKit/537.36 (KHTML, like Gecko) Chrome/120.0.0.0 Safari/537.36"
135.119.74.228 - - [26/Jul/2026:19:55:49 +0000] "GET /media/com_sppagebuilder/assets/iconfont/km/fonts/index.php HTTP/1.1" 301 0 "-" "Mozilla/5.0 (Windows NT 10.0; Win64; x64) AppleWebKit/537.36 (KHTML, like Gecko) Chrome/120.0.0.0 Safari/537.36"
135.119.74.228 - - [26/Jul/2026:19:55:52 +0000] "GET /system_log.php HTTP/1.1" 301 0 "-" "Mozilla/5.0 (Windows NT 10.0; Win64; x64) AppleWebKit/537.36 (KHTML, like Gecko) Chrome/120.0.0.0 Safari/537.36"
135.119.74.228 - - [26/Jul/2026:19:55:52 +0000] "GET /x.php HTTP/1.1" 403 284 "-" "Mozilla/5.0 (Windows NT 10.0; Win64; x64) AppleWebKit/537.36 (KHTML, like Gecko) Chrome/120.0.0.0 Safari/537.36"
135.119.74.228 - - [26/Jul/2026:19:55:52 +0000] "GET /autoload_classmap.php HTTP/1.1" 403 284 "-" "Mozilla/5.0 (Windows NT 10.0; Win64; x64) AppleWebKit/537.36 (KHTML, like Gecko) Chrome/120.0.0.0 Safari/537.36"
135.119.74.228 - - [26/Jul/2026:19:55:52 +0000] "GET /hosty.php HTTP/1.1" 403 284 "-" "Mozilla/5.0 (Windows NT 10.0; Win64; x64) AppleWebKit/537.36 (KHTML, like Gecko) Chrome/120.0.0.0 Safari/537.36"
135.119.74.228 - - [26/Jul/2026:19:55:53 +0000] "GET /test1.php HTTP/1.1" 403 284 "-" "Mozilla/5.0 (Windows NT 10.0; Win64; x64) AppleWebKit/537.36 (KHTML, like Gecko) Chrome/120.0.0.0 Safari/537.36"
135.119.74.228 - - [26/Jul/2026:19:55:53 +0000] "GET /zwso.php HTTP/1.1" 403 284 "-" "Mozilla/5.0 (Windows NT 10.0; Win64; x64) AppleWebKit/537.36 (KHTML, like Gecko) Chrome/120.0.0.0 Safari/537.36"
135.119.74.228 - - [26/Jul/2026:19:55:53 +0000] "GET /Geforce.php HTTP/1.1" 403 284 "-" "Mozilla/5.0 (Windows NT 10.0; Win64; x64) AppleWebKit/537.36 (KHTML, like Gecko) Chrome/120.0.0.0 Safari/537.36"
135.119.74.228 - - [26/Jul/2026:19:55:53 +0000] "GET /fpwch.php HTTP/1.1" 403 284 "-" "Mozilla/5.0 (Windows NT 10.0; Win64; x64) AppleWebKit/537.36 (KHTML, like Gecko) Chrome/120.0.0.0 Safari/537.36"
135.119.74.228 - - [26/Jul/2026:19:55:55 +0000] "GET /mini HTTP/1.1" 301 0 "-" "Mozilla/5.0 (Windows NT 10.0; Win64; x64) AppleWebKit/537.36 (KHTML, like Gecko) Chrome/120.0.0.0 Safari/537.36"
135.119.74.228 - - [26/Jul/2026:19:55:57 +0000] "GET /wp-blog-header.php HTTP/1.1" 404 0 "-" "Mozilla/5.0 (Windows NT 10.0; Win64; x64) AppleWebKit/537.36 (KHTML, like Gecko) Chrome/120.0.0.0 Safari/537.36"
