185.242.3.175 - - [26/Jul/2026:03:36:03 +0000] "GET /wp-content/plugins/breeze/breeze.php HTTP/1.1" 301 0 "-" "Mozilla/5.0 (X11; Linux x86_64; rv:126.0) Gecko/20100101 Firefox/126.0"
185.242.3.175 - - [26/Jul/2026:03:36:05 +0000] "GET /lodavop/breeze/breeze.php HTTP/1.1" 404 26504 "https://groatmachinery.com/wp-content/plugins/breeze/breeze.php" "Mozilla/5.0 (X11; Linux x86_64; rv:126.0) Gecko/20100101 Firefox/126.0"
173.255.221.189 - - [26/Jul/2026:03:36:58 +0000] "GET / HTTP/1.1" 403 0 "-" "Mozilla/5.0 zgrab/0.x"
172.239.71.245 - - [26/Jul/2026:03:37:17 +0000] "GET / HTTP/1.1" 403 0 "-" "Mozilla/5.0 (Macintosh; Intel Mac OS X 13_1) AppleWebKit/537.36 (KHTML, like Gecko) Chrome/108.0.0.0 Safari/537.36"
172.239.71.245 - - [26/Jul/2026:03:37:47 +0000] "\x16\x03\x01\x00{\x01\x00\x00w\x03\x03\xDC\xC1\xA61\x077Rq6\xC6\xD2\x92\x8A[\xB1xU\xFA\xD0\xE0J\xB1\xCF(\xDFZ$(Q\xC3F_\x00\x00\x1A\xC0/\xC0+\xC0\x11\xC0\x07\xC0\x13\xC0\x09\xC0\x14\xC0" 400 150 "-" "-"
45.198.224.5 - - [26/Jul/2026:03:38:55 +0000] "POST /goform/formJsonAjaxReq HTTP/1.1" 403 0 "http://38.177.186.189:80/login.asp" "Mozilla/5.0 (X11; Linux x86_64; rv:128.0) Gecko/20100101 Firefox/128.0"
65.49.1.142 - - [26/Jul/2026:03:40:23 +0000] "GET /geoserver/web/ HTTP/1.1" 499 0 "-" "Mozilla/5.0 (Macintosh; Intel Mac OS X 10_15_7) AppleWebKit/537.36 (KHTML, like Gecko) Chrome/107.0.0.0 Safari/537.36"
38.177.186.189 - - [26/Jul/2026:03:42:32 +0000] "POST /wp-cron.php?doing_wp_cron=1785037351.3000769615173339843750 HTTP/1.1" 499 0 "-" "WordPress/7.0; https://www.groatmachinery.com"
38.177.186.189 - - [26/Jul/2026:03:42:32 +0000] "GET / HTTP/1.1" 301 0 "-" "Mozilla/5.0 (X11; Linux x86_64) AppleWebKit/537.36 (KHTML, like Gecko) Chrome/44.0.2403.157 Safari/537.36"
38.177.186.189 - - [26/Jul/2026:03:42:32 +0000] "GET / HTTP/1.1" 499 0 "http://38.177.186.189" "Mozilla/5.0 (X11; Linux x86_64) AppleWebKit/537.36 (KHTML, like Gecko) Chrome/44.0.2403.157 Safari/537.36"
65.49.1.142 - - [26/Jul/2026:03:44:40 +0000] "POST / HTTP/1.1" 403 0 "-" "Mozilla/5.0 (Windows NT 10.0; Win64; x64) AppleWebKit/537.36 (KHTML, like Gecko) Chrome/109.0.0.0 Safari/537.36 OPR/95.0.0.0 (Edition Yx 05)"
38.177.186.189 - - [26/Jul/2026:03:46:47 +0000] "POST /wp-cron.php?doing_wp_cron=1785037606.8270120620727539062500 HTTP/1.1" 499 0 "-" "WordPress/7.0; https://www.groatmachinery.com"
216.73.216.206 - - [26/Jul/2026:03:46:47 +0000] "GET /sitemap.xml HTTP/1.1" 404 26500 "-" "Mozilla/5.0 AppleWebKit/537.36 (KHTML, like Gecko; compatible; ClaudeBot/1.0; +claudebot@anthropic.com)"
51.68.111.219 - - [26/Jul/2026:03:47:32 +0000] "GET /robots.txt HTTP/1.1" 200 84 "-" "Mozilla/5.0 (compatible; MJ12bot/v2.0.5; http://mj12bot.com/)"
38.177.186.189 - - [26/Jul/2026:03:47:35 +0000] "POST /wp-cron.php?doing_wp_cron=1785037654.9491860866546630859375 HTTP/1.1" 499 0 "-" "WordPress/7.0; https://www.groatmachinery.com"
51.68.111.219 - - [26/Jul/2026:03:47:35 +0000] "GET / HTTP/1.1" 301 0 "-" "Mozilla/5.0 (compatible; MJ12bot/v2.0.5; http://mj12bot.com/)"
51.68.111.219 - - [26/Jul/2026:03:47:36 +0000] "GET /robots.txt HTTP/1.1" 200 84 "-" "Mozilla/5.0 (compatible; MJ12bot/v2.0.5; http://mj12bot.com/)"
51.68.111.219 - - [26/Jul/2026:03:47:39 +0000] "GET / HTTP/1.1" 200 36451 "-" "Mozilla/5.0 (compatible; MJ12bot/v2.0.5; http://mj12bot.com/)"
172.236.228.198 - - [26/Jul/2026:03:50:54 +0000] "GET / HTTP/1.1" 403 0 "-" "Mozilla/5.0 (Macintosh; Intel Mac OS X 13_1) AppleWebKit/537.36 (KHTML, like Gecko) Chrome/108.0.0.0 Safari/537.36"
213.209.159.175 - - [26/Jul/2026:03:54:13 +0000] "GET /phpinfo.php HTTP/1.1" 403 280 "-" "Mozilla/5.0 (Macintosh; U; PPC Mac OS X; en-gb) AppleWebKit/85.8.5 (KHTML, like Gecko) Safari/85.8.1"
213.209.159.175 - - [26/Jul/2026:03:54:16 +0000] "GET /phpinfo/ HTTP/1.1" 403 0 "-" "Mozilla/5.0 (SymbianOS/9.1; U; en-us) AppleWebKit/413 (KHTML, like Gecko) Safari/413 es65"
213.209.159.175 - - [26/Jul/2026:03:54:19 +0000] "GET /test HTTP/1.1" 403 0 "-" "Mozilla/5.0 (Linux; U; Android 2.3.6; en-gb; GT-I8150 Build/GINGERBREAD) AppleWebKit/533.1 (KHTML, like Gecko) Version/4.0 Mobile Safari/533.1"
213.209.159.175 - - [26/Jul/2026:03:54:22 +0000] "GET /?phpinfo=-1 HTTP/1.1" 403 0 "-" "Mozilla/5.0 (Linux; Android 4.0.3; ASUS Transformer Pad TF300T Build/IML74K) AppleWebKit/535.19 (KHTML, like Gecko) Chrome/18.0.1025.166  Safari/535.19"
213.209.159.175 - - [26/Jul/2026:03:54:25 +0000] "GET /info/ HTTP/1.1" 403 0 "-" "Mozilla/5.0 (Linux; U; Android 4.2.2; nl-nl; GT-P5100 Build/JDQ39) AppleWebKit/534.30 (KHTML, like Gecko) Version/4.0 Safari/534.30"
213.209.159.175 - - [26/Jul/2026:03:54:31 +0000] "GET /static//proc/1/environ HTTP/1.1" 403 0 "-" "Mozilla/4.0 (compatible; MSIE 7.0; Windows NT 6.0; Trident/5.0; SLCC1; .NET CLR 2.0.50727; Media Center PC 5.0; .NET CLR 3.5.30729; .NET CLR 3.0.30729; .NET4.0E; .NET4.0C)"
213.209.159.175 - - [26/Jul/2026:03:54:36 +0000] "GET /.env.txt HTTP/1.1" 403 0 "-" "HTC_Dream Mozilla/5.0 (Linux; U; Android 1.5; en-ca; Build/CUPCAKE) AppleWebKit/528.5  (KHTML, like Gecko) Version/3.1.2 Mobile Safari/525.20.1"
213.209.159.175 - - [26/Jul/2026:03:54:38 +0000] "GET /_ignition/health-check HTTP/1.1" 403 0 "-" "Mozilla/5.0 (X11; Linux x86_64) AppleWebKit/537.36 (KHTML, like Gecko) Chrome/54.0.2832.2 Safari/537.36 OPR/41.0.2349.0 (Edition developer)"
213.209.159.175 - - [26/Jul/2026:03:54:39 +0000] "GET /_profiler/phpinfo.php HTTP/1.1" 403 0 "-" "Mozilla/5.0 (X11; U; Linux i686; fr; rv:1.9.0.9) Gecko/2009042113 Ubuntu/9.04 (jaunty) Firefox/3.0.9"
213.209.159.175 - - [26/Jul/2026:03:54:41 +0000] "GET /_profiler/phpinfo HTTP/1.1" 403 0 "-" "Mozilla/5.0 (Macintosh; U; PPC Mac OS X; fr-fr) AppleWebKit/125.5.5 (KHTML, like Gecko) Safari/125.12"
213.209.159.175 - - [26/Jul/2026:03:54:44 +0000] "GET /admin/phpinfo HTTP/1.1" 403 0 "-" "Mozilla/5.0 (Windows NT 10.0; WOW64) AppleWebKit/537.36 (KHTML, like Gecko) Chrome/43.0.2357.134 Safari/537.36"
213.209.159.175 - - [26/Jul/2026:03:54:46 +0000] "GET /config.env HTTP/1.1" 403 0 "-" "Mozilla/5.0 (Macintosh; Intel Mac OS X 10_11_5) AppleWebKit/537.36 (KHTML, like Gecko) Chrome/51.0.2704.106 Safari/537.36 OPR/38.0.2220.41"
213.209.159.175 - - [26/Jul/2026:03:54:51 +0000] "GET /twilio.env HTTP/1.1" 403 0 "-" "Mozilla/4.0 (compatible; MSIE 7.0; Windows NT 6.2; Trident/7.0; .NET4.0E; .NET4.0C; .NET CLR 3.5.30729; .NET CLR 2.0.50727; .NET CLR 3.0.30729)"
213.209.159.175 - - [26/Jul/2026:03:54:54 +0000] "GET /?url=.env HTTP/1.1" 403 0 "-" "Mozilla/5.0 (Mobile; LYF/F61F/LYF-F61F-000-01-20-310118; Android; rv:48.0) Gecko/48.0 Firefox/48.0 KAIOS/2.0"
38.177.186.189 - - [26/Jul/2026:03:56:24 +0000] "POST /wp-cron.php?doing_wp_cron=1785038183.2607300281524658203125 HTTP/1.1" 499 0 "-" "WordPress/7.0; https://www.groatmachinery.com"
38.177.186.189 - - [26/Jul/2026:03:56:24 +0000] "GET / HTTP/1.1" 301 0 "-" "Mozilla/5.0 (X11; Linux x86_64) AppleWebKit/537.36 (KHTML, like Gecko) Chrome/44.0.2403.157 Safari/537.36"
38.177.186.189 - - [26/Jul/2026:03:56:26 +0000] "GET / HTTP/1.1" 499 0 "http://38.177.186.189" "Mozilla/5.0 (X11; Linux x86_64) AppleWebKit/537.36 (KHTML, like Gecko) Chrome/44.0.2403.157 Safari/537.36"
38.177.186.189 - - [26/Jul/2026:03:58:44 +0000] "POST /wp-cron.php?doing_wp_cron=1785038323.4056019783020019531250 HTTP/1.1" 499 0 "-" "WordPress/7.0; https://www.groatmachinery.com"
57.141.0.47 - - [26/Jul/2026:03:58:44 +0000] "GET /ilia-oil-p-42/ HTTP/1.1" 200 234687 "-" "Mozilla/5.0 (Windows NT 10.0; Win64; x64) AppleWebKit/537.36 (KHTML, like Gecko) Chrome/145.0.0.0 Safari/537.36 (compatible; meta-externalagent/1.1 (+https://developers.facebook.com/docs/sharing/webmasters/crawler))"
38.177.186.189 - - [26/Jul/2026:04:00:24 +0000] "POST /wp-cron.php?doing_wp_cron=1785038423.2186141014099121093750 HTTP/1.1" 499 0 "-" "WordPress/7.0; https://www.groatmachinery.com"
38.177.186.189 - - [26/Jul/2026:04:00:24 +0000] "GET / HTTP/1.1" 301 0 "-" "Mozilla/5.0 (X11; Linux x86_64) AppleWebKit/537.36 (KHTML, like Gecko) Chrome/44.0.2403.157 Safari/537.36"
38.177.186.189 - - [26/Jul/2026:04:00:26 +0000] "GET / HTTP/1.1" 499 0 "http://38.177.186.189" "Mozilla/5.0 (X11; Linux x86_64) AppleWebKit/537.36 (KHTML, like Gecko) Chrome/44.0.2403.157 Safari/537.36"
177.84.124.0 - - [26/Jul/2026:04:00:26 +0000] "GET /robots.txt HTTP/1.1" 200 84 "-" "Mozilla/5.0 (Macintosh; Intel Mac OS X 10_15_7) AppleWebKit/537.36 (KHTML, like Gecko) Chrome/133.0.0.0 Safari/537.36"
201.87.238.128 - - [26/Jul/2026:04:00:38 +0000] "GET /shop-oil/?add-to-cart=886 HTTP/1.1" 200 35056 "-" "Mozilla/5.0 (Macintosh; Intel Mac OS X 10_15_7) AppleWebKit/537.36 (KHTML, like Gecko) Chrome/133.0.0.0 Safari/537.36"
51.68.107.154 - - [26/Jul/2026:04:00:41 +0000] "GET /robots.txt HTTP/1.1" 200 84 "-" "Mozilla/5.0 (compatible; MJ12bot/v2.0.5; http://mj12bot.com/)"
51.68.107.154 - - [26/Jul/2026:04:00:43 +0000] "GET / HTTP/1.1" 301 0 "-" "Mozilla/5.0 (compatible; MJ12bot/v2.0.5; http://mj12bot.com/)"
51.68.107.154 - - [26/Jul/2026:04:00:44 +0000] "GET /robots.txt HTTP/1.1" 200 84 "-" "Mozilla/5.0 (compatible; MJ12bot/v2.0.5; http://mj12bot.com/)"
51.68.107.154 - - [26/Jul/2026:04:00:46 +0000] "GET / HTTP/1.1" 200 36451 "-" "Mozilla/5.0 (compatible; MJ12bot/v2.0.5; http://mj12bot.com/)"
216.73.216.206 - - [26/Jul/2026:04:01:26 +0000] "GET /robots.txt HTTP/1.1" 200 84 "-" "Mozilla/5.0 AppleWebKit/537.36 (KHTML, like Gecko; compatible; ClaudeBot/1.0; +claudebot@anthropic.com)"
38.177.186.189 - - [26/Jul/2026:04:01:33 +0000] "POST /wp-cron.php?doing_wp_cron=1785038492.9064509868621826171875 HTTP/1.1" 499 0 "-" "WordPress/7.0; https://www.groatmachinery.com"
216.73.216.206 - - [26/Jul/2026:04:01:33 +0000] "GET /cart/feed/ HTTP/1.1" 200 404 "-" "Mozilla/5.0 AppleWebKit/537.36 (KHTML, like Gecko; compatible; ClaudeBot/1.0; +claudebot@anthropic.com)"
216.73.216.206 - - [26/Jul/2026:04:01:38 +0000] "GET /qusefod/assets/css/select2.css HTTP/1.1" 404 26494 "-" "Mozilla/5.0 AppleWebKit/537.36 (KHTML, like Gecko; compatible; ClaudeBot/1.0; +claudebot@anthropic.com)"
38.177.186.189 - - [26/Jul/2026:04:02:47 +0000] "POST /wp-cron.php?doing_wp_cron=1785038566.0241448879241943359375 HTTP/1.1" 499 0 "-" "WordPress/7.0; https://www.groatmachinery.com"
216.73.216.206 - - [26/Jul/2026:04:02:47 +0000] "GET /?p=91 HTTP/1.1" 301 0 "-" "Mozilla/5.0 AppleWebKit/537.36 (KHTML, like Gecko; compatible; ClaudeBot/1.0; +claudebot@anthropic.com)"
216.73.216.206 - - [26/Jul/2026:04:02:50 +0000] "GET /wishlist/ HTTP/1.1" 200 28032 "https://www.groatmachinery.com/?p=91" "Mozilla/5.0 AppleWebKit/537.36 (KHTML, like Gecko; compatible; ClaudeBot/1.0; +claudebot@anthropic.com)"
38.177.186.189 - - [26/Jul/2026:04:02:55 +0000] "POST /wp-cron.php?doing_wp_cron=1785038574.5017011165618896484375 HTTP/1.1" 499 0 "-" "WordPress/7.0; https://www.groatmachinery.com"
216.73.216.206 - - [26/Jul/2026:04:02:55 +0000] "GET /wishlist/feed/ HTTP/1.1" 200 411 "-" "Mozilla/5.0 AppleWebKit/537.36 (KHTML, like Gecko; compatible; ClaudeBot/1.0; +claudebot@anthropic.com)"
38.177.186.189 - - [26/Jul/2026:04:03:15 +0000] "POST /wp-cron.php?doing_wp_cron=1785038594.2220969200134277343750 HTTP/1.1" 499 0 "-" "WordPress/7.0; https://www.groatmachinery.com"
216.73.216.206 - - [26/Jul/2026:04:03:15 +0000] "GET /?p=894 HTTP/1.1" 301 0 "-" "Mozilla/5.0 AppleWebKit/537.36 (KHTML, like Gecko; compatible; ClaudeBot/1.0; +claudebot@anthropic.com)"
216.73.216.206 - - [26/Jul/2026:04:03:17 +0000] "GET /ilia-host-m-13/ HTTP/1.1" 200 34778 "https://www.groatmachinery.com/?p=894" "Mozilla/5.0 AppleWebKit/537.36 (KHTML, like Gecko; compatible; ClaudeBot/1.0; +claudebot@anthropic.com)"
5.61.209.44 - - [26/Jul/2026:04:03:17 +0000] "GET /SDK/webLanguage HTTP/1.1" 403 0 "-" "Mozilla/5.0 (Windows NT 10.0; Win64; x64) AppleWebKit/537.36 (KHTML, like Gecko) Chrome/90.0.4430.85 Safari/537.36 Edg/90.0.818.46"
216.73.216.206 - - [26/Jul/2026:04:03:21 +0000] "GET /?p=13 HTTP/1.1" 301 0 "-" "Mozilla/5.0 AppleWebKit/537.36 (KHTML, like Gecko; compatible; ClaudeBot/1.0; +claudebot@anthropic.com)"
216.73.216.206 - - [26/Jul/2026:04:03:23 +0000] "GET /cart/ HTTP/1.1" 200 52658 "https://www.groatmachinery.com/?p=13" "Mozilla/5.0 AppleWebKit/537.36 (KHTML, like Gecko; compatible; ClaudeBot/1.0; +claudebot@anthropic.com)"
216.73.216.206 - - [26/Jul/2026:04:03:24 +0000] "GET /gaqepuh/betheme/css/post-91.css HTTP/1.1" 404 26477 "-" "Mozilla/5.0 AppleWebKit/537.36 (KHTML, like Gecko; compatible; ClaudeBot/1.0; +claudebot@anthropic.com)"
216.73.216.206 - - [26/Jul/2026:04:03:27 +0000] "GET /?p=876 HTTP/1.1" 301 0 "-" "Mozilla/5.0 AppleWebKit/537.36 (KHTML, like Gecko; compatible; ClaudeBot/1.0; +claudebot@anthropic.com)"
216.73.216.206 - - [26/Jul/2026:04:03:30 +0000] "GET /ilia-oil-y-25/ HTTP/1.1" 200 34744 "https://www.groatmachinery.com/?p=876" "Mozilla/5.0 AppleWebKit/537.36 (KHTML, like Gecko; compatible; ClaudeBot/1.0; +claudebot@anthropic.com)"
216.73.216.206 - - [26/Jul/2026:04:03:41 +0000] "GET /qusefod/assets/js/selectWoo/selectWoo.full.min.js HTTP/1.1" 404 26513 "-" "Mozilla/5.0 AppleWebKit/537.36 (KHTML, like Gecko; compatible; ClaudeBot/1.0; +claudebot@anthropic.com)"
216.73.216.206 - - [26/Jul/2026:04:03:46 +0000] "GET /ilia-host-m-13/feed/ HTTP/1.1" 200 471 "-" "Mozilla/5.0 AppleWebKit/537.36 (KHTML, like Gecko; compatible; ClaudeBot/1.0; +claudebot@anthropic.com)"
38.177.186.189 - - [26/Jul/2026:04:04:09 +0000] "POST /wp-cron.php?doing_wp_cron=1785038648.6558790206909179687500 HTTP/1.1" 499 0 "-" "WordPress/7.0; https://www.groatmachinery.com"
216.73.216.206 - - [26/Jul/2026:04:04:09 +0000] "GET /qusefod/assets/js/frontend/country-select.min.js HTTP/1.1" 404 26516 "-" "Mozilla/5.0 AppleWebKit/537.36 (KHTML, like Gecko; compatible; ClaudeBot/1.0; +claudebot@anthropic.com)"
216.73.216.206 - - [26/Jul/2026:04:04:13 +0000] "GET /qusefod/assets/js/frontend/cart.min.js HTTP/1.1" 404 26509 "-" "Mozilla/5.0 AppleWebKit/537.36 (KHTML, like Gecko; compatible; ClaudeBot/1.0; +claudebot@anthropic.com)"
216.73.216.206 - - [26/Jul/2026:04:04:41 +0000] "GET /ilia-oil-y-25/feed/ HTTP/1.1" 200 469 "-" "Mozilla/5.0 AppleWebKit/537.36 (KHTML, like Gecko; compatible; ClaudeBot/1.0; +claudebot@anthropic.com)"
216.73.216.206 - - [26/Jul/2026:04:04:46 +0000] "GET /qusefod/assets/js/frontend/address-i18n.min.js HTTP/1.1" 404 26518 "-" "Mozilla/5.0 AppleWebKit/537.36 (KHTML, like Gecko; compatible; ClaudeBot/1.0; +claudebot@anthropic.com)"
38.177.186.189 - - [26/Jul/2026:04:05:05 +0000] "POST /wp-cron.php?doing_wp_cron=1785038703.9871499538421630859375 HTTP/1.1" 499 0 "-" "WordPress/7.0; https://www.groatmachinery.com"
216.73.216.206 - - [26/Jul/2026:04:05:05 +0000] "GET /ilia-host-m-13/?add-to-cart=871 HTTP/1.1" 200 34772 "-" "Mozilla/5.0 AppleWebKit/537.36 (KHTML, like Gecko; compatible; ClaudeBot/1.0; +claudebot@anthropic.com)"
216.73.216.206 - - [26/Jul/2026:04:05:09 +0000] "GET /ilia-host-m-13/?add-to-cart=892 HTTP/1.1" 200 34871 "-" "Mozilla/5.0 AppleWebKit/537.36 (KHTML, like Gecko; compatible; ClaudeBot/1.0; +claudebot@anthropic.com)"
216.73.216.206 - - [26/Jul/2026:04:05:34 +0000] "GET /ilia-host-m-13/?add-to-cart=912 HTTP/1.1" 200 34844 "-" "Mozilla/5.0 AppleWebKit/537.36 (KHTML, like Gecko; compatible; ClaudeBot/1.0; +claudebot@anthropic.com)"
216.73.216.206 - - [26/Jul/2026:04:05:39 +0000] "GET /ilia-host-m-13/?add-to-cart=903 HTTP/1.1" 200 34826 "-" "Mozilla/5.0 AppleWebKit/537.36 (KHTML, like Gecko; compatible; ClaudeBot/1.0; +claudebot@anthropic.com)"
40.77.167.14 - - [26/Jul/2026:04:05:47 +0000] "GET /cart/ HTTP/1.1" 200 27339 "-" "Mozilla/5.0 AppleWebKit/537.36 (KHTML, like Gecko; compatible; bingbot/2.0; +http://www.bing.com/bingbot.htm) Chrome/116.0.1938.76 Safari/537.36"
213.32.122.82 - - [26/Jul/2026:04:05:53 +0000] "GET / HTTP/1.1" 403 0 "-" "Mozilla/5.0 (Windows NT 6.1) AppleWebKit/537.36 (KHTML, like Gecko) Chrome/41.0.2228.0 Safari/537.36"
216.73.216.206 - - [26/Jul/2026:04:05:57 +0000] "GET /ilia-host-m-13/?add-to-cart=850 HTTP/1.1" 200 34748 "-" "Mozilla/5.0 AppleWebKit/537.36 (KHTML, like Gecko; compatible; ClaudeBot/1.0; +claudebot@anthropic.com)"
20.201.77.247 - - [26/Jul/2026:04:06:23 +0000] "GET /.git/config HTTP/1.1" 400 650 "-" "Mozilla/5.0 (X11; Linux x86_64) AppleWebKit/537.36 (KHTML, like Gecko) Chrome/120.0.0.0 Safari/537.36"
20.201.77.247 - - [26/Jul/2026:04:06:23 +0000] "GET /public/.git/config HTTP/1.1" 400 248 "-" "Mozilla/5.0 (Windows NT 10.0; Win64; x64) AppleWebKit/537.36 (KHTML, like Gecko) Edge/120.0.0.0 Safari/537.36"
20.201.77.247 - - [26/Jul/2026:04:06:24 +0000] "GET /wp-content/.git/config HTTP/1.1" 400 650 "-" "Mozilla/5.0 (Windows NT 10.0; Win64; x64) AppleWebKit/537.36 (KHTML, like Gecko) Chrome/120.0.0.0 Safari/537.36"
20.201.77.247 - - [26/Jul/2026:04:06:25 +0000] "GET /admin/.git/config HTTP/1.1" 400 248 "-" "Mozilla/5.0 (X11; Linux i686; rv:109.0) Gecko/20100101 Firefox/121.0"
20.201.77.247 - - [26/Jul/2026:04:06:25 +0000] "GET /app/.git/config HTTP/1.1" 400 248 "-" "Mozilla/5.0 (Windows NT 10.0; Win64; x64; rv:109.0) Gecko/20100101 Firefox/121.0"
20.201.77.247 - - [26/Jul/2026:04:06:26 +0000] "GET /site/.git/config HTTP/1.1" 400 650 "-" "Mozilla/5.0 (Windows NT 10.0; Win64; x64) AppleWebKit/537.36 (KHTML, like Gecko) Chrome/120.0.0.0 Safari/537.36"
20.201.77.247 - - [26/Jul/2026:04:06:27 +0000] "GET /api/.git/config HTTP/1.1" 400 248 "-" "Mozilla/5.0 (Macintosh; Intel Mac OS X 10_15_7) AppleWebKit/605.1.15 (KHTML, like Gecko) Version/17.1 Safari/605.1.15"
20.201.77.247 - - [26/Jul/2026:04:06:27 +0000] "GET /wp-content/themes/.git/config HTTP/1.1" 400 248 "-" "Mozilla/5.0 (Windows NT 10.0; Win64; x64) AppleWebKit/537.36 (KHTML, like Gecko) Edge/120.0.0.0 Safari/537.36"
20.201.77.247 - - [26/Jul/2026:04:06:28 +0000] "GET /backup/.git/config HTTP/1.1" 400 248 "-" "Mozilla/5.0 (Macintosh; Intel Mac OS X 10.15; rv:109.0) Gecko/20100101 Firefox/121.0"
20.201.77.247 - - [26/Jul/2026:04:06:29 +0000] "GET /dev/.git/config HTTP/1.1" 400 650 "-" "Mozilla/5.0 (X11; Linux x86_64) AppleWebKit/537.36 (KHTML, like Gecko) Chrome/120.0.0.0 Safari/537.36"
38.177.186.189 - - [26/Jul/2026:04:06:36 +0000] "POST /wp-cron.php?doing_wp_cron=1785038795.2896521091461181640625 HTTP/1.1" 499 0 "-" "WordPress/7.0; https://www.groatmachinery.com"
216.73.216.206 - - [26/Jul/2026:04:06:36 +0000] "GET /ilia-host-m-13/?add-to-cart=896 HTTP/1.1" 200 34759 "-" "Mozilla/5.0 AppleWebKit/537.36 (KHTML, like Gecko; compatible; ClaudeBot/1.0; +claudebot@anthropic.com)"
38.177.186.189 - - [26/Jul/2026:04:07:44 +0000] "POST /wp-cron.php?doing_wp_cron=1785038863.1101300716400146484375 HTTP/1.1" 499 0 "-" "WordPress/7.0; https://www.groatmachinery.com"
216.73.216.206 - - [26/Jul/2026:04:07:44 +0000] "GET /ilia-host-m-13/?add-to-cart=909 HTTP/1.1" 200 34846 "-" "Mozilla/5.0 AppleWebKit/537.36 (KHTML, like Gecko; compatible; ClaudeBot/1.0; +claudebot@anthropic.com)"
216.73.216.206 - - [26/Jul/2026:04:07:54 +0000] "GET /ilia-host-m-13/?add-to-cart=915 HTTP/1.1" 200 34807 "-" "Mozilla/5.0 AppleWebKit/537.36 (KHTML, like Gecko; compatible; ClaudeBot/1.0; +claudebot@anthropic.com)"
38.177.186.189 - - [26/Jul/2026:04:08:17 +0000] "POST /wp-cron.php?doing_wp_cron=1785038896.6611819267272949218750 HTTP/1.1" 499 0 "-" "WordPress/7.0; https://www.groatmachinery.com"
216.73.216.206 - - [26/Jul/2026:04:08:17 +0000] "GET /ilia-oil-y-25/?add-to-cart=892 HTTP/1.1" 200 34813 "-" "Mozilla/5.0 AppleWebKit/537.36 (KHTML, like Gecko; compatible; ClaudeBot/1.0; +claudebot@anthropic.com)"
187.188.241.103 - - [26/Jul/2026:04:08:20 +0000] "GET /ilia-shop/?add-to-cart=936 HTTP/1.1" 200 38903 "-" "Mozilla/5.0 (Macintosh; Intel Mac OS X 10_15_7) AppleWebKit/537.36 (KHTML, like Gecko) Chrome/133.0.0.0 Safari/537.36"
216.73.216.206 - - [26/Jul/2026:04:08:58 +0000] "GET /ilia-oil-y-25/?add-to-cart=941 HTTP/1.1" 200 34794 "-" "Mozilla/5.0 AppleWebKit/537.36 (KHTML, like Gecko; compatible; ClaudeBot/1.0; +claudebot@anthropic.com)"
38.177.186.189 - - [26/Jul/2026:04:09:13 +0000] "POST /wp-cron.php?doing_wp_cron=1785038952.0172998905181884765625 HTTP/1.1" 499 0 "-" "WordPress/7.0; https://www.groatmachinery.com"
20.215.216.94 - - [26/Jul/2026:04:09:13 +0000] "GET /wp-content/plugins/hellopress/wp_filemanager.php HTTP/1.1" 404 111688 "-" "-"
20.215.216.94 - - [26/Jul/2026:04:09:13 +0000] "GET /this_is_a_new_hello_world.php HTTP/1.1" 403 287 "-" "-"
20.215.216.94 - - [26/Jul/2026:04:09:13 +0000] "GET /x.php HTTP/1.1" 403 287 "-" "-"
20.215.216.94 - - [26/Jul/2026:04:09:14 +0000] "GET /mgrr.php HTTP/1.1" 403 287 "-" "-"
20.215.216.94 - - [26/Jul/2026:04:09:14 +0000] "GET /stdin.php HTTP/1.1" 403 287 "-" "-"
20.215.216.94 - - [26/Jul/2026:04:09:14 +0000] "GET /BDKR28.php HTTP/1.1" 403 287 "-" "-"
20.215.216.94 - - [26/Jul/2026:04:09:14 +0000] "GET /001.php HTTP/1.1" 403 287 "-" "-"
20.215.216.94 - - [26/Jul/2026:04:09:15 +0000] "GET /yup.php HTTP/1.1" 403 287 "-" "-"
20.215.216.94 - - [26/Jul/2026:04:09:15 +0000] "GET /X.php HTTP/1.1" 403 287 "-" "-"
20.215.216.94 - - [26/Jul/2026:04:09:15 +0000] "GET /1polka.php HTTP/1.1" 403 287 "-" "-"
20.215.216.94 - - [26/Jul/2026:04:09:16 +0000] "GET /gec.php HTTP/1.1" 403 287 "-" "-"
20.215.216.94 - - [26/Jul/2026:04:09:16 +0000] "GET /sky.php HTTP/1.1" 403 287 "-" "-"
20.215.216.94 - - [26/Jul/2026:04:09:16 +0000] "GET /fffm.php HTTP/1.1" 403 287 "-" "-"
20.215.216.94 - - [26/Jul/2026:04:09:17 +0000] "GET /sixxis.php HTTP/1.1" 403 287 "-" "-"
20.215.216.94 - - [26/Jul/2026:04:09:17 +0000] "GET /yj09.php HTTP/1.1" 403 287 "-" "-"
20.215.216.94 - - [26/Jul/2026:04:09:17 +0000] "GET /k.php HTTP/1.1" 403 287 "-" "-"
20.215.216.94 - - [26/Jul/2026:04:09:18 +0000] "GET /k2.php HTTP/1.1" 403 287 "-" "-"
20.215.216.94 - - [26/Jul/2026:04:09:18 +0000] "GET /w.php HTTP/1.1" 403 287 "-" "-"
20.215.216.94 - - [26/Jul/2026:04:09:18 +0000] "GET /fpwch.php HTTP/1.1" 403 287 "-" "-"
20.215.216.94 - - [26/Jul/2026:04:09:19 +0000] "GET /w2025.php HTTP/1.1" 403 287 "-" "-"
20.215.216.94 - - [26/Jul/2026:04:09:19 +0000] "GET /FWAZ.php HTTP/1.1" 403 287 "-" "-"
20.215.216.94 - - [26/Jul/2026:04:09:19 +0000] "GET /qterm.php?p= HTTP/1.1" 403 287 "-" "-"
20.215.216.94 - - [26/Jul/2026:04:09:20 +0000] "GET /blurbs.php HTTP/1.1" 403 287 "-" "-"
20.215.216.94 - - [26/Jul/2026:04:09:20 +0000] "GET /v543.php HTTP/1.1" 403 287 "-" "-"
20.215.216.94 - - [26/Jul/2026:04:09:20 +0000] "GET /w3lls.php HTTP/1.1" 403 287 "-" "-"
20.215.216.94 - - [26/Jul/2026:04:09:21 +0000] "GET /wp-ws68.php?p= HTTP/1.1" 403 287 "-" "-"
20.215.216.94 - - [26/Jul/2026:04:09:21 +0000] "GET /xyn.php HTTP/1.1" 403 287 "-" "-"
216.73.216.206 - - [26/Jul/2026:04:09:21 +0000] "GET /ilia-oil-y-25/?add-to-cart=903 HTTP/1.1" 200 34821 "-" "Mozilla/5.0 AppleWebKit/537.36 (KHTML, like Gecko; compatible; ClaudeBot/1.0; +claudebot@anthropic.com)"
20.215.216.94 - - [26/Jul/2026:04:09:21 +0000] "GET /green3.php?p= HTTP/1.1" 403 287 "-" "-"
20.215.216.94 - - [26/Jul/2026:04:09:22 +0000] "GET /ccc.php?p= HTTP/1.1" 403 287 "-" "-"
20.215.216.94 - - [26/Jul/2026:04:09:22 +0000] "GET /get.php HTTP/1.1" 403 287 "-" "-"
20.215.216.94 - - [26/Jul/2026:04:09:22 +0000] "GET /images.php HTTP/1.1" 403 287 "-" "-"
20.215.216.94 - - [26/Jul/2026:04:09:23 +0000] "GET /alls.php HTTP/1.1" 403 287 "-" "-"
20.215.216.94 - - [26/Jul/2026:04:09:23 +0000] "GET /coffexium.php HTTP/1.1" 403 287 "-" "-"
20.215.216.94 - - [26/Jul/2026:04:09:23 +0000] "GET /red.php HTTP/1.1" 403 287 "-" "-"
20.215.216.94 - - [26/Jul/2026:04:09:24 +0000] "GET /wp-includes/sodium_compat/ HTTP/1.1" 403 287 "-" "-"
20.215.216.94 - - [26/Jul/2026:04:09:24 +0000] "GET /wp-admin/css/colors/coffee/wp-adochan.php HTTP/1.1" 403 287 "-" "-"
20.215.216.94 - - [26/Jul/2026:04:09:24 +0000] "GET /wp-includes/Text/ HTTP/1.1" 403 287 "-" "-"
20.215.216.94 - - [26/Jul/2026:04:09:25 +0000] "GET /wp-content/uploads/ HTTP/1.1" 403 287 "-" "-"
20.215.216.94 - - [26/Jul/2026:04:09:25 +0000] "GET /wp-content/index.php HTTP/1.1" 200 0 "-" "-"
20.215.216.94 - - [26/Jul/2026:04:09:27 +0000] "GET ///admin.php HTTP/1.1" 301 0 "-" "-"
179.221.50.239 - - [26/Jul/2026:04:09:29 +0000] "GET /ilia-host-k-37/?add-to-cart=858 HTTP/1.1" 200 34736 "-" "Mozilla/5.0 (Macintosh; Intel Mac OS X 10_15_7) AppleWebKit/537.36 (KHTML, like Gecko) Chrome/133.0.0.0 Safari/537.36"
20.215.216.94 - - [26/Jul/2026:04:09:29 +0000] "GET /admin.php HTTP/1.1" 404 111660 "-" "-"
20.215.216.94 - - [26/Jul/2026:04:09:31 +0000] "GET /177.php HTTP/1.1" 403 287 "-" "-"
20.215.216.94 - - [26/Jul/2026:04:09:31 +0000] "GET /199.php HTTP/1.1" 403 287 "-" "-"
20.215.216.94 - - [26/Jul/2026:04:09:31 +0000] "GET /file52.php HTTP/1.1" 403 287 "-" "-"
20.215.216.94 - - [26/Jul/2026:04:09:32 +0000] "GET /geck.php HTTP/1.1" 403 287 "-" "-"
20.215.216.94 - - [26/Jul/2026:04:09:32 +0000] "GET /biufile.php HTTP/1.1" 403 287 "-" "-"
20.215.216.94 - - [26/Jul/2026:04:09:32 +0000] "GET /mosty.php HTTP/1.1" 403 287 "-" "-"
20.215.216.94 - - [26/Jul/2026:04:09:33 +0000] "GET /dejavu.php HTTP/1.1" 403 287 "-" "-"
20.215.216.94 - - [26/Jul/2026:04:09:33 +0000] "GET /aaf.php HTTP/1.1" 403 287 "-" "-"
20.215.216.94 - - [26/Jul/2026:04:09:33 +0000] "GET /ha.php HTTP/1.1" 403 287 "-" "-"
20.215.216.94 - - [26/Jul/2026:04:09:34 +0000] "GET /hur.php HTTP/1.1" 403 287 "-" "-"
20.215.216.94 - - [26/Jul/2026:04:09:34 +0000] "GET /h02ugyh.php HTTP/1.1" 403 287 "-" "-"
20.215.216.94 - - [26/Jul/2026:04:09:34 +0000] "GET /155.php HTTP/1.1" 403 287 "-" "-"
20.215.216.94 - - [26/Jul/2026:04:09:35 +0000] "GET /pp.php HTTP/1.1" 403 287 "-" "-"
20.215.216.94 - - [26/Jul/2026:04:09:35 +0000] "GET /ops.php HTTP/1.1" 403 287 "-" "-"
20.215.216.94 - - [26/Jul/2026:04:09:35 +0000] "GET /ingfo.php HTTP/1.1" 403 287 "-" "-"
20.215.216.94 - - [26/Jul/2026:04:09:36 +0000] "GET /error_log.php HTTP/1.1" 403 287 "-" "-"
20.215.216.94 - - [26/Jul/2026:04:09:36 +0000] "GET /koala.php HTTP/1.1" 403 287 "-" "-"
20.215.216.94 - - [26/Jul/2026:04:09:36 +0000] "GET /mac.php HTTP/1.1" 403 287 "-" "-"
20.215.216.94 - - [26/Jul/2026:04:09:37 +0000] "GET /wefile.php HTTP/1.1" 403 287 "-" "-"
20.215.216.94 - - [26/Jul/2026:04:09:37 +0000] "GET /wp-includes/blocks/post-comments-form/ HTTP/1.1" 403 287 "-" "-"
20.215.216.94 - - [26/Jul/2026:04:09:37 +0000] "GET /wp-admin/js/ HTTP/1.1" 403 287 "-" "-"
20.215.216.94 - - [26/Jul/2026:04:09:38 +0000] "GET /makeasmtp.php?p= HTTP/1.1" 403 287 "-" "-"
20.215.216.94 - - [26/Jul/2026:04:09:38 +0000] "GET /2P.php HTTP/1.1" 403 287 "-" "-"
20.215.216.94 - - [26/Jul/2026:04:09:39 +0000] "GET /wp-includes/ID3/about.php HTTP/1.1" 403 287 "-" "-"
20.215.216.94 - - [26/Jul/2026:04:09:41 +0000] "GET /system_log.php HTTP/1.1" 404 111672 "-" "-"
20.215.216.94 - - [26/Jul/2026:04:09:42 +0000] "GET /wp-admin/css/ HTTP/1.1" 403 287 "-" "-"
20.215.216.94 - - [26/Jul/2026:04:09:42 +0000] "GET /wp-admin/css/colors/modern/ HTTP/1.1" 403 287 "-" "-"
20.215.216.94 - - [26/Jul/2026:04:09:43 +0000] "GET /crgio.php HTTP/1.1" 403 287 "-" "-"
20.215.216.94 - - [26/Jul/2026:04:09:43 +0000] "GET /pucci.php HTTP/1.1" 403 287 "-" "-"
20.215.216.94 - - [26/Jul/2026:04:09:44 +0000] "GET /wp-includes/blocks/details/ HTTP/1.1" 403 287 "-" "-"
20.215.216.94 - - [26/Jul/2026:04:09:44 +0000] "GET /wp-includes/blocks/audio/ HTTP/1.1" 403 287 "-" "-"
20.215.216.94 - - [26/Jul/2026:04:09:44 +0000] "GET /wp-temp.php HTTP/1.1" 403 287 "-" "-"
20.215.216.94 - - [26/Jul/2026:04:09:44 +0000] "GET //wp-admin/js/index.php HTTP/1.1" 403 287 "-" "-"
20.215.216.94 - - [26/Jul/2026:04:09:45 +0000] "GET /puc.php HTTP/1.1" 403 287 "-" "-"
20.215.216.94 - - [26/Jul/2026:04:09:45 +0000] "GET /dx.php HTTP/1.1" 403 287 "-" "-"
20.215.216.94 - - [26/Jul/2026:04:09:45 +0000] "GET //wp-includes/Requests/ HTTP/1.1" 403 287 "-" "-"
20.215.216.94 - - [26/Jul/2026:04:09:46 +0000] "GET /7.php HTTP/1.1" 403 287 "-" "-"
20.215.216.94 - - [26/Jul/2026:04:09:46 +0000] "GET /8.php HTTP/1.1" 403 287 "-" "-"
20.215.216.94 - - [26/Jul/2026:04:09:46 +0000] "GET /1.php HTTP/1.1" 403 287 "-" "-"
20.215.216.94 - - [26/Jul/2026:04:09:47 +0000] "GET /about.php HTTP/1.1" 403 287 "-" "-"
20.215.216.94 - - [26/Jul/2026:04:09:49 +0000] "GET //admin.php HTTP/1.1" 301 0 "-" "-"
216.73.216.206 - - [26/Jul/2026:04:09:51 +0000] "GET /ilia-oil-y-25/?add-to-cart=924 HTTP/1.1" 200 34777 "-" "Mozilla/5.0 AppleWebKit/537.36 (KHTML, like Gecko; compatible; ClaudeBot/1.0; +claudebot@anthropic.com)"
20.215.216.94 - - [26/Jul/2026:04:09:51 +0000] "GET /admin.php HTTP/1.1" 404 111668 "-" "-"
20.215.216.94 - - [26/Jul/2026:04:09:55 +0000] "GET //edit.php HTTP/1.1" 301 0 "-" "-"
20.215.216.94 - - [26/Jul/2026:04:09:57 +0000] "GET /edit.php HTTP/1.1" 404 111667 "-" "-"
216.73.216.206 - - [26/Jul/2026:04:10:00 +0000] "GET /ilia-oil-y-25/?add-to-cart=937 HTTP/1.1" 200 34784 "-" "Mozilla/5.0 AppleWebKit/537.36 (KHTML, like Gecko; compatible; ClaudeBot/1.0; +claudebot@anthropic.com)"
20.215.216.94 - - [26/Jul/2026:04:10:00 +0000] "GET /wp-content/admin.php HTTP/1.1" 404 111668 "-" "-"
38.177.186.189 - - [26/Jul/2026:04:10:04 +0000] "POST /wp-cron.php?doing_wp_cron=1785039003.9575569629669189453125 HTTP/1.1" 499 0 "-" "WordPress/7.0; https://www.groatmachinery.com"
20.215.216.94 - - [26/Jul/2026:04:10:04 +0000] "GET /inputs.php HTTP/1.1" 404 111669 "-" "-"
20.215.216.94 - - [26/Jul/2026:04:10:05 +0000] "GET //av.php HTTP/1.1" 403 287 "-" "-"
20.215.216.94 - - [26/Jul/2026:04:10:05 +0000] "GET /classwithtostring.php?p= HTTP/1.1" 403 287 "-" "-"
20.215.216.94 - - [26/Jul/2026:04:10:05 +0000] "GET /wp-content/themes/index.php HTTP/1.1" 403 287 "-" "-"
20.215.216.94 - - [26/Jul/2026:04:10:06 +0000] "GET /wp-blog.php HTTP/1.1" 403 287 "-" "-"
20.215.216.94 - - [26/Jul/2026:04:10:06 +0000] "GET //wp-includes/js/jquery/ HTTP/1.1" 403 287 "-" "-"
20.215.216.94 - - [26/Jul/2026:04:10:08 +0000] "GET //wp-content/admin.php HTTP/1.1" 301 0 "-" "-"
20.215.216.94 - - [26/Jul/2026:04:10:11 +0000] "GET /ligeqoc/admin.php HTTP/1.1" 404 111668 "-" "-"
20.215.216.94 - - [26/Jul/2026:04:10:14 +0000] "GET //adminfuns.php HTTP/1.1" 301 0 "-" "-"
20.215.216.94 - - [26/Jul/2026:04:10:16 +0000] "GET /adminfuns.php HTTP/1.1" 404 111671 "-" "-"
20.215.216.94 - - [26/Jul/2026:04:10:17 +0000] "GET //goods.php HTTP/1.1" 403 287 "-" "-"
20.215.216.94 - - [26/Jul/2026:04:10:20 +0000] "GET /ms-edit.php HTTP/1.1" 404 111669 "-" "-"
20.215.216.94 - - [26/Jul/2026:04:10:21 +0000] "GET /222.php HTTP/1.1" 403 287 "-" "-"
20.215.216.94 - - [26/Jul/2026:04:10:21 +0000] "GET //cgi-bin/index.php HTTP/1.1" 404 284 "-" "-"
20.215.216.94 - - [26/Jul/2026:04:10:22 +0000] "GET //wp-includes/css/dist/ HTTP/1.1" 403 287 "-" "-"
20.215.216.94 - - [26/Jul/2026:04:10:22 +0000] "GET /BDKR28WP.php HTTP/1.1" 403 287 "-" "-"
20.215.216.94 - - [26/Jul/2026:04:10:22 +0000] "GET //wp-includes/l10n/ HTTP/1.1" 403 287 "-" "-"
20.215.216.94 - - [26/Jul/2026:04:10:22 +0000] "GET /wp-content/uploads/ HTTP/1.1" 403 287 "-" "-"
20.215.216.94 - - [26/Jul/2026:04:10:23 +0000] "GET /wp.php HTTP/1.1" 403 287 "-" "-"
20.215.216.94 - - [26/Jul/2026:04:10:23 +0000] "GET //abcd.php HTTP/1.1" 403 287 "-" "-"
20.215.216.94 - - [26/Jul/2026:04:10:23 +0000] "GET //a1.php HTTP/1.1" 403 287 "-" "-"
20.215.216.94 - - [26/Jul/2026:04:10:24 +0000] "GET /wp-includes/Text/Diff/Engine/about.php HTTP/1.1" 403 287 "-" "-"
20.215.216.94 - - [26/Jul/2026:04:10:24 +0000] "GET //cgi-bin/admin.php HTTP/1.1" 404 284 "-" "-"
20.215.216.94 - - [26/Jul/2026:04:10:24 +0000] "GET /wp-content/ HTTP/1.1" 200 0 "-" "-"
20.215.216.94 - - [26/Jul/2026:04:10:25 +0000] "GET /simple.php HTTP/1.1" 403 287 "-" "-"
20.215.216.94 - - [26/Jul/2026:04:10:25 +0000] "GET /xxx.php HTTP/1.1" 403 287 "-" "-"
20.215.216.94 - - [26/Jul/2026:04:10:25 +0000] "GET /hypo.php HTTP/1.1" 403 287 "-" "-"
20.215.216.94 - - [26/Jul/2026:04:10:26 +0000] "GET /wp-admin/css/colors/blue/ HTTP/1.1" 403 287 "-" "-"
20.215.216.94 - - [26/Jul/2026:04:10:26 +0000] "GET /chosen.php HTTP/1.1" 403 287 "-" "-"
20.215.216.94 - - [26/Jul/2026:04:10:26 +0000] "GET //wp-includes/block-bindings/ HTTP/1.1" 403 287 "-" "-"
20.215.216.94 - - [26/Jul/2026:04:10:27 +0000] "GET /als.php HTTP/1.1" 403 287 "-" "-"
20.215.216.94 - - [26/Jul/2026:04:10:27 +0000] "GET /pol.php HTTP/1.1" 403 287 "-" "-"
20.215.216.94 - - [26/Jul/2026:04:10:27 +0000] "GET /file5.php HTTP/1.1" 403 287 "-" "-"
20.215.216.94 - - [26/Jul/2026:04:10:28 +0000] "GET /file.php? HTTP/1.1" 403 287 "-" "-"
20.215.216.94 - - [26/Jul/2026:04:10:30 +0000] "GET /admin.php? HTTP/1.1" 404 111668 "-" "-"
20.215.216.94 - - [26/Jul/2026:04:10:31 +0000] "GET /aa2.php HTTP/1.1" 403 287 "-" "-"
20.215.216.94 - - [26/Jul/2026:04:10:32 +0000] "GET /ccou.php HTTP/1.1" 403 287 "-" "-"
20.215.216.94 - - [26/Jul/2026:04:10:32 +0000] "GET /dr.php HTTP/1.1" 403 287 "-" "-"
20.215.216.94 - - [26/Jul/2026:04:10:32 +0000] "GET /xamp.php HTTP/1.1" 403 287 "-" "-"
20.215.216.94 - - [26/Jul/2026:04:10:33 +0000] "GET /bless.php HTTP/1.1" 403 287 "-" "-"
20.215.216.94 - - [26/Jul/2026:04:10:33 +0000] "GET /file25.php HTTP/1.1" 403 287 "-" "-"
20.215.216.94 - - [26/Jul/2026:04:10:33 +0000] "GET /file6.php HTTP/1.1" 403 287 "-" "-"
20.215.216.94 - - [26/Jul/2026:04:10:34 +0000] "GET /a2.php HTTP/1.1" 403 287 "-" "-"
20.215.216.94 - - [26/Jul/2026:04:10:34 +0000] "GET /file15.php HTTP/1.1" 403 287 "-" "-"
20.215.216.94 - - [26/Jul/2026:04:10:34 +0000] "GET /f35.php HTTP/1.1" 403 287 "-" "-"
20.215.216.94 - - [26/Jul/2026:04:10:36 +0000] "GET /wp-load.php HTTP/1.1" 200 0 "-" "-"
20.215.216.94 - - [26/Jul/2026:04:10:36 +0000] "GET //xwpg.php HTTP/1.1" 403 287 "-" "-"
20.215.216.94 - - [26/Jul/2026:04:10:36 +0000] "GET //wp-includes/assets/ HTTP/1.1" 403 287 "-" "-"
20.215.216.94 - - [26/Jul/2026:04:10:37 +0000] "GET /wp-admin/css/colors/sunrise/ HTTP/1.1" 403 287 "-" "-"
20.215.216.94 - - [26/Jul/2026:04:10:37 +0000] "GET /xstelth.php HTTP/1.1" 403 287 "-" "-"
20.215.216.94 - - [26/Jul/2026:04:10:37 +0000] "GET /wp-admin/network/plugins.php HTTP/1.1" 403 287 "-" "-"
20.215.216.94 - - [26/Jul/2026:04:10:38 +0000] "GET /aaa.php HTTP/1.1" 403 287 "-" "-"
20.215.216.94 - - [26/Jul/2026:04:10:38 +0000] "GET /gecko.php HTTP/1.1" 403 287 "-" "-"
20.215.216.94 - - [26/Jul/2026:04:10:38 +0000] "GET /sh3ll.php HTTP/1.1" 403 287 "-" "-"
20.215.216.94 - - [26/Jul/2026:04:10:39 +0000] "GET /pbck.php HTTP/1.1" 403 287 "-" "-"
20.215.216.94 - - [26/Jul/2026:04:10:39 +0000] "GET /xiugai.php?p= HTTP/1.1" 403 287 "-" "-"
20.215.216.94 - - [26/Jul/2026:04:10:39 +0000] "GET /e.php HTTP/1.1" 403 287 "-" "-"
20.215.216.94 - - [26/Jul/2026:04:10:40 +0000] "GET /for.php HTTP/1.1" 403 287 "-" "-"
20.215.216.94 - - [26/Jul/2026:04:10:40 +0000] "GET /ssh3ll.php HTTP/1.1" 403 287 "-" "-"
20.215.216.94 - - [26/Jul/2026:04:10:40 +0000] "GET /adminner.php HTTP/1.1" 403 287 "-" "-"
216.73.216.206 - - [26/Jul/2026:04:10:41 +0000] "GET /ilia-oil-y-25/?add-to-cart=912 HTTP/1.1" 200 34805 "-" "Mozilla/5.0 AppleWebKit/537.36 (KHTML, like Gecko; compatible; ClaudeBot/1.0; +claudebot@anthropic.com)"
20.215.216.94 - - [26/Jul/2026:04:10:41 +0000] "GET /82.php HTTP/1.1" 403 287 "-" "-"
20.215.216.94 - - [26/Jul/2026:04:10:41 +0000] "GET /kir.php HTTP/1.1" 403 287 "-" "-"
20.215.216.94 - - [26/Jul/2026:04:10:41 +0000] "GET /xhar.php HTTP/1.1" 403 287 "-" "-"
20.215.216.94 - - [26/Jul/2026:04:10:42 +0000] "GET /file1221.php HTTP/1.1" 403 287 "-" "-"
20.215.216.94 - - [26/Jul/2026:04:10:42 +0000] "GET /inx.php HTTP/1.1" 403 287 "-" "-"
20.215.216.94 - - [26/Jul/2026:04:10:42 +0000] "GET /qqqa.php HTTP/1.1" 403 287 "-" "-"
20.215.216.94 - - [26/Jul/2026:04:10:43 +0000] "GET /wp-firewall.php HTTP/1.1" 403 287 "-" "-"
20.215.216.94 - - [26/Jul/2026:04:10:43 +0000] "GET /reviall.php HTTP/1.1" 403 287 "-" "-"
20.215.216.94 - - [26/Jul/2026:04:10:43 +0000] "GET /404.php?p= HTTP/1.1" 403 287 "-" "-"
20.215.216.94 - - [26/Jul/2026:04:10:44 +0000] "GET /pep.php HTTP/1.1" 403 287 "-" "-"
20.215.216.94 - - [26/Jul/2026:04:10:44 +0000] "GET /bolt.php HTTP/1.1" 403 287 "-" "-"
20.215.216.94 - - [26/Jul/2026:04:10:44 +0000] "GET /pg.php?p= HTTP/1.1" 403 287 "-" "-"
20.215.216.94 - - [26/Jul/2026:04:10:45 +0000] "GET /gf.php?p= HTTP/1.1" 403 287 "-" "-"
20.215.216.94 - - [26/Jul/2026:04:10:45 +0000] "GET /File.php HTTP/1.1" 403 287 "-" "-"
20.215.216.94 - - [26/Jul/2026:04:10:45 +0000] "GET /fi22.php HTTP/1.1" 403 287 "-" "-"
20.215.216.94 - - [26/Jul/2026:04:10:46 +0000] "GET /zero.php HTTP/1.1" 403 287 "-" "-"
20.215.216.94 - - [26/Jul/2026:04:10:46 +0000] "GET /1xmomo.php HTTP/1.1" 403 287 "-" "-"
20.215.216.94 - - [26/Jul/2026:04:10:46 +0000] "GET /il.php HTTP/1.1" 403 287 "-" "-"
20.215.216.94 - - [26/Jul/2026:04:10:47 +0000] "GET /fmws.php HTTP/1.1" 403 287 "-" "-"
20.215.216.94 - - [26/Jul/2026:04:10:47 +0000] "GET /sgs.php HTTP/1.1" 403 287 "-" "-"
38.177.186.189 - - [26/Jul/2026:04:11:26 +0000] "POST /wp-cron.php?doing_wp_cron=1785039085.5642979145050048828125 HTTP/1.1" 499 0 "-" "WordPress/7.0; https://www.groatmachinery.com"
57.141.0.18 - - [26/Jul/2026:04:11:26 +0000] "GET /ilia-pods-p-91/ HTTP/1.1" 200 234523 "-" "Mozilla/5.0 (Windows NT 10.0; Win64; x64) AppleWebKit/537.36 (KHTML, like Gecko) Chrome/145.0.0.0 Safari/537.36 (compatible; meta-externalagent/1.1 (+https://developers.facebook.com/docs/sharing/webmasters/crawler))"
216.73.216.206 - - [26/Jul/2026:04:11:28 +0000] "GET /ilia-oil-y-25/?add-to-cart=869 HTTP/1.1" 200 34693 "-" "Mozilla/5.0 AppleWebKit/537.36 (KHTML, like Gecko; compatible; ClaudeBot/1.0; +claudebot@anthropic.com)"
38.177.186.189 - - [26/Jul/2026:04:12:26 +0000] "POST /wp-cron.php?doing_wp_cron=1785039145.4796659946441650390625 HTTP/1.1" 499 0 "-" "WordPress/7.0; https://www.groatmachinery.com"
57.141.0.8 - - [26/Jul/2026:04:12:26 +0000] "GET /ilia-pods-v-74/ HTTP/1.1" 200 234547 "-" "Mozilla/5.0 (Windows NT 10.0; Win64; x64) AppleWebKit/537.36 (KHTML, like Gecko) Chrome/145.0.0.0 Safari/537.36 (compatible; meta-externalagent/1.1 (+https://developers.facebook.com/docs/sharing/webmasters/crawler))"
216.73.216.206 - - [26/Jul/2026:04:12:41 +0000] "GET /ilia-oil-y-25/?add-to-cart=870 HTTP/1.1" 200 34775 "-" "Mozilla/5.0 AppleWebKit/537.36 (KHTML, like Gecko; compatible; ClaudeBot/1.0; +claudebot@anthropic.com)"
57.141.0.12 - - [26/Jul/2026:04:12:46 +0000] "GET /ilia-oil-m-39/ HTTP/1.1" 200 234712 "-" "Mozilla/5.0 (Windows NT 10.0; Win64; x64) AppleWebKit/537.36 (KHTML, like Gecko) Chrome/145.0.0.0 Safari/537.36 (compatible; meta-externalagent/1.1 (+https://developers.facebook.com/docs/sharing/webmasters/crawler))"
98.80.16.166 - - [26/Jul/2026:04:13:26 +0000] "GET /robots.txt HTTP/1.1" 200 84 "-" "Mozilla/5.0 (Macintosh; Intel Mac OS X 10_10_1) AppleWebKit/600.2.5 (KHTML, like Gecko) Version/8.0.2 Safari/600.2.5 (Gort)"
38.177.186.189 - - [26/Jul/2026:04:14:26 +0000] "POST /wp-cron.php?doing_wp_cron=1785039265.6015150547027587890625 HTTP/1.1" 499 0 "-" "WordPress/7.0; https://www.groatmachinery.com"
38.177.186.189 - - [26/Jul/2026:04:14:26 +0000] "GET / HTTP/1.1" 301 0 "-" "Mozilla/5.0 (X11; Linux x86_64) AppleWebKit/537.36 (KHTML, like Gecko) Chrome/44.0.2403.157 Safari/537.36"
38.177.186.189 - - [26/Jul/2026:04:14:28 +0000] "GET / HTTP/1.1" 499 0 "http://38.177.186.189" "Mozilla/5.0 (X11; Linux x86_64) AppleWebKit/537.36 (KHTML, like Gecko) Chrome/44.0.2403.157 Safari/537.36"
46.105.48.30 - - [26/Jul/2026:04:17:29 +0000] "GET /robots.txt HTTP/1.1" 200 84 "-" "Mozilla/5.0 (compatible; MJ12bot/v2.0.5; http://mj12bot.com/)"
157.254.104.38 - - [26/Jul/2026:04:17:33 +0000] "GET / HTTP/1.1" 403 0 "-" "Mozilla/5.0 (Macintosh; Intel Mac OS X 10_15_7) AppleWebKit/605.1.15 (KHTML, like Gecko) Version/21.1 Safari/605.1.15"
38.177.186.189 - - [26/Jul/2026:04:17:33 +0000] "POST /wp-cron.php?doing_wp_cron=1785039452.8382470607757568359375 HTTP/1.1" 499 0 "-" "WordPress/7.0; https://www.groatmachinery.com"
46.105.48.30 - - [26/Jul/2026:04:17:33 +0000] "GET / HTTP/1.1" 200 36450 "-" "Mozilla/5.0 (compatible; MJ12bot/v2.0.5; http://mj12bot.com/)"
184.174.15.171 - - [26/Jul/2026:04:17:35 +0000] "GET / HTTP/1.1" 403 0 "-" "Mozilla/5.0 (Windows NT 10.0; Win64; x64) AppleWebKit/537.36 (KHTML, like Gecko) Chrome/122.0.7512.0 Safari/537.36"
213.209.159.175 - - [26/Jul/2026:04:19:40 +0000] "GET /phpinfo.php HTTP/1.1" 403 279 "-" "Mozilla/4.0 (compatible; MSIE 6.0; Windows NT 5.1; SV1; MRA 4.6 (build 01425); MRSPUTNIK 1, 5, 0, 19 SW)"
213.209.159.175 - - [26/Jul/2026:04:19:42 +0000] "GET /phpinfo/ HTTP/1.1" 403 0 "-" "Mozilla/5.0 (Windows NT 6.0; rv:51.0) Gecko/20100101 Firefox/51.0"
213.209.159.175 - - [26/Jul/2026:04:19:45 +0000] "GET /test HTTP/1.1" 403 0 "-" "Mozilla/5.0 (Windows; U; Windows NT 5.1; en-US) AppleWebKit/528.10 (KHTML, like Gecko) Chrome/2.0.157.2 Safari/528.10"
213.209.159.175 - - [26/Jul/2026:04:19:47 +0000] "GET /?phpinfo=-1 HTTP/1.1" 403 0 "-" "Mozilla/5.0 (Linux; Android 7.1.2; AFTMM Build/NS6265; wv) AppleWebKit/537.36 (KHTML, like Gecko) Version/4.0 Chrome/70.0.3538.110 Mobile Safari/537.36"
213.209.159.175 - - [26/Jul/2026:04:19:50 +0000] "GET /info/ HTTP/1.1" 403 0 "-" "Mozilla/5.0 (Windows; U; WinNT4.0; en-US; rv:1.7.9) Gecko/20050711 Firefox/1.0.5"
213.209.159.175 - - [26/Jul/2026:04:19:54 +0000] "GET /static//proc/1/environ HTTP/1.1" 403 0 "-" "Opera/9.10 (X11; Linux i686; U; pl)"
213.209.159.175 - - [26/Jul/2026:04:19:57 +0000] "GET /.env.txt HTTP/1.1" 403 0 "-" "Mozilla/5.0 (Macintosh; Intel Mac OS X 10_9_5) AppleWebKit/601.3.9 (KHTML, like Gecko) Version/7.1.3 Safari/537.85.12"
213.209.159.175 - - [26/Jul/2026:04:20:02 +0000] "GET /_ignition/health-check HTTP/1.1" 403 0 "-" "Mozilla/5.0 (X11; Linux x86_64; rv:39.0) Gecko/20100101 Firefox/39.0"
213.209.159.175 - - [26/Jul/2026:04:20:03 +0000] "GET /_profiler/phpinfo.php HTTP/1.1" 403 0 "-" "Mozilla/5.0 (Macintosh; U; Intel Mac OS X 10_6_8) AppleWebKit/537.75.14 (KHTML, like Gecko) Version/7.0.3 Safari/7046A194A"
213.209.159.175 - - [26/Jul/2026:04:20:06 +0000] "GET /_profiler/phpinfo HTTP/1.1" 403 0 "-" "Mozilla/5.0 (Macintosh; U; Intel Mac OS X 10_5_5; en-us) AppleWebKit/525.18 (KHTML, like Gecko) Version/3.1.2 Safari/525.20.1"
213.209.159.175 - - [26/Jul/2026:04:20:09 +0000] "GET /admin/phpinfo HTTP/1.1" 403 0 "-" "Mozilla/5.0 (Macintosh; U; Intel Mac OS X 10_4_11; pt-pt) AppleWebKit/533.19.4 (KHTML, like Gecko) Version/4.1.3 Safari/533.19.4"
204.168.173.224 - - [26/Jul/2026:04:20:10 +0000] "GET / HTTP/1.1" 200 81340 "-" "Tetrus-Enricher/1.0"
38.177.186.189 - - [26/Jul/2026:04:20:10 +0000] "POST /wp-cron.php?doing_wp_cron=1785039609.4835031032562255859375 HTTP/1.1" 499 0 "-" "WordPress/7.0; https://www.groatmachinery.com"
213.209.159.175 - - [26/Jul/2026:04:20:11 +0000] "GET /config.env HTTP/1.1" 403 0 "-" "Mozilla/5.0 (Linux; Android 5.1.1; A570BL Build/LMY47V; wv) AppleWebKit/537.36 (KHTML, like Gecko) Version/4.0 Chrome/46.0.2490.76 Mobile Safari/537.36"
213.209.159.175 - - [26/Jul/2026:04:20:15 +0000] "GET /twilio.env HTTP/1.1" 403 0 "-" "Mozilla/5.0 (Linux; Android 6.0.1; Z981 Build/MMB29M) AppleWebKit/537.36 (KHTML, like Gecko) Chrome/61.0.3163.98 Mobile Safari/537.36"
213.209.159.175 - - [26/Jul/2026:04:20:17 +0000] "GET /?url=.env HTTP/1.1" 403 0 "-" "Mozilla/5.0 (X11; U; Linux x86_64; en-US; rv:1.7.12) Gecko/20051218 Firefox/1.0.7"
159.203.172.85 - - [26/Jul/2026:04:22:05 +0000] "GET / HTTP/1.1" 403 0 "-" "Mozilla/5.0 (X11; Linux x86_64) AppleWebKit/537.36 (KHTML, like Gecko) Chrome/142.0.0.0 Safari/537.36"
159.203.172.85 - - [26/Jul/2026:04:22:12 +0000] "GET /favicon.ico HTTP/1.1" 500 55 "https://38.177.186.189/" "Mozilla/5.0 (X11; Linux x86_64) AppleWebKit/537.36 (KHTML, like Gecko) Chrome/142.0.0.0 Safari/537.36"
62.133.46.22 - - [26/Jul/2026:04:22:44 +0000] "GET / HTTP/1.1" 403 0 "-" "Mozilla/5.0 (Windows NT 10.0; Win64; x64; rv:128.0) Gecko/20100101 Firefox/128.0"
62.133.46.22 - - [26/Jul/2026:04:22:46 +0000] "GET / HTTP/1.1" 400 150 "-" "Mozilla/5.0 (Windows NT 10.0; Win64; x64; rv:109.0) Gecko/20100101 Firefox/90.0"
62.133.46.22 - - [26/Jul/2026:04:22:48 +0000] "GET https://38.177.186.189:443/ HTTP/1.1" 403 0 "-" "Mozilla/5.0 (Windows NT 10.0; Win64; x64; rv:109.0) Gecko/20100101 Firefox/90.0"
38.177.186.189 - - [26/Jul/2026:04:28:23 +0000] "POST /wp-cron.php?doing_wp_cron=1785040102.0835421085357666015625 HTTP/1.1" 499 0 "-" "WordPress/7.0; https://www.groatmachinery.com"
38.177.186.189 - - [26/Jul/2026:04:28:23 +0000] "GET / HTTP/1.1" 301 0 "-" "Mozilla/5.0 (X11; Linux x86_64) AppleWebKit/537.36 (KHTML, like Gecko) Chrome/44.0.2403.157 Safari/537.36"
38.177.186.189 - - [26/Jul/2026:04:28:24 +0000] "GET / HTTP/1.1" 499 0 "http://38.177.186.189" "Mozilla/5.0 (X11; Linux x86_64) AppleWebKit/537.36 (KHTML, like Gecko) Chrome/44.0.2403.157 Safari/537.36"
38.177.186.189 - - [26/Jul/2026:04:28:28 +0000] "POST /wp-admin/admin-ajax.php?action=wp_1_wc_privacy_cleanup&nonce=73f0a05b14 HTTP/1.1" 499 0 "-" "WordPress/7.0; https://www.groatmachinery.com"
38.177.186.189 - - [26/Jul/2026:04:30:20 +0000] "POST /wp-cron.php?doing_wp_cron=1785040219.2473950386047363281250 HTTP/1.1" 499 0 "-" "WordPress/7.0; https://www.groatmachinery.com"
43.165.126.130 - - [26/Jul/2026:04:30:20 +0000] "GET / HTTP/1.1" 301 0 "-" "Mozilla/5.0 (iPhone; CPU iPhone OS 13_2_3 like Mac OS X) AppleWebKit/605.1.15 (KHTML, like Gecko) Version/13.0.3 Mobile/15E148 Safari/604.1"
43.165.126.130 - - [26/Jul/2026:04:30:23 +0000] "GET / HTTP/1.1" 200 36454 "http://groatmachinery.com" "Mozilla/5.0 (iPhone; CPU iPhone OS 13_2_3 like Mac OS X) AppleWebKit/605.1.15 (KHTML, like Gecko) Version/13.0.3 Mobile/15E148 Safari/604.1"
38.177.186.189 - - [26/Jul/2026:04:32:57 +0000] "POST /wp-cron.php?doing_wp_cron=1785040376.3289771080017089843750 HTTP/1.1" 499 0 "-" "WordPress/7.0; https://www.groatmachinery.com"
57.141.0.69 - - [26/Jul/2026:04:32:57 +0000] "GET /gaqepuh/2026/06/oil-lizhi-75x75.webp HTTP/1.1" 404 111740 "-" "Mozilla/5.0 (Macintosh; Intel Mac OS X 10_15_7) AppleWebKit/537.36 (KHTML, like Gecko) Chrome/145.0.0.0 Safari/537.36 (compatible; meta-externalagent/1.1 (+https://developers.facebook.com/docs/sharing/webmasters/crawler))"
45.56.79.53 - - [26/Jul/2026:04:34:27 +0000] "GET / HTTP/1.1" 403 0 "-" "Mozilla/5.0 zgrab/0.x"
38.177.186.189 - - [26/Jul/2026:04:36:03 +0000] "POST /wp-cron.php?doing_wp_cron=1785040562.8240649700164794921875 HTTP/1.1" 499 0 "-" "WordPress/7.0; https://www.groatmachinery.com"
57.141.0.70 - - [26/Jul/2026:04:36:03 +0000] "GET /ilia-oil-k-37/ HTTP/1.1" 200 234046 "-" "Mozilla/5.0 (Macintosh; Intel Mac OS X 10_15_7) AppleWebKit/537.36 (KHTML, like Gecko) Chrome/145.0.0.0 Safari/537.36 (compatible; meta-externalagent/1.1 (+https://developers.facebook.com/docs/sharing/webmasters/crawler))"
46.151.178.13 - - [26/Jul/2026:04:40:46 +0000] "PROPFIND / HTTP/1.1" 403 0 "http://38.177.186.189:443/" "-"
38.177.186.189 - - [26/Jul/2026:04:42:24 +0000] "POST /wp-cron.php?doing_wp_cron=1785040943.4063990116119384765625 HTTP/1.1" 499 0 "-" "WordPress/7.0; https://www.groatmachinery.com"
38.177.186.189 - - [26/Jul/2026:04:42:24 +0000] "GET / HTTP/1.1" 301 0 "-" "Mozilla/5.0 (X11; Linux x86_64) AppleWebKit/537.36 (KHTML, like Gecko) Chrome/44.0.2403.157 Safari/537.36"
38.177.186.189 - - [26/Jul/2026:04:42:26 +0000] "GET / HTTP/1.1" 499 0 "http://38.177.186.189" "Mozilla/5.0 (X11; Linux x86_64) AppleWebKit/537.36 (KHTML, like Gecko) Chrome/44.0.2403.157 Safari/537.36"
38.177.186.189 - - [26/Jul/2026:04:42:27 +0000] "POST /wp-cron.php?doing_wp_cron=1785040946.9530119895935058593750 HTTP/1.1" 499 0 "-" "WordPress/7.0; https://www.groatmachinery.com"
40.77.167.49 - - [26/Jul/2026:04:42:57 +0000] "GET /sitemap_index.xml HTTP/1.1" 200 603 "-" "Mozilla/5.0 AppleWebKit/537.36 (KHTML, like Gecko; compatible; bingbot/2.0; +http://www.bing.com/bingbot.htm) Chrome/116.0.1938.76 Safari/537.36"
38.177.186.189 - - [26/Jul/2026:04:44:47 +0000] "POST /wp-cron.php?doing_wp_cron=1785041086.2737400531768798828125 HTTP/1.1" 499 0 "-" "WordPress/7.0; https://www.groatmachinery.com"
57.141.0.27 - - [26/Jul/2026:04:44:47 +0000] "GET /ilia-pods-q-17/ HTTP/1.1" 200 234252 "-" "Mozilla/5.0 (Windows NT 10.0; Win64; x64) AppleWebKit/537.36 (KHTML, like Gecko) Chrome/145.0.0.0 Safari/537.36 (compatible; meta-externalagent/1.1 (+https://developers.facebook.com/docs/sharing/webmasters/crawler))"
38.177.186.189 - - [26/Jul/2026:04:46:30 +0000] "POST /wp-cron.php?doing_wp_cron=1785041189.8017539978027343750000 HTTP/1.1" 499 0 "-" "WordPress/7.0; https://www.groatmachinery.com"
93.174.93.12 - - [26/Jul/2026:04:46:30 +0000] "GET / HTTP/1.0" 301 0 "-" "Mozilla/5.0 (Windows NT 6.1; WOW64) AppleWebKit/537.36 (KHTML, like Gecko) Chrome/74.0.3729.131 Safari/537.36"
69.5.169.83 - - [26/Jul/2026:04:50:00 +0000] "GET / HTTP/1.1" 403 0 "-" "Mozilla/5.0 (compatible; Infrawatch/1.0; +https://infrawat.ch/)"
69.5.169.105 - - [26/Jul/2026:04:50:23 +0000] "GET /api/getData?path=player%3Aplayer%2Fdata&roles=value HTTP/1.1" 403 0 "-" "-"
38.177.186.189 - - [26/Jul/2026:04:50:33 +0000] "POST /wp-cron.php?doing_wp_cron=1785041432.7316100597381591796875 HTTP/1.1" 499 0 "-" "WordPress/7.0; https://www.groatmachinery.com"
124.158.184.181 - - [26/Jul/2026:04:50:33 +0000] "GET /ilia-oil-d-56/?add-to-cart=871 HTTP/1.1" 200 34791 "-" "Mozilla/5.0 (Macintosh; Intel Mac OS X 10_15_7) AppleWebKit/537.36 (KHTML, like Gecko) Chrome/133.0.0.0 Safari/537.36"
66.175.213.4 - - [26/Jul/2026:04:50:45 +0000] "GET / HTTP/1.1" 403 0 "-" "Mozilla/5.0 (Macintosh; Intel Mac OS X 13_1) AppleWebKit/537.36 (KHTML, like Gecko) Chrome/108.0.0.0 Safari/537.36"
66.175.213.4 - - [26/Jul/2026:04:51:14 +0000] "\x16\x03\x01\x00{\x01\x00\x00w\x03\x039i\xF6F\x13\x14\x17B\x01^g\x1E\xA1\xB7#\xD6\xCD\x1E\xD8\xC41\x83\x02\x90E\x0Fu\xE6\xFEt\xEE\x8C\x00\x00\x1A\xC0/\xC0+\xC0\x11\xC0\x07\xC0\x13\xC0\x09\xC0\x14\xC0" 400 150 "-" "-"
38.177.186.189 - - [26/Jul/2026:04:51:50 +0000] "POST /wp-cron.php?doing_wp_cron=1785041509.0295040607452392578125 HTTP/1.1" 499 0 "-" "WordPress/7.0; https://www.groatmachinery.com"
223.181.33.11 - - [26/Jul/2026:04:51:50 +0000] "GET / HTTP/1.1" 301 0 "-" "Mozilla/5.0 (Macintosh; Intel Mac OS X 10_15_7) AppleWebKit/537.36 (KHTML, like Gecko) Chrome/130.0.0.0 Safari/537.36"
