135.119.74.228 - - [26/Jul/2026:19:55:59 +0000] "GET /about/function.php HTTP/1.1" 301 0 "-" "Mozilla/5.0 (Windows NT 10.0; Win64; x64) AppleWebKit/537.36 (KHTML, like Gecko) Chrome/120.0.0.0 Safari/537.36"
38.177.186.189 - - [26/Jul/2026:19:56:02 +0000] "POST /wp-cron.php?doing_wp_cron=1785095761.6195399761199951171875 HTTP/1.1" 499 0 "-" "WordPress/7.0; https://www.groatmachinery.com"
135.119.74.228 - - [26/Jul/2026:19:56:02 +0000] "GET /function/function.php HTTP/1.1" 301 0 "-" "Mozilla/5.0 (Windows NT 10.0; Win64; x64) AppleWebKit/537.36 (KHTML, like Gecko) Chrome/120.0.0.0 Safari/537.36"
135.119.74.228 - - [26/Jul/2026:19:56:02 +0000] "GET /wp-signin.php HTTP/1.1" 403 284 "-" "Mozilla/5.0 (Windows NT 10.0; Win64; x64) AppleWebKit/537.36 (KHTML, like Gecko) Chrome/120.0.0.0 Safari/537.36"
135.119.74.228 - - [26/Jul/2026:19:56:03 +0000] "GET /f35.php HTTP/1.1" 403 284 "-" "Mozilla/5.0 (Windows NT 10.0; Win64; x64) AppleWebKit/537.36 (KHTML, like Gecko) Chrome/120.0.0.0 Safari/537.36"
135.119.74.228 - - [26/Jul/2026:19:56:03 +0000] "GET /gg.php HTTP/1.1" 403 284 "-" "Mozilla/5.0 (Windows NT 10.0; Win64; x64) AppleWebKit/537.36 (KHTML, like Gecko) Chrome/120.0.0.0 Safari/537.36"
135.119.74.228 - - [26/Jul/2026:19:56:03 +0000] "GET /class.php HTTP/1.1" 403 284 "-" "Mozilla/5.0 (Windows NT 10.0; Win64; x64) AppleWebKit/537.36 (KHTML, like Gecko) Chrome/120.0.0.0 Safari/537.36"
135.119.74.228 - - [26/Jul/2026:19:56:03 +0000] "GET /flower.php HTTP/1.1" 403 284 "-" "Mozilla/5.0 (Windows NT 10.0; Win64; x64) AppleWebKit/537.36 (KHTML, like Gecko) Chrome/120.0.0.0 Safari/537.36"
135.119.74.228 - - [26/Jul/2026:19:56:04 +0000] "GET /motu.php HTTP/1.1" 403 284 "-" "Mozilla/5.0 (Windows NT 10.0; Win64; x64) AppleWebKit/537.36 (KHTML, like Gecko) Chrome/120.0.0.0 Safari/537.36"
135.119.74.228 - - [26/Jul/2026:19:56:04 +0000] "GET /404.php HTTP/1.1" 403 284 "-" "Mozilla/5.0 (Windows NT 10.0; Win64; x64) AppleWebKit/537.36 (KHTML, like Gecko) Chrome/120.0.0.0 Safari/537.36"
135.119.74.228 - - [26/Jul/2026:19:56:04 +0000] "GET /lite.php HTTP/1.1" 403 284 "-" "Mozilla/5.0 (Windows NT 10.0; Win64; x64) AppleWebKit/537.36 (KHTML, like Gecko) Chrome/120.0.0.0 Safari/537.36"
135.119.74.228 - - [26/Jul/2026:19:56:04 +0000] "GET /lock360.php HTTP/1.1" 403 284 "-" "Mozilla/5.0 (Windows NT 10.0; Win64; x64) AppleWebKit/537.36 (KHTML, like Gecko) Chrome/120.0.0.0 Safari/537.36"
135.119.74.228 - - [26/Jul/2026:19:56:04 +0000] "GET /wp-content/wp-conflg.php HTTP/1.1" 403 284 "-" "Mozilla/5.0 (Windows NT 10.0; Win64; x64) AppleWebKit/537.36 (KHTML, like Gecko) Chrome/120.0.0.0 Safari/537.36"
135.119.74.228 - - [26/Jul/2026:19:56:06 +0000] "GET /wp-links-opml.php HTTP/1.1" 200 166 "-" "Mozilla/5.0 (Windows NT 10.0; Win64; x64) AppleWebKit/537.36 (KHTML, like Gecko) Chrome/120.0.0.0 Safari/537.36"
38.177.186.189 - - [26/Jul/2026:19:56:31 +0000] "GET / HTTP/1.1" 499 0 "-" "Mozilla/5.0 (X11; Linux x86_64) AppleWebKit/537.36 (KHTML, like Gecko) Chrome/44.0.2403.157 Safari/537.36"
104.28.159.13 - - [26/Jul/2026:19:56:40 +0000] "GET /shop-host/?add-to-cart=911 HTTP/1.1" 200 34319 "-" "Mozilla/5.0 (Macintosh; Intel Mac OS X 10_15_7) AppleWebKit/537.36 (KHTML, like Gecko) Chrome/133.0.0.0 Safari/537.36"
38.177.186.189 - - [26/Jul/2026:19:59:18 +0000] "POST /wp-cron.php?doing_wp_cron=1785095956.9947800636291503906250 HTTP/1.1" 499 0 "-" "WordPress/7.0; https://www.groatmachinery.com"
57.141.0.58 - - [26/Jul/2026:19:59:18 +0000] "GET /ilia-oil-h-60/ HTTP/1.1" 200 234762 "-" "Mozilla/5.0 (Windows NT 10.0; Win64; x64) AppleWebKit/537.36 (KHTML, like Gecko) Chrome/145.0.0.0 Safari/537.36 (compatible; meta-externalagent/1.1 (+https://developers.facebook.com/docs/sharing/webmasters/crawler))"
38.177.186.189 - - [26/Jul/2026:20:00:28 +0000] "POST /wp-cron.php?doing_wp_cron=1785096027.3815538883209228515625 HTTP/1.1" 499 0 "-" "WordPress/7.0; https://www.groatmachinery.com"
38.177.186.189 - - [26/Jul/2026:20:00:28 +0000] "GET / HTTP/1.1" 301 0 "-" "Mozilla/5.0 (X11; Linux x86_64) AppleWebKit/537.36 (KHTML, like Gecko) Chrome/44.0.2403.157 Safari/537.36"
38.177.186.189 - - [26/Jul/2026:20:00:29 +0000] "GET / HTTP/1.1" 499 0 "http://38.177.186.189" "Mozilla/5.0 (X11; Linux x86_64) AppleWebKit/537.36 (KHTML, like Gecko) Chrome/44.0.2403.157 Safari/537.36"
38.177.186.189 - - [26/Jul/2026:20:01:04 +0000] "POST /wp-cron.php?doing_wp_cron=1785096063.6471700668334960937500 HTTP/1.1" 499 0 "-" "WordPress/7.0; https://www.groatmachinery.com"
57.141.0.19 - - [26/Jul/2026:20:01:04 +0000] "GET /ilia-oil-g-59/ HTTP/1.1" 200 234723 "-" "Mozilla/5.0 (Windows NT 10.0; Win64; x64) AppleWebKit/537.36 (KHTML, like Gecko) Chrome/145.0.0.0 Safari/537.36 (compatible; meta-externalagent/1.1 (+https://developers.facebook.com/docs/sharing/webmasters/crawler))"
38.177.186.189 - - [26/Jul/2026:20:02:25 +0000] "POST /wp-cron.php?doing_wp_cron=1785096144.3696310520172119140625 HTTP/1.1" 499 0 "-" "WordPress/7.0; https://www.groatmachinery.com"
187.108.1.142 - - [26/Jul/2026:20:02:25 +0000] "GET / HTTP/1.0" 301 0 "-" "ivre-masscan/1.3 https://github.com/robertdavidgraham/"
216.73.216.206 - - [26/Jul/2026:20:02:47 +0000] "GET /robots.txt HTTP/1.1" 200 84 "-" "Mozilla/5.0 AppleWebKit/537.36 (KHTML, like Gecko; compatible; ClaudeBot/1.0; +claudebot@anthropic.com)"
216.73.216.206 - - [26/Jul/2026:20:02:51 +0000] "GET /sitemap.xml HTTP/1.1" 404 26499 "-" "Mozilla/5.0 AppleWebKit/537.36 (KHTML, like Gecko; compatible; ClaudeBot/1.0; +claudebot@anthropic.com)"
43.134.91.35 - - [26/Jul/2026:20:04:08 +0000] "GET / HTTP/1.1" 403 0 "-" "Mozilla/5.0 (iPhone; CPU iPhone OS 13_2_3 like Mac OS X) AppleWebKit/605.1.15 (KHTML, like Gecko) Version/13.0.3 Mobile/15E148 Safari/604.1"
38.177.186.189 - - [26/Jul/2026:20:05:00 +0000] "POST /wp-cron.php?doing_wp_cron=1785096299.7684609889984130859375 HTTP/1.1" 499 0 "-" "WordPress/7.0; https://www.groatmachinery.com"
57.141.0.31 - - [26/Jul/2026:20:05:00 +0000] "GET /sitemap_index.xml HTTP/1.1" 200 801 "-" "Mozilla/5.0 (Windows NT 10.0; Win64; x64) AppleWebKit/537.36 (KHTML, like Gecko) Chrome/145.0.0.0 Safari/537.36 Edg/145.0.0.0 (compatible; meta-externalagent/1.1 (+https://developers.facebook.com/docs/sharing/webmasters/crawler))"
54.36.60.82 - - [26/Jul/2026:20:05:41 +0000] "GET /robots.txt HTTP/1.1" 200 84 "-" "Mozilla/5.0 (compatible; MJ12bot/v1.4.8; http://mj12bot.com/)"
54.36.60.82 - - [26/Jul/2026:20:05:46 +0000] "GET /?feed=comments-rss2 HTTP/1.1" 301 0 "-" "Mozilla/5.0 (compatible; MJ12bot/v1.4.8; http://mj12bot.com/)"
54.36.60.82 - - [26/Jul/2026:20:05:48 +0000] "GET /robots.txt HTTP/1.1" 200 84 "-" "Mozilla/5.0 (compatible; MJ12bot/v1.4.8; http://mj12bot.com/)"
54.36.60.82 - - [26/Jul/2026:20:05:53 +0000] "GET /comments/feed/ HTTP/1.1" 200 394 "-" "Mozilla/5.0 (compatible; MJ12bot/v1.4.8; http://mj12bot.com/)"
54.36.60.82 - - [26/Jul/2026:20:05:58 +0000] "GET /?feed=rss2 HTTP/1.1" 301 0 "-" "Mozilla/5.0 (compatible; MJ12bot/v1.4.8; http://mj12bot.com/)"
38.177.186.189 - - [26/Jul/2026:20:06:05 +0000] "POST /wp-cron.php?doing_wp_cron=1785096364.3532960414886474609375 HTTP/1.1" 499 0 "-" "WordPress/7.0; https://www.groatmachinery.com"
54.36.60.82 - - [26/Jul/2026:20:06:05 +0000] "GET /feed/ HTTP/1.1" 200 486 "-" "Mozilla/5.0 (compatible; MJ12bot/v1.4.8; http://mj12bot.com/)"
187.108.1.142 - - [26/Jul/2026:20:06:10 +0000] "GET / HTTP/1.0" 400 248 "-" "ivre-masscan/1.3 https://github.com/robertdavidgraham/"
54.36.60.82 - - [26/Jul/2026:20:06:11 +0000] "GET /?p=1 HTTP/1.1" 301 0 "-" "Mozilla/5.0 (compatible; MJ12bot/v1.4.8; http://mj12bot.com/)"
54.36.60.82 - - [26/Jul/2026:20:06:16 +0000] "GET /?p=1 HTTP/1.1" 404 26502 "-" "Mozilla/5.0 (compatible; MJ12bot/v1.4.8; http://mj12bot.com/)"
54.36.60.82 - - [26/Jul/2026:20:06:22 +0000] "GET /?page_id=2 HTTP/1.1" 301 0 "-" "Mozilla/5.0 (compatible; MJ12bot/v1.4.8; http://mj12bot.com/)"
54.36.60.82 - - [26/Jul/2026:20:06:27 +0000] "GET /?page_id=2 HTTP/1.1" 404 26506 "-" "Mozilla/5.0 (compatible; MJ12bot/v1.4.8; http://mj12bot.com/)"
27.124.10.134 - - [26/Jul/2026:20:10:01 +0000] "HEAD /wp-login.php HTTP/1.1" 200 0 "-" "Mozilla/5.0 (X11; Linux x86_64; rv:135.0) Gecko/20100101 Firefox/135.0"
27.124.10.134 - - [26/Jul/2026:20:10:01 +0000] "HEAD /wp-json/wp/v2/ HTTP/1.1" 200 0 "-" "Mozilla/5.0 (CentOS; Linux x86_64) AppleWebKit/537.36 (KHTML, like Gecko) Chrome/140.0.0.0 Safari/537.36"
27.124.10.134 - - [26/Jul/2026:20:10:01 +0000] "HEAD /feed/ HTTP/1.1" 499 0 "-" "Mozilla/5.0 (Windows NT 10.0; Win64; x64; rv:126.0) Gecko/20100101 Firefox/126.0"
38.177.186.189 - - [26/Jul/2026:20:10:01 +0000] "POST /wp-cron.php?doing_wp_cron=1785096600.8984260559082031250000 HTTP/1.1" 499 0 "-" "WordPress/7.0; https://www.groatmachinery.com"
38.177.186.189 - - [26/Jul/2026:20:14:25 +0000] "POST /wp-cron.php?doing_wp_cron=1785096864.9008519649505615234375 HTTP/1.1" 499 0 "-" "WordPress/7.0; https://www.groatmachinery.com"
38.177.186.189 - - [26/Jul/2026:20:14:25 +0000] "GET / HTTP/1.1" 301 0 "-" "Mozilla/5.0 (X11; Linux x86_64) AppleWebKit/537.36 (KHTML, like Gecko) Chrome/44.0.2403.157 Safari/537.36"
38.177.186.189 - - [26/Jul/2026:20:14:27 +0000] "GET / HTTP/1.1" 499 0 "http://38.177.186.189" "Mozilla/5.0 (X11; Linux x86_64) AppleWebKit/537.36 (KHTML, like Gecko) Chrome/44.0.2403.157 Safari/537.36"
185.12.59.118 - - [26/Jul/2026:20:15:02 +0000] "GET /Dr0v HTTP/1.1" 403 0 "-" "-"
3.130.168.2 - - [26/Jul/2026:20:17:28 +0000] "\x03\x00\x00+&\xE0\x00\x00\x00\x00\x00Cookie: mstshash=zgrab" 400 150 "-" "-"
3.130.168.2 - - [26/Jul/2026:20:17:30 +0000] "GET / HTTP/1.1" 403 0 "-" "visionheight.com/scan Mozilla/5.0 (Macintosh; Intel Mac OS X 10_15_7) Chrome/126.0.0.0 Safari/537.36"
3.130.168.2 - - [26/Jul/2026:20:17:35 +0000] "\x16\x03\x01\x00\xEE\x01\x00\x00\xEA\x03\x03\x8E\xF0k\x9As2Y\xF0H\xB9z\x11\xA6\xE7\x9Ea\xFB\x19\x10R\x1BW\xC4\xB2#\xF4@\xCF\x9FS\xAB\x0E ,-\xAA:x&;\x01\xCE9\x93\xBA\xD6\xA7\x15mf\x9E\xCCp\xE5\xA6\x16k\xB9\x03\xC8\x15\x87\x22a\x82\x00&\xCC\xA8\xCC\xA9\xC0/\xC00\xC0+\xC0,\xC0\x13\xC0\x09\xC0\x14\xC0" 400 150 "-" "-"
3.130.168.2 - - [26/Jul/2026:20:17:57 +0000] "\x16\x03\x01\x01\x00\x01\x00\x00\xFC\x03\x03R]\xB5M\xFE\x83vM\x98,h\xC33\x83\x9A\x83\x13\x9C<S\x08\x1D6Zbl\xDC;\xD7\xC6\xCAh \x9Bx\xEC\x9D\xE8G\xB1r!\x12\x046\x0F o\xAB\x0C\x04\x0B%\xA3\x02\xE5C\xC0\xCF\xBF\xAA\xEC0\xF6G\x00&\xCC\xA8\xCC\xA9\xC0/\xC00\xC0+\xC0,\xC0\x13\xC0\x09\xC0\x14\xC0" 400 150 "-" "-"
3.130.168.2 - - [26/Jul/2026:20:18:04 +0000] "GET / HTTP/1.1" 403 0 "-" "visionheight.com/scan Mozilla/5.0 (Macintosh; Intel Mac OS X 10_15_7) Chrome/126.0.0.0 Safari/537.36"
3.130.168.2 - - [26/Jul/2026:20:18:18 +0000] "" 400 0 "-" "-"
40.77.167.4 - - [26/Jul/2026:20:20:27 +0000] "GET /special/394212629050 HTTP/1.1" 200 27149 "-" "Mozilla/5.0 AppleWebKit/537.36 (KHTML, like Gecko; compatible; bingbot/2.0; +http://www.bing.com/bingbot.htm) Chrome/116.0.1938.76 Safari/537.36"
193.25.217.70 - - [26/Jul/2026:20:22:08 +0000] "GET / HTTP/1.1" 403 0 "-" "Linux Gnu (cow)"
38.177.186.189 - - [26/Jul/2026:20:23:01 +0000] "POST /wp-cron.php?doing_wp_cron=1785097380.9118659496307373046875 HTTP/1.1" 499 0 "-" "WordPress/7.0; https://www.groatmachinery.com"
151.237.110.45 - - [26/Jul/2026:20:23:01 +0000] "GET /ilia-shop/?add-to-cart=915 HTTP/1.1" 200 38900 "-" "Mozilla/5.0 (Macintosh; Intel Mac OS X 10_15_7) AppleWebKit/537.36 (KHTML, like Gecko) Chrome/133.0.0.0 Safari/537.36"
40.77.167.77 - - [26/Jul/2026:20:25:20 +0000] "GET /ilia-pods-a-27/ HTTP/1.1" 200 27177 "-" "Mozilla/5.0 AppleWebKit/537.36 (KHTML, like Gecko; compatible; bingbot/2.0; +http://www.bing.com/bingbot.htm) Chrome/116.0.1938.76 Safari/537.36"
38.177.186.189 - - [26/Jul/2026:20:26:23 +0000] "POST /wp-cron.php?doing_wp_cron=1785097582.0364120006561279296875 HTTP/1.1" 499 0 "-" "WordPress/7.0; https://www.groatmachinery.com"
187.188.140.25 - - [26/Jul/2026:20:26:23 +0000] "GET /ilia-host-d-79/?add-to-cart=942 HTTP/1.1" 200 34819 "-" "Mozilla/5.0 (Macintosh; Intel Mac OS X 10_15_7) AppleWebKit/537.36 (KHTML, like Gecko) Chrome/133.0.0.0 Safari/537.36"
51.68.107.141 - - [26/Jul/2026:20:27:29 +0000] "GET /robots.txt HTTP/1.1" 200 84 "-" "Mozilla/5.0 (compatible; MJ12bot/v2.0.5; http://mj12bot.com/)"
38.177.186.189 - - [26/Jul/2026:20:27:33 +0000] "POST /wp-cron.php?doing_wp_cron=1785097652.1515080928802490234375 HTTP/1.1" 499 0 "-" "WordPress/7.0; https://www.groatmachinery.com"
51.68.107.141 - - [26/Jul/2026:20:27:33 +0000] "GET / HTTP/1.1" 200 36454 "-" "Mozilla/5.0 (compatible; MJ12bot/v2.0.5; http://mj12bot.com/)"
57.141.0.38 - - [26/Jul/2026:20:27:33 +0000] "GET /ilia-cigarette-l-64/ HTTP/1.1" 200 235482 "-" "Mozilla/5.0 (Windows NT 10.0; Win64; x64) AppleWebKit/537.36 (KHTML, like Gecko) Chrome/145.0.0.0 Safari/537.36 (compatible; meta-externalagent/1.1 (+https://developers.facebook.com/docs/sharing/webmasters/crawler))"
38.177.186.189 - - [26/Jul/2026:20:28:31 +0000] "POST /wp-cron.php?doing_wp_cron=1785097710.4128849506378173828125 HTTP/1.1" 499 0 "-" "WordPress/7.0; https://www.groatmachinery.com"
38.177.186.189 - - [26/Jul/2026:20:28:31 +0000] "GET / HTTP/1.1" 301 0 "-" "Mozilla/5.0 (X11; Linux x86_64) AppleWebKit/537.36 (KHTML, like Gecko) Chrome/44.0.2403.157 Safari/537.36"
38.177.186.189 - - [26/Jul/2026:20:28:33 +0000] "GET / HTTP/1.1" 499 0 "http://38.177.186.189" "Mozilla/5.0 (X11; Linux x86_64) AppleWebKit/537.36 (KHTML, like Gecko) Chrome/44.0.2403.157 Safari/537.36"
38.177.186.189 - - [26/Jul/2026:20:30:46 +0000] "POST /wp-cron.php?doing_wp_cron=1785097845.8146619796752929687500 HTTP/1.1" 499 0 "-" "WordPress/7.0; https://www.groatmachinery.com"
185.239.25.73 - - [26/Jul/2026:20:30:46 +0000] "GET /ilia-oil-p-91/?add-to-cart=859 HTTP/1.1" 200 34762 "-" "Mozilla/5.0 (Macintosh; Intel Mac OS X 10_15_7) AppleWebKit/537.36 (KHTML, like Gecko) Chrome/133.0.0.0 Safari/537.36"
52.167.144.209 - - [26/Jul/2026:20:31:01 +0000] "GET /special/013097976711 HTTP/1.1" 200 27156 "-" "Mozilla/5.0 AppleWebKit/537.36 (KHTML, like Gecko; compatible; bingbot/2.0; +http://www.bing.com/bingbot.htm) Chrome/116.0.1938.76 Safari/537.36"
38.177.186.189 - - [26/Jul/2026:20:34:42 +0000] "POST /wp-cron.php?doing_wp_cron=1785098081.9049029350280761718750 HTTP/1.1" 499 0 "-" "WordPress/7.0; https://www.groatmachinery.com"
18.232.11.247 - - [26/Jul/2026:20:34:42 +0000] "GET / HTTP/1.1" 301 0 "-" "Mozilla/5.0 AppleWebKit/537.36 (KHTML, like Gecko; compatible; Amazonbot/0.1; +https://developer.amazon.com/support/amazonbot) Chrome/119.0.6045.214 Safari/537.36"
3.214.176.44 - - [26/Jul/2026:20:34:46 +0000] "GET / HTTP/1.1" 200 36449 "-" "Mozilla/5.0 AppleWebKit/537.36 (KHTML, like Gecko; compatible; Amazonbot/0.1; +https://developer.amazon.com/support/amazonbot) Chrome/119.0.6045.214 Safari/537.36"
38.177.186.189 - - [26/Jul/2026:20:37:49 +0000] "POST /wp-cron.php?doing_wp_cron=1785098268.4454081058502197265625 HTTP/1.1" 499 0 "-" "WordPress/7.0; https://www.groatmachinery.com"
216.73.216.206 - - [26/Jul/2026:20:37:49 +0000] "GET / HTTP/1.1" 301 0 "-" "Mozilla/5.0 AppleWebKit/537.36 (KHTML, like Gecko; compatible; ClaudeBot/1.0; +claudebot@anthropic.com)"
216.73.216.206 - - [26/Jul/2026:20:37:52 +0000] "GET / HTTP/1.1" 200 36449 "https://groatmachinery.com/" "Mozilla/5.0 AppleWebKit/537.36 (KHTML, like Gecko; compatible; ClaudeBot/1.0; +claudebot@anthropic.com)"
38.177.186.189 - - [26/Jul/2026:20:38:15 +0000] "POST /wp-cron.php?doing_wp_cron=1785098294.3207330703735351562500 HTTP/1.1" 499 0 "-" "WordPress/7.0; https://www.groatmachinery.com"
47.82.8.215 - - [26/Jul/2026:20:38:15 +0000] "GET /ilia-pods-m-13/ HTTP/1.1" 200 34711 "-" "Mozilla/5.0 (Windows NT 10.0; Win64; x64) AppleWebKit/537.36 (KHTML, like Gecko) Chrome/141.0.0.0 Safari/537.36"
38.177.186.189 - - [26/Jul/2026:20:40:29 +0000] "POST /wp-cron.php?doing_wp_cron=1785098428.2255170345306396484375 HTTP/1.1" 499 0 "-" "WordPress/7.0; https://www.groatmachinery.com"
57.141.0.29 - - [26/Jul/2026:20:40:29 +0000] "GET /ilia-oil-d-56/ HTTP/1.1" 200 234977 "-" "Mozilla/5.0 (Windows NT 10.0; Win64; x64) AppleWebKit/537.36 (KHTML, like Gecko) Chrome/145.0.0.0 Safari/537.36 (compatible; meta-externalagent/1.1 (+https://developers.facebook.com/docs/sharing/webmasters/crawler))"
38.177.186.189 - - [26/Jul/2026:20:42:25 +0000] "POST /wp-cron.php?doing_wp_cron=1785098544.8423650264739990234375 HTTP/1.1" 499 0 "-" "WordPress/7.0; https://www.groatmachinery.com"
38.177.186.189 - - [26/Jul/2026:20:42:25 +0000] "GET / HTTP/1.1" 301 0 "-" "Mozilla/5.0 (X11; Linux x86_64) AppleWebKit/537.36 (KHTML, like Gecko) Chrome/44.0.2403.157 Safari/537.36"
38.177.186.189 - - [26/Jul/2026:20:42:27 +0000] "GET / HTTP/1.1" 499 0 "http://38.177.186.189" "Mozilla/5.0 (X11; Linux x86_64) AppleWebKit/537.36 (KHTML, like Gecko) Chrome/44.0.2403.157 Safari/537.36"
38.177.186.189 - - [26/Jul/2026:20:44:53 +0000] "POST /wp-cron.php?doing_wp_cron=1785098692.8747560977935791015625 HTTP/1.1" 499 0 "-" "WordPress/7.0; https://www.groatmachinery.com"
57.141.0.47 - - [26/Jul/2026:20:44:53 +0000] "GET /ilia-pods-s-19/ HTTP/1.1" 200 234526 "-" "Mozilla/5.0 (Macintosh; Intel Mac OS X 10_15_7) AppleWebKit/537.36 (KHTML, like Gecko) Chrome/145.0.0.0 Safari/537.36 (compatible; meta-externalagent/1.1 (+https://developers.facebook.com/docs/sharing/webmasters/crawler))"
172.232.108.36 - - [26/Jul/2026:20:46:40 +0000] "GET / HTTP/1.1" 403 0 "-" "Mozilla/5.0"
185.141.119.180 - - [26/Jul/2026:20:46:43 +0000] "POST /wp-json/batch/v1 HTTP/1.1" 207 16 "-" "Mozilla/5.0 (X11; Linux x86_64) AppleWebKit/537.36 (KHTML, like Gecko) Chrome/126.0.0.0 Safari/537.36"
185.141.119.180 - - [26/Jul/2026:20:46:43 +0000] "POST /wp-json/batch/v1 HTTP/1.1" 207 16 "-" "Mozilla/5.0 (X11; Linux x86_64) AppleWebKit/537.36 (KHTML, like Gecko) Chrome/126.0.0.0 Safari/537.36"
38.177.186.189 - - [26/Jul/2026:20:46:44 +0000] "POST /wp-cron.php?doing_wp_cron=1785098803.2425160408020019531250 HTTP/1.1" 499 0 "-" "WordPress/7.0; https://www.groatmachinery.com"
185.141.119.180 - - [26/Jul/2026:20:46:44 +0000] "POST /wp-json/batch/v1 HTTP/1.1" 207 16 "-" "Mozilla/5.0 (X11; Linux x86_64) AppleWebKit/537.36 (KHTML, like Gecko) Chrome/126.0.0.0 Safari/537.36"
185.141.119.180 - - [26/Jul/2026:20:46:52 +0000] "POST /wp-json/batch/v1 HTTP/1.1" 207 1548416 "-" "Mozilla/5.0 (X11; Linux x86_64) AppleWebKit/537.36 (KHTML, like Gecko) Chrome/126.0.0.0 Safari/537.36"
185.141.119.180 - - [26/Jul/2026:20:46:52 +0000] "POST /wp-json/batch/v1 HTTP/1.1" 207 1548416 "-" "Mozilla/5.0 (X11; Linux x86_64) AppleWebKit/537.36 (KHTML, like Gecko) Chrome/126.0.0.0 Safari/537.36"
185.141.119.180 - - [26/Jul/2026:20:46:54 +0000] "POST /wp-json/batch/v1 HTTP/1.1" 207 1548424 "-" "Mozilla/5.0 (X11; Linux x86_64) AppleWebKit/537.36 (KHTML, like Gecko) Chrome/126.0.0.0 Safari/537.36"
185.141.119.180 - - [26/Jul/2026:20:46:54 +0000] "GET /wp-json/wp/v2/posts?per_page=1&_fields=link HTTP/1.1" 200 2 "-" "Mozilla/5.0 (X11; Linux x86_64) AppleWebKit/537.36 (KHTML, like Gecko) Chrome/126.0.0.0 Safari/537.36"
185.141.119.180 - - [26/Jul/2026:20:46:54 +0000] "GET /wp-json/wp/v2/posts?per_page=1&_fields=link HTTP/1.1" 200 2 "-" "Mozilla/5.0 (X11; Linux x86_64) AppleWebKit/537.36 (KHTML, like Gecko) Chrome/126.0.0.0 Safari/537.36"
185.141.119.180 - - [26/Jul/2026:20:46:57 +0000] "GET /wp-json/wp/v2/posts?per_page=1&_fields=link HTTP/1.1" 200 2 "-" "Mozilla/5.0 (X11; Linux x86_64) AppleWebKit/537.36 (KHTML, like Gecko) Chrome/126.0.0.0 Safari/537.36"
5.61.209.44 - - [26/Jul/2026:20:47:06 +0000] "GET /SDK/webLanguage HTTP/1.1" 403 0 "-" "Mozilla/5.0 (Windows NT 10.0; Win64; x64) AppleWebKit/537.36 (KHTML, like Gecko) Chrome/90.0.4430.85 Safari/537.36 Edg/90.0.818.46"
38.177.186.189 - - [26/Jul/2026:20:48:26 +0000] "POST /wp-cron.php?doing_wp_cron=1785098905.9595379829406738281250 HTTP/1.1" 499 0 "-" "WordPress/7.0; https://www.groatmachinery.com"
138.94.216.231 - - [26/Jul/2026:20:48:26 +0000] "GET / HTTP/1.1" 301 0 "-" "Mozilla/5.0 (Windows NT 10.0; Win64; x64) AppleWebKit/537.36 (KHTML, like Gecko) Chrome/120.0.0.0 Safari/537.36"
195.138.118.48 - - [26/Jul/2026:20:48:31 +0000] "GET / HTTP/1.1" 200 36450 "-" "Mozilla/5.0 (Windows NT 10.0; Win64; x64) AppleWebKit/537.36 (KHTML, like Gecko) Chrome/120.0.0.0 Safari/537.36"
38.177.186.189 - - [26/Jul/2026:20:56:27 +0000] "POST /wp-cron.php?doing_wp_cron=1785099386.6050870418548583984375 HTTP/1.1" 499 0 "-" "WordPress/7.0; https://www.groatmachinery.com"
38.177.186.189 - - [26/Jul/2026:20:56:27 +0000] "GET / HTTP/1.1" 301 0 "-" "Mozilla/5.0 (X11; Linux x86_64) AppleWebKit/537.36 (KHTML, like Gecko) Chrome/44.0.2403.157 Safari/537.36"
38.177.186.189 - - [26/Jul/2026:20:56:28 +0000] "GET / HTTP/1.1" 499 0 "http://38.177.186.189" "Mozilla/5.0 (X11; Linux x86_64) AppleWebKit/537.36 (KHTML, like Gecko) Chrome/44.0.2403.157 Safari/537.36"
216.73.216.206 - - [26/Jul/2026:20:56:52 +0000] "GET /sitemap.xml HTTP/1.1" 404 26499 "-" "Mozilla/5.0 AppleWebKit/537.36 (KHTML, like Gecko; compatible; ClaudeBot/1.0; +claudebot@anthropic.com)"
38.177.186.189 - - [26/Jul/2026:20:57:11 +0000] "POST /wp-cron.php?doing_wp_cron=1785099430.1857481002807617187500 HTTP/1.1" 499 0 "-" "WordPress/7.0; https://www.groatmachinery.com"
176.37.4.239 - - [26/Jul/2026:20:57:11 +0000] "GET /shop-pods/?add-to-cart=936 HTTP/1.1" 200 35698 "-" "Mozilla/5.0 (Macintosh; Intel Mac OS X 10_15_7) AppleWebKit/537.36 (KHTML, like Gecko) Chrome/133.0.0.0 Safari/537.36"
52.167.144.213 - - [26/Jul/2026:20:58:42 +0000] "GET /ilia-cigarette-j-10/ HTTP/1.1" 200 27320 "-" "Mozilla/5.0 AppleWebKit/537.36 (KHTML, like Gecko; compatible; bingbot/2.0; +http://www.bing.com/bingbot.htm) Chrome/116.0.1938.76 Safari/537.36"
38.177.186.189 - - [26/Jul/2026:21:00:29 +0000] "POST /wp-cron.php?doing_wp_cron=1785099628.2356319427490234375000 HTTP/1.1" 499 0 "-" "WordPress/7.0; https://www.groatmachinery.com"
38.177.186.189 - - [26/Jul/2026:21:00:29 +0000] "GET / HTTP/1.1" 301 0 "-" "Mozilla/5.0 (X11; Linux x86_64) AppleWebKit/537.36 (KHTML, like Gecko) Chrome/44.0.2403.157 Safari/537.36"
38.177.186.189 - - [26/Jul/2026:21:00:30 +0000] "GET / HTTP/1.1" 499 0 "http://38.177.186.189" "Mozilla/5.0 (X11; Linux x86_64) AppleWebKit/537.36 (KHTML, like Gecko) Chrome/44.0.2403.157 Safari/537.36"
39.188.96.238 - - [26/Jul/2026:21:01:06 +0000] "GET / HTTP/1.1" 499 0 "-" "Mozilla/5.0 (Windows NT 10.0; Win64; x64) AppleWebKit/537.36 (KHTML, like Gecko) Chrome/104.0.5112.81 Safari/537.36 Edg/104.0.1293.54"
39.188.96.238 - - [26/Jul/2026:21:01:06 +0000] "GET / HTTP/1.1" 499 0 "-" "Mozilla/5.0 (Windows NT 10.0; Win64; x64) AppleWebKit/537.36 (KHTML, like Gecko) Chrome/104.0.5112.81 Safari/537.36 Edg/104.0.1293.54"
40.77.167.24 - - [26/Jul/2026:21:02:31 +0000] "GET /sitemap_index.xml HTTP/1.1" 200 605 "-" "Mozilla/5.0 AppleWebKit/537.36 (KHTML, like Gecko; compatible; bingbot/2.0; +http://www.bing.com/bingbot.htm) Chrome/116.0.1938.76 Safari/537.36"
51.68.236.59 - - [26/Jul/2026:21:07:08 +0000] "GET /robots.txt HTTP/1.1" 200 84 "-" "Mozilla/5.0 (compatible; MJ12bot/v2.0.5; http://mj12bot.com/)"
38.177.186.189 - - [26/Jul/2026:21:07:13 +0000] "POST /wp-cron.php?doing_wp_cron=1785100032.8818891048431396484375 HTTP/1.1" 499 0 "-" "WordPress/7.0; https://www.groatmachinery.com"
51.68.236.59 - - [26/Jul/2026:21:07:13 +0000] "GET / HTTP/1.1" 200 36447 "-" "Mozilla/5.0 (compatible; MJ12bot/v2.0.5; http://mj12bot.com/)"
40.77.167.21 - - [26/Jul/2026:21:08:34 +0000] "GET /special/012251351101 HTTP/1.1" 200 29670 "-" "Mozilla/5.0 AppleWebKit/537.36 (KHTML, like Gecko; compatible; bingbot/2.0; +http://www.bing.com/bingbot.htm) Chrome/116.0.1938.76 Safari/537.36"
40.77.167.23 - - [26/Jul/2026:21:14:02 +0000] "GET /special/01571068466 HTTP/1.1" 200 28621 "-" "Mozilla/5.0 AppleWebKit/537.36 (KHTML, like Gecko; compatible; bingbot/2.0; +http://www.bing.com/bingbot.htm) Chrome/116.0.1938.76 Safari/537.36"
38.177.186.189 - - [26/Jul/2026:21:14:27 +0000] "GET / HTTP/1.1" 499 0 "-" "Mozilla/5.0 (X11; Linux x86_64) AppleWebKit/537.36 (KHTML, like Gecko) Chrome/44.0.2403.157 Safari/537.36"
38.177.186.189 - - [26/Jul/2026:21:14:27 +0000] "POST /wp-cron.php?doing_wp_cron=1785100466.5038700103759765625000 HTTP/1.1" 499 0 "-" "WordPress/7.0; https://www.groatmachinery.com"
216.73.216.206 - - [26/Jul/2026:21:16:39 +0000] "GET /robots.txt HTTP/1.1" 200 84 "-" "Mozilla/5.0 AppleWebKit/537.36 (KHTML, like Gecko; compatible; ClaudeBot/1.0; +claudebot@anthropic.com)"
38.177.186.189 - - [26/Jul/2026:21:16:44 +0000] "POST /wp-cron.php?doing_wp_cron=1785100603.0245740413665771484375 HTTP/1.1" 499 0 "-" "WordPress/7.0; https://www.groatmachinery.com"
216.73.216.206 - - [26/Jul/2026:21:16:44 +0000] "GET /about/feed/ HTTP/1.1" 200 410 "-" "Mozilla/5.0 AppleWebKit/537.36 (KHTML, like Gecko; compatible; ClaudeBot/1.0; +claudebot@anthropic.com)"
38.177.186.189 - - [26/Jul/2026:21:17:23 +0000] "POST /wp-cron.php?doing_wp_cron=1785100642.4022290706634521484375 HTTP/1.1" 499 0 "-" "WordPress/7.0; https://www.groatmachinery.com"
216.73.216.206 - - [26/Jul/2026:21:17:23 +0000] "GET /gaqepuh/betheme/css/post-19.css HTTP/1.1" 404 26477 "-" "Mozilla/5.0 AppleWebKit/537.36 (KHTML, like Gecko; compatible; ClaudeBot/1.0; +claudebot@anthropic.com)"
40.77.167.10 - - [26/Jul/2026:21:18:54 +0000] "GET /special/013145683657 HTTP/1.1" 200 27379 "-" "Mozilla/5.0 AppleWebKit/537.36 (KHTML, like Gecko; compatible; bingbot/2.0; +http://www.bing.com/bingbot.htm) Chrome/116.0.1938.76 Safari/537.36"
38.177.186.189 - - [26/Jul/2026:21:20:44 +0000] "POST /wp-cron.php?doing_wp_cron=1785100843.3345520496368408203125 HTTP/1.1" 499 0 "-" "WordPress/7.0; https://www.groatmachinery.com"
216.73.216.206 - - [26/Jul/2026:21:20:44 +0000] "GET /?p=19 HTTP/1.1" 301 0 "-" "Mozilla/5.0 AppleWebKit/537.36 (KHTML, like Gecko; compatible; ClaudeBot/1.0; +claudebot@anthropic.com)"
216.73.216.206 - - [26/Jul/2026:21:20:46 +0000] "GET /about/ HTTP/1.1" 200 28216 "https://www.groatmachinery.com/?p=19" "Mozilla/5.0 AppleWebKit/537.36 (KHTML, like Gecko; compatible; ClaudeBot/1.0; +claudebot@anthropic.com)"
40.77.167.10 - - [26/Jul/2026:21:21:34 +0000] "GET /special/012072497117 HTTP/1.1" 200 26893 "-" "Mozilla/5.0 AppleWebKit/537.36 (KHTML, like Gecko; compatible; bingbot/2.0; +http://www.bing.com/bingbot.htm) Chrome/116.0.1938.76 Safari/537.36"
195.182.16.23 - - [26/Jul/2026:21:22:52 +0000] "GET /SDK/webLanguage HTTP/1.1" 403 0 "-" "Mozilla/5.0 (Windows NT 10.0; Win64; x64) AppleWebKit/537.36 (KHTML, like Gecko) Chrome/90.0.4430.85 Safari/537.36 Edg/90.0.818.46"
38.177.186.189 - - [26/Jul/2026:21:24:18 +0000] "POST /wp-cron.php?doing_wp_cron=1785101057.8657190799713134765625 HTTP/1.1" 499 0 "-" "WordPress/7.0; https://www.groatmachinery.com"
47.82.15.137 - - [26/Jul/2026:21:24:18 +0000] "GET /ilia-cigarette-h-8/ HTTP/1.1" 200 34796 "-" "Mozilla/5.0 (Windows NT 10.0; Win64; x64) AppleWebKit/537.36 (KHTML, like Gecko) Chrome/148.0.0.0 Safari/537.36"
141.98.11.11 - - [26/Jul/2026:21:25:19 +0000] "GET / HTTP/1.1" 403 0 "-" "-"
52.167.144.139 - - [26/Jul/2026:21:27:23 +0000] "GET /special/011001527980 HTTP/1.1" 200 27672 "-" "Mozilla/5.0 AppleWebKit/537.36 (KHTML, like Gecko; compatible; bingbot/2.0; +http://www.bing.com/bingbot.htm) Chrome/116.0.1938.76 Safari/537.36"
38.177.186.189 - - [26/Jul/2026:21:28:24 +0000] "POST /wp-cron.php?doing_wp_cron=1785101303.4418089389801025390625 HTTP/1.1" 499 0 "-" "WordPress/7.0; https://www.groatmachinery.com"
38.177.186.189 - - [26/Jul/2026:21:28:24 +0000] "GET / HTTP/1.1" 301 0 "-" "Mozilla/5.0 (X11; Linux x86_64) AppleWebKit/537.36 (KHTML, like Gecko) Chrome/44.0.2403.157 Safari/537.36"
38.177.186.189 - - [26/Jul/2026:21:28:26 +0000] "GET / HTTP/1.1" 499 0 "http://38.177.186.189" "Mozilla/5.0 (X11; Linux x86_64) AppleWebKit/537.36 (KHTML, like Gecko) Chrome/44.0.2403.157 Safari/537.36"
38.177.186.189 - - [26/Jul/2026:21:31:37 +0000] "POST /wp-cron.php?doing_wp_cron=1785101496.1464290618896484375000 HTTP/1.1" 499 0 "-" "WordPress/7.0; https://www.groatmachinery.com"
57.141.0.1 - - [26/Jul/2026:21:31:37 +0000] "GET /ilia-oil-n-40/?add-to-cart=936 HTTP/1.1" 200 234808 "-" "Mozilla/5.0 (X11; Linux x86_64) AppleWebKit/537.36 (KHTML, like Gecko) Chrome/145.0.0.0 Safari/537.36 (compatible; meta-externalagent/1.1 (+https://developers.facebook.com/docs/sharing/webmasters/crawler))"
40.77.167.27 - - [26/Jul/2026:21:32:26 +0000] "GET /special/0141084020 HTTP/1.1" 200 26698 "-" "Mozilla/5.0 AppleWebKit/537.36 (KHTML, like Gecko; compatible; bingbot/2.0; +http://www.bing.com/bingbot.htm) Chrome/116.0.1938.76 Safari/537.36"
40.77.167.27 - - [26/Jul/2026:21:33:36 +0000] "GET /special/01520917832 HTTP/1.1" 200 28028 "-" "Mozilla/5.0 AppleWebKit/537.36 (KHTML, like Gecko; compatible; bingbot/2.0; +http://www.bing.com/bingbot.htm) Chrome/116.0.1938.76 Safari/537.36"
52.167.144.233 - - [26/Jul/2026:21:37:36 +0000] "GET /special/011121459224 HTTP/1.1" 200 28143 "-" "Mozilla/5.0 AppleWebKit/537.36 (KHTML, like Gecko; compatible; bingbot/2.0; +http://www.bing.com/bingbot.htm) Chrome/116.0.1938.76 Safari/537.36"
20.98.128.122 - - [26/Jul/2026:21:39:03 +0000] "GET /developmentserver/metadatauploader HTTP/1.1" 403 0 "-" "Mozilla/5.0 zgrab/0.x"
38.177.186.189 - - [26/Jul/2026:21:39:22 +0000] "POST /wp-cron.php?doing_wp_cron=1785101961.4262011051177978515625 HTTP/1.1" 499 0 "-" "WordPress/7.0; https://www.groatmachinery.com"
47.82.54.147 - - [26/Jul/2026:21:39:22 +0000] "GET /ilia-oil-x-24/ HTTP/1.1" 200 34782 "-" "Mozilla/5.0 (Macintosh; Intel Mac OS X 10_15_7) AppleWebKit/537.36 (KHTML, like Gecko) Chrome/147.0.0.0 Safari/537.36"
38.177.186.189 - - [26/Jul/2026:21:41:29 +0000] "POST /wp-cron.php?doing_wp_cron=1785102088.4242029190063476562500 HTTP/1.1" 499 0 "-" "WordPress/7.0; https://www.groatmachinery.com"
57.141.0.35 - - [26/Jul/2026:21:41:29 +0000] "GET /ilia-pods-m-39/ HTTP/1.1" 200 234817 "-" "Mozilla/5.0 (Windows NT 10.0; Win64; x64) AppleWebKit/537.36 (KHTML, like Gecko) Chrome/145.0.0.0 Safari/537.36 (compatible; meta-externalagent/1.1 (+https://developers.facebook.com/docs/sharing/webmasters/crawler))"
38.177.186.189 - - [26/Jul/2026:21:42:23 +0000] "POST /wp-cron.php?doing_wp_cron=1785102142.6662759780883789062500 HTTP/1.1" 499 0 "-" "WordPress/7.0; https://www.groatmachinery.com"
38.177.186.189 - - [26/Jul/2026:21:42:23 +0000] "GET / HTTP/1.1" 301 0 "-" "Mozilla/5.0 (X11; Linux x86_64) AppleWebKit/537.36 (KHTML, like Gecko) Chrome/44.0.2403.157 Safari/537.36"
38.177.186.189 - - [26/Jul/2026:21:42:25 +0000] "GET / HTTP/1.1" 499 0 "http://38.177.186.189" "Mozilla/5.0 (X11; Linux x86_64) AppleWebKit/537.36 (KHTML, like Gecko) Chrome/44.0.2403.157 Safari/537.36"
38.177.186.189 - - [26/Jul/2026:21:42:27 +0000] "POST /wp-cron.php?doing_wp_cron=1785102146.6043400764465332031250 HTTP/1.1" 499 0 "-" "WordPress/7.0; https://www.groatmachinery.com"
57.141.0.21 - - [26/Jul/2026:21:42:27 +0000] "GET /ilia-pods-m-88/?add-to-cart=908 HTTP/1.1" 200 235039 "-" "Mozilla/5.0 (Windows NT 10.0; Win64; x64) AppleWebKit/537.36 (KHTML, like Gecko) Chrome/145.0.0.0 Safari/537.36 (compatible; meta-externalagent/1.1 (+https://developers.facebook.com/docs/sharing/webmasters/crawler))"
40.77.167.0 - - [26/Jul/2026:21:42:46 +0000] "GET /ilia-pods-m-13/ HTTP/1.1" 200 27371 "-" "Mozilla/5.0 AppleWebKit/537.36 (KHTML, like Gecko; compatible; bingbot/2.0; +http://www.bing.com/bingbot.htm) Chrome/116.0.1938.76 Safari/537.36"
57.141.0.60 - - [26/Jul/2026:21:42:47 +0000] "GET /ilia-oil-h-60/?add-to-cart=887 HTTP/1.1" 200 234857 "-" "Mozilla/5.0 (Macintosh; Intel Mac OS X 10_15_7) AppleWebKit/537.36 (KHTML, like Gecko) Chrome/145.0.0.0 Safari/537.36 (compatible; meta-externalagent/1.1 (+https://developers.facebook.com/docs/sharing/webmasters/crawler))"
40.77.167.0 - - [26/Jul/2026:21:43:25 +0000] "GET /special/011373801672 HTTP/1.1" 200 26766 "-" "Mozilla/5.0 AppleWebKit/537.36 (KHTML, like Gecko; compatible; bingbot/2.0; +http://www.bing.com/bingbot.htm) Chrome/116.0.1938.76 Safari/537.36"
52.167.144.233 - - [26/Jul/2026:21:43:29 +0000] "GET /special/011236875268 HTTP/1.1" 200 26681 "-" "Mozilla/5.0 AppleWebKit/537.36 (KHTML, like Gecko; compatible; bingbot/2.0; +http://www.bing.com/bingbot.htm) Chrome/116.0.1938.76 Safari/537.36"
195.182.16.23 - - [26/Jul/2026:21:45:13 +0000] "GET /SDK/webLanguage HTTP/1.1" 403 0 "-" "Mozilla/5.0 (Windows NT 10.0; Win64; x64) AppleWebKit/537.36 (KHTML, like Gecko) Chrome/90.0.4430.85 Safari/537.36 Edg/90.0.818.46"
38.177.186.189 - - [26/Jul/2026:21:49:09 +0000] "POST /wp-cron.php?doing_wp_cron=1785102548.2255339622497558593750 HTTP/1.1" 499 0 "-" "WordPress/7.0; https://www.groatmachinery.com"
57.141.0.1 - - [26/Jul/2026:21:49:09 +0000] "GET /ilia-host-x-50/ HTTP/1.1" 200 234805 "-" "Mozilla/5.0 (Windows NT 10.0; Win64; x64) AppleWebKit/537.36 (KHTML, like Gecko) Chrome/145.0.0.0 Safari/537.36 (compatible; meta-externalagent/1.1 (+https://developers.facebook.com/docs/sharing/webmasters/crawler))"
38.177.186.189 - - [26/Jul/2026:21:55:42 +0000] "POST /wp-cron.php?doing_wp_cron=1785102941.0169680118560791015625 HTTP/1.1" 499 0 "-" "WordPress/7.0; https://www.groatmachinery.com"
200.196.36.38 - - [26/Jul/2026:21:55:42 +0000] "GET /shop-oil/?add-to-cart=871 HTTP/1.1" 200 35056 "-" "Mozilla/5.0 (Macintosh; Intel Mac OS X 10_15_7) AppleWebKit/537.36 (KHTML, like Gecko) Chrome/133.0.0.0 Safari/537.36"
57.141.0.32 - - [26/Jul/2026:21:55:58 +0000] "GET /product-tag/ilia%e5%93%a9%e5%95%9e/ HTTP/1.1" 200 306004 "-" "Mozilla/5.0 (Windows NT 10.0; Win64; x64) AppleWebKit/537.36 (KHTML, like Gecko) Chrome/145.0.0.0 Safari/537.36 (compatible; meta-externalagent/1.1 (+https://developers.facebook.com/docs/sharing/webmasters/crawler))"
38.177.186.189 - - [26/Jul/2026:21:56:17 +0000] "POST /wp-cron.php?doing_wp_cron=1785102976.0129799842834472656250 HTTP/1.1" 499 0 "-" "WordPress/7.0; https://www.groatmachinery.com"
57.141.0.34 - - [26/Jul/2026:21:56:17 +0000] "GET /gaqepuh/2026/06/pods-duorou-300x300.webp HTTP/1.1" 404 111744 "-" "Mozilla/5.0 (Windows NT 10.0; Win64; x64) AppleWebKit/537.36 (KHTML, like Gecko) Chrome/145.0.0.0 Safari/537.36 (compatible; meta-externalagent/1.1 (+https://developers.facebook.com/docs/sharing/webmasters/crawler))"
57.141.0.41 - - [26/Jul/2026:21:56:17 +0000] "GET /gaqepuh/2026/06/pods-lvdou-150x150.webp HTTP/1.1" 404 111743 "-" "Mozilla/5.0 (Windows NT 10.0; Win64; x64) AppleWebKit/537.36 (KHTML, like Gecko) Chrome/145.0.0.0 Safari/537.36 (compatible; meta-externalagent/1.1 (+https://developers.facebook.com/docs/sharing/webmasters/crawler))"
57.141.0.2 - - [26/Jul/2026:21:56:20 +0000] "GET /gaqepuh/2026/06/cigarette-xigua-300x300.jpg HTTP/1.1" 404 111747 "-" "Mozilla/5.0 (Macintosh; Intel Mac OS X 10_15_7) AppleWebKit/537.36 (KHTML, like Gecko) Chrome/145.0.0.0 Safari/537.36 (compatible; meta-externalagent/1.1 (+https://developers.facebook.com/docs/sharing/webmasters/crawler))"
38.177.186.189 - - [26/Jul/2026:21:56:24 +0000] "GET / HTTP/1.1" 301 0 "-" "Mozilla/5.0 (X11; Linux x86_64) AppleWebKit/537.36 (KHTML, like Gecko) Chrome/44.0.2403.157 Safari/537.36"
57.141.0.59 - - [26/Jul/2026:21:56:25 +0000] "GET /gaqepuh/2026/06/pods-bingquan-150x150.webp HTTP/1.1" 404 111746 "-" "Mozilla/5.0 (Windows NT 10.0; Win64; x64) AppleWebKit/537.36 (KHTML, like Gecko) Chrome/145.0.0.0 Safari/537.36 (compatible; meta-externalagent/1.1 (+https://developers.facebook.com/docs/sharing/webmasters/crawler))"
38.177.186.189 - - [26/Jul/2026:21:56:26 +0000] "GET / HTTP/1.1" 200 36450 "http://38.177.186.189" "Mozilla/5.0 (X11; Linux x86_64) AppleWebKit/537.36 (KHTML, like Gecko) Chrome/44.0.2403.157 Safari/537.36"
38.177.186.189 - - [26/Jul/2026:21:58:26 +0000] "POST /wp-cron.php?doing_wp_cron=1785103105.9739289283752441406250 HTTP/1.1" 499 0 "-" "WordPress/7.0; https://www.groatmachinery.com"
114.119.130.199 - - [26/Jul/2026:21:58:26 +0000] "GET /product-tag/ilia%e5%93%a9%e5%95%9e/ HTTP/1.1" 200 35223 "https://www.groatmachinery.com/ilia-cigarette-m-39/" "Mozilla/5.0 (Linux; Android 7.0;) AppleWebKit/537.36 (HTML, like Gecko) Mobile Safari/537.36 (compatible; PetalBot;+https://webmaster.petalsearch.com/site/petalbot)"
187.12.126.100 - - [26/Jul/2026:21:58:46 +0000] "GET /ilia-cigarette-a-27/?add-to-cart=867 HTTP/1.1" 200 34810 "-" "Mozilla/5.0 (Macintosh; Intel Mac OS X 10_15_7) AppleWebKit/537.36 (KHTML, like Gecko) Chrome/133.0.0.0 Safari/537.36"
38.177.186.189 - - [26/Jul/2026:22:00:27 +0000] "POST /wp-cron.php?doing_wp_cron=1785103226.0060300827026367187500 HTTP/1.1" 499 0 "-" "WordPress/7.0; https://www.groatmachinery.com"
38.177.186.189 - - [26/Jul/2026:22:00:27 +0000] "GET / HTTP/1.1" 301 0 "-" "Mozilla/5.0 (X11; Linux x86_64) AppleWebKit/537.36 (KHTML, like Gecko) Chrome/44.0.2403.157 Safari/537.36"
38.177.186.189 - - [26/Jul/2026:22:00:29 +0000] "GET / HTTP/1.1" 499 0 "http://38.177.186.189" "Mozilla/5.0 (X11; Linux x86_64) AppleWebKit/537.36 (KHTML, like Gecko) Chrome/44.0.2403.157 Safari/537.36"
38.177.186.189 - - [26/Jul/2026:22:04:24 +0000] "POST /wp-cron.php?doing_wp_cron=1785103463.8001699447631835937500 HTTP/1.1" 499 0 "-" "WordPress/7.0; https://www.groatmachinery.com"
114.119.135.229 - - [26/Jul/2026:22:04:24 +0000] "GET /page/26/ HTTP/1.1" 200 36481 "https://groatmachinery.com/page/26/" "Mozilla/5.0 (Linux; Android 7.0;) AppleWebKit/537.36 (HTML, like Gecko) Mobile Safari/537.36 (compatible; PetalBot;+https://webmaster.petalsearch.com/site/petalbot)"
213.209.159.9 - - [26/Jul/2026:22:04:49 +0000] "GET / HTTP/1.1" 403 0 "-" "Mozilla/5.0 (Macintosh; Intel Mac OS X 10_15_6) AppleWebKit/605.1.15 (KHTML, like Gecko) Version/14.0.3 Safari/605.1.15"
38.177.186.189 - - [26/Jul/2026:22:06:49 +0000] "POST /wp-cron.php?doing_wp_cron=1785103608.6382761001586914062500 HTTP/1.1" 499 0 "-" "WordPress/7.0; https://www.groatmachinery.com"
57.141.0.20 - - [26/Jul/2026:22:06:49 +0000] "GET /ilia-cigarette-j-10/ HTTP/1.1" 200 235229 "-" "Mozilla/5.0 (X11; Linux x86_64) AppleWebKit/537.36 (KHTML, like Gecko) Chrome/145.0.0.0 Safari/537.36 (compatible; meta-externalagent/1.1 (+https://developers.facebook.com/docs/sharing/webmasters/crawler))"
47.84.127.216 - - [26/Jul/2026:22:09:23 +0000] "GET / HTTP/1.1" 403 0 "-" "Mozilla/5.0 (Windows NT 6.1; rv:2.0.1) Gecko/20100101 Firefox/4.0.1"
47.84.127.216 - - [26/Jul/2026:22:09:24 +0000] "GET /favicon.ico HTTP/1.1" 500 55 "-" "Mozilla/5.0 (Windows NT 6.1; rv:2.0.1) Gecko/20100101 Firefox/4.0.1"
47.237.27.25 - - [26/Jul/2026:22:09:47 +0000] "GET / HTTP/1.1" 403 0 "-" "Mozilla/5.0 (Windows NT 6.2) AppleWebKit/537.36 (KHTML, like Gecko) Chrome/28.0.1500.95 Safari/537.36"
47.237.27.25 - - [26/Jul/2026:22:09:48 +0000] "GET /favicon.ico HTTP/1.1" 500 55 "-" "Mozilla/5.0 (Windows NT 6.2) AppleWebKit/537.36 (KHTML, like Gecko) Chrome/28.0.1500.95 Safari/537.36"
40.77.167.61 - - [26/Jul/2026:22:10:08 +0000] "GET /special/01302605223 HTTP/1.1" 200 26803 "-" "Mozilla/5.0 AppleWebKit/537.36 (KHTML, like Gecko; compatible; bingbot/2.0; +http://www.bing.com/bingbot.htm) Chrome/116.0.1938.76 Safari/537.36"
38.177.186.189 - - [26/Jul/2026:22:11:59 +0000] "POST /wp-cron.php?doing_wp_cron=1785103918.7044870853424072265625 HTTP/1.1" 499 0 "-" "WordPress/7.0; https://www.groatmachinery.com"
57.141.0.70 - - [26/Jul/2026:22:11:59 +0000] "GET /ilia-oil-c-3/ HTTP/1.1" 200 234512 "-" "Mozilla/5.0 (Windows NT 10.0; Win64; x64) AppleWebKit/537.36 (KHTML, like Gecko) Chrome/145.0.0.0 Safari/537.36 (compatible; meta-externalagent/1.1 (+https://developers.facebook.com/docs/sharing/webmasters/crawler))"
38.177.186.189 - - [26/Jul/2026:22:13:11 +0000] "POST /wp-cron.php?doing_wp_cron=1785103990.1795361042022705078125 HTTP/1.1" 499 0 "-" "WordPress/7.0; https://www.groatmachinery.com"
20.195.181.10 - - [26/Jul/2026:22:13:11 +0000] "GET /admin.php HTTP/1.1" 301 0 "-" "Mozilla/5.0 (Windows NT 10.0; Win64; x64) AppleWebKit/537.36 (KHTML, like Gecko) Chrome/120.0.0.0 Safari/537.36"
20.195.181.10 - - [26/Jul/2026:22:13:13 +0000] "GET /edit.php HTTP/1.1" 301 0 "-" "Mozilla/5.0 (Windows NT 10.0; Win64; x64) AppleWebKit/537.36 (KHTML, like Gecko) Chrome/120.0.0.0 Safari/537.36"
20.195.181.10 - - [26/Jul/2026:22:13:13 +0000] "GET /w.php HTTP/1.1" 403 284 "-" "Mozilla/5.0 (Windows NT 10.0; Win64; x64) AppleWebKit/537.36 (KHTML, like Gecko) Chrome/120.0.0.0 Safari/537.36"
20.195.181.10 - - [26/Jul/2026:22:13:14 +0000] "GET /file.php HTTP/1.1" 403 284 "-" "Mozilla/5.0 (Windows NT 10.0; Win64; x64) AppleWebKit/537.36 (KHTML, like Gecko) Chrome/120.0.0.0 Safari/537.36"
20.195.181.10 - - [26/Jul/2026:22:13:16 +0000] "GET /adminfuns.php HTTP/1.1" 301 0 "-" "Mozilla/5.0 (Windows NT 10.0; Win64; x64) AppleWebKit/537.36 (KHTML, like Gecko) Chrome/120.0.0.0 Safari/537.36"
20.195.181.10 - - [26/Jul/2026:22:13:16 +0000] "GET /aa.php HTTP/1.1" 403 284 "-" "Mozilla/5.0 (Windows NT 10.0; Win64; x64) AppleWebKit/537.36 (KHTML, like Gecko) Chrome/120.0.0.0 Safari/537.36"
20.195.181.10 - - [26/Jul/2026:22:13:17 +0000] "GET /classwithtostring.php HTTP/1.1" 403 284 "-" "Mozilla/5.0 (Windows NT 10.0; Win64; x64) AppleWebKit/537.36 (KHTML, like Gecko) Chrome/120.0.0.0 Safari/537.36"
20.195.181.10 - - [26/Jul/2026:22:13:17 +0000] "GET /about.php HTTP/1.1" 403 284 "-" "Mozilla/5.0 (Windows NT 10.0; Win64; x64) AppleWebKit/537.36 (KHTML, like Gecko) Chrome/120.0.0.0 Safari/537.36"
20.195.181.10 - - [26/Jul/2026:22:13:18 +0000] "GET /goods.php HTTP/1.1" 403 284 "-" "Mozilla/5.0 (Windows NT 10.0; Win64; x64) AppleWebKit/537.36 (KHTML, like Gecko) Chrome/120.0.0.0 Safari/537.36"
20.195.181.10 - - [26/Jul/2026:22:13:18 +0000] "GET /php8.php HTTP/1.1" 403 284 "-" "Mozilla/5.0 (Windows NT 10.0; Win64; x64) AppleWebKit/537.36 (KHTML, like Gecko) Chrome/120.0.0.0 Safari/537.36"
20.195.181.10 - - [26/Jul/2026:22:13:18 +0000] "GET /info.php HTTP/1.1" 403 284 "-" "Mozilla/5.0 (Windows NT 10.0; Win64; x64) AppleWebKit/537.36 (KHTML, like Gecko) Chrome/120.0.0.0 Safari/537.36"
20.195.181.10 - - [26/Jul/2026:22:13:19 +0000] "GET /chosen.php HTTP/1.1" 403 284 "-" "Mozilla/5.0 (Windows NT 10.0; Win64; x64) AppleWebKit/537.36 (KHTML, like Gecko) Chrome/120.0.0.0 Safari/537.36"
114.119.146.70 - - [26/Jul/2026:22:13:19 +0000] "GET /gaqepuh/2026/06/pods-mitao.webp HTTP/1.1" 404 26513 "https://www.groatmachinery.com/ilia-pods-i-61/" "Mozilla/5.0 (Linux; Android 7.0;) AppleWebKit/537.36 (HTML, like Gecko) Mobile Safari/537.36 (compatible; PetalBot;+https://webmaster.petalsearch.com/site/petalbot)"
20.195.181.10 - - [26/Jul/2026:22:13:19 +0000] "GET /simple.php HTTP/1.1" 403 284 "-" "Mozilla/5.0 (Windows NT 10.0; Win64; x64) AppleWebKit/537.36 (KHTML, like Gecko) Chrome/120.0.0.0 Safari/537.36"
20.195.181.10 - - [26/Jul/2026:22:13:19 +0000] "GET /ioxi-o.php HTTP/1.1" 403 284 "-" "Mozilla/5.0 (Windows NT 10.0; Win64; x64) AppleWebKit/537.36 (KHTML, like Gecko) Chrome/120.0.0.0 Safari/537.36"
20.195.181.10 - - [26/Jul/2026:22:13:20 +0000] "GET /av.php HTTP/1.1" 403 284 "-" "Mozilla/5.0 (Windows NT 10.0; Win64; x64) AppleWebKit/537.36 (KHTML, like Gecko) Chrome/120.0.0.0 Safari/537.36"
20.195.181.10 - - [26/Jul/2026:22:13:20 +0000] "GET /wp-admin HTTP/1.1" 301 329 "-" "Mozilla/5.0 (Windows NT 10.0; Win64; x64) AppleWebKit/537.36 (KHTML, like Gecko) Chrome/120.0.0.0 Safari/537.36"
20.195.181.10 - - [26/Jul/2026:22:13:20 +0000] "GET /wp.php HTTP/1.1" 403 284 "-" "Mozilla/5.0 (Windows NT 10.0; Win64; x64) AppleWebKit/537.36 (KHTML, like Gecko) Chrome/120.0.0.0 Safari/537.36"
20.195.181.10 - - [26/Jul/2026:22:13:21 +0000] "GET /file2.php HTTP/1.1" 403 284 "-" "Mozilla/5.0 (Windows NT 10.0; Win64; x64) AppleWebKit/537.36 (KHTML, like Gecko) Chrome/120.0.0.0 Safari/537.36"
20.195.181.10 - - [26/Jul/2026:22:13:21 +0000] "GET /images/class-config.php HTTP/1.1" 403 284 "-" "Mozilla/5.0 (Windows NT 10.0; Win64; x64) AppleWebKit/537.36 (KHTML, like Gecko) Chrome/120.0.0.0 Safari/537.36"
20.195.181.10 - - [26/Jul/2026:22:13:22 +0000] "GET /alfa.php HTTP/1.1" 403 284 "-" "Mozilla/5.0 (Windows NT 10.0; Win64; x64) AppleWebKit/537.36 (KHTML, like Gecko) Chrome/120.0.0.0 Safari/537.36"
20.195.181.10 - - [26/Jul/2026:22:13:22 +0000] "GET /1.php HTTP/1.1" 403 284 "-" "Mozilla/5.0 (Windows NT 10.0; Win64; x64) AppleWebKit/537.36 (KHTML, like Gecko) Chrome/120.0.0.0 Safari/537.36"
20.195.181.10 - - [26/Jul/2026:22:13:22 +0000] "GET /222.php HTTP/1.1" 403 284 "-" "Mozilla/5.0 (Windows NT 10.0; Win64; x64) AppleWebKit/537.36 (KHTML, like Gecko) Chrome/120.0.0.0 Safari/537.36"
20.195.181.10 - - [26/Jul/2026:22:13:23 +0000] "GET /asasx.php HTTP/1.1" 403 284 "-" "Mozilla/5.0 (Windows NT 10.0; Win64; x64) AppleWebKit/537.36 (KHTML, like Gecko) Chrome/120.0.0.0 Safari/537.36"
20.195.181.10 - - [26/Jul/2026:22:13:23 +0000] "GET /filemanager.php HTTP/1.1" 403 284 "-" "Mozilla/5.0 (Windows NT 10.0; Win64; x64) AppleWebKit/537.36 (KHTML, like Gecko) Chrome/120.0.0.0 Safari/537.36"
20.195.181.10 - - [26/Jul/2026:22:13:25 +0000] "GET /themes.php HTTP/1.1" 301 0 "-" "Mozilla/5.0 (Windows NT 10.0; Win64; x64) AppleWebKit/537.36 (KHTML, like Gecko) Chrome/120.0.0.0 Safari/537.36"
20.195.181.10 - - [26/Jul/2026:22:13:28 +0000] "GET /wp-content/admin.php HTTP/1.1" 301 0 "-" "Mozilla/5.0 (Windows NT 10.0; Win64; x64) AppleWebKit/537.36 (KHTML, like Gecko) Chrome/120.0.0.0 Safari/537.36"
20.195.181.10 - - [26/Jul/2026:22:13:28 +0000] "GET /buy.php HTTP/1.1" 403 284 "-" "Mozilla/5.0 (Windows NT 10.0; Win64; x64) AppleWebKit/537.36 (KHTML, like Gecko) Chrome/120.0.0.0 Safari/537.36"
20.195.181.10 - - [26/Jul/2026:22:13:28 +0000] "GET /dropdown.php HTTP/1.1" 403 284 "-" "Mozilla/5.0 (Windows NT 10.0; Win64; x64) AppleWebKit/537.36 (KHTML, like Gecko) Chrome/120.0.0.0 Safari/537.36"
20.195.181.10 - - [26/Jul/2026:22:13:31 +0000] "GET /inputs.php HTTP/1.1" 301 0 "-" "Mozilla/5.0 (Windows NT 10.0; Win64; x64) AppleWebKit/537.36 (KHTML, like Gecko) Chrome/120.0.0.0 Safari/537.36"
20.195.181.10 - - [26/Jul/2026:22:13:31 +0000] "GET /100.php HTTP/1.1" 403 284 "-" "Mozilla/5.0 (Windows NT 10.0; Win64; x64) AppleWebKit/537.36 (KHTML, like Gecko) Chrome/120.0.0.0 Safari/537.36"
20.195.181.10 - - [26/Jul/2026:22:13:31 +0000] "GET /akc.php HTTP/1.1" 403 284 "-" "Mozilla/5.0 (Windows NT 10.0; Win64; x64) AppleWebKit/537.36 (KHTML, like Gecko) Chrome/120.0.0.0 Safari/537.36"
20.195.181.10 - - [26/Jul/2026:22:13:34 +0000] "GET /autoload_classmap/function.php HTTP/1.1" 301 0 "-" "Mozilla/5.0 (Windows NT 10.0; Win64; x64) AppleWebKit/537.36 (KHTML, like Gecko) Chrome/120.0.0.0 Safari/537.36"
20.195.181.10 - - [26/Jul/2026:22:13:34 +0000] "GET /php.php HTTP/1.1" 403 284 "-" "Mozilla/5.0 (Windows NT 10.0; Win64; x64) AppleWebKit/537.36 (KHTML, like Gecko) Chrome/120.0.0.0 Safari/537.36"
20.195.181.10 - - [26/Jul/2026:22:13:34 +0000] "GET /t.php HTTP/1.1" 403 284 "-" "Mozilla/5.0 (Windows NT 10.0; Win64; x64) AppleWebKit/537.36 (KHTML, like Gecko) Chrome/120.0.0.0 Safari/537.36"
20.195.181.10 - - [26/Jul/2026:22:13:36 +0000] "GET /index/function.php HTTP/1.1" 301 0 "-" "Mozilla/5.0 (Windows NT 10.0; Win64; x64) AppleWebKit/537.36 (KHTML, like Gecko) Chrome/120.0.0.0 Safari/537.36"
20.195.181.10 - - [26/Jul/2026:22:13:39 +0000] "GET /wk/index.php HTTP/1.1" 301 0 "-" "Mozilla/5.0 (Windows NT 10.0; Win64; x64) AppleWebKit/537.36 (KHTML, like Gecko) Chrome/120.0.0.0 Safari/537.36"
20.195.181.10 - - [26/Jul/2026:22:13:39 +0000] "GET /wp-blink.php HTTP/1.1" 403 284 "-" "Mozilla/5.0 (Windows NT 10.0; Win64; x64) AppleWebKit/537.36 (KHTML, like Gecko) Chrome/120.0.0.0 Safari/537.36"
20.195.181.10 - - [26/Jul/2026:22:13:39 +0000] "GET /xfun.php HTTP/1.1" 403 284 "-" "Mozilla/5.0 (Windows NT 10.0; Win64; x64) AppleWebKit/537.36 (KHTML, like Gecko) Chrome/120.0.0.0 Safari/537.36"
20.195.181.10 - - [26/Jul/2026:22:13:40 +0000] "GET /p.php HTTP/1.1" 403 284 "-" "Mozilla/5.0 (Windows NT 10.0; Win64; x64) AppleWebKit/537.36 (KHTML, like Gecko) Chrome/120.0.0.0 Safari/537.36"
20.195.181.10 - - [26/Jul/2026:22:13:40 +0000] "GET /wp-content/themes/admin.php HTTP/1.1" 403 284 "-" "Mozilla/5.0 (Windows NT 10.0; Win64; x64) AppleWebKit/537.36 (KHTML, like Gecko) Chrome/120.0.0.0 Safari/537.36"
20.195.181.10 - - [26/Jul/2026:22:13:40 +0000] "GET /aaa.php HTTP/1.1" 403 284 "-" "Mozilla/5.0 (Windows NT 10.0; Win64; x64) AppleWebKit/537.36 (KHTML, like Gecko) Chrome/120.0.0.0 Safari/537.36"
20.195.181.10 - - [26/Jul/2026:22:13:43 +0000] "GET /term.php HTTP/1.1" 301 0 "-" "Mozilla/5.0 (Windows NT 10.0; Win64; x64) AppleWebKit/537.36 (KHTML, like Gecko) Chrome/120.0.0.0 Safari/537.36"
20.195.181.10 - - [26/Jul/2026:22:13:43 +0000] "GET /7.php HTTP/1.1" 403 284 "-" "Mozilla/5.0 (Windows NT 10.0; Win64; x64) AppleWebKit/537.36 (KHTML, like Gecko) Chrome/120.0.0.0 Safari/537.36"
20.195.181.10 - - [26/Jul/2026:22:13:44 +0000] "GET /file5.php HTTP/1.1" 403 284 "-" "Mozilla/5.0 (Windows NT 10.0; Win64; x64) AppleWebKit/537.36 (KHTML, like Gecko) Chrome/120.0.0.0 Safari/537.36"
20.195.181.10 - - [26/Jul/2026:22:13:44 +0000] "GET /makeasmtp.php HTTP/1.1" 403 284 "-" "Mozilla/5.0 (Windows NT 10.0; Win64; x64) AppleWebKit/537.36 (KHTML, like Gecko) Chrome/120.0.0.0 Safari/537.36"
20.195.181.10 - - [26/Jul/2026:22:13:44 +0000] "GET /wp-content/index.php HTTP/1.1" 200 0 "-" "Mozilla/5.0 (Windows NT 10.0; Win64; x64) AppleWebKit/537.36 (KHTML, like Gecko) Chrome/120.0.0.0 Safari/537.36"
20.195.181.10 - - [26/Jul/2026:22:13:45 +0000] "GET /wp-includes/class-wp-http-client.php HTTP/1.1" 403 284 "-" "Mozilla/5.0 (Windows NT 10.0; Win64; x64) AppleWebKit/537.36 (KHTML, like Gecko) Chrome/120.0.0.0 Safari/537.36"
20.195.181.10 - - [26/Jul/2026:22:13:45 +0000] "GET /atomlib.php HTTP/1.1" 403 284 "-" "Mozilla/5.0 (Windows NT 10.0; Win64; x64) AppleWebKit/537.36 (KHTML, like Gecko) Chrome/120.0.0.0 Safari/537.36"
20.195.181.10 - - [26/Jul/2026:22:13:45 +0000] "GET /min.php HTTP/1.1" 403 284 "-" "Mozilla/5.0 (Windows NT 10.0; Win64; x64) AppleWebKit/537.36 (KHTML, like Gecko) Chrome/120.0.0.0 Safari/537.36"
20.195.181.10 - - [26/Jul/2026:22:13:46 +0000] "GET /mac.php HTTP/1.1" 403 284 "-" "Mozilla/5.0 (Windows NT 10.0; Win64; x64) AppleWebKit/537.36 (KHTML, like Gecko) Chrome/120.0.0.0 Safari/537.36"
