HEX
Server: Apache/2.4.58 (Ubuntu)
System: Linux S202606089271 6.8.0-134-generic #134-Ubuntu SMP PREEMPT_DYNAMIC Fri Jun 26 18:43:11 UTC 2026 x86_64
User: groatmachine_usr (1022)
PHP: 8.3.6
Disabled: NONE
Upload Files
File: /var/www/groatmachine_usr/data/logs/groatmachinery.com-frontend.access.log.1
38.177.186.189 - - [26/Jul/2026:00:00:31 +0000] "POST /wp-cron.php?doing_wp_cron=1785024030.7642738819122314453125 HTTP/1.1" 499 0 "-" "WordPress/7.0; https://www.groatmachinery.com"
38.177.186.189 - - [26/Jul/2026:00:00:31 +0000] "GET / HTTP/1.1" 301 0 "-" "Mozilla/5.0 (X11; Linux x86_64) AppleWebKit/537.36 (KHTML, like Gecko) Chrome/44.0.2403.157 Safari/537.36"
38.177.186.189 - - [26/Jul/2026:00:00:33 +0000] "GET / HTTP/1.1" 499 0 "http://38.177.186.189" "Mozilla/5.0 (X11; Linux x86_64) AppleWebKit/537.36 (KHTML, like Gecko) Chrome/44.0.2403.157 Safari/537.36"
38.177.186.189 - - [26/Jul/2026:00:01:06 +0000] "POST /wp-cron.php?doing_wp_cron=1785024065.3018810749053955078125 HTTP/1.1" 499 0 "-" "WordPress/7.0; https://www.groatmachinery.com"
216.73.217.165 - - [26/Jul/2026:00:01:06 +0000] "GET /ilia-pods-m-13/?add-to-cart=931 HTTP/1.1" 200 34800 "-" "Mozilla/5.0 AppleWebKit/537.36 (KHTML, like Gecko; compatible; ClaudeBot/1.0; +claudebot@anthropic.com)"
216.73.217.165 - - [26/Jul/2026:00:01:17 +0000] "GET /robots.txt HTTP/1.1" 200 84 "-" "Mozilla/5.0 AppleWebKit/537.36 (KHTML, like Gecko; compatible; ClaudeBot/1.0; +claudebot@anthropic.com)"
216.73.217.165 - - [26/Jul/2026:00:01:20 +0000] "GET /sitemap.xml HTTP/1.1" 404 26500 "-" "Mozilla/5.0 AppleWebKit/537.36 (KHTML, like Gecko; compatible; ClaudeBot/1.0; +claudebot@anthropic.com)"
216.73.217.165 - - [26/Jul/2026:00:01:24 +0000] "GET /?p=941 HTTP/1.1" 301 0 "-" "Mozilla/5.0 AppleWebKit/537.36 (KHTML, like Gecko; compatible; ClaudeBot/1.0; +claudebot@anthropic.com)"
216.73.217.165 - - [26/Jul/2026:00:01:26 +0000] "GET /ilia-pods-m-13/ HTTP/1.1" 200 34728 "https://www.groatmachinery.com/?p=941" "Mozilla/5.0 AppleWebKit/537.36 (KHTML, like Gecko; compatible; ClaudeBot/1.0; +claudebot@anthropic.com)"
216.73.217.39 - - [26/Jul/2026:00:01:37 +0000] "GET /ilia-pods-m-13/?add-to-cart=853 HTTP/1.1" 200 34810 "-" "Mozilla/5.0 AppleWebKit/537.36 (KHTML, like Gecko; compatible; ClaudeBot/1.0; +claudebot@anthropic.com)"
100.29.34.97 - - [26/Jul/2026:00:01:49 +0000] "GET / HTTP/1.1" 301 0 "-" "Mozilla/5.0 AppleWebKit/537.36 (KHTML, like Gecko; compatible; Amazonbot/0.1; +https://developer.amazon.com/support/amazonbot) Chrome/119.0.6045.214 Safari/537.36"
100.29.34.97 - - [26/Jul/2026:00:01:51 +0000] "GET / HTTP/1.1" 200 36451 "-" "Mozilla/5.0 AppleWebKit/537.36 (KHTML, like Gecko; compatible; Amazonbot/0.1; +https://developer.amazon.com/support/amazonbot) Chrome/119.0.6045.214 Safari/537.36"
216.73.217.39 - - [26/Jul/2026:00:01:56 +0000] "GET /ilia-pods-m-13/feed/ HTTP/1.1" 200 449 "-" "Mozilla/5.0 AppleWebKit/537.36 (KHTML, like Gecko; compatible; ClaudeBot/1.0; +claudebot@anthropic.com)"
43.157.175.122 - - [26/Jul/2026:00:02:57 +0000] "GET / HTTP/1.1" 403 0 "-" "Mozilla/5.0 (iPhone; CPU iPhone OS 13_2_3 like Mac OS X) AppleWebKit/605.1.15 (KHTML, like Gecko) Version/13.0.3 Mobile/15E148 Safari/604.1"
38.177.186.189 - - [26/Jul/2026:00:03:01 +0000] "POST /wp-cron.php?doing_wp_cron=1785024180.1186420917510986328125 HTTP/1.1" 499 0 "-" "WordPress/7.0; https://www.groatmachinery.com"
216.73.217.39 - - [26/Jul/2026:00:03:01 +0000] "GET /ilia-pods-m-13/?add-to-cart=909 HTTP/1.1" 200 34749 "-" "Mozilla/5.0 AppleWebKit/537.36 (KHTML, like Gecko; compatible; ClaudeBot/1.0; +claudebot@anthropic.com)"
38.177.186.189 - - [26/Jul/2026:00:03:12 +0000] "POST /wp-cron.php?doing_wp_cron=1785024191.4973340034484863281250 HTTP/1.1" 499 0 "-" "WordPress/7.0; https://www.groatmachinery.com"
216.73.217.39 - - [26/Jul/2026:00:03:12 +0000] "GET /ilia-pods-m-13/?add-to-cart=918 HTTP/1.1" 200 34756 "-" "Mozilla/5.0 AppleWebKit/537.36 (KHTML, like Gecko; compatible; ClaudeBot/1.0; +claudebot@anthropic.com)"
216.73.216.196 - - [26/Jul/2026:00:03:50 +0000] "GET /ilia-pods-m-13/?add-to-cart=912 HTTP/1.1" 200 34763 "-" "Mozilla/5.0 AppleWebKit/537.36 (KHTML, like Gecko; compatible; ClaudeBot/1.0; +claudebot@anthropic.com)"
216.73.216.196 - - [26/Jul/2026:00:03:54 +0000] "GET /ilia-pods-m-13/?add-to-cart=902 HTTP/1.1" 200 34805 "-" "Mozilla/5.0 AppleWebKit/537.36 (KHTML, like Gecko; compatible; ClaudeBot/1.0; +claudebot@anthropic.com)"
38.177.186.189 - - [26/Jul/2026:00:04:40 +0000] "POST /wp-cron.php?doing_wp_cron=1785024279.6145980358123779296875 HTTP/1.1" 499 0 "-" "WordPress/7.0; https://www.groatmachinery.com"
47.82.54.29 - - [26/Jul/2026:00:04:40 +0000] "GET /ilia-pods-d-4/ HTTP/1.1" 200 34847 "-" "Mozilla/5.0 (Windows NT 10.0; Win64; x64) AppleWebKit/537.36 (KHTML, like Gecko) Chrome/148.0.0.0 Safari/537.36"
38.177.186.189 - - [26/Jul/2026:00:05:42 +0000] "POST /wp-cron.php?doing_wp_cron=1785024341.1099140644073486328125 HTTP/1.1" 499 0 "-" "WordPress/7.0; https://www.groatmachinery.com"
185.125.219.13 - - [26/Jul/2026:00:05:42 +0000] "GET / HTTP/1.1" 301 0 "https://velesritual.com.ua/mesto-kladbische.html" "Mozilla/5.0 (Windows NT 10.0; Win64; x64) AppleWebKit/537.36 (KHTML, like Gecko) Chrome/137.0.0.0 Safari/537.36"
194.67.207.94 - - [26/Jul/2026:00:05:42 +0000] "GET / HTTP/1.1" 301 0 "https://ua.velesritual.com.ua/coffins.html" "Mozilla/5.0 (Macintosh; Intel Mac OS X 10_15_7) AppleWebKit/605.1.15 (KHTML, like Gecko) Version/17.6 Safari/605.1.15"
17.22.245.113 - - [26/Jul/2026:00:06:25 +0000] "GET /robots.txt HTTP/1.1" 200 84 "-" "Mozilla/5.0 (Macintosh; Intel Mac OS X 10_15_7) AppleWebKit/605.1.15 (KHTML, like Gecko) Version/17.4 Safari/605.1.15 (Applebot/0.1; +http://www.apple.com/go/applebot)"
38.177.186.189 - - [26/Jul/2026:00:06:28 +0000] "POST /wp-cron.php?doing_wp_cron=1785024387.6488111019134521484375 HTTP/1.1" 499 0 "-" "WordPress/7.0; https://www.groatmachinery.com"
17.22.245.113 - - [26/Jul/2026:00:06:28 +0000] "GET /page/370/ HTTP/1.1" 301 0 "-" "Mozilla/5.0 (Macintosh; Intel Mac OS X 10_15_7) AppleWebKit/605.1.15 (KHTML, like Gecko) Version/17.4 Safari/605.1.15 (Applebot/0.1; +http://www.apple.com/go/applebot)"
17.22.237.31 - - [26/Jul/2026:00:06:29 +0000] "GET /robots.txt HTTP/1.1" 200 84 "-" "Mozilla/5.0 (Macintosh; Intel Mac OS X 10_15_7) AppleWebKit/605.1.15 (KHTML, like Gecko) Version/17.4 Safari/605.1.15 (Applebot/0.1; +http://www.apple.com/go/applebot)"
17.22.237.31 - - [26/Jul/2026:00:06:32 +0000] "GET /page/370/ HTTP/1.1" 200 36489 "-" "Mozilla/5.0 (Macintosh; Intel Mac OS X 10_15_7) AppleWebKit/605.1.15 (KHTML, like Gecko) Version/17.4 Safari/605.1.15 (Applebot/0.1; +http://www.apple.com/go/applebot)"
38.177.186.189 - - [26/Jul/2026:00:09:54 +0000] "POST /wp-cron.php?doing_wp_cron=1785024593.8206670284271240234375 HTTP/1.1" 499 0 "-" "WordPress/7.0; https://www.groatmachinery.com"
17.22.253.186 - - [26/Jul/2026:00:09:54 +0000] "GET /qusefod/assets/client/blocks/wc-blocks.css HTTP/1.1" 404 26493 "https://www.groatmachinery.com/page/370/" "Mozilla/5.0 (Macintosh; Intel Mac OS X 10_15_7) AppleWebKit/605.1.15 (KHTML, like Gecko) Version/17.4 Safari/605.1.15 (Applebot/0.1; +http://www.apple.com/go/applebot)"
17.22.237.231 - - [26/Jul/2026:00:09:55 +0000] "GET /heqapoh/includes/css/styles.css HTTP/1.1" 404 26499 "https://www.groatmachinery.com/page/370/" "Mozilla/5.0 (Macintosh; Intel Mac OS X 10_15_7) AppleWebKit/605.1.15 (KHTML, like Gecko) Version/17.4 Safari/605.1.15 (Applebot/0.1; +http://www.apple.com/go/applebot)"
17.22.253.145 - - [26/Jul/2026:00:09:57 +0000] "GET /sehatev/assets/animations/animations.min.css HTTP/1.1" 404 26495 "https://www.groatmachinery.com/page/370/" "Mozilla/5.0 (Macintosh; Intel Mac OS X 10_15_7) AppleWebKit/605.1.15 (KHTML, like Gecko) Version/17.4 Safari/605.1.15 (Applebot/0.1; +http://www.apple.com/go/applebot)"
17.22.253.186 - - [26/Jul/2026:00:09:57 +0000] "GET /qusefod/assets/css/woocommerce.css HTTP/1.1" 404 26495 "https://www.groatmachinery.com/page/370/" "Mozilla/5.0 (Macintosh; Intel Mac OS X 10_15_7) AppleWebKit/605.1.15 (KHTML, like Gecko) Version/17.4 Safari/605.1.15 (Applebot/0.1; +http://www.apple.com/go/applebot)"
17.22.237.231 - - [26/Jul/2026:00:09:59 +0000] "GET /qusefod/assets/css/woocommerce-layout.css HTTP/1.1" 404 26495 "https://www.groatmachinery.com/page/370/" "Mozilla/5.0 (Macintosh; Intel Mac OS X 10_15_7) AppleWebKit/605.1.15 (KHTML, like Gecko) Version/17.4 Safari/605.1.15 (Applebot/0.1; +http://www.apple.com/go/applebot)"
17.22.253.145 - - [26/Jul/2026:00:10:00 +0000] "GET /sehatev/css/be.css HTTP/1.1" 404 26492 "https://www.groatmachinery.com/page/370/" "Mozilla/5.0 (Macintosh; Intel Mac OS X 10_15_7) AppleWebKit/605.1.15 (KHTML, like Gecko) Version/17.4 Safari/605.1.15 (Applebot/0.1; +http://www.apple.com/go/applebot)"
38.177.186.189 - - [26/Jul/2026:00:10:03 +0000] "POST /wp-cron.php?doing_wp_cron=1785024602.0772559642791748046875 HTTP/1.1" 499 0 "-" "WordPress/7.0; https://www.groatmachinery.com"
17.22.253.186 - - [26/Jul/2026:00:10:03 +0000] "GET /sehatev/fonts/fontawesome/fontawesome.css HTTP/1.1" 404 26495 "https://www.groatmachinery.com/page/370/" "Mozilla/5.0 (Macintosh; Intel Mac OS X 10_15_7) AppleWebKit/605.1.15 (KHTML, like Gecko) Version/17.4 Safari/605.1.15 (Applebot/0.1; +http://www.apple.com/go/applebot)"
17.22.237.231 - - [26/Jul/2026:00:10:04 +0000] "GET /sehatev/assets/jplayer/css/jplayer.blue.monday.min.css HTTP/1.1" 404 26514 "https://www.groatmachinery.com/page/370/" "Mozilla/5.0 (Macintosh; Intel Mac OS X 10_15_7) AppleWebKit/605.1.15 (KHTML, like Gecko) Version/17.4 Safari/605.1.15 (Applebot/0.1; +http://www.apple.com/go/applebot)"
17.22.253.145 - - [26/Jul/2026:00:10:05 +0000] "GET /sehatev/css/responsive.css HTTP/1.1" 404 26501 "https://www.groatmachinery.com/page/370/" "Mozilla/5.0 (Macintosh; Intel Mac OS X 10_15_7) AppleWebKit/605.1.15 (KHTML, like Gecko) Version/17.4 Safari/605.1.15 (Applebot/0.1; +http://www.apple.com/go/applebot)"
17.22.253.186 - - [26/Jul/2026:00:10:06 +0000] "GET /sehatev/css/woocommerce.css HTTP/1.1" 404 26498 "https://www.groatmachinery.com/page/370/" "Mozilla/5.0 (Macintosh; Intel Mac OS X 10_15_7) AppleWebKit/605.1.15 (KHTML, like Gecko) Version/17.4 Safari/605.1.15 (Applebot/0.1; +http://www.apple.com/go/applebot)"
17.22.237.231 - - [26/Jul/2026:00:10:08 +0000] "GET /cocatic/js/jquery/jquery.min.js HTTP/1.1" 404 26510 "https://www.groatmachinery.com/page/370/" "Mozilla/5.0 (Macintosh; Intel Mac OS X 10_15_7) AppleWebKit/605.1.15 (KHTML, like Gecko) Version/17.4 Safari/605.1.15 (Applebot/0.1; +http://www.apple.com/go/applebot)"
17.22.253.145 - - [26/Jul/2026:00:10:09 +0000] "GET /cocatic/js/jquery/jquery-migrate.min.js HTTP/1.1" 404 26515 "https://www.groatmachinery.com/page/370/" "Mozilla/5.0 (Macintosh; Intel Mac OS X 10_15_7) AppleWebKit/605.1.15 (KHTML, like Gecko) Version/17.4 Safari/605.1.15 (Applebot/0.1; +http://www.apple.com/go/applebot)"
17.22.253.186 - - [26/Jul/2026:00:10:11 +0000] "GET /qusefod/assets/js/jquery-blockui/jquery.blockUI.min.js HTTP/1.1" 404 26513 "https://www.groatmachinery.com/page/370/" "Mozilla/5.0 (Macintosh; Intel Mac OS X 10_15_7) AppleWebKit/605.1.15 (KHTML, like Gecko) Version/17.4 Safari/605.1.15 (Applebot/0.1; +http://www.apple.com/go/applebot)"
17.22.237.231 - - [26/Jul/2026:00:10:12 +0000] "GET /qusefod/assets/js/frontend/add-to-cart.min.js HTTP/1.1" 404 26513 "https://www.groatmachinery.com/page/370/" "Mozilla/5.0 (Macintosh; Intel Mac OS X 10_15_7) AppleWebKit/605.1.15 (KHTML, like Gecko) Version/17.4 Safari/605.1.15 (Applebot/0.1; +http://www.apple.com/go/applebot)"
17.22.253.145 - - [26/Jul/2026:00:10:14 +0000] "GET /qusefod/assets/js/js-cookie/js.cookie.min.js HTTP/1.1" 404 26509 "https://www.groatmachinery.com/page/370/" "Mozilla/5.0 (Macintosh; Intel Mac OS X 10_15_7) AppleWebKit/605.1.15 (KHTML, like Gecko) Version/17.4 Safari/605.1.15 (Applebot/0.1; +http://www.apple.com/go/applebot)"
17.22.253.186 - - [26/Jul/2026:00:10:15 +0000] "GET /qusefod/assets/js/frontend/woocommerce.min.js HTTP/1.1" 404 26512 "https://www.groatmachinery.com/page/370/" "Mozilla/5.0 (Macintosh; Intel Mac OS X 10_15_7) AppleWebKit/605.1.15 (KHTML, like Gecko) Version/17.4 Safari/605.1.15 (Applebot/0.1; +http://www.apple.com/go/applebot)"
17.22.237.231 - - [26/Jul/2026:00:10:17 +0000] "GET /qusefod/assets/js/frontend/cart-fragments.min.js HTTP/1.1" 404 26515 "https://www.groatmachinery.com/page/370/" "Mozilla/5.0 (Macintosh; Intel Mac OS X 10_15_7) AppleWebKit/605.1.15 (KHTML, like Gecko) Version/17.4 Safari/605.1.15 (Applebot/0.1; +http://www.apple.com/go/applebot)"
17.22.253.145 - - [26/Jul/2026:00:10:18 +0000] "GET /cocatic/js/underscore.min.js HTTP/1.1" 404 26512 "https://www.groatmachinery.com/page/370/" "Mozilla/5.0 (Macintosh; Intel Mac OS X 10_15_7) AppleWebKit/605.1.15 (KHTML, like Gecko) Version/17.4 Safari/605.1.15 (Applebot/0.1; +http://www.apple.com/go/applebot)"
17.22.253.186 - - [26/Jul/2026:00:10:20 +0000] "GET /cocatic/js/wp-util.min.js HTTP/1.1" 404 26513 "https://www.groatmachinery.com/page/370/" "Mozilla/5.0 (Macintosh; Intel Mac OS X 10_15_7) AppleWebKit/605.1.15 (KHTML, like Gecko) Version/17.4 Safari/605.1.15 (Applebot/0.1; +http://www.apple.com/go/applebot)"
17.22.237.231 - - [26/Jul/2026:00:10:21 +0000] "GET /qusefod/assets/js/frontend/add-to-cart-variation.min.js HTTP/1.1" 404 26518 "https://www.groatmachinery.com/page/370/" "Mozilla/5.0 (Macintosh; Intel Mac OS X 10_15_7) AppleWebKit/605.1.15 (KHTML, like Gecko) Version/17.4 Safari/605.1.15 (Applebot/0.1; +http://www.apple.com/go/applebot)"
17.22.253.145 - - [26/Jul/2026:00:10:22 +0000] "GET /gaqepuh/betheme/css/post-7.css HTTP/1.1" 404 26476 "https://www.groatmachinery.com/page/370/" "Mozilla/5.0 (Macintosh; Intel Mac OS X 10_15_7) AppleWebKit/605.1.15 (KHTML, like Gecko) Version/17.4 Safari/605.1.15 (Applebot/0.1; +http://www.apple.com/go/applebot)"
17.22.253.186 - - [26/Jul/2026:00:10:24 +0000] "GET /sehatev/css/elements/divider-2.css HTTP/1.1" 404 26495 "https://www.groatmachinery.com/page/370/" "Mozilla/5.0 (Macintosh; Intel Mac OS X 10_15_7) AppleWebKit/605.1.15 (KHTML, like Gecko) Version/17.4 Safari/605.1.15 (Applebot/0.1; +http://www.apple.com/go/applebot)"
17.22.237.231 - - [26/Jul/2026:00:10:25 +0000] "GET /gaqepuh/betheme/css/post-56.css HTTP/1.1" 404 26477 "https://www.groatmachinery.com/page/370/" "Mozilla/5.0 (Macintosh; Intel Mac OS X 10_15_7) AppleWebKit/605.1.15 (KHTML, like Gecko) Version/17.4 Safari/605.1.15 (Applebot/0.1; +http://www.apple.com/go/applebot)"
17.22.253.145 - - [26/Jul/2026:00:10:27 +0000] "GET /cocatic/js/dist/hooks.min.js HTTP/1.1" 404 26515 "https://www.groatmachinery.com/page/370/" "Mozilla/5.0 (Macintosh; Intel Mac OS X 10_15_7) AppleWebKit/605.1.15 (KHTML, like Gecko) Version/17.4 Safari/605.1.15 (Applebot/0.1; +http://www.apple.com/go/applebot)"
17.22.253.186 - - [26/Jul/2026:00:10:29 +0000] "GET /cocatic/js/dist/i18n.min.js HTTP/1.1" 404 26514 "https://www.groatmachinery.com/page/370/" "Mozilla/5.0 (Macintosh; Intel Mac OS X 10_15_7) AppleWebKit/605.1.15 (KHTML, like Gecko) Version/17.4 Safari/605.1.15 (Applebot/0.1; +http://www.apple.com/go/applebot)"
17.22.237.231 - - [26/Jul/2026:00:10:30 +0000] "GET /heqapoh/includes/swv/js/index.js HTTP/1.1" 404 26504 "https://www.groatmachinery.com/page/370/" "Mozilla/5.0 (Macintosh; Intel Mac OS X 10_15_7) AppleWebKit/605.1.15 (KHTML, like Gecko) Version/17.4 Safari/605.1.15 (Applebot/0.1; +http://www.apple.com/go/applebot)"
17.22.253.145 - - [26/Jul/2026:00:10:31 +0000] "GET /heqapoh/includes/js/index.js HTTP/1.1" 404 26500 "https://www.groatmachinery.com/page/370/" "Mozilla/5.0 (Macintosh; Intel Mac OS X 10_15_7) AppleWebKit/605.1.15 (KHTML, like Gecko) Version/17.4 Safari/605.1.15 (Applebot/0.1; +http://www.apple.com/go/applebot)"
17.22.253.186 - - [26/Jul/2026:00:10:33 +0000] "GET /cocatic/js/jquery/ui/core.min.js HTTP/1.1" 404 26514 "https://www.groatmachinery.com/page/370/" "Mozilla/5.0 (Macintosh; Intel Mac OS X 10_15_7) AppleWebKit/605.1.15 (KHTML, like Gecko) Version/17.4 Safari/605.1.15 (Applebot/0.1; +http://www.apple.com/go/applebot)"
17.22.237.231 - - [26/Jul/2026:00:10:35 +0000] "GET /cocatic/js/jquery/ui/tabs.min.js HTTP/1.1" 404 26517 "https://www.groatmachinery.com/page/370/" "Mozilla/5.0 (Macintosh; Intel Mac OS X 10_15_7) AppleWebKit/605.1.15 (KHTML, like Gecko) Version/17.4 Safari/605.1.15 (Applebot/0.1; +http://www.apple.com/go/applebot)"
17.22.253.145 - - [26/Jul/2026:00:10:36 +0000] "GET /sehatev/js/plugins/debouncedresize.min.js HTTP/1.1" 404 26512 "https://www.groatmachinery.com/page/370/" "Mozilla/5.0 (Macintosh; Intel Mac OS X 10_15_7) AppleWebKit/605.1.15 (KHTML, like Gecko) Version/17.4 Safari/605.1.15 (Applebot/0.1; +http://www.apple.com/go/applebot)"
17.22.253.186 - - [26/Jul/2026:00:10:38 +0000] "GET /sehatev/js/plugins/magnificpopup.min.js HTTP/1.1" 404 26515 "https://www.groatmachinery.com/page/370/" "Mozilla/5.0 (Macintosh; Intel Mac OS X 10_15_7) AppleWebKit/605.1.15 (KHTML, like Gecko) Version/17.4 Safari/605.1.15 (Applebot/0.1; +http://www.apple.com/go/applebot)"
17.22.237.231 - - [26/Jul/2026:00:10:39 +0000] "GET /sehatev/js/menu.js HTTP/1.1" 404 26499 "https://www.groatmachinery.com/page/370/" "Mozilla/5.0 (Macintosh; Intel Mac OS X 10_15_7) AppleWebKit/605.1.15 (KHTML, like Gecko) Version/17.4 Safari/605.1.15 (Applebot/0.1; +http://www.apple.com/go/applebot)"
17.22.253.145 - - [26/Jul/2026:00:10:41 +0000] "GET /sehatev/js/plugins/visible.min.js HTTP/1.1" 404 26515 "https://www.groatmachinery.com/page/370/" "Mozilla/5.0 (Macintosh; Intel Mac OS X 10_15_7) AppleWebKit/605.1.15 (KHTML, like Gecko) Version/17.4 Safari/605.1.15 (Applebot/0.1; +http://www.apple.com/go/applebot)"
17.22.253.186 - - [26/Jul/2026:00:10:42 +0000] "GET /sehatev/assets/animations/animations.min.js HTTP/1.1" 404 26503 "https://www.groatmachinery.com/page/370/" "Mozilla/5.0 (Macintosh; Intel Mac OS X 10_15_7) AppleWebKit/605.1.15 (KHTML, like Gecko) Version/17.4 Safari/605.1.15 (Applebot/0.1; +http://www.apple.com/go/applebot)"
17.22.237.231 - - [26/Jul/2026:00:10:44 +0000] "GET /sehatev/assets/jplayer/jplayer.min.js HTTP/1.1" 404 26502 "https://www.groatmachinery.com/page/370/" "Mozilla/5.0 (Macintosh; Intel Mac OS X 10_15_7) AppleWebKit/605.1.15 (KHTML, like Gecko) Version/17.4 Safari/605.1.15 (Applebot/0.1; +http://www.apple.com/go/applebot)"
17.22.253.145 - - [26/Jul/2026:00:10:45 +0000] "GET /sehatev/js/plugins/enllax.min.js HTTP/1.1" 404 26510 "https://www.groatmachinery.com/page/370/" "Mozilla/5.0 (Macintosh; Intel Mac OS X 10_15_7) AppleWebKit/605.1.15 (KHTML, like Gecko) Version/17.4 Safari/605.1.15 (Applebot/0.1; +http://www.apple.com/go/applebot)"
17.22.253.186 - - [26/Jul/2026:00:10:46 +0000] "GET /sehatev/js/parallax/translate3d.js HTTP/1.1" 404 26508 "https://www.groatmachinery.com/page/370/" "Mozilla/5.0 (Macintosh; Intel Mac OS X 10_15_7) AppleWebKit/605.1.15 (KHTML, like Gecko) Version/17.4 Safari/605.1.15 (Applebot/0.1; +http://www.apple.com/go/applebot)"
17.22.237.231 - - [26/Jul/2026:00:10:48 +0000] "GET /sehatev/js/scripts.js HTTP/1.1" 404 26497 "https://www.groatmachinery.com/page/370/" "Mozilla/5.0 (Macintosh; Intel Mac OS X 10_15_7) AppleWebKit/605.1.15 (KHTML, like Gecko) Version/17.4 Safari/605.1.15 (Applebot/0.1; +http://www.apple.com/go/applebot)"
17.22.253.145 - - [26/Jul/2026:00:10:49 +0000] "GET /sehatev/js/plugins/imagesloaded.min.js HTTP/1.1" 404 26514 "https://www.groatmachinery.com/page/370/" "Mozilla/5.0 (Macintosh; Intel Mac OS X 10_15_7) AppleWebKit/605.1.15 (KHTML, like Gecko) Version/17.4 Safari/605.1.15 (Applebot/0.1; +http://www.apple.com/go/applebot)"
17.22.253.186 - - [26/Jul/2026:00:10:51 +0000] "GET /sehatev/js/plugins/slick.min.js HTTP/1.1" 404 26507 "https://www.groatmachinery.com/page/370/" "Mozilla/5.0 (Macintosh; Intel Mac OS X 10_15_7) AppleWebKit/605.1.15 (KHTML, like Gecko) Version/17.4 Safari/605.1.15 (Applebot/0.1; +http://www.apple.com/go/applebot)"
17.22.237.231 - - [26/Jul/2026:00:10:52 +0000] "GET /sehatev/js/woocommerce.js HTTP/1.1" 404 26502 "https://www.groatmachinery.com/page/370/" "Mozilla/5.0 (Macintosh; Intel Mac OS X 10_15_7) AppleWebKit/605.1.15 (KHTML, like Gecko) Version/17.4 Safari/605.1.15 (Applebot/0.1; +http://www.apple.com/go/applebot)"
17.22.253.145 - - [26/Jul/2026:00:10:54 +0000] "GET /qusefod/assets/js/sourcebuster/sourcebuster.min.js HTTP/1.1" 404 26509 "https://www.groatmachinery.com/page/370/" "Mozilla/5.0 (Macintosh; Intel Mac OS X 10_15_7) AppleWebKit/605.1.15 (KHTML, like Gecko) Version/17.4 Safari/605.1.15 (Applebot/0.1; +http://www.apple.com/go/applebot)"
17.22.253.186 - - [26/Jul/2026:00:10:55 +0000] "GET /qusefod/assets/js/frontend/order-attribution.min.js HTTP/1.1" 404 26514 "https://www.groatmachinery.com/page/370/" "Mozilla/5.0 (Macintosh; Intel Mac OS X 10_15_7) AppleWebKit/605.1.15 (KHTML, like Gecko) Version/17.4 Safari/605.1.15 (Applebot/0.1; +http://www.apple.com/go/applebot)"
17.22.237.231 - - [26/Jul/2026:00:10:57 +0000] "GET /sehatev/js/plugins/waypoints.min.js HTTP/1.1" 404 26512 "https://www.groatmachinery.com/page/370/" "Mozilla/5.0 (Macintosh; Intel Mac OS X 10_15_7) AppleWebKit/605.1.15 (KHTML, like Gecko) Version/17.4 Safari/605.1.15 (Applebot/0.1; +http://www.apple.com/go/applebot)"
17.22.253.145 - - [26/Jul/2026:00:10:58 +0000] "GET /qusefod/assets/css/woocommerce-smallscreen.css HTTP/1.1" 404 26494 "https://www.groatmachinery.com/page/370/" "Mozilla/5.0 (Macintosh; Intel Mac OS X 10_15_7) AppleWebKit/605.1.15 (KHTML, like Gecko) Version/17.4 Safari/605.1.15 (Applebot/0.1; +http://www.apple.com/go/applebot)"
17.22.253.186 - - [26/Jul/2026:00:11:00 +0000] "GET /cocatic/js/comment-reply.min.js HTTP/1.1" 404 26515 "https://www.groatmachinery.com/page/370/" "Mozilla/5.0 (Macintosh; Intel Mac OS X 10_15_7) AppleWebKit/605.1.15 (KHTML, like Gecko) Version/17.4 Safari/605.1.15 (Applebot/0.1; +http://www.apple.com/go/applebot)"
38.177.186.189 - - [26/Jul/2026:00:11:02 +0000] "POST /wp-cron.php?doing_wp_cron=1785024661.7223200798034667968750 HTTP/1.1" 499 0 "-" "WordPress/7.0; https://www.groatmachinery.com"
17.22.237.231 - - [26/Jul/2026:00:11:02 +0000] "GET /cocatic/js/wp-emoji-release.min.js HTTP/1.1" 404 26515 "https://www.groatmachinery.com/page/370/" "Mozilla/5.0 (Macintosh; Intel Mac OS X 10_15_7) AppleWebKit/605.1.15 (KHTML, like Gecko) Version/17.4 Safari/605.1.15 (Applebot/0.1; +http://www.apple.com/go/applebot)"
38.177.186.189 - - [26/Jul/2026:00:14:08 +0000] "POST /wp-cron.php?doing_wp_cron=1785024847.6033380031585693359375 HTTP/1.1" 499 0 "-" "WordPress/7.0; https://www.groatmachinery.com"
57.141.0.58 - - [26/Jul/2026:00:14:08 +0000] "GET /my-account/ HTTP/1.1" 200 180672 "-" "Mozilla/5.0 (Windows NT 10.0; Win64; x64) AppleWebKit/537.36 (KHTML, like Gecko) Chrome/145.0.0.0 Safari/537.36 (compatible; meta-externalagent/1.1 (+https://developers.facebook.com/docs/sharing/webmasters/crawler))"
5.61.209.44 - - [26/Jul/2026:00:14:12 +0000] "GET /SDK/webLanguage HTTP/1.1" 403 0 "-" "Mozilla/5.0 (Windows NT 10.0; Win64; x64) AppleWebKit/537.36 (KHTML, like Gecko) Chrome/90.0.4430.85 Safari/537.36 Edg/90.0.818.46"
38.177.186.189 - - [26/Jul/2026:00:14:24 +0000] "GET / HTTP/1.1" 301 0 "-" "Mozilla/5.0 (X11; Linux x86_64) AppleWebKit/537.36 (KHTML, like Gecko) Chrome/44.0.2403.157 Safari/537.36"
38.177.186.189 - - [26/Jul/2026:00:14:26 +0000] "GET / HTTP/1.1" 200 36451 "http://38.177.186.189" "Mozilla/5.0 (X11; Linux x86_64) AppleWebKit/537.36 (KHTML, like Gecko) Chrome/44.0.2403.157 Safari/537.36"
38.177.186.189 - - [26/Jul/2026:00:22:09 +0000] "POST /wp-cron.php?doing_wp_cron=1785025328.3643329143524169921875 HTTP/1.1" 499 0 "-" "WordPress/7.0; https://www.groatmachinery.com"
57.141.0.25 - - [26/Jul/2026:00:22:09 +0000] "GET /ilia-cigarette-d-4/ HTTP/1.1" 200 235409 "-" "Mozilla/5.0 (Macintosh; Intel Mac OS X 10_15_7) AppleWebKit/537.36 (KHTML, like Gecko) Chrome/145.0.0.0 Safari/537.36 (compatible; meta-externalagent/1.1 (+https://developers.facebook.com/docs/sharing/webmasters/crawler))"
38.177.186.189 - - [26/Jul/2026:00:26:58 +0000] "POST /wp-cron.php?doing_wp_cron=1785025617.8217871189117431640625 HTTP/1.1" 499 0 "-" "WordPress/7.0; https://www.groatmachinery.com"
160.191.139.115 - - [26/Jul/2026:00:26:58 +0000] "GET /wp-login.php HTTP/1.1" 200 3097 "-" "Mozilla/5.0 (Windows NT 10.0; Win64; x64) AppleWebKit/537.36 (KHTML, like Gecko) Chrome/120.0.0.0 Safari/537.36"
160.191.139.115 - - [26/Jul/2026:00:27:00 +0000] "POST /wp-login.php HTTP/1.1" 200 3247 "https://groatmachinery.com/wp-login.php" "Mozilla/5.0 (Windows NT 10.0; Win64; x64) AppleWebKit/537.36 (KHTML, like Gecko) Chrome/120.0.0.0 Safari/537.36"
38.177.186.189 - - [26/Jul/2026:00:28:23 +0000] "POST /wp-cron.php?doing_wp_cron=1785025702.6833438873291015625000 HTTP/1.1" 499 0 "-" "WordPress/7.0; https://www.groatmachinery.com"
38.177.186.189 - - [26/Jul/2026:00:28:23 +0000] "GET / HTTP/1.1" 301 0 "-" "Mozilla/5.0 (X11; Linux x86_64) AppleWebKit/537.36 (KHTML, like Gecko) Chrome/44.0.2403.157 Safari/537.36"
38.177.186.189 - - [26/Jul/2026:00:28:25 +0000] "GET / HTTP/1.1" 499 0 "http://38.177.186.189" "Mozilla/5.0 (X11; Linux x86_64) AppleWebKit/537.36 (KHTML, like Gecko) Chrome/44.0.2403.157 Safari/537.36"
27.148.196.62 - - [26/Jul/2026:00:34:28 +0000] "GET / HTTP/1.1" 499 0 "-" "Mozilla/5.0 (Windows NT 10.0; Win64; x64) AppleWebKit/537.36 (KHTML, like Gecko) Chrome/125.0.0.0 Safari/537.36"
27.148.196.62 - - [26/Jul/2026:00:34:29 +0000] "GET / HTTP/1.1" 403 0 "-" "Mozilla/5.0 (Windows NT 10.0; Win64; x64) AppleWebKit/537.36 (KHTML, like Gecko) Chrome/125.0.0.0 Safari/537.36"
38.177.186.189 - - [26/Jul/2026:00:34:57 +0000] "POST /wp-cron.php?doing_wp_cron=1785026096.2655360698699951171875 HTTP/1.1" 499 0 "-" "WordPress/7.0; https://www.groatmachinery.com"
57.141.0.2 - - [26/Jul/2026:00:34:57 +0000] "GET /ilia-oil-w-75/ HTTP/1.1" 200 234546 "-" "Mozilla/5.0 (Macintosh; Intel Mac OS X 10_15_7) AppleWebKit/537.36 (KHTML, like Gecko) Chrome/145.0.0.0 Safari/537.36 (compatible; meta-externalagent/1.1 (+https://developers.facebook.com/docs/sharing/webmasters/crawler))"
38.177.186.189 - - [26/Jul/2026:00:42:24 +0000] "POST /wp-cron.php?doing_wp_cron=1785026543.0280508995056152343750 HTTP/1.1" 499 0 "-" "WordPress/7.0; https://www.groatmachinery.com"
38.177.186.189 - - [26/Jul/2026:00:42:24 +0000] "GET / HTTP/1.1" 301 0 "-" "Mozilla/5.0 (X11; Linux x86_64) AppleWebKit/537.36 (KHTML, like Gecko) Chrome/44.0.2403.157 Safari/537.36"
38.177.186.189 - - [26/Jul/2026:00:42:25 +0000] "GET / HTTP/1.1" 499 0 "http://38.177.186.189" "Mozilla/5.0 (X11; Linux x86_64) AppleWebKit/537.36 (KHTML, like Gecko) Chrome/44.0.2403.157 Safari/537.36"
38.177.186.189 - - [26/Jul/2026:00:42:27 +0000] "POST /wp-cron.php?doing_wp_cron=1785026546.5464088916778564453125 HTTP/1.1" 499 0 "-" "WordPress/7.0; https://www.groatmachinery.com"
66.132.195.83 - - [26/Jul/2026:00:45:24 +0000] "GET / HTTP/1.1" 403 0 "-" "Mozilla/5.0 (compatible; CensysInspect/1.1; +https://about.censys.io/)"
52.167.144.158 - - [26/Jul/2026:00:46:59 +0000] "GET /gaqepuh/2026/06/pods-lvdou.webp HTTP/1.1" 200 26175 "-" "Mozilla/5.0 AppleWebKit/537.36 (KHTML, like Gecko; compatible; bingbot/2.0; +http://www.bing.com/bingbot.htm) Chrome/116.0.1938.76 Safari/537.36"
66.132.195.83 - - [26/Jul/2026:00:47:07 +0000] "GET /sitemap.xml HTTP/1.1" 200 268 "-" "Mozilla/5.0 (compatible; CensysInspect/1.1; +https://about.censys.io/)"
66.132.195.83 - - [26/Jul/2026:00:47:14 +0000] "GET /favicon.ico HTTP/1.1" 500 55 "-" "Mozilla/5.0 (compatible; CensysInspect/1.1; +https://about.censys.io/)"
66.132.195.83 - - [26/Jul/2026:00:47:18 +0000] "GET /625m95r7nc8y HTTP/1.1" 403 0 "-" "Mozilla/5.0 (compatible; CensysInspect/1.1; +https://about.censys.io/)"
38.177.186.189 - - [26/Jul/2026:00:49:50 +0000] "POST /wp-cron.php?doing_wp_cron=1785026989.1533479690551757812500 HTTP/1.1" 499 0 "-" "WordPress/7.0; https://www.groatmachinery.com"
216.73.216.50 - - [26/Jul/2026:00:49:50 +0000] "GET /sitemap.xml HTTP/1.1" 404 26500 "-" "Mozilla/5.0 AppleWebKit/537.36 (KHTML, like Gecko; compatible; ClaudeBot/1.0; +claudebot@anthropic.com)"
38.177.186.189 - - [26/Jul/2026:00:56:25 +0000] "POST /wp-cron.php?doing_wp_cron=1785027384.2288188934326171875000 HTTP/1.1" 499 0 "-" "WordPress/7.0; https://www.groatmachinery.com"
38.177.186.189 - - [26/Jul/2026:00:56:25 +0000] "GET / HTTP/1.1" 301 0 "-" "Mozilla/5.0 (X11; Linux x86_64) AppleWebKit/537.36 (KHTML, like Gecko) Chrome/44.0.2403.157 Safari/537.36"
38.177.186.189 - - [26/Jul/2026:00:56:27 +0000] "GET / HTTP/1.1" 499 0 "http://38.177.186.189" "Mozilla/5.0 (X11; Linux x86_64) AppleWebKit/537.36 (KHTML, like Gecko) Chrome/44.0.2403.157 Safari/537.36"
52.167.144.142 - - [26/Jul/2026:00:57:38 +0000] "GET /ilia-host-q-92/ HTTP/1.1" 200 27455 "-" "Mozilla/5.0 AppleWebKit/537.36 (KHTML, like Gecko; compatible; bingbot/2.0; +http://www.bing.com/bingbot.htm) Chrome/116.0.1938.76 Safari/537.36"
40.77.167.241 - - [26/Jul/2026:00:57:42 +0000] "GET /ilia-pods-j-62/ HTTP/1.1" 200 27427 "-" "Mozilla/5.0 AppleWebKit/537.36 (KHTML, like Gecko; compatible; bingbot/2.0; +http://www.bing.com/bingbot.htm) Chrome/116.0.1938.76 Safari/537.36"
216.73.216.151 - - [26/Jul/2026:00:57:44 +0000] "GET /robots.txt HTTP/1.1" 200 84 "-" "Mozilla/5.0 AppleWebKit/537.36 (KHTML, like Gecko; compatible; ClaudeBot/1.0; +claudebot@anthropic.com)"
38.177.186.189 - - [26/Jul/2026:00:57:52 +0000] "POST /wp-cron.php?doing_wp_cron=1785027471.1364910602569580078125 HTTP/1.1" 499 0 "-" "WordPress/7.0; https://www.groatmachinery.com"
216.73.216.151 - - [26/Jul/2026:00:57:52 +0000] "GET /ilia-pods-m-13/?add-to-cart=919 HTTP/1.1" 200 34778 "-" "Mozilla/5.0 AppleWebKit/537.36 (KHTML, like Gecko; compatible; ClaudeBot/1.0; +claudebot@anthropic.com)"
216.73.216.151 - - [26/Jul/2026:00:57:56 +0000] "GET /ilia-pods-m-13/?add-to-cart=873 HTTP/1.1" 200 34736 "-" "Mozilla/5.0 AppleWebKit/537.36 (KHTML, like Gecko; compatible; ClaudeBot/1.0; +claudebot@anthropic.com)"
38.177.186.189 - - [26/Jul/2026:00:58:44 +0000] "POST /wp-cron.php?doing_wp_cron=1785027523.2420580387115478515625 HTTP/1.1" 499 0 "-" "WordPress/7.0; https://www.groatmachinery.com"
216.73.216.50 - - [26/Jul/2026:00:58:44 +0000] "GET /ilia-pods-m-13/?add-to-cart=921 HTTP/1.1" 200 34804 "-" "Mozilla/5.0 AppleWebKit/537.36 (KHTML, like Gecko; compatible; ClaudeBot/1.0; +claudebot@anthropic.com)"
216.73.216.78 - - [26/Jul/2026:00:58:53 +0000] "GET /ilia-pods-m-13/?add-to-cart=876 HTTP/1.1" 200 34799 "-" "Mozilla/5.0 AppleWebKit/537.36 (KHTML, like Gecko; compatible; ClaudeBot/1.0; +claudebot@anthropic.com)"
38.177.186.189 - - [26/Jul/2026:00:59:16 +0000] "POST /wp-cron.php?doing_wp_cron=1785027555.4492769241333007812500 HTTP/1.1" 499 0 "-" "WordPress/7.0; https://www.groatmachinery.com"
216.73.216.78 - - [26/Jul/2026:00:59:16 +0000] "GET /ilia-pods-m-13/?add-to-cart=884 HTTP/1.1" 200 34769 "-" "Mozilla/5.0 AppleWebKit/537.36 (KHTML, like Gecko; compatible; ClaudeBot/1.0; +claudebot@anthropic.com)"
216.73.216.78 - - [26/Jul/2026:00:59:20 +0000] "GET /ilia-pods-m-13/?add-to-cart=860 HTTP/1.1" 200 34779 "-" "Mozilla/5.0 AppleWebKit/537.36 (KHTML, like Gecko; compatible; ClaudeBot/1.0; +claudebot@anthropic.com)"
38.177.186.189 - - [26/Jul/2026:01:00:23 +0000] "POST /wp-cron.php?doing_wp_cron=1785027622.2563030719757080078125 HTTP/1.1" 499 0 "-" "WordPress/7.0; https://www.groatmachinery.com"
38.177.186.189 - - [26/Jul/2026:01:00:23 +0000] "GET / HTTP/1.1" 301 0 "-" "Mozilla/5.0 (X11; Linux x86_64) AppleWebKit/537.36 (KHTML, like Gecko) Chrome/44.0.2403.157 Safari/537.36"
38.177.186.189 - - [26/Jul/2026:01:00:25 +0000] "GET / HTTP/1.1" 499 0 "http://38.177.186.189" "Mozilla/5.0 (X11; Linux x86_64) AppleWebKit/537.36 (KHTML, like Gecko) Chrome/44.0.2403.157 Safari/537.36"
216.73.216.50 - - [26/Jul/2026:01:00:29 +0000] "GET /ilia-pods-m-13/?add-to-cart=871 HTTP/1.1" 200 34791 "-" "Mozilla/5.0 AppleWebKit/537.36 (KHTML, like Gecko; compatible; ClaudeBot/1.0; +claudebot@anthropic.com)"
45.198.224.5 - - [26/Jul/2026:01:01:11 +0000] "GET /login HTTP/1.1" 403 0 "-" "Go-http-client/1.1"
187.18.252.255 - - [26/Jul/2026:01:02:00 +0000] "GET /robots.txt HTTP/1.1" 200 84 "-" "Mozilla/5.0 (Macintosh; Intel Mac OS X 10_15_7) AppleWebKit/537.36 (KHTML, like Gecko) Chrome/133.0.0.0 Safari/537.36"
38.177.186.189 - - [26/Jul/2026:01:02:07 +0000] "POST /wp-cron.php?doing_wp_cron=1785027726.0634119510650634765625 HTTP/1.1" 499 0 "-" "WordPress/7.0; https://www.groatmachinery.com"
216.73.216.50 - - [26/Jul/2026:01:02:07 +0000] "GET /shop-cigarette/?add-to-cart=855 HTTP/1.1" 200 35066 "-" "Mozilla/5.0 AppleWebKit/537.36 (KHTML, like Gecko; compatible; ClaudeBot/1.0; +claudebot@anthropic.com)"
177.41.192.189 - - [26/Jul/2026:01:02:10 +0000] "GET /ilia-host-q-17/?add-to-cart=909 HTTP/1.1" 200 34815 "-" "Mozilla/5.0 (Macintosh; Intel Mac OS X 10_15_7) AppleWebKit/537.36 (KHTML, like Gecko) Chrome/133.0.0.0 Safari/537.36"
216.73.216.50 - - [26/Jul/2026:01:02:12 +0000] "GET /shop-cigarette/feed/ HTTP/1.1" 200 1952 "-" "Mozilla/5.0 AppleWebKit/537.36 (KHTML, like Gecko; compatible; ClaudeBot/1.0; +claudebot@anthropic.com)"
216.73.216.50 - - [26/Jul/2026:01:02:41 +0000] "GET /shop-cigarette/?add-to-cart=862 HTTP/1.1" 200 35063 "-" "Mozilla/5.0 AppleWebKit/537.36 (KHTML, like Gecko; compatible; ClaudeBot/1.0; +claudebot@anthropic.com)"
216.73.216.50 - - [26/Jul/2026:01:02:46 +0000] "GET /shop-cigarette/?add-to-cart=856 HTTP/1.1" 200 35062 "-" "Mozilla/5.0 AppleWebKit/537.36 (KHTML, like Gecko; compatible; ClaudeBot/1.0; +claudebot@anthropic.com)"
38.177.186.189 - - [26/Jul/2026:01:02:53 +0000] "POST /wp-cron.php?doing_wp_cron=1785027772.8021309375762939453125 HTTP/1.1" 499 0 "-" "WordPress/7.0; https://www.groatmachinery.com"
216.73.216.50 - - [26/Jul/2026:01:02:53 +0000] "GET /shop-cigarette/?add-to-cart=845 HTTP/1.1" 200 35064 "-" "Mozilla/5.0 AppleWebKit/537.36 (KHTML, like Gecko; compatible; ClaudeBot/1.0; +claudebot@anthropic.com)"
216.73.216.50 - - [26/Jul/2026:01:02:58 +0000] "GET /shop-cigarette/?add-to-cart=863 HTTP/1.1" 200 35066 "-" "Mozilla/5.0 AppleWebKit/537.36 (KHTML, like Gecko; compatible; ClaudeBot/1.0; +claudebot@anthropic.com)"
38.177.186.189 - - [26/Jul/2026:01:03:08 +0000] "POST /wp-cron.php?doing_wp_cron=1785027787.2817718982696533203125 HTTP/1.1" 499 0 "-" "WordPress/7.0; https://www.groatmachinery.com"
216.73.217.32 - - [26/Jul/2026:01:03:08 +0000] "GET /shop-cigarette/?add-to-cart=853 HTTP/1.1" 200 35066 "-" "Mozilla/5.0 AppleWebKit/537.36 (KHTML, like Gecko; compatible; ClaudeBot/1.0; +claudebot@anthropic.com)"
216.73.217.32 - - [26/Jul/2026:01:03:12 +0000] "GET /shop-cigarette/?add-to-cart=844 HTTP/1.1" 200 35065 "-" "Mozilla/5.0 AppleWebKit/537.36 (KHTML, like Gecko; compatible; ClaudeBot/1.0; +claudebot@anthropic.com)"
216.73.217.32 - - [26/Jul/2026:01:03:36 +0000] "GET /shop-cigarette/?add-to-cart=847 HTTP/1.1" 200 35066 "-" "Mozilla/5.0 AppleWebKit/537.36 (KHTML, like Gecko; compatible; ClaudeBot/1.0; +claudebot@anthropic.com)"
216.73.217.32 - - [26/Jul/2026:01:03:41 +0000] "GET /shop-cigarette/?add-to-cart=852 HTTP/1.1" 200 35065 "-" "Mozilla/5.0 AppleWebKit/537.36 (KHTML, like Gecko; compatible; ClaudeBot/1.0; +claudebot@anthropic.com)"
20.29.23.140 - - [26/Jul/2026:01:03:44 +0000] "GET / HTTP/1.1" 499 0 "-" "Mozilla/5.0 zgrab/0.x"
20.29.23.140 - - [26/Jul/2026:01:03:45 +0000] "MGLNDD_38.177.186.189_443" 400 150 "-" "-"
38.177.186.189 - - [26/Jul/2026:01:04:22 +0000] "POST /wp-cron.php?doing_wp_cron=1785027861.1685950756072998046875 HTTP/1.1" 499 0 "-" "WordPress/7.0; https://www.groatmachinery.com"
216.73.216.50 - - [26/Jul/2026:01:04:22 +0000] "GET /shop-cigarette/?add-to-cart=867 HTTP/1.1" 200 35066 "-" "Mozilla/5.0 AppleWebKit/537.36 (KHTML, like Gecko; compatible; ClaudeBot/1.0; +claudebot@anthropic.com)"
216.73.216.50 - - [26/Jul/2026:01:04:26 +0000] "GET /shop-cigarette/?add-to-cart=848 HTTP/1.1" 200 35065 "-" "Mozilla/5.0 AppleWebKit/537.36 (KHTML, like Gecko; compatible; ClaudeBot/1.0; +claudebot@anthropic.com)"
216.73.216.50 - - [26/Jul/2026:01:04:47 +0000] "GET /shop-cigarette/?add-to-cart=849 HTTP/1.1" 200 35062 "-" "Mozilla/5.0 AppleWebKit/537.36 (KHTML, like Gecko; compatible; ClaudeBot/1.0; +claudebot@anthropic.com)"
216.73.216.50 - - [26/Jul/2026:01:04:52 +0000] "GET /shop-cigarette/?add-to-cart=858 HTTP/1.1" 200 35062 "-" "Mozilla/5.0 AppleWebKit/537.36 (KHTML, like Gecko; compatible; ClaudeBot/1.0; +claudebot@anthropic.com)"
216.73.216.50 - - [26/Jul/2026:01:05:00 +0000] "GET /shop-cigarette/?add-to-cart=843 HTTP/1.1" 200 35066 "-" "Mozilla/5.0 AppleWebKit/537.36 (KHTML, like Gecko; compatible; ClaudeBot/1.0; +claudebot@anthropic.com)"
38.177.186.189 - - [26/Jul/2026:01:05:06 +0000] "POST /wp-cron.php?doing_wp_cron=1785027905.7966439723968505859375 HTTP/1.1" 499 0 "-" "WordPress/7.0; https://www.groatmachinery.com"
216.73.216.50 - - [26/Jul/2026:01:05:06 +0000] "GET /shop-cigarette/?add-to-cart=861 HTTP/1.1" 200 35066 "-" "Mozilla/5.0 AppleWebKit/537.36 (KHTML, like Gecko; compatible; ClaudeBot/1.0; +claudebot@anthropic.com)"
216.73.216.50 - - [26/Jul/2026:01:05:13 +0000] "GET /shop-cigarette/?add-to-cart=866 HTTP/1.1" 200 35068 "-" "Mozilla/5.0 AppleWebKit/537.36 (KHTML, like Gecko; compatible; ClaudeBot/1.0; +claudebot@anthropic.com)"
57.141.0.47 - - [26/Jul/2026:01:05:13 +0000] "GET /gaqepuh/2026/06/oil-ningmeng-150x150.webp HTTP/1.1" 404 111745 "-" "Mozilla/5.0 (X11; Linux x86_64) AppleWebKit/537.36 (KHTML, like Gecko) Chrome/145.0.0.0 Safari/537.36 (compatible; meta-externalagent/1.1 (+https://developers.facebook.com/docs/sharing/webmasters/crawler))"
216.73.216.50 - - [26/Jul/2026:01:05:18 +0000] "GET /shop-cigarette/?add-to-cart=846 HTTP/1.1" 200 35066 "-" "Mozilla/5.0 AppleWebKit/537.36 (KHTML, like Gecko; compatible; ClaudeBot/1.0; +claudebot@anthropic.com)"
207.46.13.229 - - [26/Jul/2026:01:05:18 +0000] "GET /robots.txt HTTP/1.1" 200 84 "-" "Mozilla/5.0 AppleWebKit/537.36 (KHTML, like Gecko; compatible; bingbot/2.0; +http://www.bing.com/bingbot.htm) Chrome/116.0.1938.76 Safari/537.36"
40.77.167.74 - - [26/Jul/2026:01:05:31 +0000] "GET /how-to-migrate-from-sparkloop-to-beehiiv/ HTTP/1.1" 200 26904 "-" "Mozilla/5.0 AppleWebKit/537.36 (KHTML, like Gecko; compatible; bingbot/2.0; +http://www.bing.com/bingbot.htm) Chrome/116.0.1938.76 Safari/537.36"
40.77.167.25 - - [26/Jul/2026:01:05:33 +0000] "GET /how-to-find-beehiiv-newsletters/ HTTP/1.1" 200 27843 "-" "Mozilla/5.0 AppleWebKit/537.36 (KHTML, like Gecko; compatible; bingbot/2.0; +http://www.bing.com/bingbot.htm) Chrome/116.0.1938.76 Safari/537.36"
66.249.75.100 - - [26/Jul/2026:01:05:42 +0000] "GET /robots.txt HTTP/1.1" 200 84 "-" "Mozilla/5.0 (compatible; Googlebot/2.1; +http://www.google.com/bot.html)"
66.249.75.101 - - [26/Jul/2026:01:05:45 +0000] "GET /ads.txt HTTP/1.1" 200 28019 "-" "Mozilla/5.0 (compatible; Googlebot/2.1; +http://www.google.com/bot.html)"
3.213.85.234 - - [26/Jul/2026:01:06:09 +0000] "GET / HTTP/1.1" 301 0 "-" "Mozilla/5.0 AppleWebKit/537.36 (KHTML, like Gecko; compatible; Amazonbot/0.1; +https://developer.amazon.com/support/amazonbot) Chrome/119.0.6045.214 Safari/537.36"
38.177.186.189 - - [26/Jul/2026:01:06:09 +0000] "POST /wp-cron.php?doing_wp_cron=1785027968.3250000476837158203125 HTTP/1.1" 499 0 "-" "WordPress/7.0; https://www.groatmachinery.com"
216.73.216.239 - - [26/Jul/2026:01:06:09 +0000] "GET /shop-cigarette/?add-to-cart=854 HTTP/1.1" 200 35066 "-" "Mozilla/5.0 AppleWebKit/537.36 (KHTML, like Gecko; compatible; ClaudeBot/1.0; +claudebot@anthropic.com)"
54.235.191.179 - - [26/Jul/2026:01:06:12 +0000] "GET / HTTP/1.1" 200 36450 "-" "Mozilla/5.0 AppleWebKit/537.36 (KHTML, like Gecko; compatible; Amazonbot/0.1; +https://developer.amazon.com/support/amazonbot) Chrome/119.0.6045.214 Safari/537.36"
216.73.216.239 - - [26/Jul/2026:01:06:12 +0000] "GET /shop-cigarette/?add-to-cart=857 HTTP/1.1" 200 35065 "-" "Mozilla/5.0 AppleWebKit/537.36 (KHTML, like Gecko; compatible; ClaudeBot/1.0; +claudebot@anthropic.com)"
216.73.216.239 - - [26/Jul/2026:01:06:41 +0000] "GET /shop-cigarette/?add-to-cart=865 HTTP/1.1" 200 35067 "-" "Mozilla/5.0 AppleWebKit/537.36 (KHTML, like Gecko; compatible; ClaudeBot/1.0; +claudebot@anthropic.com)"
141.98.11.11 - - [26/Jul/2026:01:06:45 +0000] "GET / HTTP/1.1" 403 0 "-" "-"
216.73.216.239 - - [26/Jul/2026:01:06:47 +0000] "GET /shop-cigarette/?add-to-cart=859 HTTP/1.1" 200 35070 "-" "Mozilla/5.0 AppleWebKit/537.36 (KHTML, like Gecko; compatible; ClaudeBot/1.0; +claudebot@anthropic.com)"
38.177.186.189 - - [26/Jul/2026:01:07:10 +0000] "POST /wp-cron.php?doing_wp_cron=1785028029.6025741100311279296875 HTTP/1.1" 499 0 "-" "WordPress/7.0; https://www.groatmachinery.com"
216.73.216.239 - - [26/Jul/2026:01:07:10 +0000] "GET /shop-cigarette/?add-to-cart=850 HTTP/1.1" 200 35066 "-" "Mozilla/5.0 AppleWebKit/537.36 (KHTML, like Gecko; compatible; ClaudeBot/1.0; +claudebot@anthropic.com)"
216.73.216.239 - - [26/Jul/2026:01:07:13 +0000] "GET /shop-cigarette/?add-to-cart=851 HTTP/1.1" 200 35065 "-" "Mozilla/5.0 AppleWebKit/537.36 (KHTML, like Gecko; compatible; ClaudeBot/1.0; +claudebot@anthropic.com)"
216.73.216.239 - - [26/Jul/2026:01:07:46 +0000] "GET /shop-cigarette/?add-to-cart=860 HTTP/1.1" 200 35065 "-" "Mozilla/5.0 AppleWebKit/537.36 (KHTML, like Gecko; compatible; ClaudeBot/1.0; +claudebot@anthropic.com)"
216.73.216.239 - - [26/Jul/2026:01:07:53 +0000] "GET /shop-cigarette/?add-to-cart=864 HTTP/1.1" 200 35062 "-" "Mozilla/5.0 AppleWebKit/537.36 (KHTML, like Gecko; compatible; ClaudeBot/1.0; +claudebot@anthropic.com)"
38.177.186.189 - - [26/Jul/2026:01:08:02 +0000] "POST /wp-cron.php?doing_wp_cron=1785028081.7676990032196044921875 HTTP/1.1" 499 0 "-" "WordPress/7.0; https://www.groatmachinery.com"
216.73.216.239 - - [26/Jul/2026:01:08:02 +0000] "GET /ilia-pods-m-13/?add-to-cart=892 HTTP/1.1" 200 34808 "-" "Mozilla/5.0 AppleWebKit/537.36 (KHTML, like Gecko; compatible; ClaudeBot/1.0; +claudebot@anthropic.com)"
216.73.217.32 - - [26/Jul/2026:01:08:41 +0000] "GET /ilia-pods-m-13/?add-to-cart=863 HTTP/1.1" 200 34771 "-" "Mozilla/5.0 AppleWebKit/537.36 (KHTML, like Gecko; compatible; ClaudeBot/1.0; +claudebot@anthropic.com)"
38.177.186.189 - - [26/Jul/2026:01:09:39 +0000] "POST /wp-cron.php?doing_wp_cron=1785028178.6340970993041992187500 HTTP/1.1" 499 0 "-" "WordPress/7.0; https://www.groatmachinery.com"
216.73.216.46 - - [26/Jul/2026:01:09:39 +0000] "GET /ilia-pods-m-13/?add-to-cart=894 HTTP/1.1" 200 34763 "-" "Mozilla/5.0 AppleWebKit/537.36 (KHTML, like Gecko; compatible; ClaudeBot/1.0; +claudebot@anthropic.com)"
38.177.186.189 - - [26/Jul/2026:01:10:15 +0000] "POST /wp-cron.php?doing_wp_cron=1785028214.6109130382537841796875 HTTP/1.1" 499 0 "-" "WordPress/7.0; https://www.groatmachinery.com"
216.73.216.168 - - [26/Jul/2026:01:10:15 +0000] "GET /ilia-pods-m-13/?add-to-cart=920 HTTP/1.1" 200 34772 "-" "Mozilla/5.0 AppleWebKit/537.36 (KHTML, like Gecko; compatible; ClaudeBot/1.0; +claudebot@anthropic.com)"
216.73.216.168 - - [26/Jul/2026:01:10:24 +0000] "GET /ilia-pods-m-13/?add-to-cart=937 HTTP/1.1" 200 34776 "-" "Mozilla/5.0 AppleWebKit/537.36 (KHTML, like Gecko; compatible; ClaudeBot/1.0; +claudebot@anthropic.com)"
216.73.216.46 - - [26/Jul/2026:01:10:50 +0000] "GET /ilia-pods-m-13/?add-to-cart=911 HTTP/1.1" 200 34760 "-" "Mozilla/5.0 AppleWebKit/537.36 (KHTML, like Gecko; compatible; ClaudeBot/1.0; +claudebot@anthropic.com)"
38.177.186.189 - - [26/Jul/2026:01:11:04 +0000] "POST /wp-cron.php?doing_wp_cron=1785028263.7256898880004882812500 HTTP/1.1" 499 0 "-" "WordPress/7.0; https://www.groatmachinery.com"
216.73.216.46 - - [26/Jul/2026:01:11:04 +0000] "GET /ilia-pods-m-13/?add-to-cart=850 HTTP/1.1" 200 34746 "-" "Mozilla/5.0 AppleWebKit/537.36 (KHTML, like Gecko; compatible; ClaudeBot/1.0; +claudebot@anthropic.com)"
216.73.216.46 - - [26/Jul/2026:01:11:10 +0000] "GET /ilia-pods-m-13/?add-to-cart=858 HTTP/1.1" 200 34740 "-" "Mozilla/5.0 AppleWebKit/537.36 (KHTML, like Gecko; compatible; ClaudeBot/1.0; +claudebot@anthropic.com)"
38.177.186.189 - - [26/Jul/2026:01:12:24 +0000] "POST /wp-cron.php?doing_wp_cron=1785028343.9129929542541503906250 HTTP/1.1" 499 0 "-" "WordPress/7.0; https://www.groatmachinery.com"
216.73.216.168 - - [26/Jul/2026:01:12:24 +0000] "GET /ilia-pods-m-13/?add-to-cart=924 HTTP/1.1" 200 34813 "-" "Mozilla/5.0 AppleWebKit/537.36 (KHTML, like Gecko; compatible; ClaudeBot/1.0; +claudebot@anthropic.com)"
177.103.7.29 - - [26/Jul/2026:01:12:30 +0000] "GET /shop/?add-to-cart=896 HTTP/1.1" 200 40856 "-" "Mozilla/5.0 (Macintosh; Intel Mac OS X 10_15_7) AppleWebKit/537.36 (KHTML, like Gecko) Chrome/133.0.0.0 Safari/537.36"
216.73.216.168 - - [26/Jul/2026:01:12:34 +0000] "GET /ilia-pods-m-13/?add-to-cart=922 HTTP/1.1" 200 34720 "-" "Mozilla/5.0 AppleWebKit/537.36 (KHTML, like Gecko; compatible; ClaudeBot/1.0; +claudebot@anthropic.com)"
57.141.0.60 - - [26/Jul/2026:01:12:36 +0000] "GET /shop-host/ HTTP/1.1" 200 283155 "-" "Mozilla/5.0 (Windows NT 10.0; Win64; x64) AppleWebKit/537.36 (KHTML, like Gecko) Chrome/145.0.0.0 Safari/537.36 (compatible; meta-externalagent/1.1 (+https://developers.facebook.com/docs/sharing/webmasters/crawler))"
38.177.186.189 - - [26/Jul/2026:01:13:15 +0000] "POST /wp-cron.php?doing_wp_cron=1785028394.8074970245361328125000 HTTP/1.1" 499 0 "-" "WordPress/7.0; https://www.groatmachinery.com"
216.73.216.239 - - [26/Jul/2026:01:13:15 +0000] "GET /ilia-pods-m-13/?add-to-cart=916 HTTP/1.1" 200 34771 "-" "Mozilla/5.0 AppleWebKit/537.36 (KHTML, like Gecko; compatible; ClaudeBot/1.0; +claudebot@anthropic.com)"
216.73.216.239 - - [26/Jul/2026:01:13:30 +0000] "GET /ilia-pods-m-13/?add-to-cart=915 HTTP/1.1" 200 34810 "-" "Mozilla/5.0 AppleWebKit/537.36 (KHTML, like Gecko; compatible; ClaudeBot/1.0; +claudebot@anthropic.com)"
38.177.186.189 - - [26/Jul/2026:01:14:23 +0000] "POST /wp-cron.php?doing_wp_cron=1785028462.4980580806732177734375 HTTP/1.1" 499 0 "-" "WordPress/7.0; https://www.groatmachinery.com"
38.177.186.189 - - [26/Jul/2026:01:14:23 +0000] "GET / HTTP/1.1" 301 0 "-" "Mozilla/5.0 (X11; Linux x86_64) AppleWebKit/537.36 (KHTML, like Gecko) Chrome/44.0.2403.157 Safari/537.36"
38.177.186.189 - - [26/Jul/2026:01:14:25 +0000] "GET / HTTP/1.1" 499 0 "http://38.177.186.189" "Mozilla/5.0 (X11; Linux x86_64) AppleWebKit/537.36 (KHTML, like Gecko) Chrome/44.0.2403.157 Safari/537.36"
40.77.167.149 - - [26/Jul/2026:01:17:01 +0000] "GET /ilia-pods-e-31/ HTTP/1.1" 200 27490 "-" "Mozilla/5.0 AppleWebKit/537.36 (KHTML, like Gecko; compatible; bingbot/2.0; +http://www.bing.com/bingbot.htm) Chrome/116.0.1938.76 Safari/537.36"
52.167.144.143 - - [26/Jul/2026:01:17:21 +0000] "GET /shop/goods/search.aspx HTTP/1.1" 200 27007 "-" "Mozilla/5.0 AppleWebKit/537.36 (KHTML, like Gecko; compatible; bingbot/2.0; +http://www.bing.com/bingbot.htm) Chrome/116.0.1938.76 Safari/537.36"
38.177.186.189 - - [26/Jul/2026:01:19:05 +0000] "POST /wp-cron.php?doing_wp_cron=1785028744.3778669834136962890625 HTTP/1.1" 499 0 "-" "WordPress/7.0; https://www.groatmachinery.com"
57.141.0.25 - - [26/Jul/2026:01:19:05 +0000] "GET /ilia-oil-a-27/ HTTP/1.1" 200 234389 "-" "Mozilla/5.0 (Windows NT 10.0; Win64; x64) AppleWebKit/537.36 (KHTML, like Gecko) Chrome/145.0.0.0 Safari/537.36 (compatible; meta-externalagent/1.1 (+https://developers.facebook.com/docs/sharing/webmasters/crawler))"
50.19.205.151 - - [26/Jul/2026:01:19:28 +0000] "GET / HTTP/1.1" 301 0 "-" "Mozilla/5.0 AppleWebKit/605.1.15 (KHTML, like Gecko) Chrome/139.0.0.0 Safari/605.1.15"
44.215.179.108 - - [26/Jul/2026:01:19:31 +0000] "GET / HTTP/1.1" 200 36451 "-" "Mozilla/5.0 AppleWebKit/605.1.15 (KHTML, like Gecko) Chrome/139.0.0.0 Safari/605.1.15"
52.167.144.138 - - [26/Jul/2026:01:22:49 +0000] "GET /special/0181053225 HTTP/1.1" 200 27029 "-" "Mozilla/5.0 AppleWebKit/537.36 (KHTML, like Gecko; compatible; bingbot/2.0; +http://www.bing.com/bingbot.htm) Chrome/116.0.1938.76 Safari/537.36"
66.249.64.172 - - [26/Jul/2026:01:23:28 +0000] "GET /ads.txt HTTP/1.1" 200 28017 "-" "Mozilla/5.0 (compatible; Googlebot/2.1; +http://www.google.com/bot.html)"
38.177.186.189 - - [26/Jul/2026:01:24:03 +0000] "POST /wp-cron.php?doing_wp_cron=1785029042.2183001041412353515625 HTTP/1.1" 499 0 "-" "WordPress/7.0; https://www.groatmachinery.com"
57.141.0.45 - - [26/Jul/2026:01:24:03 +0000] "GET /ilia-cigarette-h-83/ HTTP/1.1" 200 235322 "-" "Mozilla/5.0 (Windows NT 10.0; Win64; x64) AppleWebKit/537.36 (KHTML, like Gecko) Chrome/145.0.0.0 Safari/537.36 (compatible; meta-externalagent/1.1 (+https://developers.facebook.com/docs/sharing/webmasters/crawler))"
52.167.144.138 - - [26/Jul/2026:01:26:49 +0000] "GET /ilia-cigarette-l-64/ HTTP/1.1" 200 27693 "-" "Mozilla/5.0 AppleWebKit/537.36 (KHTML, like Gecko; compatible; bingbot/2.0; +http://www.bing.com/bingbot.htm) Chrome/116.0.1938.76 Safari/537.36"
38.177.186.189 - - [26/Jul/2026:01:27:06 +0000] "POST /wp-cron.php?doing_wp_cron=1785029225.3659539222717285156250 HTTP/1.1" 499 0 "-" "WordPress/7.0; https://www.groatmachinery.com"
57.141.0.69 - - [26/Jul/2026:01:27:06 +0000] "GET /shop/ HTTP/1.1" 200 461439 "-" "Mozilla/5.0 (Macintosh; Intel Mac OS X 10_15_7) AppleWebKit/537.36 (KHTML, like Gecko) Chrome/145.0.0.0 Safari/537.36 (compatible; meta-externalagent/1.1 (+https://developers.facebook.com/docs/sharing/webmasters/crawler))"
198.235.24.255 - - [26/Jul/2026:01:27:11 +0000] "\x16\x03\x01\x00\xEE\x01\x00\x00\xEA\x03\x03\x06\xD2\xC5/\x83te\xD3\xA6S]#e\xBCU8+\xBCb\xE7N\xB1mj\x9A\x85\x84d\x1DT\xCB\x10 Q]\xDA\xE5\xBB\xE0\xB7&\xBD3j\x91`j\xBCZ}t\x81\xCD\xD4r\xB6@\xE1\x84\xE8\x11U/\xCA&\x00&\xC0+\xC0/\xC0,\xC00\xCC\xA9\xCC\xA8\xC0\x09\xC0\x13\xC0" 400 150 "-" "-"
198.235.24.255 - - [26/Jul/2026:01:27:11 +0000] "\x16\x03\x01\x00\xCA\x01\x00\x00\xC6\x03\x03\x14P\xF7\x8EH\x1Ah\xBB<\xE2)\xAAL\x12%\xC7\xD9\xBEP\xE8\xFF\xC0l\xF0s@Q;(\x7FP\x9C\x00\x00h\xCC\x14\xCC\x13\xC0/\xC0+\xC00\xC0,\xC0\x11\xC0\x07\xC0'\xC0#\xC0\x13\xC0\x09\xC0(\xC0$\xC0\x14\xC0" 400 150 "-" "-"
