195.182.16.23 - - [26/Jul/2026:01:27:44 +0000] "GET /SDK/webLanguage HTTP/1.1" 403 0 "-" "Mozilla/5.0 (Windows NT 10.0; Win64; x64) AppleWebKit/537.36 (KHTML, like Gecko) Chrome/90.0.4430.85 Safari/537.36 Edg/90.0.818.46"
38.177.186.189 - - [26/Jul/2026:01:28:22 +0000] "POST /wp-cron.php?doing_wp_cron=1785029301.8289480209350585937500 HTTP/1.1" 499 0 "-" "WordPress/7.0; https://www.groatmachinery.com"
38.177.186.189 - - [26/Jul/2026:01:28:22 +0000] "GET / HTTP/1.1" 301 0 "-" "Mozilla/5.0 (X11; Linux x86_64) AppleWebKit/537.36 (KHTML, like Gecko) Chrome/44.0.2403.157 Safari/537.36"
38.177.186.189 - - [26/Jul/2026:01:28:24 +0000] "GET / HTTP/1.1" 499 0 "http://38.177.186.189" "Mozilla/5.0 (X11; Linux x86_64) AppleWebKit/537.36 (KHTML, like Gecko) Chrome/44.0.2403.157 Safari/537.36"
52.167.144.23 - - [26/Jul/2026:01:33:50 +0000] "GET /special/012110808707 HTTP/1.1" 200 26128 "-" "Mozilla/5.0 AppleWebKit/537.36 (KHTML, like Gecko; compatible; bingbot/2.0; +http://www.bing.com/bingbot.htm) Chrome/116.0.1938.76 Safari/537.36"
45.79.211.97 - - [26/Jul/2026:01:34:02 +0000] "GET / HTTP/1.1" 400 248 "-" "Mozilla/5.0 zgrab/0.x"
173.255.225.25 - - [26/Jul/2026:01:36:49 +0000] "GET / HTTP/1.1" 403 0 "-" "Mozilla/5.0 (Macintosh; Intel Mac OS X 13_1) AppleWebKit/537.36 (KHTML, like Gecko) Chrome/108.0.0.0 Safari/537.36"
216.73.216.46 - - [26/Jul/2026:01:38:30 +0000] "GET /robots.txt HTTP/1.1" 200 84 "-" "Mozilla/5.0 AppleWebKit/537.36 (KHTML, like Gecko; compatible; ClaudeBot/1.0; +claudebot@anthropic.com)"
38.177.186.189 - - [26/Jul/2026:01:38:34 +0000] "POST /wp-cron.php?doing_wp_cron=1785029913.6857829093933105468750 HTTP/1.1" 499 0 "-" "WordPress/7.0; https://www.groatmachinery.com"
216.73.216.46 - - [26/Jul/2026:01:38:34 +0000] "GET /sitemap.xml HTTP/1.1" 404 26500 "-" "Mozilla/5.0 AppleWebKit/537.36 (KHTML, like Gecko; compatible; ClaudeBot/1.0; +claudebot@anthropic.com)"
38.177.186.189 - - [26/Jul/2026:01:40:21 +0000] "POST /wp-cron.php?doing_wp_cron=1785030020.6559069156646728515625 HTTP/1.1" 499 0 "-" "WordPress/7.0; https://www.groatmachinery.com"
114.119.133.14 - - [26/Jul/2026:01:40:21 +0000] "GET /page/37/ HTTP/1.1" 200 36480 "https://groatmachinery.com/page/37" "Mozilla/5.0 (Linux; Android 7.0;) AppleWebKit/537.36 (HTML, like Gecko) Mobile Safari/537.36 (compatible; PetalBot;+https://webmaster.petalsearch.com/site/petalbot)"
38.177.186.189 - - [26/Jul/2026:01:42:25 +0000] "POST /wp-cron.php?doing_wp_cron=1785030144.5616540908813476562500 HTTP/1.1" 499 0 "-" "WordPress/7.0; https://www.groatmachinery.com"
38.177.186.189 - - [26/Jul/2026:01:42:25 +0000] "GET / HTTP/1.1" 301 0 "-" "Mozilla/5.0 (X11; Linux x86_64) AppleWebKit/537.36 (KHTML, like Gecko) Chrome/44.0.2403.157 Safari/537.36"
38.177.186.189 - - [26/Jul/2026:01:42:27 +0000] "GET / HTTP/1.1" 499 0 "http://38.177.186.189" "Mozilla/5.0 (X11; Linux x86_64) AppleWebKit/537.36 (KHTML, like Gecko) Chrome/44.0.2403.157 Safari/537.36"
114.119.158.50 - - [26/Jul/2026:01:42:48 +0000] "GET /page/7/ HTTP/1.1" 200 36478 "https://groatmachinery.com/page/7" "Mozilla/5.0 (Linux; Android 7.0;) AppleWebKit/537.36 (HTML, like Gecko) Mobile Safari/537.36 (compatible; PetalBot;+https://webmaster.petalsearch.com/site/petalbot)"
195.182.16.23 - - [26/Jul/2026:01:45:42 +0000] "GET /SDK/webLanguage HTTP/1.1" 403 0 "-" "Mozilla/5.0 (Windows NT 10.0; Win64; x64) AppleWebKit/537.36 (KHTML, like Gecko) Chrome/90.0.4430.85 Safari/537.36 Edg/90.0.818.46"
38.177.186.189 - - [26/Jul/2026:01:48:01 +0000] "POST /wp-cron.php?doing_wp_cron=1785030480.3871209621429443359375 HTTP/1.1" 499 0 "-" "WordPress/7.0; https://www.groatmachinery.com"
114.119.130.199 - - [26/Jul/2026:01:48:01 +0000] "GET /ilia-oil-n-40/ HTTP/1.1" 200 34812 "https://www.groatmachinery.com/shop/page/2/" "Mozilla/5.0 (Linux; Android 7.0;) AppleWebKit/537.36 (HTML, like Gecko) Mobile Safari/537.36 (compatible; PetalBot;+https://webmaster.petalsearch.com/site/petalbot)"
38.177.186.189 - - [26/Jul/2026:01:52:16 +0000] "POST /wp-cron.php?doing_wp_cron=1785030735.9456830024719238281250 HTTP/1.1" 499 0 "-" "WordPress/7.0; https://www.groatmachinery.com"
47.82.15.221 - - [26/Jul/2026:01:52:16 +0000] "GET /ilia-pods-o-41/ HTTP/1.1" 200 34779 "-" "Mozilla/5.0 (Macintosh; Intel Mac OS X 10_15_7) AppleWebKit/537.36 (KHTML, like Gecko) Chrome/144.0.0.0 Safari/537.36"
103.3.222.184 - - [26/Jul/2026:01:52:20 +0000] "GET /shop-pods/?add-to-cart=923 HTTP/1.1" 200 35698 "-" "Mozilla/5.0 (Macintosh; Intel Mac OS X 10_15_7) AppleWebKit/537.36 (KHTML, like Gecko) Chrome/133.0.0.0 Safari/537.36"
114.119.146.70 - - [26/Jul/2026:01:52:37 +0000] "GET /ilia-host-j-10/ HTTP/1.1" 200 34799 "https://www.groatmachinery.com/ilia-host-k-86/" "Mozilla/5.0 (Linux; Android 7.0;) AppleWebKit/537.36 (HTML, like Gecko) Mobile Safari/537.36 (compatible; PetalBot;+https://webmaster.petalsearch.com/site/petalbot)"
38.177.186.189 - - [26/Jul/2026:01:53:24 +0000] "POST /wp-cron.php?doing_wp_cron=1785030803.5688109397888183593750 HTTP/1.1" 499 0 "-" "WordPress/7.0; https://www.groatmachinery.com"
216.73.216.71 - - [26/Jul/2026:01:53:24 +0000] "GET /ilia-pods-m-13/?add-to-cart=903 HTTP/1.1" 200 34760 "-" "Mozilla/5.0 AppleWebKit/537.36 (KHTML, like Gecko; compatible; ClaudeBot/1.0; +claudebot@anthropic.com)"
119.28.140.106 - - [26/Jul/2026:01:53:28 +0000] "GET / HTTP/1.1" 400 248 "-" "Mozilla/5.0 (iPhone; CPU iPhone OS 13_2_3 like Mac OS X) AppleWebKit/605.1.15 (KHTML, like Gecko) Version/13.0.3 Mobile/15E148 Safari/604.1"
47.128.47.159 - - [26/Jul/2026:01:54:01 +0000] "GET /robots.txt HTTP/1.1" 200 84 "-" "Mozilla/5.0 (Linux; Android 5.0) AppleWebKit/537.36 (KHTML, like Gecko) Mobile Safari/537.36 (compatible; Bytespider; spider-feedback@bytedance.com)"
38.177.186.189 - - [26/Jul/2026:01:55:05 +0000] "POST /wp-cron.php?doing_wp_cron=1785030904.8009619712829589843750 HTTP/1.1" 499 0 "-" "WordPress/7.0; https://www.groatmachinery.com"
114.119.131.245 - - [26/Jul/2026:01:55:05 +0000] "GET /ilia-cigarette-m-39/ HTTP/1.1" 200 34800 "https://www.groatmachinery.com/page/10/" "Mozilla/5.0 (Linux; Android 7.0;) AppleWebKit/537.36 (HTML, like Gecko) Mobile Safari/537.36 (compatible; PetalBot;+https://webmaster.petalsearch.com/site/petalbot)"
38.177.186.189 - - [26/Jul/2026:01:56:26 +0000] "POST /wp-cron.php?doing_wp_cron=1785030985.6216990947723388671875 HTTP/1.1" 499 0 "-" "WordPress/7.0; https://www.groatmachinery.com"
38.177.186.189 - - [26/Jul/2026:01:56:26 +0000] "GET / HTTP/1.1" 301 0 "-" "Mozilla/5.0 (X11; Linux x86_64) AppleWebKit/537.36 (KHTML, like Gecko) Chrome/44.0.2403.157 Safari/537.36"
38.177.186.189 - - [26/Jul/2026:01:56:28 +0000] "GET / HTTP/1.1" 499 0 "http://38.177.186.189" "Mozilla/5.0 (X11; Linux x86_64) AppleWebKit/537.36 (KHTML, like Gecko) Chrome/44.0.2403.157 Safari/537.36"
38.177.186.189 - - [26/Jul/2026:01:57:32 +0000] "POST /wp-cron.php?doing_wp_cron=1785031051.8128979206085205078125 HTTP/1.1" 499 0 "-" "WordPress/7.0; https://www.groatmachinery.com"
114.119.146.70 - - [26/Jul/2026:01:57:32 +0000] "GET /ilia-cigarette-e-80/ HTTP/1.1" 200 34777 "https://www.groatmachinery.com/ilia-host-l-64/" "Mozilla/5.0 (Linux; Android 7.0;) AppleWebKit/537.36 (HTML, like Gecko) Mobile Safari/537.36 (compatible; PetalBot;+https://webmaster.petalsearch.com/site/petalbot)"
38.177.186.189 - - [26/Jul/2026:01:59:28 +0000] "POST /wp-cron.php?doing_wp_cron=1785031167.2502329349517822265625 HTTP/1.1" 499 0 "-" "WordPress/7.0; https://www.groatmachinery.com"
139.155.126.16 - - [26/Jul/2026:01:59:28 +0000] "GET / HTTP/1.1" 301 0 "-" "Mozilla/5.0 (iPhone; CPU iPhone OS 13_2_3 like Mac OS X) AppleWebKit/605.1.15 (KHTML, like Gecko) Version/13.0.3 Mobile/15E148 Safari/604.1"
114.119.133.14 - - [26/Jul/2026:01:59:58 +0000] "GET /gaqepuh/2026/06/oil-guanyin.webp HTTP/1.1" 404 26515 "https://www.groatmachinery.com/shop-oil/" "Mozilla/5.0 (Linux; Android 7.0;) AppleWebKit/537.36 (HTML, like Gecko) Mobile Safari/537.36 (compatible; PetalBot;+https://webmaster.petalsearch.com/site/petalbot)"
38.177.186.189 - - [26/Jul/2026:02:00:27 +0000] "POST /wp-cron.php?doing_wp_cron=1785031226.3483099937438964843750 HTTP/1.1" 499 0 "-" "WordPress/7.0; https://www.groatmachinery.com"
38.177.186.189 - - [26/Jul/2026:02:00:27 +0000] "GET / HTTP/1.1" 301 0 "-" "Mozilla/5.0 (X11; Linux x86_64) AppleWebKit/537.36 (KHTML, like Gecko) Chrome/44.0.2403.157 Safari/537.36"
38.177.186.189 - - [26/Jul/2026:02:03:36 +0000] "POST /wp-cron.php?doing_wp_cron=1785031415.1382389068603515625000 HTTP/1.1" 499 0 "-" "WordPress/7.0; https://www.groatmachinery.com"
114.119.134.152 - - [26/Jul/2026:02:03:36 +0000] "GET /blog/ HTTP/1.1" 200 27695 "https://www.groatmachinery.com/ilia-host-o-67/" "Mozilla/5.0 (Linux; Android 7.0;) AppleWebKit/537.36 (HTML, like Gecko) Mobile Safari/537.36 (compatible; PetalBot;+https://webmaster.petalsearch.com/site/petalbot)"
38.177.186.189 - - [26/Jul/2026:02:04:04 +0000] "POST /wp-cron.php?doing_wp_cron=1785031443.5350871086120605468750 HTTP/1.1" 499 0 "-" "WordPress/7.0; https://www.groatmachinery.com"
47.82.8.86 - - [26/Jul/2026:02:04:04 +0000] "GET /ilia-host-d-4/ HTTP/1.1" 200 34800 "-" "Mozilla/5.0 (Macintosh; Intel Mac OS X 10_15_7) AppleWebKit/537.36 (KHTML, like Gecko) Chrome/141.0.0.0 Safari/537.36"
57.141.0.27 - - [26/Jul/2026:02:04:37 +0000] "GET /page-sitemap.xml HTTP/1.1" 200 1926 "-" "Mozilla/5.0 (Windows NT 10.0; Win64; x64) AppleWebKit/537.36 (KHTML, like Gecko) Chrome/145.0.0.0 Safari/537.36 (compatible; meta-externalagent/1.1 (+https://developers.facebook.com/docs/sharing/webmasters/crawler))"
38.177.186.189 - - [26/Jul/2026:02:05:03 +0000] "POST /wp-cron.php?doing_wp_cron=1785031502.4242808818817138671875 HTTP/1.1" 499 0 "-" "WordPress/7.0; https://www.groatmachinery.com"
114.119.135.229 - - [26/Jul/2026:02:05:03 +0000] "GET /which-is-better-mailchimp-or-mailerlite HTTP/1.1" 301 0 "https://groatmachinery.com/which-is-better-mailchimp-or-mailerlite" "Mozilla/5.0 (Linux; Android 7.0;) AppleWebKit/537.36 (HTML, like Gecko) Mobile Safari/537.36 (compatible; PetalBot;+https://webmaster.petalsearch.com/site/petalbot)"
114.119.135.229 - - [26/Jul/2026:02:05:05 +0000] "GET /which-is-better-mailchimp-or-mailerlite HTTP/1.1" 404 26511 "https://groatmachinery.com/which-is-better-mailchimp-or-mailerlite" "Mozilla/5.0 (Linux; Android 7.0;) AppleWebKit/537.36 (HTML, like Gecko) Mobile Safari/537.36 (compatible; PetalBot;+https://webmaster.petalsearch.com/site/petalbot)"
38.177.186.189 - - [26/Jul/2026:02:07:28 +0000] "POST /wp-cron.php?doing_wp_cron=1785031647.7933709621429443359375 HTTP/1.1" 499 0 "-" "WordPress/7.0; https://www.groatmachinery.com"
114.119.131.245 - - [26/Jul/2026:02:07:28 +0000] "GET /what-is-the-conversion-rate-for-beehiiv/ HTTP/1.1" 301 0 "https://groatmachinery.com/post-sitemap.xml" "Mozilla/5.0 (Linux; Android 7.0;) AppleWebKit/537.36 (HTML, like Gecko) Mobile Safari/537.36 (compatible; PetalBot;+https://webmaster.petalsearch.com/site/petalbot)"
114.119.131.245 - - [26/Jul/2026:02:07:31 +0000] "GET /what-is-the-conversion-rate-for-beehiiv/ HTTP/1.1" 404 26511 "https://groatmachinery.com/post-sitemap.xml" "Mozilla/5.0 (Linux; Android 7.0;) AppleWebKit/537.36 (HTML, like Gecko) Mobile Safari/537.36 (compatible; PetalBot;+https://webmaster.petalsearch.com/site/petalbot)"
51.68.107.141 - - [26/Jul/2026:02:09:07 +0000] "GET /robots.txt HTTP/1.1" 200 84 "-" "Mozilla/5.0 (compatible; MJ12bot/v2.0.5; http://mj12bot.com/)"
38.177.186.189 - - [26/Jul/2026:02:09:11 +0000] "POST /wp-cron.php?doing_wp_cron=1785031750.0931699275970458984375 HTTP/1.1" 499 0 "-" "WordPress/7.0; https://www.groatmachinery.com"
51.68.107.141 - - [26/Jul/2026:02:09:11 +0000] "GET / HTTP/1.1" 301 0 "-" "Mozilla/5.0 (compatible; MJ12bot/v2.0.5; http://mj12bot.com/)"
51.68.107.141 - - [26/Jul/2026:02:09:12 +0000] "GET /robots.txt HTTP/1.1" 200 84 "-" "Mozilla/5.0 (compatible; MJ12bot/v2.0.5; http://mj12bot.com/)"
51.68.107.141 - - [26/Jul/2026:02:09:14 +0000] "GET / HTTP/1.1" 200 36451 "-" "Mozilla/5.0 (compatible; MJ12bot/v2.0.5; http://mj12bot.com/)"
179.158.171.60 - - [26/Jul/2026:02:09:27 +0000] "GET /ilia-host-q-17/?add-to-cart=896 HTTP/1.1" 200 34692 "-" "Mozilla/5.0 (Macintosh; Intel Mac OS X 10_15_7) AppleWebKit/537.36 (KHTML, like Gecko) Chrome/133.0.0.0 Safari/537.36"
38.177.186.189 - - [26/Jul/2026:02:10:06 +0000] "POST /wp-cron.php?doing_wp_cron=1785031805.6877129077911376953125 HTTP/1.1" 499 0 "-" "WordPress/7.0; https://www.groatmachinery.com"
114.119.133.14 - - [26/Jul/2026:02:10:06 +0000] "GET /what-is-beehiiv-ai HTTP/1.1" 301 0 "https://groatmachinery.com/what-is-beehiiv-ai" "Mozilla/5.0 (Linux; Android 7.0;) AppleWebKit/537.36 (HTML, like Gecko) Mobile Safari/537.36 (compatible; PetalBot;+https://webmaster.petalsearch.com/site/petalbot)"
114.119.133.14 - - [26/Jul/2026:02:10:11 +0000] "GET /what-is-beehiiv-ai HTTP/1.1" 404 26500 "https://groatmachinery.com/what-is-beehiiv-ai" "Mozilla/5.0 (Linux; Android 7.0;) AppleWebKit/537.36 (HTML, like Gecko) Mobile Safari/537.36 (compatible; PetalBot;+https://webmaster.petalsearch.com/site/petalbot)"
45.227.253.15 - - [26/Jul/2026:02:10:38 +0000] "GET /images/images/images/index.php?of=1 HTTP/1.1" 200 2088 "-" "Mozilla/5.0 (Macintosh; Intel Mac OS X 10.14; rv:103.0) Gecko/20100101 Firefox/103.0"
45.227.253.15 - - [26/Jul/2026:02:11:49 +0000] "GET /images/images/index.php?of=1 HTTP/1.1" 200 2340 "-" "Mozilla/5.0 (Windows NT 6.1; WOW64; Trident/7.0; rv:11.0) like Gecko"
38.177.186.189 - - [26/Jul/2026:02:11:51 +0000] "POST /wp-cron.php?doing_wp_cron=1785031910.1966409683227539062500 HTTP/1.1" 499 0 "-" "WordPress/7.0; https://www.groatmachinery.com"
45.38.15.155 - - [26/Jul/2026:02:11:51 +0000] "GET / HTTP/1.1" 301 0 "-" "Mozilla/5.0 (Windows NT 10.0; Win64; x64) AppleWebKit/537.36 (KHTML, like Gecko) Chrome/121.0.6167.85 Safari/537.36"
45.38.15.155 - - [26/Jul/2026:02:11:54 +0000] "GET / HTTP/1.1" 200 36454 "-" "Mozilla/5.0 (Windows NT 10.0; Win64; x64) AppleWebKit/537.36 (KHTML, like Gecko) Chrome/121.0.6167.85 Safari/537.36"
38.177.186.189 - - [26/Jul/2026:02:12:23 +0000] "POST /wp-cron.php?doing_wp_cron=1785031942.6411399841308593750000 HTTP/1.1" 499 0 "-" "WordPress/7.0; https://www.groatmachinery.com"
114.119.133.14 - - [26/Jul/2026:02:12:23 +0000] "GET /sama-beehiiv/ HTTP/1.1" 301 0 "https://groatmachinery.com/post-sitemap.xml" "Mozilla/5.0 (Linux; Android 7.0;) AppleWebKit/537.36 (HTML, like Gecko) Mobile Safari/537.36 (compatible; PetalBot;+https://webmaster.petalsearch.com/site/petalbot)"
114.119.133.14 - - [26/Jul/2026:02:12:25 +0000] "GET /sama-beehiiv/ HTTP/1.1" 404 26496 "https://groatmachinery.com/post-sitemap.xml" "Mozilla/5.0 (Linux; Android 7.0;) AppleWebKit/537.36 (HTML, like Gecko) Mobile Safari/537.36 (compatible; PetalBot;+https://webmaster.petalsearch.com/site/petalbot)"
45.227.253.15 - - [26/Jul/2026:02:12:36 +0000] "GET /?of=1 HTTP/1.1" 200 8326 "-" "Mozilla/5.0 (Windows NT 6.1; WOW64; rv:70.0) Gecko/20100101 Firefox/70.0"
45.227.253.15 - - [26/Jul/2026:02:12:49 +0000] "GET /wp-includes/images/smilies/smilies/index.php?of=1 HTTP/1.1" 200 2115 "-" "Mozilla/5.0 (Windows NT 10.0; Win64; x64; rv:80.0) Gecko/20100101 Firefox/80.0"
216.73.217.88 - - [26/Jul/2026:02:12:56 +0000] "GET /robots.txt HTTP/1.1" 200 84 "-" "Mozilla/5.0 AppleWebKit/537.36 (KHTML, like Gecko; compatible; ClaudeBot/1.0; +claudebot@anthropic.com)"
38.177.186.189 - - [26/Jul/2026:02:13:02 +0000] "POST /wp-cron.php?doing_wp_cron=1785031981.2328329086303710937500 HTTP/1.1" 499 0 "-" "WordPress/7.0; https://www.groatmachinery.com"
216.73.217.88 - - [26/Jul/2026:02:13:02 +0000] "GET /shop-cigarette/?add-to-cart=863 HTTP/1.1" 200 35062 "-" "Mozilla/5.0 AppleWebKit/537.36 (KHTML, like Gecko; compatible; ClaudeBot/1.0; +claudebot@anthropic.com)"
45.227.253.15 - - [26/Jul/2026:02:13:37 +0000] "GET /679582-juejiang/?of=1 HTTP/1.1" 200 8326 "-" "Mozilla/5.0 (Windows NT 6.2; WOW64; rv:72.0) Gecko/20100101 Firefox/72.0"
45.227.253.15 - - [26/Jul/2026:02:14:06 +0000] "GET /wp-content/plugins/wordpress-seo/vendor_prefixed/symfony/service-contracts/service-contracts/index.php?of=1 HTTP/1.1" 200 0 "-" "Mozilla/5.0 (Windows NT 10.0; Win64; x64) AppleWebKit/537.36 (KHTML, like Gecko) Chrome/77.0.3760. Safari/537.36 Edg/77.0.141.7"
38.177.186.189 - - [26/Jul/2026:02:14:23 +0000] "POST /wp-cron.php?doing_wp_cron=1785032062.2978060245513916015625 HTTP/1.1" 499 0 "-" "WordPress/7.0; https://www.groatmachinery.com"
38.177.186.189 - - [26/Jul/2026:02:14:23 +0000] "GET / HTTP/1.1" 301 0 "-" "Mozilla/5.0 (X11; Linux x86_64) AppleWebKit/537.36 (KHTML, like Gecko) Chrome/44.0.2403.157 Safari/537.36"
38.177.186.189 - - [26/Jul/2026:02:14:25 +0000] "GET / HTTP/1.1" 499 0 "http://38.177.186.189" "Mozilla/5.0 (X11; Linux x86_64) AppleWebKit/537.36 (KHTML, like Gecko) Chrome/44.0.2403.157 Safari/537.36"
45.227.253.15 - - [26/Jul/2026:02:14:41 +0000] "GET /wp-content/plugins/nx_up_eea7576d/filefuns.php?of=1 HTTP/1.1" 403 284 "-" "Mozilla/5.0 (Windows NT 10.0; Win64; x64) AppleWebKit/537.36 (KHTML, like Gecko) Chrome/77.0.3760. Safari/537.36 Edg/77.0.141.7"
114.119.131.245 - - [26/Jul/2026:02:14:49 +0000] "GET /page/14/ HTTP/1.1" 301 0 "https://groatmachinery.com/page/16/" "Mozilla/5.0 (Linux; Android 7.0;) AppleWebKit/537.36 (HTML, like Gecko) Mobile Safari/537.36 (compatible; PetalBot;+https://webmaster.petalsearch.com/site/petalbot)"
114.119.131.245 - - [26/Jul/2026:02:14:52 +0000] "GET /page/14/ HTTP/1.1" 200 36485 "https://groatmachinery.com/page/16/" "Mozilla/5.0 (Linux; Android 7.0;) AppleWebKit/537.36 (HTML, like Gecko) Mobile Safari/537.36 (compatible; PetalBot;+https://webmaster.petalsearch.com/site/petalbot)"
38.177.186.189 - - [26/Jul/2026:02:17:19 +0000] "POST /wp-cron.php?doing_wp_cron=1785032238.0925939083099365234375 HTTP/1.1" 499 0 "-" "WordPress/7.0; https://www.groatmachinery.com"
114.119.134.152 - - [26/Jul/2026:02:17:19 +0000] "GET /mailerlite-survey/ HTTP/1.1" 301 0 "https://groatmachinery.com/post-sitemap.xml" "Mozilla/5.0 (Linux; Android 7.0;) AppleWebKit/537.36 (HTML, like Gecko) Mobile Safari/537.36 (compatible; PetalBot;+https://webmaster.petalsearch.com/site/petalbot)"
114.119.134.152 - - [26/Jul/2026:02:17:21 +0000] "GET /mailerlite-survey/ HTTP/1.1" 404 26500 "https://groatmachinery.com/post-sitemap.xml" "Mozilla/5.0 (Linux; Android 7.0;) AppleWebKit/537.36 (HTML, like Gecko) Mobile Safari/537.36 (compatible; PetalBot;+https://webmaster.petalsearch.com/site/petalbot)"
38.177.186.189 - - [26/Jul/2026:02:19:56 +0000] "POST /wp-cron.php?doing_wp_cron=1785032395.6828660964965820312500 HTTP/1.1" 499 0 "-" "WordPress/7.0; https://www.groatmachinery.com"
114.119.158.50 - - [26/Jul/2026:02:19:56 +0000] "GET /mailerlite-resend-campaign/ HTTP/1.1" 301 0 "https://groatmachinery.com/post-sitemap.xml" "Mozilla/5.0 (Linux; Android 7.0;) AppleWebKit/537.36 (HTML, like Gecko) Mobile Safari/537.36 (compatible; PetalBot;+https://webmaster.petalsearch.com/site/petalbot)"
114.119.158.50 - - [26/Jul/2026:02:19:59 +0000] "GET /mailerlite-resend-campaign/ HTTP/1.1" 404 26505 "https://groatmachinery.com/post-sitemap.xml" "Mozilla/5.0 (Linux; Android 7.0;) AppleWebKit/537.36 (HTML, like Gecko) Mobile Safari/537.36 (compatible; PetalBot;+https://webmaster.petalsearch.com/site/petalbot)"
36.106.167.17 - - [26/Jul/2026:02:22:07 +0000] "GET / HTTP/1.1" 403 0 "-" "-"
223.199.160.62 - - [26/Jul/2026:02:22:09 +0000] "GET / HTTP/1.1" 403 0 "-" "-"
38.177.186.189 - - [26/Jul/2026:02:22:12 +0000] "POST /wp-cron.php?doing_wp_cron=1785032531.3643701076507568359375 HTTP/1.1" 499 0 "-" "WordPress/7.0; https://www.groatmachinery.com"
114.119.145.193 - - [26/Jul/2026:02:22:12 +0000] "GET /mailerlite-quiz HTTP/1.1" 301 0 "https://groatmachinery.com/mailerlite-quiz/" "Mozilla/5.0 (Linux; Android 7.0;) AppleWebKit/537.36 (HTML, like Gecko) Mobile Safari/537.36 (compatible; PetalBot;+https://webmaster.petalsearch.com/site/petalbot)"
114.119.145.193 - - [26/Jul/2026:02:22:14 +0000] "GET /mailerlite-quiz HTTP/1.1" 404 26497 "https://groatmachinery.com/mailerlite-quiz/" "Mozilla/5.0 (Linux; Android 7.0;) AppleWebKit/537.36 (HTML, like Gecko) Mobile Safari/537.36 (compatible; PetalBot;+https://webmaster.petalsearch.com/site/petalbot)"
186.235.99.148 - - [26/Jul/2026:02:22:40 +0000] "GET /ilia-host-q-17/?add-to-cart=933 HTTP/1.1" 200 34820 "-" "Mozilla/5.0 (Macintosh; Intel Mac OS X 10_15_7) AppleWebKit/537.36 (KHTML, like Gecko) Chrome/133.0.0.0 Safari/537.36"
171.37.192.77 - - [26/Jul/2026:02:23:04 +0000] "GET / HTTP/1.1" 403 0 "-" "Mozilla/5.0 (Windows NT 6.1) AppleWebKit/537.36 (KHTML, like Gecko) Chrome/49.0.2623.112 Safari/537.36"
38.177.186.189 - - [26/Jul/2026:02:24:39 +0000] "POST /wp-cron.php?doing_wp_cron=1785032678.4387528896331787109375 HTTP/1.1" 499 0 "-" "WordPress/7.0; https://www.groatmachinery.com"
114.119.130.199 - - [26/Jul/2026:02:24:39 +0000] "GET /mailerlite-landing-page-templates/ HTTP/1.1" 301 0 "https://groatmachinery.com/post-sitemap.xml" "Mozilla/5.0 (Linux; Android 7.0;) AppleWebKit/537.36 (HTML, like Gecko) Mobile Safari/537.36 (compatible; PetalBot;+https://webmaster.petalsearch.com/site/petalbot)"
114.119.130.199 - - [26/Jul/2026:02:24:41 +0000] "GET /mailerlite-landing-page-templates/ HTTP/1.1" 404 26505 "https://groatmachinery.com/post-sitemap.xml" "Mozilla/5.0 (Linux; Android 7.0;) AppleWebKit/537.36 (HTML, like Gecko) Mobile Safari/537.36 (compatible; PetalBot;+https://webmaster.petalsearch.com/site/petalbot)"
38.177.186.189 - - [26/Jul/2026:02:27:06 +0000] "POST /wp-cron.php?doing_wp_cron=1785032825.4101779460906982421875 HTTP/1.1" 499 0 "-" "WordPress/7.0; https://www.groatmachinery.com"
114.119.131.245 - - [26/Jul/2026:02:27:06 +0000] "GET /mailerlite-header-size/ HTTP/1.1" 301 0 "https://groatmachinery.com/post-sitemap2.xml" "Mozilla/5.0 (Linux; Android 7.0;) AppleWebKit/537.36 (HTML, like Gecko) Mobile Safari/537.36 (compatible; PetalBot;+https://webmaster.petalsearch.com/site/petalbot)"
114.119.131.245 - - [26/Jul/2026:02:27:08 +0000] "GET /mailerlite-header-size/ HTTP/1.1" 404 26506 "https://groatmachinery.com/post-sitemap2.xml" "Mozilla/5.0 (Linux; Android 7.0;) AppleWebKit/537.36 (HTML, like Gecko) Mobile Safari/537.36 (compatible; PetalBot;+https://webmaster.petalsearch.com/site/petalbot)"
38.177.186.189 - - [26/Jul/2026:02:28:24 +0000] "POST /wp-cron.php?doing_wp_cron=1785032903.8420178890228271484375 HTTP/1.1" 499 0 "-" "WordPress/7.0; https://www.groatmachinery.com"
38.177.186.189 - - [26/Jul/2026:02:28:24 +0000] "GET / HTTP/1.1" 301 0 "-" "Mozilla/5.0 (X11; Linux x86_64) AppleWebKit/537.36 (KHTML, like Gecko) Chrome/44.0.2403.157 Safari/537.36"
38.177.186.189 - - [26/Jul/2026:02:28:26 +0000] "GET / HTTP/1.1" 499 0 "http://38.177.186.189" "Mozilla/5.0 (X11; Linux x86_64) AppleWebKit/537.36 (KHTML, like Gecko) Chrome/44.0.2403.157 Safari/537.36"
38.177.186.189 - - [26/Jul/2026:02:29:42 +0000] "POST /wp-cron.php?doing_wp_cron=1785032981.7042200565338134765625 HTTP/1.1" 499 0 "-" "WordPress/7.0; https://www.groatmachinery.com"
114.119.131.245 - - [26/Jul/2026:02:29:42 +0000] "GET /mailerlite-breach/ HTTP/1.1" 301 0 "https://groatmachinery.com/post-sitemap.xml" "Mozilla/5.0 (Linux; Android 7.0;) AppleWebKit/537.36 (HTML, like Gecko) Mobile Safari/537.36 (compatible; PetalBot;+https://webmaster.petalsearch.com/site/petalbot)"
114.119.131.245 - - [26/Jul/2026:02:29:45 +0000] "GET /mailerlite-breach/ HTTP/1.1" 404 26498 "https://groatmachinery.com/post-sitemap.xml" "Mozilla/5.0 (Linux; Android 7.0;) AppleWebKit/537.36 (HTML, like Gecko) Mobile Safari/537.36 (compatible; PetalBot;+https://webmaster.petalsearch.com/site/petalbot)"
38.177.186.189 - - [26/Jul/2026:02:32:00 +0000] "POST /wp-cron.php?doing_wp_cron=1785033119.9407229423522949218750 HTTP/1.1" 499 0 "-" "WordPress/7.0; https://www.groatmachinery.com"
114.119.130.199 - - [26/Jul/2026:02:32:00 +0000] "GET /mailerlite-and-xero/ HTTP/1.1" 301 0 "https://groatmachinery.com/post-sitemap2.xml" "Mozilla/5.0 (Linux; Android 7.0;) AppleWebKit/537.36 (HTML, like Gecko) Mobile Safari/537.36 (compatible; PetalBot;+https://webmaster.petalsearch.com/site/petalbot)"
114.119.130.199 - - [26/Jul/2026:02:32:03 +0000] "GET /mailerlite-and-xero/ HTTP/1.1" 404 26501 "https://groatmachinery.com/post-sitemap2.xml" "Mozilla/5.0 (Linux; Android 7.0;) AppleWebKit/537.36 (HTML, like Gecko) Mobile Safari/537.36 (compatible; PetalBot;+https://webmaster.petalsearch.com/site/petalbot)"
45.205.1.242 - - [26/Jul/2026:02:33:34 +0000] "GET / HTTP/1.1" 400 248 "-" "Mozilla/5.0 (compatible; FlowIQLabsBot/1.0; +https://flowiq-labs.com/scanning-info)"
20.127.245.101 - - [26/Jul/2026:02:34:22 +0000] "GET /manager/text/list HTTP/1.1" 499 0 "-" "Mozilla/5.0 zgrab/0.x"
45.33.14.5 - - [26/Jul/2026:02:37:46 +0000] "GET / HTTP/1.1" 403 0 "-" "Mozilla/5.0 zgrab/0.x"
38.177.186.189 - - [26/Jul/2026:02:37:59 +0000] "POST /wp-cron.php?doing_wp_cron=1785033478.0545659065246582031250 HTTP/1.1" 499 0 "-" "WordPress/7.0; https://www.groatmachinery.com"
57.141.0.43 - - [26/Jul/2026:02:37:59 +0000] "GET /product-sitemap.xml HTTP/1.1" 200 25381 "-" "Mozilla/5.0 (Windows NT 10.0; Win64; x64) AppleWebKit/537.36 (KHTML, like Gecko) Chrome/145.0.0.0 Safari/537.36 (compatible; meta-externalagent/1.1 (+https://developers.facebook.com/docs/sharing/webmasters/crawler))"
69.164.217.74 - - [26/Jul/2026:02:38:20 +0000] "GET / HTTP/1.1" 400 248 "-" "Mozilla/5.0 zgrab/0.x"
66.228.53.157 - - [26/Jul/2026:02:38:27 +0000] "GET / HTTP/1.1" 403 0 "-" "Mozilla/5.0 (Macintosh; Intel Mac OS X 13_1) AppleWebKit/537.36 (KHTML, like Gecko) Chrome/108.0.0.0 Safari/537.36"
66.228.53.157 - - [26/Jul/2026:02:38:56 +0000] "\x16\x03\x01\x00{\x01\x00\x00w\x03\x03 1\xB7\xFF\x92\xB0-=mq|\x7F\xB9\xA9C(`\xA3~r\xDB\x85\xC9\x19\x9Bw7\xC2\xECD-6\x00\x00\x1A\xC0/\xC0+\xC0\x11\xC0\x07\xC0\x13\xC0\x09\xC0\x14\xC0" 400 150 "-" "-"
45.79.181.251 - - [26/Jul/2026:02:39:27 +0000] "GET / HTTP/1.1" 403 0 "-" "Mozilla/5.0 (Macintosh; Intel Mac OS X 13_1) AppleWebKit/537.36 (KHTML, like Gecko) Chrome/108.0.0.0 Safari/537.36"
52.167.144.168 - - [26/Jul/2026:02:39:29 +0000] "GET /ilia-pods-h-8/ HTTP/1.1" 200 27785 "-" "Mozilla/5.0 AppleWebKit/537.36 (KHTML, like Gecko; compatible; bingbot/2.0; +http://www.bing.com/bingbot.htm) Chrome/116.0.1938.76 Safari/537.36"
38.177.186.189 - - [26/Jul/2026:02:42:28 +0000] "POST /wp-cron.php?doing_wp_cron=1785033747.0382220745086669921875 HTTP/1.1" 499 0 "-" "WordPress/7.0; https://www.groatmachinery.com"
38.177.186.189 - - [26/Jul/2026:02:42:28 +0000] "GET / HTTP/1.1" 301 0 "-" "Mozilla/5.0 (X11; Linux x86_64) AppleWebKit/537.36 (KHTML, like Gecko) Chrome/44.0.2403.157 Safari/537.36"
38.177.186.189 - - [26/Jul/2026:02:42:28 +0000] "GET / HTTP/1.1" 499 0 "http://38.177.186.189" "Mozilla/5.0 (X11; Linux x86_64) AppleWebKit/537.36 (KHTML, like Gecko) Chrome/44.0.2403.157 Safari/537.36"
38.177.186.189 - - [26/Jul/2026:02:45:20 +0000] "POST /wp-cron.php?doing_wp_cron=1785033919.6316010951995849609375 HTTP/1.1" 499 0 "-" "WordPress/7.0; https://www.groatmachinery.com"
114.119.130.199 - - [26/Jul/2026:02:45:20 +0000] "GET /is-mailerlite-free-forever/ HTTP/1.1" 301 0 "https://groatmachinery.com/post-sitemap.xml" "Mozilla/5.0 (Linux; Android 7.0;) AppleWebKit/537.36 (HTML, like Gecko) Mobile Safari/537.36 (compatible; PetalBot;+https://webmaster.petalsearch.com/site/petalbot)"
114.119.130.199 - - [26/Jul/2026:02:45:23 +0000] "GET /is-mailerlite-free-forever/ HTTP/1.1" 404 26502 "https://groatmachinery.com/post-sitemap.xml" "Mozilla/5.0 (Linux; Android 7.0;) AppleWebKit/537.36 (HTML, like Gecko) Mobile Safari/537.36 (compatible; PetalBot;+https://webmaster.petalsearch.com/site/petalbot)"
51.68.111.218 - - [26/Jul/2026:02:46:21 +0000] "GET /robots.txt HTTP/1.1" 200 84 "-" "Mozilla/5.0 (compatible; MJ12bot/v2.0.5; http://mj12bot.com/)"
38.177.186.189 - - [26/Jul/2026:02:46:24 +0000] "POST /wp-cron.php?doing_wp_cron=1785033983.9511420726776123046875 HTTP/1.1" 499 0 "-" "WordPress/7.0; https://www.groatmachinery.com"
51.68.111.218 - - [26/Jul/2026:02:46:24 +0000] "GET / HTTP/1.1" 301 0 "-" "Mozilla/5.0 (compatible; MJ12bot/v2.0.5; http://mj12bot.com/)"
51.68.111.218 - - [26/Jul/2026:02:46:25 +0000] "GET /robots.txt HTTP/1.1" 200 84 "-" "Mozilla/5.0 (compatible; MJ12bot/v2.0.5; http://mj12bot.com/)"
51.68.111.218 - - [26/Jul/2026:02:46:28 +0000] "GET / HTTP/1.1" 200 36451 "-" "Mozilla/5.0 (compatible; MJ12bot/v2.0.5; http://mj12bot.com/)"
38.177.186.189 - - [26/Jul/2026:02:47:12 +0000] "POST /wp-cron.php?doing_wp_cron=1785034031.2040090560913085937500 HTTP/1.1" 499 0 "-" "WordPress/7.0; https://www.groatmachinery.com"
114.119.131.245 - - [26/Jul/2026:02:47:12 +0000] "GET /contact-form-7-mailerlite/ HTTP/1.1" 301 0 "https://groatmachinery.com/page/35/" "Mozilla/5.0 (Linux; Android 7.0;) AppleWebKit/537.36 (HTML, like Gecko) Mobile Safari/537.36 (compatible; PetalBot;+https://webmaster.petalsearch.com/site/petalbot)"
114.119.131.245 - - [26/Jul/2026:02:47:14 +0000] "GET /contact-form-7-mailerlite/ HTTP/1.1" 404 26499 "https://groatmachinery.com/page/35/" "Mozilla/5.0 (Linux; Android 7.0;) AppleWebKit/537.36 (HTML, like Gecko) Mobile Safari/537.36 (compatible; PetalBot;+https://webmaster.petalsearch.com/site/petalbot)"
40.77.167.22 - - [26/Jul/2026:02:49:20 +0000] "GET /special/203584748698 HTTP/1.1" 200 27266 "-" "Mozilla/5.0 AppleWebKit/537.36 (KHTML, like Gecko; compatible; bingbot/2.0; +http://www.bing.com/bingbot.htm) Chrome/116.0.1938.76 Safari/537.36"
38.177.186.189 - - [26/Jul/2026:02:49:39 +0000] "POST /wp-cron.php?doing_wp_cron=1785034178.3728380203247070312500 HTTP/1.1" 499 0 "-" "WordPress/7.0; https://www.groatmachinery.com"
114.119.134.152 - - [26/Jul/2026:02:49:39 +0000] "GET /connect-contact-form-7-to-mailerlite/ HTTP/1.1" 301 0 "https://groatmachinery.com/post-sitemap.xml" "Mozilla/5.0 (Linux; Android 7.0;) AppleWebKit/537.36 (HTML, like Gecko) Mobile Safari/537.36 (compatible; PetalBot;+https://webmaster.petalsearch.com/site/petalbot)"
114.119.134.152 - - [26/Jul/2026:02:49:41 +0000] "GET /connect-contact-form-7-to-mailerlite/ HTTP/1.1" 404 26505 "https://groatmachinery.com/post-sitemap.xml" "Mozilla/5.0 (Linux; Android 7.0;) AppleWebKit/537.36 (HTML, like Gecko) Mobile Safari/537.36 (compatible; PetalBot;+https://webmaster.petalsearch.com/site/petalbot)"
216.73.217.142 - - [26/Jul/2026:02:51:09 +0000] "GET /robots.txt HTTP/1.1" 200 84 "-" "Mozilla/5.0 AppleWebKit/537.36 (KHTML, like Gecko; compatible; ClaudeBot/1.0; +claudebot@anthropic.com)"
38.177.186.189 - - [26/Jul/2026:02:51:12 +0000] "POST /wp-cron.php?doing_wp_cron=1785034271.3193480968475341796875 HTTP/1.1" 499 0 "-" "WordPress/7.0; https://www.groatmachinery.com"
216.73.217.142 - - [26/Jul/2026:02:51:12 +0000] "GET /sitemap.xml HTTP/1.1" 404 26500 "-" "Mozilla/5.0 AppleWebKit/537.36 (KHTML, like Gecko; compatible; ClaudeBot/1.0; +claudebot@anthropic.com)"
38.177.186.189 - - [26/Jul/2026:02:52:10 +0000] "POST /wp-cron.php?doing_wp_cron=1785034329.2124929428100585937500 HTTP/1.1" 499 0 "-" "WordPress/7.0; https://www.groatmachinery.com"
114.119.146.70 - - [26/Jul/2026:02:52:10 +0000] "GET /can-i-sell-on-mailerlite/ HTTP/1.1" 301 0 "https://groatmachinery.com/post-sitemap.xml" "Mozilla/5.0 (Linux; Android 7.0;) AppleWebKit/537.36 (HTML, like Gecko) Mobile Safari/537.36 (compatible; PetalBot;+https://webmaster.petalsearch.com/site/petalbot)"
114.119.146.70 - - [26/Jul/2026:02:52:14 +0000] "GET /can-i-sell-on-mailerlite/ HTTP/1.1" 404 26504 "https://groatmachinery.com/post-sitemap.xml" "Mozilla/5.0 (Linux; Android 7.0;) AppleWebKit/537.36 (HTML, like Gecko) Mobile Safari/537.36 (compatible; PetalBot;+https://webmaster.petalsearch.com/site/petalbot)"
52.167.144.216 - - [26/Jul/2026:02:52:37 +0000] "GET /special/20243257825 HTTP/1.1" 200 26341 "-" "Mozilla/5.0 AppleWebKit/537.36 (KHTML, like Gecko; compatible; bingbot/2.0; +http://www.bing.com/bingbot.htm) Chrome/116.0.1938.76 Safari/537.36"
38.177.186.189 - - [26/Jul/2026:02:54:35 +0000] "POST /wp-cron.php?doing_wp_cron=1785034474.1341691017150878906250 HTTP/1.1" 499 0 "-" "WordPress/7.0; https://www.groatmachinery.com"
114.119.134.152 - - [26/Jul/2026:02:54:35 +0000] "GET /beehiiv-vs-memberful HTTP/1.1" 301 0 "https://groatmachinery.com/beehiiv-vs-memberful" "Mozilla/5.0 (Linux; Android 7.0;) AppleWebKit/537.36 (HTML, like Gecko) Mobile Safari/537.36 (compatible; PetalBot;+https://webmaster.petalsearch.com/site/petalbot)"
114.119.134.152 - - [26/Jul/2026:02:54:37 +0000] "GET /beehiiv-vs-memberful HTTP/1.1" 404 26501 "https://groatmachinery.com/beehiiv-vs-memberful" "Mozilla/5.0 (Linux; Android 7.0;) AppleWebKit/537.36 (HTML, like Gecko) Mobile Safari/537.36 (compatible; PetalBot;+https://webmaster.petalsearch.com/site/petalbot)"
62.84.185.56 - - [26/Jul/2026:02:55:10 +0000] "GET /robots.txt HTTP/1.1" 200 84 "-" "Mozilla/5.0 (compatible; MJ12bot/v1.4.8; http://mj12bot.com/)"
38.177.186.189 - - [26/Jul/2026:02:55:20 +0000] "POST /wp-cron.php?doing_wp_cron=1785034519.9614579677581787109375 HTTP/1.1" 499 0 "-" "WordPress/7.0; https://www.groatmachinery.com"
62.84.185.56 - - [26/Jul/2026:02:55:20 +0000] "GET /product-tag/ilia%E5%93%A9%E5%95%9E/ HTTP/1.1" 200 35248 "-" "Mozilla/5.0 (compatible; MJ12bot/v1.4.8; http://mj12bot.com/)"
62.84.185.56 - - [26/Jul/2026:02:55:28 +0000] "GET /product-tag/%E5%93%A9%E5%95%9E/ HTTP/1.1" 200 34848 "-" "Mozilla/5.0 (compatible; MJ12bot/v1.4.8; http://mj12bot.com/)"
62.84.185.56 - - [26/Jul/2026:02:55:35 +0000] "GET /product-tag/%E5%93%A9%E5%95%9Eilia/ HTTP/1.1" 200 35407 "-" "Mozilla/5.0 (compatible; MJ12bot/v1.4.8; http://mj12bot.com/)"
38.177.186.189 - - [26/Jul/2026:02:56:27 +0000] "POST /wp-cron.php?doing_wp_cron=1785034586.9163489341735839843750 HTTP/1.1" 499 0 "-" "WordPress/7.0; https://www.groatmachinery.com"
38.177.186.189 - - [26/Jul/2026:02:56:27 +0000] "GET / HTTP/1.1" 301 0 "-" "Mozilla/5.0 (X11; Linux x86_64) AppleWebKit/537.36 (KHTML, like Gecko) Chrome/44.0.2403.157 Safari/537.36"
38.177.186.189 - - [26/Jul/2026:02:56:29 +0000] "GET / HTTP/1.1" 499 0 "http://38.177.186.189" "Mozilla/5.0 (X11; Linux x86_64) AppleWebKit/537.36 (KHTML, like Gecko) Chrome/44.0.2403.157 Safari/537.36"
38.177.186.189 - - [26/Jul/2026:02:57:03 +0000] "POST /wp-cron.php?doing_wp_cron=1785034622.7860329151153564453125 HTTP/1.1" 499 0 "-" "WordPress/7.0; https://www.groatmachinery.com"
114.119.130.199 - - [26/Jul/2026:02:57:03 +0000] "GET /beehiiv-tutorials/ HTTP/1.1" 301 0 "https://groatmachinery.com/post-sitemap.xml" "Mozilla/5.0 (Linux; Android 7.0;) AppleWebKit/537.36 (HTML, like Gecko) Mobile Safari/537.36 (compatible; PetalBot;+https://webmaster.petalsearch.com/site/petalbot)"
114.119.130.199 - - [26/Jul/2026:02:57:06 +0000] "GET /beehiiv-tutorials/ HTTP/1.1" 404 26500 "https://groatmachinery.com/post-sitemap.xml" "Mozilla/5.0 (Linux; Android 7.0;) AppleWebKit/537.36 (HTML, like Gecko) Mobile Safari/537.36 (compatible; PetalBot;+https://webmaster.petalsearch.com/site/petalbot)"
38.177.186.189 - - [26/Jul/2026:02:59:31 +0000] "POST /wp-cron.php?doing_wp_cron=1785034770.5666859149932861328125 HTTP/1.1" 499 0 "-" "WordPress/7.0; https://www.groatmachinery.com"
114.119.133.14 - - [26/Jul/2026:02:59:31 +0000] "GET /beehiiv-surveys/ HTTP/1.1" 301 0 "https://groatmachinery.com/post-sitemap.xml" "Mozilla/5.0 (Linux; Android 7.0;) AppleWebKit/537.36 (HTML, like Gecko) Mobile Safari/537.36 (compatible; PetalBot;+https://webmaster.petalsearch.com/site/petalbot)"
114.119.133.14 - - [26/Jul/2026:02:59:33 +0000] "GET /beehiiv-surveys/ HTTP/1.1" 404 26500 "https://groatmachinery.com/post-sitemap.xml" "Mozilla/5.0 (Linux; Android 7.0;) AppleWebKit/537.36 (HTML, like Gecko) Mobile Safari/537.36 (compatible; PetalBot;+https://webmaster.petalsearch.com/site/petalbot)"
66.240.205.34 - - [26/Jul/2026:02:59:41 +0000] "H\x00\x00\x00tj\xA8\x9E#D\x98+\xCA\xF0\xA7\xBBl\xC5\x19\xD7\x8D\xB6\x18\xEDJ\x1En\xC1\xF9xu[l\xF0E\x1D-j\xEC\xD4xL\xC9r\xC9\x15\x10u\xE0%\x86Rtg\x05fv\x86]%\xCC\x80\x0C\xE8\xCF\xAE\x00\xB5\xC0f\xC8\x8DD\xC5\x09\xF4" 400 150 "-" "-"
47.82.8.90 - - [26/Jul/2026:02:59:47 +0000] "GET /ilia-pods-p-91/ HTTP/1.1" 200 34726 "-" "Mozilla/5.0 (Windows NT 10.0; Win64; x64) AppleWebKit/537.36 (KHTML, like Gecko) Chrome/148.0.0.0 Safari/537.36"
38.177.186.189 - - [26/Jul/2026:03:00:30 +0000] "POST /wp-cron.php?doing_wp_cron=1785034829.4034318923950195312500 HTTP/1.1" 499 0 "-" "WordPress/7.0; https://www.groatmachinery.com"
38.177.186.189 - - [26/Jul/2026:03:00:30 +0000] "GET / HTTP/1.1" 301 0 "-" "Mozilla/5.0 (X11; Linux x86_64) AppleWebKit/537.36 (KHTML, like Gecko) Chrome/44.0.2403.157 Safari/537.36"
38.177.186.189 - - [26/Jul/2026:03:00:32 +0000] "GET / HTTP/1.1" 499 0 "http://38.177.186.189" "Mozilla/5.0 (X11; Linux x86_64) AppleWebKit/537.36 (KHTML, like Gecko) Chrome/44.0.2403.157 Safari/537.36"
38.177.186.189 - - [26/Jul/2026:03:02:04 +0000] "POST /wp-cron.php?doing_wp_cron=1785034923.0923299789428710937500 HTTP/1.1" 499 0 "-" "WordPress/7.0; https://www.groatmachinery.com"
114.119.134.152 - - [26/Jul/2026:03:02:04 +0000] "GET /beehiiv-newsletter-xp/ HTTP/1.1" 301 0 "https://groatmachinery.com/post-sitemap.xml" "Mozilla/5.0 (Linux; Android 7.0;) AppleWebKit/537.36 (HTML, like Gecko) Mobile Safari/537.36 (compatible; PetalBot;+https://webmaster.petalsearch.com/site/petalbot)"
114.119.134.152 - - [26/Jul/2026:03:02:06 +0000] "GET /beehiiv-newsletter-xp/ HTTP/1.1" 404 26503 "https://groatmachinery.com/post-sitemap.xml" "Mozilla/5.0 (Linux; Android 7.0;) AppleWebKit/537.36 (HTML, like Gecko) Mobile Safari/537.36 (compatible; PetalBot;+https://webmaster.petalsearch.com/site/petalbot)"
38.177.186.189 - - [26/Jul/2026:03:04:25 +0000] "POST /wp-cron.php?doing_wp_cron=1785035064.4872720241546630859375 HTTP/1.1" 499 0 "-" "WordPress/7.0; https://www.groatmachinery.com"
114.119.134.152 - - [26/Jul/2026:03:04:25 +0000] "GET /beehiiv-matt-mcgarry/ HTTP/1.1" 301 0 "https://groatmachinery.com/post-sitemap2.xml" "Mozilla/5.0 (Linux; Android 7.0;) AppleWebKit/537.36 (HTML, like Gecko) Mobile Safari/537.36 (compatible; PetalBot;+https://webmaster.petalsearch.com/site/petalbot)"
114.119.134.152 - - [26/Jul/2026:03:04:27 +0000] "GET /beehiiv-matt-mcgarry/ HTTP/1.1" 404 26503 "https://groatmachinery.com/post-sitemap2.xml" "Mozilla/5.0 (Linux; Android 7.0;) AppleWebKit/537.36 (HTML, like Gecko) Mobile Safari/537.36 (compatible; PetalBot;+https://webmaster.petalsearch.com/site/petalbot)"
47.253.116.19 - - [26/Jul/2026:03:05:24 +0000] "POST /dns-query HTTP/1.1" 403 0 "-" "Chrome"
47.253.116.19 - - [26/Jul/2026:03:05:25 +0000] "GET /dns-query?dns=W6ABAAABAAAAAAAABmdvb2dsZQNjb20AAAEAAQ HTTP/1.1" 403 0 "-" "Chrome"
38.177.186.189 - - [26/Jul/2026:03:07:20 +0000] "POST /wp-cron.php?doing_wp_cron=1785035239.6014089584350585937500 HTTP/1.1" 499 0 "-" "WordPress/7.0; https://www.groatmachinery.com"
114.119.134.152 - - [26/Jul/2026:03:07:20 +0000] "GET /beehiiv-jobs/ HTTP/1.1" 301 0 "https://groatmachinery.com/post-sitemap.xml" "Mozilla/5.0 (Linux; Android 7.0;) AppleWebKit/537.36 (HTML, like Gecko) Mobile Safari/537.36 (compatible; PetalBot;+https://webmaster.petalsearch.com/site/petalbot)"
114.119.134.152 - - [26/Jul/2026:03:07:22 +0000] "GET /beehiiv-jobs/ HTTP/1.1" 404 26497 "https://groatmachinery.com/post-sitemap.xml" "Mozilla/5.0 (Linux; Android 7.0;) AppleWebKit/537.36 (HTML, like Gecko) Mobile Safari/537.36 (compatible; PetalBot;+https://webmaster.petalsearch.com/site/petalbot)"
38.177.186.189 - - [26/Jul/2026:03:08:22 +0000] "POST /wp-cron.php?doing_wp_cron=1785035301.6509039402008056640625 HTTP/1.1" 499 0 "-" "WordPress/7.0; https://www.groatmachinery.com"
177.226.137.102 - - [26/Jul/2026:03:08:22 +0000] "GET /shop-pods/?add-to-cart=935 HTTP/1.1" 200 35694 "-" "Mozilla/5.0 (Macintosh; Intel Mac OS X 10_15_7) AppleWebKit/537.36 (KHTML, like Gecko) Chrome/133.0.0.0 Safari/537.36"
38.177.186.189 - - [26/Jul/2026:03:11:56 +0000] "POST /wp-cron.php?doing_wp_cron=1785035515.3138411045074462890625 HTTP/1.1" 499 0 "-" "WordPress/7.0; https://www.groatmachinery.com"
114.119.158.50 - - [26/Jul/2026:03:11:56 +0000] "GET /beehiiv-help-center/ HTTP/1.1" 301 0 "https://groatmachinery.com/post-sitemap.xml" "Mozilla/5.0 (Linux; Android 7.0;) AppleWebKit/537.36 (HTML, like Gecko) Mobile Safari/537.36 (compatible; PetalBot;+https://webmaster.petalsearch.com/site/petalbot)"
114.119.158.50 - - [26/Jul/2026:03:11:58 +0000] "GET /beehiiv-help-center/ HTTP/1.1" 404 26502 "https://groatmachinery.com/post-sitemap.xml" "Mozilla/5.0 (Linux; Android 7.0;) AppleWebKit/537.36 (HTML, like Gecko) Mobile Safari/537.36 (compatible; PetalBot;+https://webmaster.petalsearch.com/site/petalbot)"
65.49.1.142 - - [26/Jul/2026:03:12:04 +0000] "GET / HTTP/1.1" 403 0 "-" "Mozilla/5.0 (Windows NT 10.0; Win64; x64; rv:102.0) Gecko/20100101 Firefox/102.0"
38.177.186.189 - - [26/Jul/2026:03:12:06 +0000] "POST /wp-cron.php?doing_wp_cron=1785035525.1417679786682128906250 HTTP/1.1" 499 0 "-" "WordPress/7.0; https://www.groatmachinery.com"
204.236.230.255 - - [26/Jul/2026:03:12:06 +0000] "GET / HTTP/1.1" 301 0 "-" "Mozilla/5.0 AppleWebKit/605.1.15 (KHTML, like Gecko) Chrome/139.0.0.0 Safari/605.1.15"
3.220.236.32 - - [26/Jul/2026:03:12:09 +0000] "GET / HTTP/1.1" 200 36454 "-" "Mozilla/5.0 AppleWebKit/605.1.15 (KHTML, like Gecko) Chrome/139.0.0.0 Safari/605.1.15"
51.68.111.238 - - [26/Jul/2026:03:12:54 +0000] "GET /robots.txt HTTP/1.1" 200 84 "-" "Mozilla/5.0 (compatible; MJ12bot/v2.0.5; http://mj12bot.com/)"
38.177.186.189 - - [26/Jul/2026:03:12:58 +0000] "POST /wp-cron.php?doing_wp_cron=1785035577.4166829586029052734375 HTTP/1.1" 499 0 "-" "WordPress/7.0; https://www.groatmachinery.com"
51.68.111.238 - - [26/Jul/2026:03:12:58 +0000] "GET / HTTP/1.1" 200 36451 "-" "Mozilla/5.0 (compatible; MJ12bot/v2.0.5; http://mj12bot.com/)"
38.177.186.189 - - [26/Jul/2026:03:14:18 +0000] "POST /wp-cron.php?doing_wp_cron=1785035657.9164021015167236328125 HTTP/1.1" 499 0 "-" "WordPress/7.0; https://www.groatmachinery.com"
114.119.146.70 - - [26/Jul/2026:03:14:18 +0000] "GET /beehiiv-gating-pop-ups HTTP/1.1" 301 0 "https://groatmachinery.com/beehiiv-gating-pop-ups" "Mozilla/5.0 (Linux; Android 7.0;) AppleWebKit/537.36 (HTML, like Gecko) Mobile Safari/537.36 (compatible; PetalBot;+https://webmaster.petalsearch.com/site/petalbot)"
114.119.146.70 - - [26/Jul/2026:03:14:21 +0000] "GET /beehiiv-gating-pop-ups HTTP/1.1" 404 26504 "https://groatmachinery.com/beehiiv-gating-pop-ups" "Mozilla/5.0 (Linux; Android 7.0;) AppleWebKit/537.36 (HTML, like Gecko) Mobile Safari/537.36 (compatible; PetalBot;+https://webmaster.petalsearch.com/site/petalbot)"
38.177.186.189 - - [26/Jul/2026:03:14:23 +0000] "GET / HTTP/1.1" 301 0 "-" "Mozilla/5.0 (X11; Linux x86_64) AppleWebKit/537.36 (KHTML, like Gecko) Chrome/44.0.2403.157 Safari/537.36"
38.177.186.189 - - [26/Jul/2026:03:14:25 +0000] "GET / HTTP/1.1" 200 36450 "http://38.177.186.189" "Mozilla/5.0 (X11; Linux x86_64) AppleWebKit/537.36 (KHTML, like Gecko) Chrome/44.0.2403.157 Safari/537.36"
38.177.186.189 - - [26/Jul/2026:03:16:48 +0000] "POST /wp-cron.php?doing_wp_cron=1785035807.5072889328002929687500 HTTP/1.1" 499 0 "-" "WordPress/7.0; https://www.groatmachinery.com"
114.119.134.152 - - [26/Jul/2026:03:16:48 +0000] "GET /beehiiv-affiliate-leaderboard/ HTTP/1.1" 301 0 "https://groatmachinery.com/post-sitemap.xml" "Mozilla/5.0 (Linux; Android 7.0;) AppleWebKit/537.36 (HTML, like Gecko) Mobile Safari/537.36 (compatible; PetalBot;+https://webmaster.petalsearch.com/site/petalbot)"
114.119.134.152 - - [26/Jul/2026:03:16:51 +0000] "GET /beehiiv-affiliate-leaderboard/ HTTP/1.1" 404 26504 "https://groatmachinery.com/post-sitemap.xml" "Mozilla/5.0 (Linux; Android 7.0;) AppleWebKit/537.36 (HTML, like Gecko) Mobile Safari/537.36 (compatible; PetalBot;+https://webmaster.petalsearch.com/site/petalbot)"
65.49.1.142 - - [26/Jul/2026:03:17:37 +0000] "GET /webui/ HTTP/1.1" 403 0 "-" "Mozilla/5.0 (Macintosh; Intel Mac OS X 10_15_7) AppleWebKit/537.36 (KHTML, like Gecko) Chrome/107.0.0.0 Safari/537.36"
38.177.186.189 - - [26/Jul/2026:03:19:12 +0000] "POST /wp-cron.php?doing_wp_cron=1785035951.9040489196777343750000 HTTP/1.1" 499 0 "-" "WordPress/7.0; https://www.groatmachinery.com"
114.119.145.193 - - [26/Jul/2026:03:19:12 +0000] "GET /alternatives-to-mailerlite/ HTTP/1.1" 301 0 "https://groatmachinery.com/post-sitemap.xml" "Mozilla/5.0 (Linux; Android 7.0;) AppleWebKit/537.36 (HTML, like Gecko) Mobile Safari/537.36 (compatible; PetalBot;+https://webmaster.petalsearch.com/site/petalbot)"
114.119.145.193 - - [26/Jul/2026:03:19:15 +0000] "GET /alternatives-to-mailerlite/ HTTP/1.1" 404 26499 "https://groatmachinery.com/post-sitemap.xml" "Mozilla/5.0 (Linux; Android 7.0;) AppleWebKit/537.36 (HTML, like Gecko) Mobile Safari/537.36 (compatible; PetalBot;+https://webmaster.petalsearch.com/site/petalbot)"
65.49.1.143 - - [26/Jul/2026:03:21:47 +0000] "GET / HTTP/1.1" 403 0 "-" "Mozilla/5.0 (Windows NT 10.0; Win64; x64; rv:102.0) Gecko/20100101 Firefox/102.0"
40.77.167.79 - - [26/Jul/2026:03:24:20 +0000] "GET /buy/012572889097 HTTP/1.1" 200 28158 "-" "Mozilla/5.0 AppleWebKit/537.36 (KHTML, like Gecko; compatible; bingbot/2.0; +http://www.bing.com/bingbot.htm) Chrome/116.0.1938.76 Safari/537.36"
40.77.167.79 - - [26/Jul/2026:03:24:51 +0000] "GET /ilia-pods-h-8/ HTTP/1.1" 200 27785 "-" "Mozilla/5.0 AppleWebKit/537.36 (KHTML, like Gecko; compatible; bingbot/2.0; +http://www.bing.com/bingbot.htm) Chrome/116.0.1938.76 Safari/537.36"
45.227.253.15 - - [26/Jul/2026:03:27:40 +0000] "GET /index.php/jk HTTP/1.1" 200 43 "-" "Mozilla/5.0 (Macintosh; Intel Mac OS X 10.11; rv:103.0) Gecko/20100101 Firefox/101.0"
38.177.186.189 - - [26/Jul/2026:03:28:27 +0000] "POST /wp-cron.php?doing_wp_cron=1785036506.8440189361572265625000 HTTP/1.1" 499 0 "-" "WordPress/7.0; https://www.groatmachinery.com"
38.177.186.189 - - [26/Jul/2026:03:28:27 +0000] "GET / HTTP/1.1" 301 0 "-" "Mozilla/5.0 (X11; Linux x86_64) AppleWebKit/537.36 (KHTML, like Gecko) Chrome/44.0.2403.157 Safari/537.36"
38.177.186.189 - - [26/Jul/2026:03:28:28 +0000] "GET / HTTP/1.1" 499 0 "http://38.177.186.189" "Mozilla/5.0 (X11; Linux x86_64) AppleWebKit/537.36 (KHTML, like Gecko) Chrome/44.0.2403.157 Safari/537.36"
38.177.186.189 - - [26/Jul/2026:03:33:08 +0000] "POST /wp-cron.php?doing_wp_cron=1785036787.8731679916381835937500 HTTP/1.1" 499 0 "-" "WordPress/7.0; https://www.groatmachinery.com"
54.162.229.38 - - [26/Jul/2026:03:33:08 +0000] "GET / HTTP/1.1" 301 0 "-" "Mozilla/5.0 AppleWebKit/605.1.15 (KHTML, like Gecko) Chrome/139.0.0.0 Safari/605.1.15"
52.21.24.8 - - [26/Jul/2026:03:33:11 +0000] "GET / HTTP/1.1" 200 36451 "-" "Mozilla/5.0 AppleWebKit/605.1.15 (KHTML, like Gecko) Chrome/139.0.0.0 Safari/605.1.15"
40.77.167.14 - - [26/Jul/2026:03:35:15 +0000] "GET /beehiiv-ai-tool-report/ HTTP/1.1" 200 26526 "-" "Mozilla/5.0 AppleWebKit/537.36 (KHTML, like Gecko; compatible; bingbot/2.0; +http://www.bing.com/bingbot.htm) Chrome/116.0.1938.76 Safari/537.36"
38.177.186.189 - - [26/Jul/2026:03:35:29 +0000] "POST /wp-cron.php?doing_wp_cron=1785036928.3716740608215332031250 HTTP/1.1" 499 0 "-" "WordPress/7.0; https://www.groatmachinery.com"
185.242.3.175 - - [26/Jul/2026:03:35:29 +0000] "GET / HTTP/1.1" 301 0 "-" "Mozilla/5.0 (Macintosh; Intel Mac OS X 10_15_7) AppleWebKit/605.1.15 (KHTML, like Gecko) Version/17.5 Safari/605.1.15"
185.242.3.175 - - [26/Jul/2026:03:35:32 +0000] "GET / HTTP/1.1" 200 36450 "https://groatmachinery.com/" "Mozilla/5.0 (Macintosh; Intel Mac OS X 10_15_7) AppleWebKit/605.1.15 (KHTML, like Gecko) Version/17.5 Safari/605.1.15"
185.242.3.175 - - [26/Jul/2026:03:35:36 +0000] "GET /wp-json/ HTTP/1.1" 200 1457533 "-" "Mozilla/5.0 (Windows NT 10.0; Win64; x64) AppleWebKit/537.36 (KHTML, like Gecko) Chrome/125.0.0.0 Safari/537.36"
185.242.3.175 - - [26/Jul/2026:03:35:39 +0000] "GET /wp-content/plugins/breeze/ HTTP/1.1" 301 0 "-" "Mozilla/5.0 (X11; Linux x86_64; rv:126.0) Gecko/20100101 Firefox/126.0"
185.242.3.175 - - [26/Jul/2026:03:35:41 +0000] "GET /lodavop/breeze/ HTTP/1.1" 404 26499 "https://groatmachinery.com/wp-content/plugins/breeze/" "Mozilla/5.0 (X11; Linux x86_64; rv:126.0) Gecko/20100101 Firefox/126.0"
185.242.3.175 - - [26/Jul/2026:03:35:44 +0000] "GET /wp-content/plugins/breeze/assets/js/js-front-end/breeze-lazy-load.min.js HTTP/1.1" 301 0 "-" "Mozilla/5.0 (Windows NT 10.0; Win64; x64; rv:126.0) Gecko/20100101 Firefox/126.0"
185.242.3.175 - - [26/Jul/2026:03:35:46 +0000] "GET /lodavop/breeze/assets/js/js-front-end/breeze-lazy-load.min.js HTTP/1.1" 404 26533 "https://groatmachinery.com/wp-content/plugins/breeze/assets/js/js-front-end/breeze-lazy-load.min.js" "Mozilla/5.0 (Windows NT 10.0; Win64; x64; rv:126.0) Gecko/20100101 Firefox/126.0"
185.242.3.175 - - [26/Jul/2026:03:35:49 +0000] "GET /wp-content/plugins/breeze/assets/js/js-front-end/breeze-prefetch-links.min.js HTTP/1.1" 301 0 "-" "Mozilla/5.0 (Windows NT 10.0; Win64; x64) AppleWebKit/537.36 (KHTML, like Gecko) Chrome/125.0.0.0 Safari/537.36"
185.242.3.175 - - [26/Jul/2026:03:35:52 +0000] "GET /lodavop/breeze/assets/js/js-front-end/breeze-prefetch-links.min.js HTTP/1.1" 404 26528 "https://groatmachinery.com/wp-content/plugins/breeze/assets/js/js-front-end/breeze-prefetch-links.min.js" "Mozilla/5.0 (Windows NT 10.0; Win64; x64) AppleWebKit/537.36 (KHTML, like Gecko) Chrome/125.0.0.0 Safari/537.36"
185.242.3.175 - - [26/Jul/2026:03:35:54 +0000] "GET /wp-json/breeze/v1/clear-all-cache HTTP/1.1" 404 161 "-" "Mozilla/5.0 (X11; Linux x86_64) AppleWebKit/537.36 (KHTML, like Gecko) Chrome/125.0.0.0 Safari/537.36"
185.242.3.175 - - [26/Jul/2026:03:35:57 +0000] "GET /wp-content/plugins/breeze/readme.txt HTTP/1.1" 301 0 "-" "Mozilla/5.0 (Windows NT 10.0; Win64; x64; rv:126.0) Gecko/20100101 Firefox/126.0"
185.242.3.175 - - [26/Jul/2026:03:35:59 +0000] "GET /lodavop/breeze/readme.txt HTTP/1.1" 404 26520 "https://groatmachinery.com/wp-content/plugins/breeze/readme.txt" "Mozilla/5.0 (Windows NT 10.0; Win64; x64; rv:126.0) Gecko/20100101 Firefox/126.0"
38.177.186.189 - - [26/Jul/2026:03:36:03 +0000] "POST /wp-cron.php?doing_wp_cron=1785036962.4069321155548095703125 HTTP/1.1" 499 0 "-" "WordPress/7.0; https://www.groatmachinery.com"
