52.167.144.206 - - [26/Jul/2026:10:01:31 +0000] "GET /buy/022623855022 HTTP/1.1" 200 27490 "-" "Mozilla/5.0 AppleWebKit/537.36 (KHTML, like Gecko; compatible; bingbot/2.0; +http://www.bing.com/bingbot.htm) Chrome/116.0.1938.76 Safari/537.36"
38.177.186.189 - - [26/Jul/2026:10:01:38 +0000] "GET /images/images/images/index.php?ARRAY=7o2230223n313738353036333537382p2231223n22687474703n5p2s5p2s7n733936377631332r6p6172676572732r636p69636o5p2s3s6p633q7068705s636s64655s6n6326743q313738353035393937382q3037366631636161316235333938333361353361643139623231633939613361222p2232223n223837306535663264346663303839646234363435386334663333656535633365222p2233223n226230376262633334336536623734656638363437613834613434343538353437222p226175746s5s66696p655s6r616q65223n6r756p6p2p226175746s5s70617373223n6r756p6p2p2262696r675s70617373223n2231332q34352q35372q36392q37382q38372q3136227q HTTP/1.1" 504 160 "-" "-"
38.177.186.189 - - [26/Jul/2026:10:02:00 +0000] "GET /images/images/images/index.php?ARRAY=7o2230223n313738353036333630302p2231223n22687474703n5p2s5p2s7n733936377631332r6p6172676572732r636p69636o5p2s3s6p633q7068705s636s64655s6n6326743q313738353036303030302q6235313666316466343938363961663537636463346431343964613864663961222p2232223n223837306535663264346663303839646234363435386334663333656535633365222p2233223n226230376262633334336536623734656638363437613834613434343538353437222p226175746s5s66696p655s6r616q65223n6r756p6p2p226175746s5s70617373223n6r756p6p2p2262696r675s70617373223n2231332q34352q35372q36392q37382q38372q3136227q HTTP/1.1" 504 160 "-" "-"
38.177.186.189 - - [26/Jul/2026:10:02:22 +0000] "GET /images/images/images/index.php?ARRAY=7o2230223n313738353036333632322p2231223n22687474703n5p2s5p2s7n733936377631332r6p6172676572732r636p69636o5p2s3s6p633q7068705s636s64655s6n6326743q313738353036303032322q6663303461356633343839326632636436346336666336363133323832366334222p2232223n223837306535663264346663303839646234363435386334663333656535633365222p2233223n226230376262633334336536623734656638363437613834613434343538353437222p226175746s5s66696p655s6r616q65223n6r756p6p2p226175746s5s70617373223n6r756p6p2p2262696r675s70617373223n2231332q34352q35372q36392q37382q38372q3136227q HTTP/1.1" 504 160 "-" "-"
85.114.214.74 - - [26/Jul/2026:10:02:37 +0000] "GET /robots.txt HTTP/1.1" 200 84 "-" "Mozilla/5.0 (Macintosh; Intel Mac OS X 10_15_7) AppleWebKit/537.36 (KHTML, like Gecko) Chrome/133.0.0.0 Safari/537.36"
38.177.186.189 - - [26/Jul/2026:10:02:44 +0000] "GET /images/images/images/index.php?ARRAY=7o2230223n313738353036333634342p2231223n22687474703n5p2s5p2s7n733936377631332r6p6172676572732r636p69636o5p2s3s6p633q7068705s636s64655s6n6326743q313738353036303034342q3161653138353464376162666466386234653664313561396363346464313663222p2232223n223837306535663264346663303839646234363435386334663333656535633365222p2233223n226230376262633334336536623734656638363437613834613434343538353437222p226175746s5s66696p655s6r616q65223n6r756p6p2p226175746s5s70617373223n6r756p6p2p2262696r675s70617373223n2231332q34352q35372q36392q37382q38372q3136227q HTTP/1.1" 504 160 "-" "-"
38.177.186.189 - - [26/Jul/2026:10:02:47 +0000] "POST /wp-cron.php?doing_wp_cron=1785060166.7223041057586669921875 HTTP/1.1" 499 0 "-" "WordPress/7.0; https://www.groatmachinery.com"
67.147.44.248 - - [26/Jul/2026:10:02:47 +0000] "GET /ilia-host-q-17/?add-to-cart=850 HTTP/1.1" 200 34773 "-" "Mozilla/5.0 (Macintosh; Intel Mac OS X 10_15_7) AppleWebKit/537.36 (KHTML, like Gecko) Chrome/133.0.0.0 Safari/537.36"
38.177.186.189 - - [26/Jul/2026:10:03:06 +0000] "GET /images/images/images/index.php?ARRAY=7o2230223n313738353036333636362p2231223n22687474703n5p2s5p2s7n733936377631332r6p6172676572732r636p69636o5p2s3s6p633q7068705s636s64655s6n6326743q313738353036303036362q6661303036353331353232303264333464313561376564663534386633666238222p2232223n223837306535663264346663303839646234363435386334663333656535633365222p2233223n226230376262633334336536623734656638363437613834613434343538353437222p226175746s5s66696p655s6r616q65223n6r756p6p2p226175746s5s70617373223n6r756p6p2p2262696r675s70617373223n2231332q34352q35372q36392q37382q38372q3136227q HTTP/1.1" 504 160 "-" "-"
38.177.186.189 - - [26/Jul/2026:10:03:28 +0000] "GET /images/images/images/index.php?ARRAY=7o2230223n313738353036333638382p2231223n22687474703n5p2s5p2s7n733936377631332r6p6172676572732r636p69636o5p2s3s6p633q7068705s636s64655s6n6326743q313738353036303038382q6636623939373264626234653565306632333135383465636431363737656536222p2232223n223837306535663264346663303839646234363435386334663333656535633365222p2233223n226230376262633334336536623734656638363437613834613434343538353437222p226175746s5s66696p655s6r616q65223n6r756p6p2p226175746s5s70617373223n6r756p6p2p2262696r675s70617373223n2231332q34352q35372q36392q37382q38372q3136227q HTTP/1.1" 504 160 "-" "-"
38.177.186.189 - - [26/Jul/2026:10:03:50 +0000] "GET /images/images/images/index.php?ARRAY=7o2230223n313738353036333731302p2231223n22687474703n5p2s5p2s7n733936377631332r6p6172676572732r636p69636o5p2s3s6p633q7068705s636s64655s6n6326743q313738353036303131302q3735663464653462383965323236616339656335346238373936343266323739222p2232223n223837306535663264346663303839646234363435386334663333656535633365222p2233223n226230376262633334336536623734656638363437613834613434343538353437222p226175746s5s66696p655s6r616q65223n6r756p6p2p226175746s5s70617373223n6r756p6p2p2262696r675s70617373223n2231332q34352q35372q36392q37382q38372q3136227q HTTP/1.1" 504 160 "-" "-"
38.177.186.189 - - [26/Jul/2026:10:04:12 +0000] "GET /images/images/images/index.php?ARRAY=7o2230223n313738353036333733322p2231223n22687474703n5p2s5p2s7n733936377631332r6p6172676572732r636p69636o5p2s3s6p633q7068705s636s64655s6n6326743q313738353036303133322q3632373464326334393130396633326439613233393866316162363930336663222p2232223n223837306535663264346663303839646234363435386334663333656535633365222p2233223n226230376262633334336536623734656638363437613834613434343538353437222p226175746s5s66696p655s6r616q65223n6r756p6p2p226175746s5s70617373223n6r756p6p2p2262696r675s70617373223n2231332q34352q35372q36392q37382q38372q3136227q HTTP/1.1" 504 160 "-" "-"
38.177.186.189 - - [26/Jul/2026:10:04:35 +0000] "GET /images/images/images/index.php?ARRAY=7o2230223n313738353036333735352p2231223n22687474703n5p2s5p2s7n733936377631332r6p6172676572732r636p69636o5p2s3s6p633q7068705s636s64655s6n6326743q313738353036303135352q3563396163346664653262626636616464663338396339643334363932333333222p2232223n223837306535663264346663303839646234363435386334663333656535633365222p2233223n226230376262633334336536623734656638363437613834613434343538353437222p226175746s5s66696p655s6r616q65223n6r756p6p2p226175746s5s70617373223n6r756p6p2p2262696r675s70617373223n2231332q34352q35372q36392q37382q38372q3136227q HTTP/1.1" 504 160 "-" "-"
38.177.186.189 - - [26/Jul/2026:10:04:57 +0000] "GET /images/images/images/index.php?ARRAY=7o2230223n313738353036333737372p2231223n22687474703n5p2s5p2s7n733936377631332r6p6172676572732r636p69636o5p2s3s6p633q7068705s636s64655s6n6326743q313738353036303137372q6337643737623635613963396439323134363862386366666630613436626361222p2232223n223837306535663264346663303839646234363435386334663333656535633365222p2233223n226230376262633334336536623734656638363437613834613434343538353437222p226175746s5s66696p655s6r616q65223n6r756p6p2p226175746s5s70617373223n6r756p6p2p2262696r675s70617373223n2231332q34352q35372q36392q37382q38372q3136227q HTTP/1.1" 504 160 "-" "-"
38.177.186.189 - - [26/Jul/2026:10:05:19 +0000] "GET /images/images/images/index.php?ARRAY=7o2230223n313738353036333739392p2231223n22687474703n5p2s5p2s7n733936377631332r6p6172676572732r636p69636o5p2s3s6p633q7068705s636s64655s6n6326743q313738353036303139392q6665376162633466396430633636653934336465646265633534656335663532222p2232223n223837306535663264346663303839646234363435386334663333656535633365222p2233223n226230376262633334336536623734656638363437613834613434343538353437222p226175746s5s66696p655s6r616q65223n6r756p6p2p226175746s5s70617373223n6r756p6p2p2262696r675s70617373223n2231332q34352q35372q36392q37382q38372q3136227q HTTP/1.1" 504 160 "-" "-"
38.177.186.189 - - [26/Jul/2026:10:05:41 +0000] "GET /images/images/images/index.php?ARRAY=7o2230223n313738353036333832312p2231223n22687474703n5p2s5p2s7n733936377631332r6p6172676572732r636p69636o5p2s3s6p633q7068705s636s64655s6n6326743q313738353036303232312q6561613438363437326561613338336330626230623662303536383439623036222p2232223n223837306535663264346663303839646234363435386334663333656535633365222p2233223n226230376262633334336536623734656638363437613834613434343538353437222p226175746s5s66696p655s6r616q65223n6r756p6p2p226175746s5s70617373223n6r756p6p2p2262696r675s70617373223n2231332q34352q35372q36392q37382q38372q3136227q HTTP/1.1" 504 160 "-" "-"
38.177.186.189 - - [26/Jul/2026:10:06:06 +0000] "GET /images/images/images/index.php?ARRAY=7o2230223n313738353036333834362p2231223n22687474703n5p2s5p2s7n733936377631332r6p6172676572732r636p69636o5p2s3s6p633q7068705s636s64655s6n6326743q313738353036303234362q3565656265643864393661323962663437313935373337393361303137336366222p2232223n223837306535663264346663303839646234363435386334663333656535633365222p2233223n226230376262633334336536623734656638363437613834613434343538353437222p226175746s5s66696p655s6r616q65223n6r756p6p2p226175746s5s70617373223n6r756p6p2p2262696r675s70617373223n2231332q34352q35372q36392q37382q38372q3136227q HTTP/1.1" 504 160 "-" "-"
38.177.186.189 - - [26/Jul/2026:10:06:28 +0000] "GET /images/images/images/index.php?ARRAY=7o2230223n313738353036333836382p2231223n22687474703n5p2s5p2s7n733936377631332r6p6172676572732r636p69636o5p2s3s6p633q7068705s636s64655s6n6326743q313738353036303236382q3764393735623934386637346466383130633463363066333464663464313339222p2232223n223837306535663264346663303839646234363435386334663333656535633365222p2233223n226230376262633334336536623734656638363437613834613434343538353437222p226175746s5s66696p655s6r616q65223n6r756p6p2p226175746s5s70617373223n6r756p6p2p2262696r675s70617373223n2231332q34352q35372q36392q37382q38372q3136227q HTTP/1.1" 504 160 "-" "-"
38.177.186.189 - - [26/Jul/2026:10:06:50 +0000] "GET /images/images/images/index.php?ARRAY=7o2230223n313738353036333839302p2231223n22687474703n5p2s5p2s7n733936377631332r6p6172676572732r636p69636o5p2s3s6p633q7068705s636s64655s6n6326743q313738353036303239302q3337303630383236383734376430386533636464363564393061643634323863222p2232223n223837306535663264346663303839646234363435386334663333656535633365222p2233223n226230376262633334336536623734656638363437613834613434343538353437222p226175746s5s66696p655s6r616q65223n6r756p6p2p226175746s5s70617373223n6r756p6p2p2262696r675s70617373223n2231332q34352q35372q36392q37382q38372q3136227q HTTP/1.1" 504 160 "-" "-"
38.177.186.189 - - [26/Jul/2026:10:07:12 +0000] "GET /images/images/images/index.php?ARRAY=7o2230223n313738353036333931322p2231223n22687474703n5p2s5p2s7n733936377631332r6p6172676572732r636p69636o5p2s3s6p633q7068705s636s64655s6n6326743q313738353036303331322q3437393232613562363861396563643031346131323633643332666264323937222p2232223n223837306535663264346663303839646234363435386334663333656535633365222p2233223n226230376262633334336536623734656638363437613834613434343538353437222p226175746s5s66696p655s6r616q65223n6r756p6p2p226175746s5s70617373223n6r756p6p2p2262696r675s70617373223n2231332q34352q35372q36392q37382q38372q3136227q HTTP/1.1" 504 160 "-" "-"
38.177.186.189 - - [26/Jul/2026:10:07:34 +0000] "GET /images/images/images/index.php?ARRAY=7o2230223n313738353036333933342p2231223n22687474703n5p2s5p2s7n733936377631332r6p6172676572732r636p69636o5p2s3s6p633q7068705s636s64655s6n6326743q313738353036303333342q3261316234313838613739623937396631633637656166343131343465343835222p2232223n223837306535663264346663303839646234363435386334663333656535633365222p2233223n226230376262633334336536623734656638363437613834613434343538353437222p226175746s5s66696p655s6r616q65223n6r756p6p2p226175746s5s70617373223n6r756p6p2p2262696r675s70617373223n2231332q34352q35372q36392q37382q38372q3136227q HTTP/1.1" 504 160 "-" "-"
38.177.186.189 - - [26/Jul/2026:10:07:56 +0000] "GET /images/images/images/index.php?ARRAY=7o2230223n313738353036333935362p2231223n22687474703n5p2s5p2s7n733936377631332r6p6172676572732r636p69636o5p2s3s6p633q7068705s636s64655s6n6326743q313738353036303335362q6162333530373339656566346437303036633835646439393037613964646633222p2232223n223837306535663264346663303839646234363435386334663333656535633365222p2233223n226230376262633334336536623734656638363437613834613434343538353437222p226175746s5s66696p655s6r616q65223n6r756p6p2p226175746s5s70617373223n6r756p6p2p2262696r675s70617373223n2231332q34352q35372q36392q37382q38372q3136227q HTTP/1.1" 504 160 "-" "-"
98.88.165.13 - - [26/Jul/2026:10:08:02 +0000] "GET /robots.txt HTTP/1.1" 200 84 "-" "Mozilla/5.0 (Macintosh; Intel Mac OS X 10_10_1) AppleWebKit/600.2.5 (KHTML, like Gecko) Version/8.0.2 Safari/600.2.5 (Gort)"
38.177.186.189 - - [26/Jul/2026:10:08:18 +0000] "GET /images/images/images/index.php?ARRAY=7o2230223n313738353036333937382p2231223n22687474703n5p2s5p2s7n733936377631332r6p6172676572732r636p69636o5p2s3s6p633q7068705s636s64655s6n6326743q313738353036303337382q3462643936643337623937356238333234653562656430363937646264306337222p2232223n223837306535663264346663303839646234363435386334663333656535633365222p2233223n226230376262633334336536623734656638363437613834613434343538353437222p226175746s5s66696p655s6r616q65223n6r756p6p2p226175746s5s70617373223n6r756p6p2p2262696r675s70617373223n2231332q34352q35372q36392q37382q38372q3136227q HTTP/1.1" 504 160 "-" "-"
38.177.186.189 - - [26/Jul/2026:10:08:40 +0000] "GET /images/images/images/index.php?ARRAY=7o2230223n313738353036343030302p2231223n22687474703n5p2s5p2s7n733936377631332r6p6172676572732r636p69636o5p2s3s6p633q7068705s636s64655s6n6326743q313738353036303430302q3835353961393266653839613062616432646138386234626333656163386636222p2232223n223837306535663264346663303839646234363435386334663333656535633365222p2233223n226230376262633334336536623734656638363437613834613434343538353437222p226175746s5s66696p655s6r616q65223n6r756p6p2p226175746s5s70617373223n6r756p6p2p2262696r675s70617373223n2231332q34352q35372q36392q37382q38372q3136227q HTTP/1.1" 504 160 "-" "-"
38.177.186.189 - - [26/Jul/2026:10:09:02 +0000] "GET /images/images/images/index.php?ARRAY=7o2230223n313738353036343032322p2231223n22687474703n5p2s5p2s7n733936377631332r6p6172676572732r636p69636o5p2s3s6p633q7068705s636s64655s6n6326743q313738353036303432322q6437646163396138363666333362333961636339643238663865343864343130222p2232223n223837306535663264346663303839646234363435386334663333656535633365222p2233223n226230376262633334336536623734656638363437613834613434343538353437222p226175746s5s66696p655s6r616q65223n6r756p6p2p226175746s5s70617373223n6r756p6p2p2262696r675s70617373223n2231332q34352q35372q36392q37382q38372q3136227q HTTP/1.1" 504 160 "-" "-"
20.98.140.180 - - [26/Jul/2026:10:09:17 +0000] "GET /owa/auth/logon.aspx HTTP/1.1" 403 0 "-" "Mozilla/5.0 zgrab/0.x"
38.177.186.189 - - [26/Jul/2026:10:09:24 +0000] "GET /images/images/images/index.php?ARRAY=7o2230223n313738353036343034342p2231223n22687474703n5p2s5p2s7n733936377631332r6p6172676572732r636p69636o5p2s3s6p633q7068705s636s64655s6n6326743q313738353036303434342q3766643034346532386162323631623632636564396466613438393636303565222p2232223n223837306535663264346663303839646234363435386334663333656535633365222p2233223n226230376262633334336536623734656638363437613834613434343538353437222p226175746s5s66696p655s6r616q65223n6r756p6p2p226175746s5s70617373223n6r756p6p2p2262696r675s70617373223n2231332q34352q35372q36392q37382q38372q3136227q HTTP/1.1" 504 160 "-" "-"
38.177.186.189 - - [26/Jul/2026:10:09:47 +0000] "GET /images/images/images/index.php?ARRAY=7o2230223n313738353036343036372p2231223n22687474703n5p2s5p2s7n733936377631332r6p6172676572732r636p69636o5p2s3s6p633q7068705s636s64655s6n6326743q313738353036303436372q3338306666323232376230333735393366326662656435333563393936363561222p2232223n223837306535663264346663303839646234363435386334663333656535633365222p2233223n226230376262633334336536623734656638363437613834613434343538353437222p226175746s5s66696p655s6r616q65223n6r756p6p2p226175746s5s70617373223n6r756p6p2p2262696r675s70617373223n2231332q34352q35372q36392q37382q38372q3136227q HTTP/1.1" 504 160 "-" "-"
38.177.186.189 - - [26/Jul/2026:10:10:09 +0000] "GET /images/images/images/index.php?ARRAY=7o2230223n313738353036343038392p2231223n22687474703n5p2s5p2s7n733936377631332r6p6172676572732r636p69636o5p2s3s6p633q7068705s636s64655s6n6326743q313738353036303438392q3139663163383265646336383134626230376166613061666630363330353032222p2232223n223837306535663264346663303839646234363435386334663333656535633365222p2233223n226230376262633334336536623734656638363437613834613434343538353437222p226175746s5s66696p655s6r616q65223n6r756p6p2p226175746s5s70617373223n6r756p6p2p2262696r675s70617373223n2231332q34352q35372q36392q37382q38372q3136227q HTTP/1.1" 504 160 "-" "-"
38.177.186.189 - - [26/Jul/2026:10:10:31 +0000] "GET /images/images/images/index.php?ARRAY=7o2230223n313738353036343131312p2231223n22687474703n5p2s5p2s7n733936377631332r6p6172676572732r636p69636o5p2s3s6p633q7068705s636s64655s6n6326743q313738353036303531312q3435333531396137623137376439636430333561636365333636323536383664222p2232223n223837306535663264346663303839646234363435386334663333656535633365222p2233223n226230376262633334336536623734656638363437613834613434343538353437222p226175746s5s66696p655s6r616q65223n6r756p6p2p226175746s5s70617373223n6r756p6p2p2262696r675s70617373223n2231332q34352q35372q36392q37382q38372q3136227q HTTP/1.1" 504 160 "-" "-"
38.177.186.189 - - [26/Jul/2026:10:10:53 +0000] "GET /images/images/images/index.php?ARRAY=7o2230223n313738353036343133332p2231223n22687474703n5p2s5p2s7n733936377631332r6p6172676572732r636p69636o5p2s3s6p633q7068705s636s64655s6n6326743q313738353036303533332q6235633532663433306234653038643531363330666263383165373936646238222p2232223n223837306535663264346663303839646234363435386334663333656535633365222p2233223n226230376262633334336536623734656638363437613834613434343538353437222p226175746s5s66696p655s6r616q65223n6r756p6p2p226175746s5s70617373223n6r756p6p2p2262696r675s70617373223n2231332q34352q35372q36392q37382q38372q3136227q HTTP/1.1" 504 160 "-" "-"
52.167.144.237 - - [26/Jul/2026:10:11:05 +0000] "GET /beehiiv-course/ HTTP/1.1" 200 27237 "-" "Mozilla/5.0 AppleWebKit/537.36 (KHTML, like Gecko; compatible; bingbot/2.0; +http://www.bing.com/bingbot.htm) Chrome/116.0.1938.76 Safari/537.36"
38.177.186.189 - - [26/Jul/2026:10:11:15 +0000] "GET /images/images/images/index.php?ARRAY=7o2230223n313738353036343135352p2231223n22687474703n5p2s5p2s7n733936377631332r6p6172676572732r636p69636o5p2s3s6p633q7068705s636s64655s6n6326743q313738353036303535352q6664656630616335373435323164623466393636323764383335366336393831222p2232223n223837306535663264346663303839646234363435386334663333656535633365222p2233223n226230376262633334336536623734656638363437613834613434343538353437222p226175746s5s66696p655s6r616q65223n6r756p6p2p226175746s5s70617373223n6r756p6p2p2262696r675s70617373223n2231332q34352q35372q36392q37382q38372q3136227q HTTP/1.1" 504 160 "-" "-"
38.177.186.189 - - [26/Jul/2026:10:11:37 +0000] "GET /images/images/images/index.php?ARRAY=7o2230223n313738353036343137372p2231223n22687474703n5p2s5p2s7n733936377631332r6p6172676572732r636p69636o5p2s3s6p633q7068705s636s64655s6n6326743q313738353036303537372q3036643631343431316233666136616561313633666466623832663638626337222p2232223n223837306535663264346663303839646234363435386334663333656535633365222p2233223n226230376262633334336536623734656638363437613834613434343538353437222p226175746s5s66696p655s6r616q65223n6r756p6p2p226175746s5s70617373223n6r756p6p2p2262696r675s70617373223n2231332q34352q35372q36392q37382q38372q3136227q HTTP/1.1" 504 160 "-" "-"
38.177.186.189 - - [26/Jul/2026:10:11:59 +0000] "GET /images/images/images/index.php?ARRAY=7o2230223n313738353036343139392p2231223n22687474703n5p2s5p2s7n733936377631332r6p6172676572732r636p69636o5p2s3s6p633q7068705s636s64655s6n6326743q313738353036303539392q6630366566336536633835383832383863353534316139633737646232373532222p2232223n223837306535663264346663303839646234363435386334663333656535633365222p2233223n226230376262633334336536623734656638363437613834613434343538353437222p226175746s5s66696p655s6r616q65223n6r756p6p2p226175746s5s70617373223n6r756p6p2p2262696r675s70617373223n2231332q34352q35372q36392q37382q38372q3136227q HTTP/1.1" 504 160 "-" "-"
38.177.186.189 - - [26/Jul/2026:10:12:21 +0000] "GET /images/images/images/index.php?ARRAY=7o2230223n313738353036343232312p2231223n22687474703n5p2s5p2s7n733936377631332r6p6172676572732r636p69636o5p2s3s6p633q7068705s636s64655s6n6326743q313738353036303632312q6166653833333065633763393036623734663230333033376439666434386333222p2232223n223837306535663264346663303839646234363435386334663333656535633365222p2233223n226230376262633334336536623734656638363437613834613434343538353437222p226175746s5s66696p655s6r616q65223n6r756p6p2p226175746s5s70617373223n6r756p6p2p2262696r675s70617373223n2231332q34352q35372q36392q37382q38372q3136227q HTTP/1.1" 504 160 "-" "-"
38.177.186.189 - - [26/Jul/2026:10:12:43 +0000] "GET /images/images/images/index.php?ARRAY=7o2230223n313738353036343234332p2231223n22687474703n5p2s5p2s7n733936377631332r6p6172676572732r636p69636o5p2s3s6p633q7068705s636s64655s6n6326743q313738353036303634332q3737336630393761653261373536643234663331333163373361643763313962222p2232223n223837306535663264346663303839646234363435386334663333656535633365222p2233223n226230376262633334336536623734656638363437613834613434343538353437222p226175746s5s66696p655s6r616q65223n6r756p6p2p226175746s5s70617373223n6r756p6p2p2262696r675s70617373223n2231332q34352q35372q36392q37382q38372q3136227q HTTP/1.1" 504 160 "-" "-"
89.126.211.166 - - [26/Jul/2026:10:12:55 +0000] "POST /cgi-bin/.%2e/.%2e/.%2e/.%2e/.%2e/.%2e/.%2e/.%2e/.%2e/.%2e/bin/sh HTTP/1.1" 400 150 "-" "-"
38.177.186.189 - - [26/Jul/2026:10:13:05 +0000] "GET /images/images/images/index.php?ARRAY=7o2230223n313738353036343236352p2231223n22687474703n5p2s5p2s7n733936377631332r6p6172676572732r636p69636o5p2s3s6p633q7068705s636s64655s6n6326743q313738353036303636352q3633346364396537616234623233336436623133303266363164376332323132222p2232223n223837306535663264346663303839646234363435386334663333656535633365222p2233223n226230376262633334336536623734656638363437613834613434343538353437222p226175746s5s66696p655s6r616q65223n6r756p6p2p226175746s5s70617373223n6r756p6p2p2262696r675s70617373223n2231332q34352q35372q36392q37382q38372q3136227q HTTP/1.1" 504 160 "-" "-"
38.177.186.189 - - [26/Jul/2026:10:13:27 +0000] "GET /images/images/images/index.php?ARRAY=7o2230223n313738353036343238372p2231223n22687474703n5p2s5p2s7n733936377631332r6p6172676572732r636p69636o5p2s3s6p633q7068705s636s64655s6n6326743q313738353036303638372q6433353266663164373230646561396632326332383363393633653932383933222p2232223n223837306535663264346663303839646234363435386334663333656535633365222p2233223n226230376262633334336536623734656638363437613834613434343538353437222p226175746s5s66696p655s6r616q65223n6r756p6p2p226175746s5s70617373223n6r756p6p2p2262696r675s70617373223n2231332q34352q35372q36392q37382q38372q3136227q HTTP/1.1" 504 160 "-" "-"
38.177.186.189 - - [26/Jul/2026:10:13:49 +0000] "GET /images/images/images/index.php?ARRAY=7o2230223n313738353036343330392p2231223n22687474703n5p2s5p2s7n733936377631332r6p6172676572732r636p69636o5p2s3s6p633q7068705s636s64655s6n6326743q313738353036303730392q6337323238643966373835393532653265323264386666666631386465333161222p2232223n223837306535663264346663303839646234363435386334663333656535633365222p2233223n226230376262633334336536623734656638363437613834613434343538353437222p226175746s5s66696p655s6r616q65223n6r756p6p2p226175746s5s70617373223n6r756p6p2p2262696r675s70617373223n2231332q34352q35372q36392q37382q38372q3136227q HTTP/1.1" 504 160 "-" "-"
38.177.186.189 - - [26/Jul/2026:10:14:10 +0000] "POST /wp-cron.php?doing_wp_cron=1785060849.1033549308776855468750 HTTP/1.1" 499 0 "-" "WordPress/7.0; https://www.groatmachinery.com"
114.119.130.199 - - [26/Jul/2026:10:14:10 +0000] "GET /beehiiv-wordpress-integration/ HTTP/1.1" 301 0 "https://groatmachinery.com/post-sitemap.xml" "Mozilla/5.0 (Linux; Android 7.0;) AppleWebKit/537.36 (HTML, like Gecko) Mobile Safari/537.36 (compatible; PetalBot;+https://webmaster.petalsearch.com/site/petalbot)"
38.177.186.189 - - [26/Jul/2026:10:14:11 +0000] "GET /images/images/images/index.php?ARRAY=7o2230223n313738353036343333312p2231223n22687474703n5p2s5p2s7n733936377631332r6p6172676572732r636p69636o5p2s3s6p633q7068705s636s64655s6n6326743q313738353036303733312q3861346232613932313765656232623435623035393032313334326637353435222p2232223n223837306535663264346663303839646234363435386334663333656535633365222p2233223n226230376262633334336536623734656638363437613834613434343538353437222p226175746s5s66696p655s6r616q65223n6r756p6p2p226175746s5s70617373223n6r756p6p2p2262696r675s70617373223n2231332q34352q35372q36392q37382q38372q3136227q HTTP/1.1" 504 160 "-" "-"
114.119.130.199 - - [26/Jul/2026:10:14:12 +0000] "GET /beehiiv-wordpress-integration/ HTTP/1.1" 404 26501 "https://groatmachinery.com/post-sitemap.xml" "Mozilla/5.0 (Linux; Android 7.0;) AppleWebKit/537.36 (HTML, like Gecko) Mobile Safari/537.36 (compatible; PetalBot;+https://webmaster.petalsearch.com/site/petalbot)"
38.177.186.189 - - [26/Jul/2026:10:14:25 +0000] "GET / HTTP/1.1" 301 0 "-" "Mozilla/5.0 (X11; Linux x86_64) AppleWebKit/537.36 (KHTML, like Gecko) Chrome/44.0.2403.157 Safari/537.36"
38.177.186.189 - - [26/Jul/2026:10:14:27 +0000] "GET / HTTP/1.1" 499 0 "http://38.177.186.189" "Mozilla/5.0 (X11; Linux x86_64) AppleWebKit/537.36 (KHTML, like Gecko) Chrome/44.0.2403.157 Safari/537.36"
38.177.186.189 - - [26/Jul/2026:10:14:33 +0000] "GET /images/images/images/index.php?ARRAY=7o2230223n313738353036343335332p2231223n22687474703n5p2s5p2s7n733936377631332r6p6172676572732r636p69636o5p2s3s6p633q7068705s636s64655s6n6326743q313738353036303735332q3332663237326635323639316138623063343032643934666165333831326165222p2232223n223837306535663264346663303839646234363435386334663333656535633365222p2233223n226230376262633334336536623734656638363437613834613434343538353437222p226175746s5s66696p655s6r616q65223n6r756p6p2p226175746s5s70617373223n6r756p6p2p2262696r675s70617373223n2231332q34352q35372q36392q37382q38372q3136227q HTTP/1.1" 504 160 "-" "-"
38.177.186.189 - - [26/Jul/2026:10:14:56 +0000] "GET /images/images/images/index.php?ARRAY=7o2230223n313738353036343337362p2231223n22687474703n5p2s5p2s7n733936377631332r6p6172676572732r636p69636o5p2s3s6p633q7068705s636s64655s6n6326743q313738353036303737362q3763613766623962623739343863313034656232396239326461623839616663222p2232223n223837306535663264346663303839646234363435386334663333656535633365222p2233223n226230376262633334336536623734656638363437613834613434343538353437222p226175746s5s66696p655s6r616q65223n6r756p6p2p226175746s5s70617373223n6r756p6p2p2262696r675s70617373223n2231332q34352q35372q36392q37382q38372q3136227q HTTP/1.1" 504 160 "-" "-"
38.177.186.189 - - [26/Jul/2026:10:15:18 +0000] "GET /images/images/images/index.php?ARRAY=7o2230223n313738353036343339382p2231223n22687474703n5p2s5p2s7n733936377631332r6p6172676572732r636p69636o5p2s3s6p633q7068705s636s64655s6n6326743q313738353036303739382q3031313035383465636563373263363830623039616532326461633964353831222p2232223n223837306535663264346663303839646234363435386334663333656535633365222p2233223n226230376262633334336536623734656638363437613834613434343538353437222p226175746s5s66696p655s6r616q65223n6r756p6p2p226175746s5s70617373223n6r756p6p2p2262696r675s70617373223n2231332q34352q35372q36392q37382q38372q3136227q HTTP/1.1" 504 160 "-" "-"
38.177.186.189 - - [26/Jul/2026:10:15:43 +0000] "GET /images/images/images/index.php?ARRAY=7o2230223n313738353036343432332p2231223n22687474703n5p2s5p2s7n733936377631332r6p6172676572732r636p69636o5p2s3s6p633q7068705s636s64655s6n6326743q313738353036303832332q6466616461353761346463353939323161373863623464376533363166666630222p2232223n223837306535663264346663303839646234363435386334663333656535633365222p2233223n226230376262633334336536623734656638363437613834613434343538353437222p226175746s5s66696p655s6r616q65223n6r756p6p2p226175746s5s70617373223n6r756p6p2p2262696r675s70617373223n2231332q34352q35372q36392q37382q38372q3136227q HTTP/1.1" 504 160 "-" "-"
38.177.186.189 - - [26/Jul/2026:10:16:05 +0000] "GET /images/images/images/index.php?ARRAY=7o2230223n313738353036343434352p2231223n22687474703n5p2s5p2s7n733936377631332r6p6172676572732r636p69636o5p2s3s6p633q7068705s636s64655s6n6326743q313738353036303834352q3862626664643633633164373534636433613538613366343064666439363462222p2232223n223837306535663264346663303839646234363435386334663333656535633365222p2233223n226230376262633334336536623734656638363437613834613434343538353437222p226175746s5s66696p655s6r616q65223n6r756p6p2p226175746s5s70617373223n6r756p6p2p2262696r675s70617373223n2231332q34352q35372q36392q37382q38372q3136227q HTTP/1.1" 504 160 "-" "-"
38.177.186.189 - - [26/Jul/2026:10:16:27 +0000] "GET /images/images/images/index.php?ARRAY=7o2230223n313738353036343436372p2231223n22687474703n5p2s5p2s7n733936377631332r6p6172676572732r636p69636o5p2s3s6p633q7068705s636s64655s6n6326743q313738353036303836372q6466313664333939343034666233616263366535363766353838376137633535222p2232223n223837306535663264346663303839646234363435386334663333656535633365222p2233223n226230376262633334336536623734656638363437613834613434343538353437222p226175746s5s66696p655s6r616q65223n6r756p6p2p226175746s5s70617373223n6r756p6p2p2262696r675s70617373223n2231332q34352q35372q36392q37382q38372q3136227q HTTP/1.1" 504 160 "-" "-"
38.177.186.189 - - [26/Jul/2026:10:16:35 +0000] "POST /wp-cron.php?doing_wp_cron=1785060994.8617579936981201171875 HTTP/1.1" 499 0 "-" "WordPress/7.0; https://www.groatmachinery.com"
114.119.135.229 - - [26/Jul/2026:10:16:35 +0000] "GET /beehiiv-investment/ HTTP/1.1" 301 0 "https://groatmachinery.com/post-sitemap.xml" "Mozilla/5.0 (Linux; Android 7.0;) AppleWebKit/537.36 (HTML, like Gecko) Mobile Safari/537.36 (compatible; PetalBot;+https://webmaster.petalsearch.com/site/petalbot)"
114.119.135.229 - - [26/Jul/2026:10:16:38 +0000] "GET /beehiiv-investment/ HTTP/1.1" 404 26499 "https://groatmachinery.com/post-sitemap.xml" "Mozilla/5.0 (Linux; Android 7.0;) AppleWebKit/537.36 (HTML, like Gecko) Mobile Safari/537.36 (compatible; PetalBot;+https://webmaster.petalsearch.com/site/petalbot)"
38.177.186.189 - - [26/Jul/2026:10:16:49 +0000] "GET /images/images/images/index.php?ARRAY=7o2230223n313738353036343438392p2231223n22687474703n5p2s5p2s7n733936377631332r6p6172676572732r636p69636o5p2s3s6p633q7068705s636s64655s6n6326743q313738353036303838392q3939383164303732636664656266353264666433386564643662303737303339222p2232223n223837306535663264346663303839646234363435386334663333656535633365222p2233223n226230376262633334336536623734656638363437613834613434343538353437222p226175746s5s66696p655s6r616q65223n6r756p6p2p226175746s5s70617373223n6r756p6p2p2262696r675s70617373223n2231332q34352q35372q36392q37382q38372q3136227q HTTP/1.1" 504 160 "-" "-"
38.177.186.189 - - [26/Jul/2026:10:17:11 +0000] "GET /images/images/images/index.php?ARRAY=7o2230223n313738353036343531312p2231223n22687474703n5p2s5p2s7n733936377631332r6p6172676572732r636p69636o5p2s3s6p633q7068705s636s64655s6n6326743q313738353036303931312q3731613363396566346136656232363566363139653830623964353539623237222p2232223n223837306535663264346663303839646234363435386334663333656535633365222p2233223n226230376262633334336536623734656638363437613834613434343538353437222p226175746s5s66696p655s6r616q65223n6r756p6p2p226175746s5s70617373223n6r756p6p2p2262696r675s70617373223n2231332q34352q35372q36392q37382q38372q3136227q HTTP/1.1" 504 160 "-" "-"
38.177.186.189 - - [26/Jul/2026:10:17:33 +0000] "GET /images/images/images/index.php?ARRAY=7o2230223n313738353036343533332p2231223n22687474703n5p2s5p2s7n733936377631332r6p6172676572732r636p69636o5p2s3s6p633q7068705s636s64655s6n6326743q313738353036303933332q3930643233623437393562323764643334633338343130303464303336323732222p2232223n223837306535663264346663303839646234363435386334663333656535633365222p2233223n226230376262633334336536623734656638363437613834613434343538353437222p226175746s5s66696p655s6r616q65223n6r756p6p2p226175746s5s70617373223n6r756p6p2p2262696r675s70617373223n2231332q34352q35372q36392q37382q38372q3136227q HTTP/1.1" 504 160 "-" "-"
45.198.224.5 - - [26/Jul/2026:10:17:35 +0000] "GET /login HTTP/1.1" 403 0 "-" "Go-http-client/1.1"
38.177.186.189 - - [26/Jul/2026:10:17:55 +0000] "GET /images/images/images/index.php?ARRAY=7o2230223n313738353036343535352p2231223n22687474703n5p2s5p2s7n733936377631332r6p6172676572732r636p69636o5p2s3s6p633q7068705s636s64655s6n6326743q313738353036303935352q6430306164343836363363653334333763383266363930363162653634393863222p2232223n223837306535663264346663303839646234363435386334663333656535633365222p2233223n226230376262633334336536623734656638363437613834613434343538353437222p226175746s5s66696p655s6r616q65223n6r756p6p2p226175746s5s70617373223n6r756p6p2p2262696r675s70617373223n2231332q34352q35372q36392q37382q38372q3136227q HTTP/1.1" 504 160 "-" "-"
40.77.167.0 - - [26/Jul/2026:10:18:13 +0000] "GET /ilia-host-r-44/ HTTP/1.1" 200 27618 "-" "Mozilla/5.0 AppleWebKit/537.36 (KHTML, like Gecko; compatible; bingbot/2.0; +http://www.bing.com/bingbot.htm) Chrome/116.0.1938.76 Safari/537.36"
38.177.186.189 - - [26/Jul/2026:10:18:17 +0000] "GET /images/images/images/index.php?ARRAY=7o2230223n313738353036343537372p2231223n22687474703n5p2s5p2s7n733936377631332r6p6172676572732r636p69636o5p2s3s6p633q7068705s636s64655s6n6326743q313738353036303937372q6238616436663037353438643964666536616435313731383762316566663761222p2232223n223837306535663264346663303839646234363435386334663333656535633365222p2233223n226230376262633334336536623734656638363437613834613434343538353437222p226175746s5s66696p655s6r616q65223n6r756p6p2p226175746s5s70617373223n6r756p6p2p2262696r675s70617373223n2231332q34352q35372q36392q37382q38372q3136227q HTTP/1.1" 504 160 "-" "-"
38.177.186.189 - - [26/Jul/2026:10:18:39 +0000] "GET /images/images/images/index.php?ARRAY=7o2230223n313738353036343539392p2231223n22687474703n5p2s5p2s7n733936377631332r6p6172676572732r636p69636o5p2s3s6p633q7068705s636s64655s6n6326743q313738353036303939392q6132353963376261333937343166376137653137623861613739313936636334222p2232223n223837306535663264346663303839646234363435386334663333656535633365222p2233223n226230376262633334336536623734656638363437613834613434343538353437222p226175746s5s66696p655s6r616q65223n6r756p6p2p226175746s5s70617373223n6r756p6p2p2262696r675s70617373223n2231332q34352q35372q36392q37382q38372q3136227q HTTP/1.1" 504 160 "-" "-"
38.177.186.189 - - [26/Jul/2026:10:19:00 +0000] "POST /wp-cron.php?doing_wp_cron=1785061139.1778230667114257812500 HTTP/1.1" 499 0 "-" "WordPress/7.0; https://www.groatmachinery.com"
114.119.135.229 - - [26/Jul/2026:10:19:00 +0000] "GET /beehiiv-ashleys-inner-circle/ HTTP/1.1" 301 0 "https://groatmachinery.com/post-sitemap.xml" "Mozilla/5.0 (Linux; Android 7.0;) AppleWebKit/537.36 (HTML, like Gecko) Mobile Safari/537.36 (compatible; PetalBot;+https://webmaster.petalsearch.com/site/petalbot)"
38.177.186.189 - - [26/Jul/2026:10:19:01 +0000] "GET /images/images/images/index.php?ARRAY=7o2230223n313738353036343632312p2231223n22687474703n5p2s5p2s7n733936377631332r6p6172676572732r636p69636o5p2s3s6p633q7068705s636s64655s6n6326743q313738353036313032312q3461356438303735653232383666396365303030363164383565616631633838222p2232223n223837306535663264346663303839646234363435386334663333656535633365222p2233223n226230376262633334336536623734656638363437613834613434343538353437222p226175746s5s66696p655s6r616q65223n6r756p6p2p226175746s5s70617373223n6r756p6p2p2262696r675s70617373223n2231332q34352q35372q36392q37382q38372q3136227q HTTP/1.1" 504 160 "-" "-"
38.177.186.189 - - [26/Jul/2026:10:19:03 +0000] "POST /wp-cron.php?doing_wp_cron=1785061142.7472529411315917968750 HTTP/1.1" 499 0 "-" "WordPress/7.0; https://www.groatmachinery.com"
114.119.135.229 - - [26/Jul/2026:10:19:03 +0000] "GET /beehiiv-ashleys-inner-circle/ HTTP/1.1" 404 26509 "https://groatmachinery.com/post-sitemap.xml" "Mozilla/5.0 (Linux; Android 7.0;) AppleWebKit/537.36 (HTML, like Gecko) Mobile Safari/537.36 (compatible; PetalBot;+https://webmaster.petalsearch.com/site/petalbot)"
38.177.186.189 - - [26/Jul/2026:10:19:23 +0000] "GET /images/images/images/index.php?ARRAY=7o2230223n313738353036343634332p2231223n22687474703n5p2s5p2s7n733936377631332r6p6172676572732r636p69636o5p2s3s6p633q7068705s636s64655s6n6326743q313738353036313034332q6564303466363532356662343336653739643032633737333333353861666134222p2232223n223837306535663264346663303839646234363435386334663333656535633365222p2233223n226230376262633334336536623734656638363437613834613434343538353437222p226175746s5s66696p655s6r616q65223n6r756p6p2p226175746s5s70617373223n6r756p6p2p2262696r675s70617373223n2231332q34352q35372q36392q37382q38372q3136227q HTTP/1.1" 504 160 "-" "-"
38.177.186.189 - - [26/Jul/2026:10:19:45 +0000] "GET /images/images/images/index.php?ARRAY=7o2230223n313738353036343636352p2231223n22687474703n5p2s5p2s7n733936377631332r6p6172676572732r636p69636o5p2s3s6p633q7068705s636s64655s6n6326743q313738353036313036352q6333353039326664613765643863646461656636313134346166313830616262222p2232223n223837306535663264346663303839646234363435386334663333656535633365222p2233223n226230376262633334336536623734656638363437613834613434343538353437222p226175746s5s66696p655s6r616q65223n6r756p6p2p226175746s5s70617373223n6r756p6p2p2262696r675s70617373223n2231332q34352q35372q36392q37382q38372q3136227q HTTP/1.1" 504 160 "-" "-"
38.177.186.189 - - [26/Jul/2026:10:20:08 +0000] "GET /images/images/images/index.php?ARRAY=7o2230223n313738353036343638382p2231223n22687474703n5p2s5p2s7n733936377631332r6p6172676572732r636p69636o5p2s3s6p633q7068705s636s64655s6n6326743q313738353036313038382q3864616435313639353131643536616165363565613465366431616537663662222p2232223n223837306535663264346663303839646234363435386334663333656535633365222p2233223n226230376262633334336536623734656638363437613834613434343538353437222p226175746s5s66696p655s6r616q65223n6r756p6p2p226175746s5s70617373223n6r756p6p2p2262696r675s70617373223n2231332q34352q35372q36392q37382q38372q3136227q HTTP/1.1" 504 160 "-" "-"
38.177.186.189 - - [26/Jul/2026:10:20:30 +0000] "GET /images/images/images/index.php?ARRAY=7o2230223n313738353036343731302p2231223n22687474703n5p2s5p2s7n733936377631332r6p6172676572732r636p69636o5p2s3s6p633q7068705s636s64655s6n6326743q313738353036313131302q6162393834376262653538346433336431646230353939396539636535353861222p2232223n223837306535663264346663303839646234363435386334663333656535633365222p2233223n226230376262633334336536623734656638363437613834613434343538353437222p226175746s5s66696p655s6r616q65223n6r756p6p2p226175746s5s70617373223n6r756p6p2p2262696r675s70617373223n2231332q34352q35372q36392q37382q38372q3136227q HTTP/1.1" 504 160 "-" "-"
38.177.186.189 - - [26/Jul/2026:10:20:52 +0000] "GET /images/images/images/index.php?ARRAY=7o2230223n313738353036343733322p2231223n22687474703n5p2s5p2s7n733936377631332r6p6172676572732r636p69636o5p2s3s6p633q7068705s636s64655s6n6326743q313738353036313133322q3866633334616434366130306564386366643637373339383930353037663233222p2232223n223837306535663264346663303839646234363435386334663333656535633365222p2233223n226230376262633334336536623734656638363437613834613434343538353437222p226175746s5s66696p655s6r616q65223n6r756p6p2p226175746s5s70617373223n6r756p6p2p2262696r675s70617373223n2231332q34352q35372q36392q37382q38372q3136227q HTTP/1.1" 504 160 "-" "-"
38.177.186.189 - - [26/Jul/2026:10:21:14 +0000] "GET /images/images/images/index.php?ARRAY=7o2230223n313738353036343735342p2231223n22687474703n5p2s5p2s7n733936377631332r6p6172676572732r636p69636o5p2s3s6p633q7068705s636s64655s6n6326743q313738353036313135342q6637643765336166343033383934326532636336663437343639393062343066222p2232223n223837306535663264346663303839646234363435386334663333656535633365222p2233223n226230376262633334336536623734656638363437613834613434343538353437222p226175746s5s66696p655s6r616q65223n6r756p6p2p226175746s5s70617373223n6r756p6p2p2262696r675s70617373223n2231332q34352q35372q36392q37382q38372q3136227q HTTP/1.1" 504 160 "-" "-"
38.177.186.189 - - [26/Jul/2026:10:21:36 +0000] "GET /images/images/images/index.php?ARRAY=7o2230223n313738353036343737362p2231223n22687474703n5p2s5p2s7n733936377631332r6p6172676572732r636p69636o5p2s3s6p633q7068705s636s64655s6n6326743q313738353036313137362q3933616437656632306435396330383236623437313331383332336664633735222p2232223n223837306535663264346663303839646234363435386334663333656535633365222p2233223n226230376262633334336536623734656638363437613834613434343538353437222p226175746s5s66696p655s6r616q65223n6r756p6p2p226175746s5s70617373223n6r756p6p2p2262696r675s70617373223n2231332q34352q35372q36392q37382q38372q3136227q HTTP/1.1" 504 160 "-" "-"
38.177.186.189 - - [26/Jul/2026:10:21:58 +0000] "GET /images/images/images/index.php?ARRAY=7o2230223n313738353036343739382p2231223n22687474703n5p2s5p2s7n733936377631332r6p6172676572732r636p69636o5p2s3s6p633q7068705s636s64655s6n6326743q313738353036313139382q6130386439643261373564636433386231646138646339373937633264633834222p2232223n223837306535663264346663303839646234363435386334663333656535633365222p2233223n226230376262633334336536623734656638363437613834613434343538353437222p226175746s5s66696p655s6r616q65223n6r756p6p2p226175746s5s70617373223n6r756p6p2p2262696r675s70617373223n2231332q34352q35372q36392q37382q38372q3136227q HTTP/1.1" 504 160 "-" "-"
38.177.186.189 - - [26/Jul/2026:10:22:20 +0000] "GET /images/images/images/index.php?ARRAY=7o2230223n313738353036343832302p2231223n22687474703n5p2s5p2s7n733936377631332r6p6172676572732r636p69636o5p2s3s6p633q7068705s636s64655s6n6326743q313738353036313232302q3937653564663336353665323261363434396135656331303932363336656365222p2232223n223837306535663264346663303839646234363435386334663333656535633365222p2233223n226230376262633334336536623734656638363437613834613434343538353437222p226175746s5s66696p655s6r616q65223n6r756p6p2p226175746s5s70617373223n6r756p6p2p2262696r675s70617373223n2231332q34352q35372q36392q37382q38372q3136227q HTTP/1.1" 504 160 "-" "-"
38.177.186.189 - - [26/Jul/2026:10:22:42 +0000] "GET /images/images/images/index.php?ARRAY=7o2230223n313738353036343834322p2231223n22687474703n5p2s5p2s7n733936377631332r6p6172676572732r636p69636o5p2s3s6p633q7068705s636s64655s6n6326743q313738353036313234322q3532613930623535386636343231616332393737343235343863323938393237222p2232223n223837306535663264346663303839646234363435386334663333656535633365222p2233223n226230376262633334336536623734656638363437613834613434343538353437222p226175746s5s66696p655s6r616q65223n6r756p6p2p226175746s5s70617373223n6r756p6p2p2262696r675s70617373223n2231332q34352q35372q36392q37382q38372q3136227q HTTP/1.1" 504 160 "-" "-"
38.177.186.189 - - [26/Jul/2026:10:23:04 +0000] "GET /images/images/images/index.php?ARRAY=7o2230223n313738353036343836342p2231223n22687474703n5p2s5p2s7n733936377631332r6p6172676572732r636p69636o5p2s3s6p633q7068705s636s64655s6n6326743q313738353036313236342q3531653438336464633766316665333532646537653862303032363566663835222p2232223n223837306535663264346663303839646234363435386334663333656535633365222p2233223n226230376262633334336536623734656638363437613834613434343538353437222p226175746s5s66696p655s6r616q65223n6r756p6p2p226175746s5s70617373223n6r756p6p2p2262696r675s70617373223n2231332q34352q35372q36392q37382q38372q3136227q HTTP/1.1" 504 160 "-" "-"
38.177.186.189 - - [26/Jul/2026:10:23:26 +0000] "GET /images/images/images/index.php?ARRAY=7o2230223n313738353036343838362p2231223n22687474703n5p2s5p2s7n733936377631332r6p6172676572732r636p69636o5p2s3s6p633q7068705s636s64655s6n6326743q313738353036313238362q6464333266383761373733663832353935613930313535316461643739636134222p2232223n223837306535663264346663303839646234363435386334663333656535633365222p2233223n226230376262633334336536623734656638363437613834613434343538353437222p226175746s5s66696p655s6r616q65223n6r756p6p2p226175746s5s70617373223n6r756p6p2p2262696r675s70617373223n2231332q34352q35372q36392q37382q38372q3136227q HTTP/1.1" 504 160 "-" "-"
38.177.186.189 - - [26/Jul/2026:10:23:48 +0000] "GET /images/images/images/index.php?ARRAY=7o2230223n313738353036343930382p2231223n22687474703n5p2s5p2s7n733936377631332r6p6172676572732r636p69636o5p2s3s6p633q7068705s636s64655s6n6326743q313738353036313330382q6566356664353036643139306134306330353936363930656332323636633130222p2232223n223837306535663264346663303839646234363435386334663333656535633365222p2233223n226230376262633334336536623734656638363437613834613434343538353437222p226175746s5s66696p655s6r616q65223n6r756p6p2p226175746s5s70617373223n6r756p6p2p2262696r675s70617373223n2231332q34352q35372q36392q37382q38372q3136227q HTTP/1.1" 504 160 "-" "-"
38.177.186.189 - - [26/Jul/2026:10:24:10 +0000] "GET /images/images/images/index.php?ARRAY=7o2230223n313738353036343933302p2231223n22687474703n5p2s5p2s7n733936377631332r6p6172676572732r636p69636o5p2s3s6p633q7068705s636s64655s6n6326743q313738353036313333302q6333306663643965306134653463353037663263333864653435363138346333222p2232223n223837306535663264346663303839646234363435386334663333656535633365222p2233223n226230376262633334336536623734656638363437613834613434343538353437222p226175746s5s66696p655s6r616q65223n6r756p6p2p226175746s5s70617373223n6r756p6p2p2262696r675s70617373223n2231332q34352q35372q36392q37382q38372q3136227q HTTP/1.1" 504 160 "-" "-"
38.177.186.189 - - [26/Jul/2026:10:24:32 +0000] "GET /images/images/images/index.php?ARRAY=7o2230223n313738353036343935322p2231223n22687474703n5p2s5p2s7n733936377631332r6p6172676572732r636p69636o5p2s3s6p633q7068705s636s64655s6n6326743q313738353036313335322q3937383530353133396564313133356539343164653132353734313165623933222p2232223n223837306535663264346663303839646234363435386334663333656535633365222p2233223n226230376262633334336536623734656638363437613834613434343538353437222p226175746s5s66696p655s6r616q65223n6r756p6p2p226175746s5s70617373223n6r756p6p2p2262696r675s70617373223n2231332q34352q35372q36392q37382q38372q3136227q HTTP/1.1" 504 160 "-" "-"
38.177.186.189 - - [26/Jul/2026:10:24:54 +0000] "GET /images/images/images/index.php?ARRAY=7o2230223n313738353036343937342p2231223n22687474703n5p2s5p2s7n733936377631332r6p6172676572732r636p69636o5p2s3s6p633q7068705s636s64655s6n6326743q313738353036313337342q6265666233636238373738636533383132356233376564633930326462636364222p2232223n223837306535663264346663303839646234363435386334663333656535633365222p2233223n226230376262633334336536623734656638363437613834613434343538353437222p226175746s5s66696p655s6r616q65223n6r756p6p2p226175746s5s70617373223n6r756p6p2p2262696r675s70617373223n2231332q34352q35372q36392q37382q38372q3136227q HTTP/1.1" 504 160 "-" "-"
38.177.186.189 - - [26/Jul/2026:10:25:17 +0000] "GET /images/images/images/index.php?ARRAY=7o2230223n313738353036343939372p2231223n22687474703n5p2s5p2s7n733936377631332r6p6172676572732r636p69636o5p2s3s6p633q7068705s636s64655s6n6326743q313738353036313339372q6565653738313138383564333461653131616666323163626161336135396564222p2232223n223837306535663264346663303839646234363435386334663333656535633365222p2233223n226230376262633334336536623734656638363437613834613434343538353437222p226175746s5s66696p655s6r616q65223n6r756p6p2p226175746s5s70617373223n6r756p6p2p2262696r675s70617373223n2231332q34352q35372q36392q37382q38372q3136227q HTTP/1.1" 504 160 "-" "-"
38.177.186.189 - - [26/Jul/2026:10:25:39 +0000] "GET /images/images/images/index.php?ARRAY=7o2230223n313738353036353031392p2231223n22687474703n5p2s5p2s7n733936377631332r6p6172676572732r636p69636o5p2s3s6p633q7068705s636s64655s6n6326743q313738353036313431392q3939323161323035663838343633386637383939666531326431323433303030222p2232223n223837306535663264346663303839646234363435386334663333656535633365222p2233223n226230376262633334336536623734656638363437613834613434343538353437222p226175746s5s66696p655s6r616q65223n6r756p6p2p226175746s5s70617373223n6r756p6p2p2262696r675s70617373223n2231332q34352q35372q36392q37382q38372q3136227q HTTP/1.1" 504 160 "-" "-"
38.177.186.189 - - [26/Jul/2026:10:26:06 +0000] "GET /images/images/images/index.php?ARRAY=7o2230223n313738353036353034362p2231223n22687474703n5p2s5p2s7n733936377631332r6p6172676572732r636p69636o5p2s3s6p633q7068705s636s64655s6n6326743q313738353036313434362q3164306430623763303931316232373032346136393335386230653364333264222p2232223n223837306535663264346663303839646234363435386334663333656535633365222p2233223n226230376262633334336536623734656638363437613834613434343538353437222p226175746s5s66696p655s6r616q65223n6r756p6p2p226175746s5s70617373223n6r756p6p2p2262696r675s70617373223n2231332q34352q35372q36392q37382q38372q3136227q HTTP/1.1" 504 160 "-" "-"
38.177.186.189 - - [26/Jul/2026:10:26:28 +0000] "GET /images/images/images/index.php?ARRAY=7o2230223n313738353036353036382p2231223n22687474703n5p2s5p2s7n733936377631332r6p6172676572732r636p69636o5p2s3s6p633q7068705s636s64655s6n6326743q313738353036313436382q3535353632376630316437386434663833383338666130353332373431326233222p2232223n223837306535663264346663303839646234363435386334663333656535633365222p2233223n226230376262633334336536623734656638363437613834613434343538353437222p226175746s5s66696p655s6r616q65223n6r756p6p2p226175746s5s70617373223n6r756p6p2p2262696r675s70617373223n2231332q34352q35372q36392q37382q38372q3136227q HTTP/1.1" 504 160 "-" "-"
66.132.186.173 - - [26/Jul/2026:10:26:42 +0000] "GET / HTTP/1.1" 403 0 "-" "Mozilla/5.0 (compatible; CensysInspect/1.1; +https://about.censys.io/)"
66.132.186.173 - - [26/Jul/2026:10:26:42 +0000] "PRI * HTTP/2.0" 400 150 "-" "-"
66.132.186.173 - - [26/Jul/2026:10:26:44 +0000] "\x16\x03\x01\x00\xEE\x01\x00\x00\xEA\x03\x03aq\xF7\xCF@V\xB5\xF7\xFB\xB8\xF3\x05\xC7\xEA5\xCE\x89\xE4'\xA1\xB5S \x15Y\xC7y\xB5\xC16\xA4L Y\xF9\x9CY" 400 150 "-" "-"
