114.119.158.50 - - [26/Jul/2026:13:19:15 +0000] "GET /beehiiv-network/ HTTP/1.1" 404 26498 "https://groatmachinery.com/post-sitemap.xml" "Mozilla/5.0 (Linux; Android 7.0;) AppleWebKit/537.36 (HTML, like Gecko) Mobile Safari/537.36 (compatible; PetalBot;+https://webmaster.petalsearch.com/site/petalbot)"
40.77.167.159 - - [26/Jul/2026:13:19:20 +0000] "GET /ilia-cigarette-e-57/ HTTP/1.1" 200 27440 "-" "Mozilla/5.0 AppleWebKit/537.36 (KHTML, like Gecko; compatible; bingbot/2.0; +http://www.bing.com/bingbot.htm) Chrome/116.0.1938.76 Safari/537.36"
38.177.186.189 - - [26/Jul/2026:13:21:26 +0000] "POST /wp-cron.php?doing_wp_cron=1785072085.0751249790191650390625 HTTP/1.1" 499 0 "-" "WordPress/7.0; https://www.groatmachinery.com"
114.119.145.193 - - [26/Jul/2026:13:21:26 +0000] "GET /beehiiv-earnings/ HTTP/1.1" 301 0 "https://groatmachinery.com/page/19/" "Mozilla/5.0 (Linux; Android 7.0;) AppleWebKit/537.36 (HTML, like Gecko) Mobile Safari/537.36 (compatible; PetalBot;+https://webmaster.petalsearch.com/site/petalbot)"
114.119.145.193 - - [26/Jul/2026:13:21:28 +0000] "GET /beehiiv-earnings/ HTTP/1.1" 404 26499 "https://groatmachinery.com/page/19/" "Mozilla/5.0 (Linux; Android 7.0;) AppleWebKit/537.36 (HTML, like Gecko) Mobile Safari/537.36 (compatible; PetalBot;+https://webmaster.petalsearch.com/site/petalbot)"
38.177.186.189 - - [26/Jul/2026:13:22:15 +0000] "POST /wp-cron.php?doing_wp_cron=1785072134.6062469482421875000000 HTTP/1.1" 499 0 "-" "WordPress/7.0; https://www.groatmachinery.com"
43.165.197.116 - - [26/Jul/2026:13:22:15 +0000] "GET / HTTP/1.1" 301 0 "-" "Mozilla/5.0 (iPhone; CPU iPhone OS 13_2_3 like Mac OS X) AppleWebKit/605.1.15 (KHTML, like Gecko) Version/13.0.3 Mobile/15E148 Safari/604.1"
43.165.197.116 - - [26/Jul/2026:13:22:18 +0000] "GET / HTTP/1.1" 200 36452 "http://www.groatmachinery.com" "Mozilla/5.0 (iPhone; CPU iPhone OS 13_2_3 like Mac OS X) AppleWebKit/605.1.15 (KHTML, like Gecko) Version/13.0.3 Mobile/15E148 Safari/604.1"
38.177.186.189 - - [26/Jul/2026:13:27:17 +0000] "POST /wp-cron.php?doing_wp_cron=1785072436.4898478984832763671875 HTTP/1.1" 499 0 "-" "WordPress/7.0; https://www.groatmachinery.com"
114.119.135.229 - - [26/Jul/2026:13:27:17 +0000] "GET /ilia-pods-n-14/ HTTP/1.1" 200 34796 "https://www.groatmachinery.com/ilia-host-j-10/" "Mozilla/5.0 (Linux; Android 7.0;) AppleWebKit/537.36 (HTML, like Gecko) Mobile Safari/537.36 (compatible; PetalBot;+https://webmaster.petalsearch.com/site/petalbot)"
38.177.186.189 - - [26/Jul/2026:13:28:23 +0000] "POST /wp-cron.php?doing_wp_cron=1785072502.3291699886322021484375 HTTP/1.1" 499 0 "-" "WordPress/7.0; https://www.groatmachinery.com"
38.177.186.189 - - [26/Jul/2026:13:28:23 +0000] "GET / HTTP/1.1" 301 0 "-" "Mozilla/5.0 (X11; Linux x86_64) AppleWebKit/537.36 (KHTML, like Gecko) Chrome/44.0.2403.157 Safari/537.36"
57.141.0.15 - - [26/Jul/2026:13:28:24 +0000] "GET /ilia-oil-h-8/ HTTP/1.1" 200 235350 "-" "Mozilla/5.0 (Windows NT 10.0; Win64; x64) AppleWebKit/537.36 (KHTML, like Gecko) Chrome/145.0.0.0 Safari/537.36 (compatible; meta-externalagent/1.1 (+https://developers.facebook.com/docs/sharing/webmasters/crawler))"
38.177.186.189 - - [26/Jul/2026:13:28:25 +0000] "GET / HTTP/1.1" 499 0 "http://38.177.186.189" "Mozilla/5.0 (X11; Linux x86_64) AppleWebKit/537.36 (KHTML, like Gecko) Chrome/44.0.2403.157 Safari/537.36"
114.119.130.199 - - [26/Jul/2026:13:28:36 +0000] "GET /robots.txt HTTP/1.1" 200 84 "https://groatmachinery.com/robots.txt" "Mozilla/5.0 (compatible;PetalBot;+https://webmaster.petalsearch.com/site/petalbot)"
195.182.16.23 - - [26/Jul/2026:13:30:30 +0000] "GET /SDK/webLanguage HTTP/1.1" 403 0 "-" "Mozilla/5.0 (Windows NT 10.0; Win64; x64) AppleWebKit/537.36 (KHTML, like Gecko) Chrome/90.0.4430.85 Safari/537.36 Edg/90.0.818.46"
38.177.186.189 - - [26/Jul/2026:13:31:07 +0000] "POST /wp-cron.php?doing_wp_cron=1785072666.7803609371185302734375 HTTP/1.1" 499 0 "-" "WordPress/7.0; https://www.groatmachinery.com"
57.141.0.21 - - [26/Jul/2026:13:31:07 +0000] "GET /ilia-host-s-45/ HTTP/1.1" 200 234315 "-" "Mozilla/5.0 (Windows NT 10.0; Win64; x64) AppleWebKit/537.36 (KHTML, like Gecko) Chrome/145.0.0.0 Safari/537.36 (compatible; meta-externalagent/1.1 (+https://developers.facebook.com/docs/sharing/webmasters/crawler))"
38.177.186.189 - - [26/Jul/2026:13:33:26 +0000] "POST /wp-cron.php?doing_wp_cron=1785072805.5943419933319091796875 HTTP/1.1" 499 0 "-" "WordPress/7.0; https://www.groatmachinery.com"
57.141.0.47 - - [26/Jul/2026:13:33:26 +0000] "GET /post-sitemap2.xml HTTP/1.1" 404 111777 "-" "Mozilla/5.0 (Macintosh; Intel Mac OS X 10_15_7) AppleWebKit/537.36 (KHTML, like Gecko) Chrome/145.0.0.0 Safari/537.36 (compatible; meta-externalagent/1.1 (+https://developers.facebook.com/docs/sharing/webmasters/crawler))"
69.85.230.206 - - [26/Jul/2026:13:37:35 +0000] "POST /cgi-bin/.%2e/.%2e/.%2e/.%2e/.%2e/.%2e/.%2e/.%2e/.%2e/.%2e/bin/sh HTTP/1.1" 400 150 "-" "-"
43.166.244.251 - - [26/Jul/2026:13:38:27 +0000] "GET / HTTP/1.1" 400 248 "-" "Mozilla/5.0 (iPhone; CPU iPhone OS 13_2_3 like Mac OS X) AppleWebKit/605.1.15 (KHTML, like Gecko) Version/13.0.3 Mobile/15E148 Safari/604.1"
40.77.167.61 - - [26/Jul/2026:13:41:02 +0000] "GET /ilia-oil-u-73/ HTTP/1.1" 200 27642 "-" "Mozilla/5.0 AppleWebKit/537.36 (KHTML, like Gecko; compatible; bingbot/2.0; +http://www.bing.com/bingbot.htm) Chrome/116.0.1938.76 Safari/537.36"
195.182.16.23 - - [26/Jul/2026:13:41:10 +0000] "GET /SDK/webLanguage HTTP/1.1" 403 0 "-" "Mozilla/5.0 (Windows NT 10.0; Win64; x64) AppleWebKit/537.36 (KHTML, like Gecko) Chrome/90.0.4430.85 Safari/537.36 Edg/90.0.818.46"
38.177.186.189 - - [26/Jul/2026:13:42:29 +0000] "POST /wp-cron.php?doing_wp_cron=1785073348.1101360321044921875000 HTTP/1.1" 499 0 "-" "WordPress/7.0; https://www.groatmachinery.com"
38.177.186.189 - - [26/Jul/2026:13:42:29 +0000] "GET / HTTP/1.1" 301 0 "-" "Mozilla/5.0 (X11; Linux x86_64) AppleWebKit/537.36 (KHTML, like Gecko) Chrome/44.0.2403.157 Safari/537.36"
38.177.186.189 - - [26/Jul/2026:13:42:30 +0000] "GET / HTTP/1.1" 499 0 "http://38.177.186.189" "Mozilla/5.0 (X11; Linux x86_64) AppleWebKit/537.36 (KHTML, like Gecko) Chrome/44.0.2403.157 Safari/537.36"
20.201.77.247 - - [26/Jul/2026:13:42:48 +0000] "GET /.git/config HTTP/1.1" 400 650 "-" "Mozilla/5.0 (Windows NT 10.0; Win64; x64) AppleWebKit/537.36 (KHTML, like Gecko) Chrome/120.0.0.0 Safari/537.36"
20.201.77.247 - - [26/Jul/2026:13:42:49 +0000] "GET /api/.git/config HTTP/1.1" 400 248 "-" "Mozilla/5.0 (Windows NT 10.0; Win64; x64; rv:109.0) Gecko/20100101 Firefox/121.0"
20.201.77.247 - - [26/Jul/2026:13:42:50 +0000] "GET /app/.git/config HTTP/1.1" 400 650 "-" "Mozilla/5.0 (Macintosh; Intel Mac OS X 10_15_7) AppleWebKit/537.36 (KHTML, like Gecko) Chrome/120.0.0.0 Safari/537.36"
38.177.186.189 - - [26/Jul/2026:13:44:56 +0000] "POST /wp-cron.php?doing_wp_cron=1785073495.1859729290008544921875 HTTP/1.1" 499 0 "-" "WordPress/7.0; https://www.groatmachinery.com"
57.141.0.69 - - [26/Jul/2026:13:44:56 +0000] "GET /ilia-pods-k-37/ HTTP/1.1" 200 234324 "-" "Mozilla/5.0 (Windows NT 10.0; Win64; x64) AppleWebKit/537.36 (KHTML, like Gecko) Chrome/145.0.0.0 Safari/537.36 (compatible; meta-externalagent/1.1 (+https://developers.facebook.com/docs/sharing/webmasters/crawler))"
40.77.167.20 - - [26/Jul/2026:13:45:42 +0000] "GET /ilia-oil-o-90/ HTTP/1.1" 200 27329 "-" "Mozilla/5.0 AppleWebKit/537.36 (KHTML, like Gecko; compatible; bingbot/2.0; +http://www.bing.com/bingbot.htm) Chrome/116.0.1938.76 Safari/537.36"
173.231.200.13 - - [26/Jul/2026:13:46:27 +0000] "GET /wp-content/plugins/database-repair-assistant-31c597/database-repair-assistant-31c597.php?t=496c410363373afd5ab5bedaaded43ed&c=echo%20ALIVE_$(id%20-u%202%3E/dev/null%20%7C%7C%20echo%20X) HTTP/1.1" 403 284 "-" "Mozilla/5.0 (Windows NT 10.0; Win64; x64) AppleWebKit/537.36"
38.177.186.189 - - [26/Jul/2026:13:47:56 +0000] "POST /wp-cron.php?doing_wp_cron=1785073675.9839229583740234375000 HTTP/1.1" 499 0 "-" "WordPress/7.0; https://www.groatmachinery.com"
57.141.0.33 - - [26/Jul/2026:13:47:56 +0000] "GET /ilia-oil-r-70/ HTTP/1.1" 200 235002 "-" "Mozilla/5.0 (Windows NT 10.0; Win64; x64) AppleWebKit/537.36 (KHTML, like Gecko) Chrome/145.0.0.0 Safari/537.36 Edg/145.0.0.0 (compatible; meta-externalagent/1.1 (+https://developers.facebook.com/docs/sharing/webmasters/crawler))"
104.210.140.137 - - [26/Jul/2026:13:48:36 +0000] "GET /robots.txt HTTP/1.1" 200 84 "-" "Mozilla/5.0 (Macintosh; Intel Mac OS X 10_15_7) AppleWebKit/537.36 (KHTML, like Gecko) Chrome/131.0.0.0 Safari/537.36; compatible; OAI-SearchBot/1.0; +https://openai.com/searchbot"
216.73.216.206 - - [26/Jul/2026:13:50:15 +0000] "GET /robots.txt HTTP/1.1" 200 84 "-" "Mozilla/5.0 AppleWebKit/537.36 (KHTML, like Gecko; compatible; ClaudeBot/1.0; +claudebot@anthropic.com)"
38.177.186.189 - - [26/Jul/2026:13:50:24 +0000] "POST /wp-cron.php?doing_wp_cron=1785073823.1711928844451904296875 HTTP/1.1" 499 0 "-" "WordPress/7.0; https://www.groatmachinery.com"
216.73.216.206 - - [26/Jul/2026:13:50:24 +0000] "GET /sitemap.xml HTTP/1.1" 404 26499 "-" "Mozilla/5.0 AppleWebKit/537.36 (KHTML, like Gecko; compatible; ClaudeBot/1.0; +claudebot@anthropic.com)"
52.167.144.227 - - [26/Jul/2026:13:54:53 +0000] "GET /ilia-cigarette-d-30/ HTTP/1.1" 200 27207 "-" "Mozilla/5.0 AppleWebKit/537.36 (KHTML, like Gecko; compatible; bingbot/2.0; +http://www.bing.com/bingbot.htm) Chrome/116.0.1938.76 Safari/537.36"
38.177.186.189 - - [26/Jul/2026:13:56:25 +0000] "POST /wp-cron.php?doing_wp_cron=1785074184.1270329952239990234375 HTTP/1.1" 499 0 "-" "WordPress/7.0; https://www.groatmachinery.com"
38.177.186.189 - - [26/Jul/2026:13:56:25 +0000] "GET / HTTP/1.1" 301 0 "-" "Mozilla/5.0 (X11; Linux x86_64) AppleWebKit/537.36 (KHTML, like Gecko) Chrome/44.0.2403.157 Safari/537.36"
38.177.186.189 - - [26/Jul/2026:13:56:27 +0000] "GET / HTTP/1.1" 499 0 "http://38.177.186.189" "Mozilla/5.0 (X11; Linux x86_64) AppleWebKit/537.36 (KHTML, like Gecko) Chrome/44.0.2403.157 Safari/537.36"
38.177.186.189 - - [26/Jul/2026:14:00:26 +0000] "GET / HTTP/1.1" 499 0 "-" "Mozilla/5.0 (X11; Linux x86_64) AppleWebKit/537.36 (KHTML, like Gecko) Chrome/44.0.2403.157 Safari/537.36"
38.177.186.189 - - [26/Jul/2026:14:00:26 +0000] "POST /wp-cron.php?doing_wp_cron=1785074425.1307950019836425781250 HTTP/1.1" 499 0 "-" "WordPress/7.0; https://www.groatmachinery.com"
38.177.186.189 - - [26/Jul/2026:14:04:06 +0000] "POST /wp-cron.php?doing_wp_cron=1785074645.7782020568847656250000 HTTP/1.1" 499 0 "-" "WordPress/7.0; https://www.groatmachinery.com"
114.119.135.229 - - [26/Jul/2026:14:04:06 +0000] "GET /page/379/ HTTP/1.1" 200 36483 "https://groatmachinery.com/page/379/" "Mozilla/5.0 (Linux; Android 7.0;) AppleWebKit/537.36 (HTML, like Gecko) Mobile Safari/537.36 (compatible; PetalBot;+https://webmaster.petalsearch.com/site/petalbot)"
38.177.186.189 - - [26/Jul/2026:14:06:39 +0000] "POST /wp-cron.php?doing_wp_cron=1785074798.7426080703735351562500 HTTP/1.1" 499 0 "-" "WordPress/7.0; https://www.groatmachinery.com"
114.119.135.229 - - [26/Jul/2026:14:06:39 +0000] "GET /page/370/ HTTP/1.1" 200 36484 "https://groatmachinery.com/page/370/" "Mozilla/5.0 (Linux; Android 7.0;) AppleWebKit/537.36 (HTML, like Gecko) Mobile Safari/537.36 (compatible; PetalBot;+https://webmaster.petalsearch.com/site/petalbot)"
5.77.131.145 - - [26/Jul/2026:14:06:51 +0000] "GET /ilia-shop/?add-to-cart=926 HTTP/1.1" 200 38904 "-" "Mozilla/5.0 (Macintosh; Intel Mac OS X 10_15_7) AppleWebKit/537.36 (KHTML, like Gecko) Chrome/133.0.0.0 Safari/537.36"
217.29.59.24 - - [26/Jul/2026:14:08:25 +0000] "GET /contact.php HTTP/1.0" 403 283 "-" "Mozilla/5.0 (Windows NT 6.3; Win64; x64) AppleWebKit/537.36 (KHTML, like Gecko) Chrome/75.0.3770.100 Safari/537.36"
38.177.186.189 - - [26/Jul/2026:14:08:52 +0000] "POST /wp-cron.php?doing_wp_cron=1785074931.6114089488983154296875 HTTP/1.1" 499 0 "-" "WordPress/7.0; https://www.groatmachinery.com"
114.119.145.193 - - [26/Jul/2026:14:08:52 +0000] "GET /does-beehiiv-have-automation/ HTTP/1.1" 301 0 "https://groatmachinery.com/post-sitemap2.xml" "Mozilla/5.0 (Linux; Android 7.0;) AppleWebKit/537.36 (HTML, like Gecko) Mobile Safari/537.36 (compatible; PetalBot;+https://webmaster.petalsearch.com/site/petalbot)"
114.119.145.193 - - [26/Jul/2026:14:08:55 +0000] "GET /does-beehiiv-have-automation/ HTTP/1.1" 404 26504 "https://groatmachinery.com/post-sitemap2.xml" "Mozilla/5.0 (Linux; Android 7.0;) AppleWebKit/537.36 (HTML, like Gecko) Mobile Safari/537.36 (compatible; PetalBot;+https://webmaster.petalsearch.com/site/petalbot)"
38.177.186.189 - - [26/Jul/2026:14:14:25 +0000] "POST /wp-cron.php?doing_wp_cron=1785075264.6330718994140625000000 HTTP/1.1" 499 0 "-" "WordPress/7.0; https://www.groatmachinery.com"
38.177.186.189 - - [26/Jul/2026:14:14:25 +0000] "GET / HTTP/1.1" 301 0 "-" "Mozilla/5.0 (X11; Linux x86_64) AppleWebKit/537.36 (KHTML, like Gecko) Chrome/44.0.2403.157 Safari/537.36"
38.177.186.189 - - [26/Jul/2026:14:14:27 +0000] "GET / HTTP/1.1" 499 0 "http://38.177.186.189" "Mozilla/5.0 (X11; Linux x86_64) AppleWebKit/537.36 (KHTML, like Gecko) Chrome/44.0.2403.157 Safari/537.36"
40.77.167.35 - - [26/Jul/2026:14:14:48 +0000] "GET /ilia-host-m-88/ HTTP/1.1" 200 27766 "-" "Mozilla/5.0 AppleWebKit/537.36 (KHTML, like Gecko; compatible; bingbot/2.0; +http://www.bing.com/bingbot.htm) Chrome/116.0.1938.76 Safari/537.36"
216.73.216.206 - - [26/Jul/2026:14:20:42 +0000] "GET /robots.txt HTTP/1.1" 200 84 "-" "Mozilla/5.0 AppleWebKit/537.36 (KHTML, like Gecko; compatible; ClaudeBot/1.0; +claudebot@anthropic.com)"
38.177.186.189 - - [26/Jul/2026:14:20:46 +0000] "POST /wp-cron.php?doing_wp_cron=1785075645.7389259338378906250000 HTTP/1.1" 499 0 "-" "WordPress/7.0; https://www.groatmachinery.com"
216.73.216.206 - - [26/Jul/2026:14:20:46 +0000] "GET /ilia-oil-b-77/?add-to-cart=869 HTTP/1.1" 200 34802 "-" "Mozilla/5.0 AppleWebKit/537.36 (KHTML, like Gecko; compatible; ClaudeBot/1.0; +claudebot@anthropic.com)"
38.177.186.189 - - [26/Jul/2026:14:22:33 +0000] "POST /wp-cron.php?doing_wp_cron=1785075752.1165599822998046875000 HTTP/1.1" 499 0 "-" "WordPress/7.0; https://www.groatmachinery.com"
216.73.216.206 - - [26/Jul/2026:14:22:33 +0000] "GET /ilia-oil-b-77/?add-to-cart=876 HTTP/1.1" 200 34764 "-" "Mozilla/5.0 AppleWebKit/537.36 (KHTML, like Gecko; compatible; ClaudeBot/1.0; +claudebot@anthropic.com)"
38.177.186.189 - - [26/Jul/2026:14:23:34 +0000] "POST /wp-cron.php?doing_wp_cron=1785075813.9671509265899658203125 HTTP/1.1" 499 0 "-" "WordPress/7.0; https://www.groatmachinery.com"
216.73.216.206 - - [26/Jul/2026:14:23:34 +0000] "GET /ilia-oil-b-77/?add-to-cart=931 HTTP/1.1" 200 34810 "-" "Mozilla/5.0 AppleWebKit/537.36 (KHTML, like Gecko; compatible; ClaudeBot/1.0; +claudebot@anthropic.com)"
216.73.216.206 - - [26/Jul/2026:14:23:38 +0000] "GET /ilia-oil-b-77/?add-to-cart=903 HTTP/1.1" 200 34768 "-" "Mozilla/5.0 AppleWebKit/537.36 (KHTML, like Gecko; compatible; ClaudeBot/1.0; +claudebot@anthropic.com)"
38.177.186.189 - - [26/Jul/2026:14:25:10 +0000] "POST /wp-cron.php?doing_wp_cron=1785075909.4576399326324462890625 HTTP/1.1" 499 0 "-" "WordPress/7.0; https://www.groatmachinery.com"
216.73.216.206 - - [26/Jul/2026:14:25:10 +0000] "GET /ilia-oil-b-77/?add-to-cart=858 HTTP/1.1" 200 34784 "-" "Mozilla/5.0 AppleWebKit/537.36 (KHTML, like Gecko; compatible; ClaudeBot/1.0; +claudebot@anthropic.com)"
216.73.216.206 - - [26/Jul/2026:14:25:14 +0000] "GET /ilia-oil-b-77/?add-to-cart=937 HTTP/1.1" 200 34747 "-" "Mozilla/5.0 AppleWebKit/537.36 (KHTML, like Gecko; compatible; ClaudeBot/1.0; +claudebot@anthropic.com)"
216.73.216.206 - - [26/Jul/2026:14:25:31 +0000] "GET /ilia-oil-b-77/feed/ HTTP/1.1" 200 458 "-" "Mozilla/5.0 AppleWebKit/537.36 (KHTML, like Gecko; compatible; ClaudeBot/1.0; +claudebot@anthropic.com)"
45.198.224.59 - - [26/Jul/2026:14:25:47 +0000] "GET /api/auth/validate-sso HTTP/1.1" 403 0 "-" "-"
62.133.46.21 - - [26/Jul/2026:14:26:02 +0000] "GET / HTTP/1.1" 403 0 "-" "Mozilla/5.0 (Windows NT 10.0; Win64; x64; rv:128.0) Gecko/20100101 Firefox/128.0"
62.133.46.21 - - [26/Jul/2026:14:26:04 +0000] "\x16\x03\x03\x00\x94\x01\x00\x00\x90\x03\x03jf\x18\xFB\x05\xBEf\xA6I\x8C\x16\xC8\xC2\xF5\xC4\x81\xE0t\x05\xA0\xA4{>:\xE6\x04\x10/\xED\x93\xC4\xD8\x00\x00*\xC0,\xC0+\xC00\xC0/\x00\x9F\x00\x9E\xC0$\xC0#\xC0(\xC0'\xC0" 400 150 "-" "-"
62.133.46.21 - - [26/Jul/2026:14:26:05 +0000] "\x16\x03\x03\x00\x94\x01\x00\x00\x90\x03\x03jf\x18\xFC\x94 \xE8\x8F\x9Bj\xCB\x89\xE1\xF7d\xC2\x9D\xC8\xFEN5\xA9[\xB9V\xBF4:\x90\xADFI\x00\x00*\xC0,\xC0+\xC00\xC0/\x00\x9F\x00\x9E\xC0$\xC0#\xC0(\xC0'\xC0" 400 150 "-" "-"
38.177.186.189 - - [26/Jul/2026:14:26:31 +0000] "POST /wp-cron.php?doing_wp_cron=1785075990.5005629062652587890625 HTTP/1.1" 499 0 "-" "WordPress/7.0; https://www.groatmachinery.com"
114.119.145.193 - - [26/Jul/2026:14:26:31 +0000] "GET /newsletter-templates-beehiiv HTTP/1.1" 301 0 "https://groatmachinery.com/newsletter-templates-beehiiv" "Mozilla/5.0 (Linux; Android 7.0;) AppleWebKit/537.36 (HTML, like Gecko) Mobile Safari/537.36 (compatible; PetalBot;+https://webmaster.petalsearch.com/site/petalbot)"
114.119.145.193 - - [26/Jul/2026:14:26:34 +0000] "GET /newsletter-templates-beehiiv HTTP/1.1" 404 26500 "https://groatmachinery.com/newsletter-templates-beehiiv" "Mozilla/5.0 (Linux; Android 7.0;) AppleWebKit/537.36 (HTML, like Gecko) Mobile Safari/537.36 (compatible; PetalBot;+https://webmaster.petalsearch.com/site/petalbot)"
216.73.216.206 - - [26/Jul/2026:14:26:46 +0000] "GET /ilia-oil-b-77/?add-to-cart=850 HTTP/1.1" 200 34781 "-" "Mozilla/5.0 AppleWebKit/537.36 (KHTML, like Gecko; compatible; ClaudeBot/1.0; +claudebot@anthropic.com)"
38.177.186.189 - - [26/Jul/2026:14:27:47 +0000] "POST /wp-cron.php?doing_wp_cron=1785076066.9170150756835937500000 HTTP/1.1" 499 0 "-" "WordPress/7.0; https://www.groatmachinery.com"
216.73.216.206 - - [26/Jul/2026:14:27:47 +0000] "GET /?p=873 HTTP/1.1" 301 0 "-" "Mozilla/5.0 AppleWebKit/537.36 (KHTML, like Gecko; compatible; ClaudeBot/1.0; +claudebot@anthropic.com)"
216.73.216.206 - - [26/Jul/2026:14:27:50 +0000] "GET /ilia-oil-b-77/ HTTP/1.1" 200 34750 "https://www.groatmachinery.com/?p=873" "Mozilla/5.0 AppleWebKit/537.36 (KHTML, like Gecko; compatible; ClaudeBot/1.0; +claudebot@anthropic.com)"
38.177.186.189 - - [26/Jul/2026:14:28:23 +0000] "POST /wp-cron.php?doing_wp_cron=1785076102.8563818931579589843750 HTTP/1.1" 499 0 "-" "WordPress/7.0; https://www.groatmachinery.com"
38.177.186.189 - - [26/Jul/2026:14:28:23 +0000] "GET / HTTP/1.1" 301 0 "-" "Mozilla/5.0 (X11; Linux x86_64) AppleWebKit/537.36 (KHTML, like Gecko) Chrome/44.0.2403.157 Safari/537.36"
38.177.186.189 - - [26/Jul/2026:14:28:25 +0000] "GET / HTTP/1.1" 499 0 "http://38.177.186.189" "Mozilla/5.0 (X11; Linux x86_64) AppleWebKit/537.36 (KHTML, like Gecko) Chrome/44.0.2403.157 Safari/537.36"
216.73.216.206 - - [26/Jul/2026:14:28:40 +0000] "GET /ilia-oil-b-77/?add-to-cart=941 HTTP/1.1" 200 34757 "-" "Mozilla/5.0 AppleWebKit/537.36 (KHTML, like Gecko; compatible; ClaudeBot/1.0; +claudebot@anthropic.com)"
114.119.133.14 - - [26/Jul/2026:14:28:45 +0000] "GET /beehiiv-comparison/ HTTP/1.1" 301 0 "https://groatmachinery.com/post-sitemap.xml" "Mozilla/5.0 (Linux; Android 7.0;) AppleWebKit/537.36 (HTML, like Gecko) Mobile Safari/537.36 (compatible; PetalBot;+https://webmaster.petalsearch.com/site/petalbot)"
114.119.133.14 - - [26/Jul/2026:14:28:47 +0000] "GET /beehiiv-comparison/ HTTP/1.1" 404 26500 "https://groatmachinery.com/post-sitemap.xml" "Mozilla/5.0 (Linux; Android 7.0;) AppleWebKit/537.36 (HTML, like Gecko) Mobile Safari/537.36 (compatible; PetalBot;+https://webmaster.petalsearch.com/site/petalbot)"
27.46.69.2 - - [26/Jul/2026:14:35:30 +0000] "GET /robots.txt HTTP/1.1" 200 84 "-" "Mozilla/5.0 (Windows NT 10.0; Win64; x64) AppleWebKit/537.36 (KHTML, like Gecko) Chrome/90.0.3707.100 Safari/537.36 Edge/18.18362"
38.177.186.189 - - [26/Jul/2026:14:37:17 +0000] "POST /wp-cron.php?doing_wp_cron=1785076636.3884110450744628906250 HTTP/1.1" 499 0 "-" "WordPress/7.0; https://www.groatmachinery.com"
114.119.145.193 - - [26/Jul/2026:14:37:17 +0000] "GET /page/18/ HTTP/1.1" 200 36479 "https://groatmachinery.com/page/18" "Mozilla/5.0 (Linux; Android 7.0;) AppleWebKit/537.36 (HTML, like Gecko) Mobile Safari/537.36 (compatible; PetalBot;+https://webmaster.petalsearch.com/site/petalbot)"
38.177.186.189 - - [26/Jul/2026:14:39:25 +0000] "POST /wp-cron.php?doing_wp_cron=1785076764.4082610607147216796875 HTTP/1.1" 499 0 "-" "WordPress/7.0; https://www.groatmachinery.com"
114.119.133.14 - - [26/Jul/2026:14:39:25 +0000] "GET /page/27/ HTTP/1.1" 301 0 "https://groatmachinery.com/page/26/" "Mozilla/5.0 (Linux; Android 7.0;) AppleWebKit/537.36 (HTML, like Gecko) Mobile Safari/537.36 (compatible; PetalBot;+https://webmaster.petalsearch.com/site/petalbot)"
114.119.133.14 - - [26/Jul/2026:14:39:27 +0000] "GET /page/27/ HTTP/1.1" 200 36479 "https://groatmachinery.com/page/26/" "Mozilla/5.0 (Linux; Android 7.0;) AppleWebKit/537.36 (HTML, like Gecko) Mobile Safari/537.36 (compatible; PetalBot;+https://webmaster.petalsearch.com/site/petalbot)"
93.174.93.12 - - [26/Jul/2026:14:39:51 +0000] "GET / HTTP/1.0" 301 0 "-" "Mozilla/5.0 (X11; Linux i686; rv:2.0b6pre) Gecko/20100907 Firefox/4.0b6pre"
38.177.186.189 - - [26/Jul/2026:14:41:41 +0000] "POST /wp-cron.php?doing_wp_cron=1785076900.6368908882141113281250 HTTP/1.1" 499 0 "-" "WordPress/7.0; https://www.groatmachinery.com"
114.119.145.193 - - [26/Jul/2026:14:41:41 +0000] "GET /beehiiv-promotion-code/ HTTP/1.1" 301 0 "https://groatmachinery.com/post-sitemap.xml" "Mozilla/5.0 (Linux; Android 7.0;) AppleWebKit/537.36 (HTML, like Gecko) Mobile Safari/537.36 (compatible; PetalBot;+https://webmaster.petalsearch.com/site/petalbot)"
114.119.145.193 - - [26/Jul/2026:14:41:44 +0000] "GET /beehiiv-promotion-code/ HTTP/1.1" 404 26503 "https://groatmachinery.com/post-sitemap.xml" "Mozilla/5.0 (Linux; Android 7.0;) AppleWebKit/537.36 (HTML, like Gecko) Mobile Safari/537.36 (compatible; PetalBot;+https://webmaster.petalsearch.com/site/petalbot)"
38.177.186.189 - - [26/Jul/2026:14:42:25 +0000] "POST /wp-cron.php?doing_wp_cron=1785076944.8196170330047607421875 HTTP/1.1" 499 0 "-" "WordPress/7.0; https://www.groatmachinery.com"
38.177.186.189 - - [26/Jul/2026:14:42:25 +0000] "GET / HTTP/1.1" 301 0 "-" "Mozilla/5.0 (X11; Linux x86_64) AppleWebKit/537.36 (KHTML, like Gecko) Chrome/44.0.2403.157 Safari/537.36"
38.177.186.189 - - [26/Jul/2026:14:42:27 +0000] "GET / HTTP/1.1" 499 0 "http://38.177.186.189" "Mozilla/5.0 (X11; Linux x86_64) AppleWebKit/537.36 (KHTML, like Gecko) Chrome/44.0.2403.157 Safari/537.36"
38.177.186.189 - - [26/Jul/2026:14:45:48 +0000] "POST /wp-cron.php?doing_wp_cron=1785077147.7091929912567138671875 HTTP/1.1" 499 0 "-" "WordPress/7.0; https://www.groatmachinery.com"
5.29.16.139 - - [26/Jul/2026:14:45:48 +0000] "GET / HTTP/1.1" 301 0 "-" "Mozilla/5.0 (Macintosh; Intel Mac OS X 11_6_8) AppleWebKit/537.36 (KHTML, like Gecko) Chrome/126.0.6478.55 Safari/537.36"
82.7.249.249 - - [26/Jul/2026:14:45:54 +0000] "GET / HTTP/1.1" 200 36453 "-" "Mozilla/5.0 (Macintosh; Intel Mac OS X 11_6_8) AppleWebKit/537.36 (KHTML, like Gecko) Chrome/126.0.6478.55 Safari/537.36"
40.77.167.48 - - [26/Jul/2026:14:48:40 +0000] "GET /mailerlite-upgrade/ HTTP/1.1" 200 27937 "-" "Mozilla/5.0 AppleWebKit/537.36 (KHTML, like Gecko; compatible; bingbot/2.0; +http://www.bing.com/bingbot.htm) Chrome/116.0.1938.76 Safari/537.36"
38.177.186.189 - - [26/Jul/2026:14:53:48 +0000] "POST /wp-cron.php?doing_wp_cron=1785077627.6679329872131347656250 HTTP/1.1" 499 0 "-" "WordPress/7.0; https://www.groatmachinery.com"
20.203.219.190 - - [26/Jul/2026:14:53:48 +0000] "GET /wp-content/plugins/hellopress/wp_filemanager.php HTTP/1.1" 301 0 "-" "-"
20.203.219.190 - - [26/Jul/2026:14:53:52 +0000] "GET /lodavop/hellopress/wp_filemanager.php HTTP/1.1" 404 111695 "-" "-"
20.203.219.190 - - [26/Jul/2026:14:53:53 +0000] "GET /this_is_a_new_hello_world.php HTTP/1.1" 403 283 "-" "-"
20.203.219.190 - - [26/Jul/2026:14:53:55 +0000] "GET /link.php HTTP/1.1" 301 0 "-" "-"
20.203.219.190 - - [26/Jul/2026:14:53:57 +0000] "GET /link.php HTTP/1.1" 404 111659 "-" "-"
20.203.219.190 - - [26/Jul/2026:14:53:58 +0000] "GET /new4.php HTTP/1.1" 403 283 "-" "-"
20.203.219.190 - - [26/Jul/2026:14:53:58 +0000] "GET /file18.php HTTP/1.1" 403 283 "-" "-"
20.203.219.190 - - [26/Jul/2026:14:53:59 +0000] "GET /fpwch.php HTTP/1.1" 403 283 "-" "-"
20.203.219.190 - - [26/Jul/2026:14:53:59 +0000] "GET /bootstrap.php?p= HTTP/1.1" 403 283 "-" "-"
20.203.219.190 - - [26/Jul/2026:14:53:59 +0000] "GET /666.php HTTP/1.1" 403 283 "-" "-"
20.203.219.190 - - [26/Jul/2026:14:54:00 +0000] "GET /1.php HTTP/1.1" 403 283 "-" "-"
20.203.219.190 - - [26/Jul/2026:14:54:00 +0000] "GET /geforce.php HTTP/1.1" 403 283 "-" "-"
38.177.186.189 - - [26/Jul/2026:14:54:57 +0000] "POST /wp-cron.php?doing_wp_cron=1785077696.7397799491882324218750 HTTP/1.1" 499 0 "-" "WordPress/7.0; https://www.groatmachinery.com"
114.119.133.14 - - [26/Jul/2026:14:54:57 +0000] "GET /mailerlite-old-version/ HTTP/1.1" 301 0 "https://groatmachinery.com/post-sitemap.xml" "Mozilla/5.0 (Linux; Android 7.0;) AppleWebKit/537.36 (HTML, like Gecko) Mobile Safari/537.36 (compatible; PetalBot;+https://webmaster.petalsearch.com/site/petalbot)"
114.119.133.14 - - [26/Jul/2026:14:54:59 +0000] "GET /mailerlite-old-version/ HTTP/1.1" 404 26500 "https://groatmachinery.com/post-sitemap.xml" "Mozilla/5.0 (Linux; Android 7.0;) AppleWebKit/537.36 (HTML, like Gecko) Mobile Safari/537.36 (compatible; PetalBot;+https://webmaster.petalsearch.com/site/petalbot)"
38.177.186.189 - - [26/Jul/2026:14:56:24 +0000] "POST /wp-cron.php?doing_wp_cron=1785077783.8249111175537109375000 HTTP/1.1" 499 0 "-" "WordPress/7.0; https://www.groatmachinery.com"
38.177.186.189 - - [26/Jul/2026:14:56:24 +0000] "GET / HTTP/1.1" 301 0 "-" "Mozilla/5.0 (X11; Linux x86_64) AppleWebKit/537.36 (KHTML, like Gecko) Chrome/44.0.2403.157 Safari/537.36"
38.177.186.189 - - [26/Jul/2026:14:56:26 +0000] "GET / HTTP/1.1" 499 0 "http://38.177.186.189" "Mozilla/5.0 (X11; Linux x86_64) AppleWebKit/537.36 (KHTML, like Gecko) Chrome/44.0.2403.157 Safari/537.36"
38.177.186.189 - - [26/Jul/2026:14:57:10 +0000] "POST /wp-cron.php?doing_wp_cron=1785077829.7465560436248779296875 HTTP/1.1" 499 0 "-" "WordPress/7.0; https://www.groatmachinery.com"
114.119.130.199 - - [26/Jul/2026:14:57:10 +0000] "GET /beehiiv-for-content-creators HTTP/1.1" 301 0 "https://groatmachinery.com/beehiiv-for-content-creators" "Mozilla/5.0 (Linux; Android 7.0;) AppleWebKit/537.36 (HTML, like Gecko) Mobile Safari/537.36 (compatible; PetalBot;+https://webmaster.petalsearch.com/site/petalbot)"
57.141.0.23 - - [26/Jul/2026:14:57:11 +0000] "GET /ilia-host-e-80/ HTTP/1.1" 200 234864 "-" "Mozilla/5.0 (Windows NT 10.0; Win64; x64) AppleWebKit/537.36 (KHTML, like Gecko) Chrome/145.0.0.0 Safari/537.36 (compatible; meta-externalagent/1.1 (+https://developers.facebook.com/docs/sharing/webmasters/crawler))"
114.119.130.199 - - [26/Jul/2026:14:57:13 +0000] "GET /beehiiv-for-content-creators HTTP/1.1" 404 26506 "https://groatmachinery.com/beehiiv-for-content-creators" "Mozilla/5.0 (Linux; Android 7.0;) AppleWebKit/537.36 (HTML, like Gecko) Mobile Safari/537.36 (compatible; PetalBot;+https://webmaster.petalsearch.com/site/petalbot)"
38.177.186.189 - - [26/Jul/2026:15:00:25 +0000] "POST /wp-cron.php?doing_wp_cron=1785078024.1959240436553955078125 HTTP/1.1" 499 0 "-" "WordPress/7.0; https://www.groatmachinery.com"
38.177.186.189 - - [26/Jul/2026:15:00:25 +0000] "GET / HTTP/1.1" 301 0 "-" "Mozilla/5.0 (X11; Linux x86_64) AppleWebKit/537.36 (KHTML, like Gecko) Chrome/44.0.2403.157 Safari/537.36"
38.177.186.189 - - [26/Jul/2026:15:00:26 +0000] "GET / HTTP/1.1" 499 0 "http://38.177.186.189" "Mozilla/5.0 (X11; Linux x86_64) AppleWebKit/537.36 (KHTML, like Gecko) Chrome/44.0.2403.157 Safari/537.36"
104.193.252.131 - - [26/Jul/2026:15:00:34 +0000] "GET /contact.php HTTP/1.0" 403 283 "http://groatmachinery.com/contact.php" "Mozilla/5.0 (Windows NT 10.0; Win64; x64) AppleWebKit/537.36 (KHTML, like Gecko) Chrome/129.0.0.0 Safari/537.36"
104.193.252.131 - - [26/Jul/2026:15:00:36 +0000] "GET / HTTP/1.0" 301 0 "http://groatmachinery.com/contact.php" "Mozilla/5.0 (Windows NT 10.0; Win64; x64) AppleWebKit/537.36 (KHTML, like Gecko) Chrome/129.0.0.0 Safari/537.36"
104.193.252.131 - - [26/Jul/2026:15:00:39 +0000] "GET / HTTP/1.0" 301 0 "http://groatmachinery.com/" "Mozilla/5.0 (Windows NT 10.0; Win64; x64) AppleWebKit/537.36 (KHTML, like Gecko) Chrome/129.0.0.0 Safari/537.36"
104.193.252.131 - - [26/Jul/2026:15:00:42 +0000] "GET / HTTP/1.0" 200 319922 "https://www.groatmachinery.com/" "Mozilla/5.0 (Windows NT 10.0; Win64; x64) AppleWebKit/537.36 (KHTML, like Gecko) Chrome/129.0.0.0 Safari/537.36"
104.193.252.131 - - [26/Jul/2026:15:00:45 +0000] "GET /blog/ HTTP/1.0" 200 177822 "https://www.groatmachinery.com/blog/" "Mozilla/5.0 (Windows NT 10.0; Win64; x64) AppleWebKit/537.36 (KHTML, like Gecko) Chrome/129.0.0.0 Safari/537.36"
104.193.252.131 - - [26/Jul/2026:15:00:49 +0000] "GET /contact/ HTTP/1.0" 200 183164 "https://www.groatmachinery.com/contact/" "Mozilla/5.0 (Windows NT 10.0; Win64; x64) AppleWebKit/537.36 (KHTML, like Gecko) Chrome/129.0.0.0 Safari/537.36"
104.193.252.131 - - [26/Jul/2026:15:00:52 +0000] "POST /contact/ HTTP/1.0" 200 184047 "https://www.groatmachinery.com/contact/" "Mozilla/5.0 (Windows NT 10.0; Win64; x64) AppleWebKit/537.36 (KHTML, like Gecko) Chrome/129.0.0.0 Safari/537.36"
5.61.209.44 - - [26/Jul/2026:15:01:10 +0000] "GET /SDK/webLanguage HTTP/1.1" 403 0 "-" "Mozilla/5.0 (Windows NT 10.0; Win64; x64) AppleWebKit/537.36 (KHTML, like Gecko) Chrome/90.0.4430.85 Safari/537.36 Edg/90.0.818.46"
111.33.71.238 - - [26/Jul/2026:15:03:39 +0000] "0\x90\x7F\x16\xED\x89\xDF\xAEm\xC8]\xFA\xE1\xE7\xB4\x94\xB8^\xC5\xC8\xFCt\x18a\x02 \xC4\xB1\xCF\xF9\xDA<\xD3q\x1A\xCE\xD6\xC8\xBA\xB4\x17\x9D\x8D\xFA\x00\xE1'\xCA\xEC\xE0\xDC\x16\xDB\xF7\xC4\xA1\x1F\xC9$l$\xF6\xBA\x85\x9Erlp\x01H\xB7\x10P\x17\xEC(\xBB\xEA\xACw(b\x8F\xBF\x91\xBF\xF1\xB2\xF1\xE4\xB8\x8B\x91t\xA3*x" 400 150 "-" "-"
167.94.146.59 - - [26/Jul/2026:15:03:55 +0000] "GET / HTTP/1.1" 403 0 "-" "Mozilla/5.0 (compatible; CensysInspect/1.1; +https://about.censys.io/)"
167.94.146.59 - - [26/Jul/2026:15:03:57 +0000] "PRI * HTTP/2.0" 400 150 "-" "-"
167.94.146.59 - - [26/Jul/2026:15:03:58 +0000] "\x16\x03\x01\x00\xEE\x01\x00\x00\xEA\x03\x03\xA4\x09\xE2\x90Z\x0E" 400 150 "-" "-"
167.94.146.59 - - [26/Jul/2026:15:04:14 +0000] "GET /sitemap.xml HTTP/1.1" 200 262 "-" "Mozilla/5.0 (compatible; CensysInspect/1.1; +https://about.censys.io/)"
167.94.146.59 - - [26/Jul/2026:15:04:16 +0000] "GET /favicon.ico HTTP/1.1" 500 55 "-" "Mozilla/5.0 (compatible; CensysInspect/1.1; +https://about.censys.io/)"
167.94.146.59 - - [26/Jul/2026:15:04:17 +0000] "\x16\x03\x01\x00\xEE\x01\x00\x00\xEA\x03\x03y\x9D&\xA8\xBB.J\x00\x92\xCE\x9A=o\x85\x01\x0EV\x9C\xF4Z\xCCEg\xCF\xF6\xC5?v}\xBEcS h5\x00\x94\xD4I\x90\x1B\x90%\x12\xED\x8F\x1A\xDC\xA9\xDB\x1C'\xCBh{\x92\x09<Jtp\xCE*\xAEX\x00&\xCC\xA8\xCC\xA9\xC0/\xC00\xC0+\xC0,\xC0\x13\xC0\x09\xC0\x14\xC0" 400 150 "-" "-"
167.94.146.59 - - [26/Jul/2026:15:04:18 +0000] "GET /gn_lu_gzdz_gf2k5 HTTP/1.1" 403 0 "-" "Mozilla/5.0 (compatible; CensysInspect/1.1; +https://about.censys.io/)"
167.94.146.59 - - [26/Jul/2026:15:04:21 +0000] "\x16\x03\x01\x00\xEE\x01\x00\x00\xEA\x03\x03\xDF\xED\x92\xF0\x9F\x0C(\xFA\x1D\x95\xF6\x8C\xEC\x94b\xE6 \x87\x10\xFA\x95P\xC4Ys\xCE)\xC2$-\xF5S \x8D^\xCB(\x09\x9F\x87\xB5\xC0p\xA4H\x90\xFBH\x07b\xD4\xA5H\x09 a\xB4M\xDF\x8A\xF2\x80\x04\xA4" 400 150 "-" "-"
45.205.1.122 - - [26/Jul/2026:15:10:31 +0000] "GET / HTTP/1.1" 403 0 "-" "-"
38.177.186.189 - - [26/Jul/2026:15:14:04 +0000] "POST /wp-cron.php?doing_wp_cron=1785078843.5106930732727050781250 HTTP/1.1" 499 0 "-" "WordPress/7.0; https://www.groatmachinery.com"
114.119.146.70 - - [26/Jul/2026:15:14:04 +0000] "GET /page-sitemap.xml HTTP/1.1" 200 518 "https://www.groatmachinery.com/page-sitemap.xml" "Mozilla/5.0 (Linux; Android 7.0;) AppleWebKit/537.36 (HTML, like Gecko) Mobile Safari/537.36 (compatible; PetalBot;+https://webmaster.petalsearch.com/site/petalbot)"
38.177.186.189 - - [26/Jul/2026:15:14:25 +0000] "GET / HTTP/1.1" 301 0 "-" "Mozilla/5.0 (X11; Linux x86_64) AppleWebKit/537.36 (KHTML, like Gecko) Chrome/44.0.2403.157 Safari/537.36"
38.177.186.189 - - [26/Jul/2026:15:14:28 +0000] "GET / HTTP/1.1" 499 0 "http://38.177.186.189" "Mozilla/5.0 (X11; Linux x86_64) AppleWebKit/537.36 (KHTML, like Gecko) Chrome/44.0.2403.157 Safari/537.36"
38.177.186.189 - - [26/Jul/2026:15:16:18 +0000] "POST /wp-cron.php?doing_wp_cron=1785078977.7730109691619873046875 HTTP/1.1" 499 0 "-" "WordPress/7.0; https://www.groatmachinery.com"
216.73.216.206 - - [26/Jul/2026:15:16:18 +0000] "GET /ilia-oil-b-77/?add-to-cart=872 HTTP/1.1" 200 34783 "-" "Mozilla/5.0 AppleWebKit/537.36 (KHTML, like Gecko; compatible; ClaudeBot/1.0; +claudebot@anthropic.com)"
114.119.131.245 - - [26/Jul/2026:15:16:19 +0000] "GET /mailerlite-quiz/ HTTP/1.1" 301 0 "https://groatmachinery.com/post-sitemap.xml" "Mozilla/5.0 (Linux; Android 7.0;) AppleWebKit/537.36 (HTML, like Gecko) Mobile Safari/537.36 (compatible; PetalBot;+https://webmaster.petalsearch.com/site/petalbot)"
114.119.131.245 - - [26/Jul/2026:15:16:22 +0000] "GET /mailerlite-quiz/ HTTP/1.1" 404 26497 "https://groatmachinery.com/post-sitemap.xml" "Mozilla/5.0 (Linux; Android 7.0;) AppleWebKit/537.36 (HTML, like Gecko) Mobile Safari/537.36 (compatible; PetalBot;+https://webmaster.petalsearch.com/site/petalbot)"
216.73.216.206 - - [26/Jul/2026:15:16:24 +0000] "GET /ilia-oil-b-77/?add-to-cart=911 HTTP/1.1" 200 34722 "-" "Mozilla/5.0 AppleWebKit/537.36 (KHTML, like Gecko; compatible; ClaudeBot/1.0; +claudebot@anthropic.com)"
216.73.216.206 - - [26/Jul/2026:15:16:27 +0000] "GET /ilia-oil-b-77/?add-to-cart=894 HTTP/1.1" 200 34775 "-" "Mozilla/5.0 AppleWebKit/537.36 (KHTML, like Gecko; compatible; ClaudeBot/1.0; +claudebot@anthropic.com)"
216.73.216.206 - - [26/Jul/2026:15:16:30 +0000] "GET /ilia-oil-b-77/?add-to-cart=871 HTTP/1.1" 200 34766 "-" "Mozilla/5.0 AppleWebKit/537.36 (KHTML, like Gecko; compatible; ClaudeBot/1.0; +claudebot@anthropic.com)"
216.73.216.206 - - [26/Jul/2026:15:16:34 +0000] "GET /ilia-oil-b-77/?add-to-cart=912 HTTP/1.1" 200 34773 "-" "Mozilla/5.0 AppleWebKit/537.36 (KHTML, like Gecko; compatible; ClaudeBot/1.0; +claudebot@anthropic.com)"
38.177.186.189 - - [26/Jul/2026:15:17:06 +0000] "POST /wp-cron.php?doing_wp_cron=1785079025.4323630332946777343750 HTTP/1.1" 499 0 "-" "WordPress/7.0; https://www.groatmachinery.com"
216.73.216.206 - - [26/Jul/2026:15:17:06 +0000] "GET /ilia-oil-b-77/?add-to-cart=860 HTTP/1.1" 200 34834 "-" "Mozilla/5.0 AppleWebKit/537.36 (KHTML, like Gecko; compatible; ClaudeBot/1.0; +claudebot@anthropic.com)"
20.201.77.247 - - [26/Jul/2026:15:17:11 +0000] "GET /.git/config HTTP/1.1" 400 650 "-" "Mozilla/5.0 (Macintosh; Intel Mac OS X 10_15_7) AppleWebKit/537.36 (KHTML, like Gecko) Chrome/120.0.0.0 Safari/537.36"
20.201.77.247 - - [26/Jul/2026:15:17:11 +0000] "GET /.gitlab-ci.yml HTTP/1.1" 400 650 "-" "Mozilla/5.0 (X11; Linux x86_64) AppleWebKit/537.36 (KHTML, like Gecko) Chrome/120.0.0.0 Safari/537.36"
216.73.216.206 - - [26/Jul/2026:15:17:24 +0000] "GET /ilia-oil-b-77/?add-to-cart=922 HTTP/1.1" 200 34732 "-" "Mozilla/5.0 AppleWebKit/537.36 (KHTML, like Gecko; compatible; ClaudeBot/1.0; +claudebot@anthropic.com)"
45.235.202.114 - - [26/Jul/2026:15:17:58 +0000] "GET /robots.txt HTTP/1.1" 200 84 "-" "Mozilla/5.0 (Macintosh; Intel Mac OS X 10_15_7) AppleWebKit/537.36 (KHTML, like Gecko) Chrome/133.0.0.0 Safari/537.36"
38.177.186.189 - - [26/Jul/2026:15:18:03 +0000] "POST /wp-cron.php?doing_wp_cron=1785079082.4689691066741943359375 HTTP/1.1" 499 0 "-" "WordPress/7.0; https://www.groatmachinery.com"
216.73.216.206 - - [26/Jul/2026:15:18:03 +0000] "GET /ilia-oil-b-77/?add-to-cart=924 HTTP/1.1" 200 34803 "-" "Mozilla/5.0 AppleWebKit/537.36 (KHTML, like Gecko; compatible; ClaudeBot/1.0; +claudebot@anthropic.com)"
49.36.72.210 - - [26/Jul/2026:15:18:06 +0000] "GET /ilia-cigarette-i-35/?add-to-cart=883 HTTP/1.1" 200 34784 "-" "Mozilla/5.0 (Macintosh; Intel Mac OS X 10_15_7) AppleWebKit/537.36 (KHTML, like Gecko) Chrome/133.0.0.0 Safari/537.36"
216.73.216.206 - - [26/Jul/2026:15:18:07 +0000] "GET /ilia-oil-b-77/?add-to-cart=892 HTTP/1.1" 200 34711 "-" "Mozilla/5.0 AppleWebKit/537.36 (KHTML, like Gecko; compatible; ClaudeBot/1.0; +claudebot@anthropic.com)"
114.119.131.245 - - [26/Jul/2026:15:18:30 +0000] "GET /beehiiv-partner-program/ HTTP/1.1" 301 0 "https://groatmachinery.com/post-sitemap.xml" "Mozilla/5.0 (Linux; Android 7.0;) AppleWebKit/537.36 (HTML, like Gecko) Mobile Safari/537.36 (compatible; PetalBot;+https://webmaster.petalsearch.com/site/petalbot)"
114.119.131.245 - - [26/Jul/2026:15:18:32 +0000] "GET /beehiiv-partner-program/ HTTP/1.1" 404 26505 "https://groatmachinery.com/post-sitemap.xml" "Mozilla/5.0 (Linux; Android 7.0;) AppleWebKit/537.36 (HTML, like Gecko) Mobile Safari/537.36 (compatible; PetalBot;+https://webmaster.petalsearch.com/site/petalbot)"
38.177.186.189 - - [26/Jul/2026:15:20:17 +0000] "POST /wp-cron.php?doing_wp_cron=1785079216.1854259967803955078125 HTTP/1.1" 499 0 "-" "WordPress/7.0; https://www.groatmachinery.com"
216.73.216.206 - - [26/Jul/2026:15:20:17 +0000] "GET /ilia-oil-b-77/?add-to-cart=933 HTTP/1.1" 200 34763 "-" "Mozilla/5.0 AppleWebKit/537.36 (KHTML, like Gecko; compatible; ClaudeBot/1.0; +claudebot@anthropic.com)"
216.73.216.206 - - [26/Jul/2026:15:24:49 +0000] "GET /robots.txt HTTP/1.1" 200 84 "-" "Mozilla/5.0 AppleWebKit/537.36 (KHTML, like Gecko; compatible; ClaudeBot/1.0; +claudebot@anthropic.com)"
38.177.186.189 - - [26/Jul/2026:15:24:53 +0000] "POST /wp-cron.php?doing_wp_cron=1785079492.4612751007080078125000 HTTP/1.1" 499 0 "-" "WordPress/7.0; https://www.groatmachinery.com"
216.73.216.206 - - [26/Jul/2026:15:24:53 +0000] "GET /ilia-oil-b-77/?add-to-cart=870 HTTP/1.1" 200 34740 "-" "Mozilla/5.0 AppleWebKit/537.36 (KHTML, like Gecko; compatible; ClaudeBot/1.0; +claudebot@anthropic.com)"
38.177.186.189 - - [26/Jul/2026:15:25:10 +0000] "POST /wp-cron.php?doing_wp_cron=1785079509.2690100669860839843750 HTTP/1.1" 499 0 "-" "WordPress/7.0; https://www.groatmachinery.com"
57.141.0.29 - - [26/Jul/2026:15:25:10 +0000] "GET /gaqepuh/2026/06/oil-bale-75x75.webp HTTP/1.1" 404 111732 "-" "Mozilla/5.0 (Windows NT 10.0; Win64; x64) AppleWebKit/537.36 (KHTML, like Gecko) Chrome/145.0.0.0 Safari/537.36 (compatible; meta-externalagent/1.1 (+https://developers.facebook.com/docs/sharing/webmasters/crawler))"
216.73.216.206 - - [26/Jul/2026:15:25:56 +0000] "GET /ilia-oil-b-77/?add-to-cart=918 HTTP/1.1" 200 34700 "-" "Mozilla/5.0 AppleWebKit/537.36 (KHTML, like Gecko; compatible; ClaudeBot/1.0; +claudebot@anthropic.com)"
38.177.186.189 - - [26/Jul/2026:15:26:02 +0000] "POST /wp-cron.php?doing_wp_cron=1785079561.5095150470733642578125 HTTP/1.1" 499 0 "-" "WordPress/7.0; https://www.groatmachinery.com"
216.73.216.206 - - [26/Jul/2026:15:26:02 +0000] "GET /ilia-oil-b-77/?add-to-cart=919 HTTP/1.1" 200 34710 "-" "Mozilla/5.0 AppleWebKit/537.36 (KHTML, like Gecko; compatible; ClaudeBot/1.0; +claudebot@anthropic.com)"
216.73.216.206 - - [26/Jul/2026:15:26:25 +0000] "GET /ilia-oil-b-77/?add-to-cart=863 HTTP/1.1" 200 34771 "-" "Mozilla/5.0 AppleWebKit/537.36 (KHTML, like Gecko; compatible; ClaudeBot/1.0; +claudebot@anthropic.com)"
38.177.186.189 - - [26/Jul/2026:15:27:12 +0000] "POST /wp-cron.php?doing_wp_cron=1785079631.0863049030303955078125 HTTP/1.1" 499 0 "-" "WordPress/7.0; https://www.groatmachinery.com"
216.73.216.206 - - [26/Jul/2026:15:27:12 +0000] "GET /ilia-oil-b-77/?add-to-cart=853 HTTP/1.1" 200 34704 "-" "Mozilla/5.0 AppleWebKit/537.36 (KHTML, like Gecko; compatible; ClaudeBot/1.0; +claudebot@anthropic.com)"
216.73.216.206 - - [26/Jul/2026:15:27:40 +0000] "GET /ilia-oil-b-77/?add-to-cart=902 HTTP/1.1" 200 34774 "-" "Mozilla/5.0 AppleWebKit/537.36 (KHTML, like Gecko; compatible; ClaudeBot/1.0; +claudebot@anthropic.com)"
185.136.15.4 - - [26/Jul/2026:15:27:42 +0000] "GET /api/sonicos/is-sslvpn-enabled HTTP/1.0" 403 0 "https://www.google.com" "Mozilla/5.0 (X11; Linux x86_64) AppleWebKit/537.36 (KHTML, like Gecko) Chrome/119.0.0.0 Safari/537.36"
185.136.15.4 - - [26/Jul/2026:15:27:44 +0000] "GET / HTTP/1.0" 403 0 "https://www.google.com" "Mozilla/5.0 (X11; Linux x86_64) AppleWebKit/537.36 (KHTML, like Gecko) Chrome/119.0.0.0 Safari/537.36"
38.177.186.189 - - [26/Jul/2026:15:28:17 +0000] "POST /wp-cron.php?doing_wp_cron=1785079696.4628269672393798828125 HTTP/1.1" 499 0 "-" "WordPress/7.0; https://www.groatmachinery.com"
216.73.216.206 - - [26/Jul/2026:15:28:17 +0000] "GET /ilia-oil-b-77/?add-to-cart=915 HTTP/1.1" 200 34756 "-" "Mozilla/5.0 AppleWebKit/537.36 (KHTML, like Gecko; compatible; ClaudeBot/1.0; +claudebot@anthropic.com)"
38.177.186.189 - - [26/Jul/2026:15:28:23 +0000] "GET / HTTP/1.1" 301 0 "-" "Mozilla/5.0 (X11; Linux x86_64) AppleWebKit/537.36 (KHTML, like Gecko) Chrome/44.0.2403.157 Safari/537.36"
216.73.216.206 - - [26/Jul/2026:15:28:25 +0000] "GET /ilia-oil-b-77/?add-to-cart=884 HTTP/1.1" 200 34794 "-" "Mozilla/5.0 AppleWebKit/537.36 (KHTML, like Gecko; compatible; ClaudeBot/1.0; +claudebot@anthropic.com)"
38.177.186.189 - - [26/Jul/2026:15:28:26 +0000] "GET / HTTP/1.1" 200 36449 "http://38.177.186.189" "Mozilla/5.0 (X11; Linux x86_64) AppleWebKit/537.36 (KHTML, like Gecko) Chrome/44.0.2403.157 Safari/537.36"
38.177.186.189 - - [26/Jul/2026:15:30:55 +0000] "POST /wp-cron.php?doing_wp_cron=1785079854.1736149787902832031250 HTTP/1.1" 499 0 "-" "WordPress/7.0; https://www.groatmachinery.com"
114.119.134.152 - - [26/Jul/2026:15:30:55 +0000] "GET /ilia-shop/ HTTP/1.1" 200 38884 "https://www.groatmachinery.com/page/37/" "Mozilla/5.0 (Linux; Android 7.0;) AppleWebKit/537.36 (HTML, like Gecko) Mobile Safari/537.36 (compatible; PetalBot;+https://webmaster.petalsearch.com/site/petalbot)"
38.177.186.189 - - [26/Jul/2026:15:33:18 +0000] "POST /wp-cron.php?doing_wp_cron=1785079997.0542829036712646484375 HTTP/1.1" 499 0 "-" "WordPress/7.0; https://www.groatmachinery.com"
114.119.145.193 - - [26/Jul/2026:15:33:18 +0000] "GET /ilia-pods-n-66/ HTTP/1.1" 200 34803 "https://www.groatmachinery.com/ilia-cigarette-j-10/" "Mozilla/5.0 (Linux; Android 7.0;) AppleWebKit/537.36 (HTML, like Gecko) Mobile Safari/537.36 (compatible; PetalBot;+https://webmaster.petalsearch.com/site/petalbot)"
38.177.186.189 - - [26/Jul/2026:15:35:23 +0000] "POST /wp-cron.php?doing_wp_cron=1785080122.4293799400329589843750 HTTP/1.1" 499 0 "-" "WordPress/7.0; https://www.groatmachinery.com"
114.119.145.193 - - [26/Jul/2026:15:35:23 +0000] "GET /is-mailerlite-legit/ HTTP/1.1" 301 0 "https://groatmachinery.com/post-sitemap.xml" "Mozilla/5.0 (Linux; Android 7.0;) AppleWebKit/537.36 (HTML, like Gecko) Mobile Safari/537.36 (compatible; PetalBot;+https://webmaster.petalsearch.com/site/petalbot)"
114.119.145.193 - - [26/Jul/2026:15:35:25 +0000] "GET /is-mailerlite-legit/ HTTP/1.1" 404 26500 "https://groatmachinery.com/post-sitemap.xml" "Mozilla/5.0 (Linux; Android 7.0;) AppleWebKit/537.36 (HTML, like Gecko) Mobile Safari/537.36 (compatible; PetalBot;+https://webmaster.petalsearch.com/site/petalbot)"
38.177.186.189 - - [26/Jul/2026:15:37:25 +0000] "POST /wp-cron.php?doing_wp_cron=1785080244.1145501136779785156250 HTTP/1.1" 499 0 "-" "WordPress/7.0; https://www.groatmachinery.com"
146.56.199.152 - - [26/Jul/2026:15:37:25 +0000] "GET / HTTP/1.1" 200 36453 "-" "Mozilla/5.0 (Windows NT 10.0; Win64; x64) AppleWebKit/537.36 (KHTML, like Gecko) Chrome/133.0.0.0 Safari/537.36"
114.119.135.229 - - [26/Jul/2026:15:37:34 +0000] "GET /beehiiv-landing-page/ HTTP/1.1" 301 0 "https://groatmachinery.com/post-sitemap.xml" "Mozilla/5.0 (Linux; Android 7.0;) AppleWebKit/537.36 (HTML, like Gecko) Mobile Safari/537.36 (compatible; PetalBot;+https://webmaster.petalsearch.com/site/petalbot)"
114.119.135.229 - - [26/Jul/2026:15:37:36 +0000] "GET /beehiiv-landing-page/ HTTP/1.1" 404 26504 "https://groatmachinery.com/post-sitemap.xml" "Mozilla/5.0 (Linux; Android 7.0;) AppleWebKit/537.36 (HTML, like Gecko) Mobile Safari/537.36 (compatible; PetalBot;+https://webmaster.petalsearch.com/site/petalbot)"
34.227.148.44 - - [26/Jul/2026:15:37:49 +0000] "GET / HTTP/1.1" 403 0 "-" "Mozilla/5.0 (Windows NT 10.0; Win64; x64) AppleWebKit/537.36 (KHTML, like Gecko) Chrome/136.0.0.0 Safari/537.36"
38.177.186.189 - - [26/Jul/2026:15:42:25 +0000] "GET / HTTP/1.1" 499 0 "-" "Mozilla/5.0 (X11; Linux x86_64) AppleWebKit/537.36 (KHTML, like Gecko) Chrome/44.0.2403.157 Safari/537.36"
38.177.186.189 - - [26/Jul/2026:15:42:26 +0000] "POST /wp-cron.php?doing_wp_cron=1785080545.4698040485382080078125 HTTP/1.1" 499 0 "-" "WordPress/7.0; https://www.groatmachinery.com"
38.177.186.189 - - [26/Jul/2026:15:44:07 +0000] "POST /wp-cron.php?doing_wp_cron=1785080646.7519280910491943359375 HTTP/1.1" 499 0 "-" "WordPress/7.0; https://www.groatmachinery.com"
57.141.0.61 - - [26/Jul/2026:15:44:07 +0000] "GET /ilia-host-o-67/ HTTP/1.1" 200 234654 "-" "Mozilla/5.0 (Windows NT 10.0; Win64; x64) AppleWebKit/537.36 (KHTML, like Gecko) Chrome/145.0.0.0 Safari/537.36 (compatible; meta-externalagent/1.1 (+https://developers.facebook.com/docs/sharing/webmasters/crawler))"
45.132.194.60 - - [26/Jul/2026:15:47:51 +0000] "\x06" 400 150 "-" "-"
77.77.43.215 - - [26/Jul/2026:15:48:07 +0000] "\x03\x00\x00\x13\x0E\xE0\x00\x00\x00\x00\x00\x01\x00\x08\x00\x02\x00\x00\x00" 400 150 "-" "-"
52.167.144.232 - - [26/Jul/2026:15:48:13 +0000] "GET /mailerlite-email-analytics/ HTTP/1.1" 200 27360 "-" "Mozilla/5.0 AppleWebKit/537.36 (KHTML, like Gecko; compatible; bingbot/2.0; +http://www.bing.com/bingbot.htm) Chrome/116.0.1938.76 Safari/537.36"
216.73.216.206 - - [26/Jul/2026:15:50:10 +0000] "GET /robots.txt HTTP/1.1" 200 84 "-" "Mozilla/5.0 AppleWebKit/537.36 (KHTML, like Gecko; compatible; ClaudeBot/1.0; +claudebot@anthropic.com)"
38.177.186.189 - - [26/Jul/2026:15:50:13 +0000] "POST /wp-cron.php?doing_wp_cron=1785081012.7117090225219726562500 HTTP/1.1" 499 0 "-" "WordPress/7.0; https://www.groatmachinery.com"
216.73.216.206 - - [26/Jul/2026:15:50:13 +0000] "GET /sitemap.xml HTTP/1.1" 404 26499 "-" "Mozilla/5.0 AppleWebKit/537.36 (KHTML, like Gecko; compatible; ClaudeBot/1.0; +claudebot@anthropic.com)"
38.177.186.189 - - [26/Jul/2026:15:54:55 +0000] "POST /wp-cron.php?doing_wp_cron=1785081294.4200010299682617187500 HTTP/1.1" 499 0 "-" "WordPress/7.0; https://www.groatmachinery.com"
57.141.0.12 - - [26/Jul/2026:15:54:55 +0000] "GET /ilia-pods-x-24/ HTTP/1.1" 200 234982 "-" "Mozilla/5.0 (Windows NT 10.0; Win64; x64) AppleWebKit/537.36 (KHTML, like Gecko) Chrome/145.0.0.0 Safari/537.36 (compatible; meta-externalagent/1.1 (+https://developers.facebook.com/docs/sharing/webmasters/crawler))"
177.245.68.166 - - [26/Jul/2026:15:55:32 +0000] "3i\x15\xE5" 400 150 "-" "-"
183.207.45.106 - - [26/Jul/2026:15:56:04 +0000] "GET / HTTP/1.1" 403 0 "-" "Mozilla/5.0 (Windows NT 10.0; Win64; x64) AppleWebKit/537.36 (KHTML, like Gecko) Chrome/107.0.0.0 Safari/537.36"
38.177.186.189 - - [26/Jul/2026:15:56:28 +0000] "POST /wp-cron.php?doing_wp_cron=1785081387.7061870098114013671875 HTTP/1.1" 499 0 "-" "WordPress/7.0; https://www.groatmachinery.com"
38.177.186.189 - - [26/Jul/2026:15:56:28 +0000] "GET / HTTP/1.1" 301 0 "-" "Mozilla/5.0 (X11; Linux x86_64) AppleWebKit/537.36 (KHTML, like Gecko) Chrome/44.0.2403.157 Safari/537.36"
38.177.186.189 - - [26/Jul/2026:15:56:30 +0000] "GET / HTTP/1.1" 499 0 "http://38.177.186.189" "Mozilla/5.0 (X11; Linux x86_64) AppleWebKit/537.36 (KHTML, like Gecko) Chrome/44.0.2403.157 Safari/537.36"
38.177.186.189 - - [26/Jul/2026:15:57:21 +0000] "POST /wp-cron.php?doing_wp_cron=1785081440.8301229476928710937500 HTTP/1.1" 499 0 "-" "WordPress/7.0; https://www.groatmachinery.com"
57.141.0.59 - - [26/Jul/2026:15:57:22 +0000] "GET /ilia-host-r-44/ HTTP/1.1" 200 235365 "-" "Mozilla/5.0 (Windows NT 10.0; Win64; x64) AppleWebKit/537.36 (KHTML, like Gecko) Chrome/145.0.0.0 Safari/537.36 (compatible; meta-externalagent/1.1 (+https://developers.facebook.com/docs/sharing/webmasters/crawler))"
198.235.24.97 - - [26/Jul/2026:15:57:28 +0000] "GET / HTTP/1.1" 403 0 "-" "Hello from Palo Alto Networks, find out more about our scans in https://docs-cortex.paloaltonetworks.com/r/1/Cortex-Xpanse/Scanning-activity"
85.217.149.57 - - [26/Jul/2026:15:58:19 +0000] "GET / HTTP/1.1" 403 0 "-" "Mozilla/5.0 (compatible; ModatScanner/1.2; +https://modat.io/)"
38.177.186.189 - - [26/Jul/2026:16:00:28 +0000] "POST /wp-cron.php?doing_wp_cron=1785081627.6262259483337402343750 HTTP/1.1" 499 0 "-" "WordPress/7.0; https://www.groatmachinery.com"
38.177.186.189 - - [26/Jul/2026:16:00:28 +0000] "GET / HTTP/1.1" 301 0 "-" "Mozilla/5.0 (X11; Linux x86_64) AppleWebKit/537.36 (KHTML, like Gecko) Chrome/44.0.2403.157 Safari/537.36"
38.177.186.189 - - [26/Jul/2026:16:00:30 +0000] "GET / HTTP/1.1" 499 0 "http://38.177.186.189" "Mozilla/5.0 (X11; Linux x86_64) AppleWebKit/537.36 (KHTML, like Gecko) Chrome/44.0.2403.157 Safari/537.36"
52.167.144.216 - - [26/Jul/2026:16:00:32 +0000] "GET /buy/021143351719 HTTP/1.1" 200 27556 "-" "Mozilla/5.0 AppleWebKit/537.36 (KHTML, like Gecko; compatible; bingbot/2.0; +http://www.bing.com/bingbot.htm) Chrome/116.0.1938.76 Safari/537.36"
51.68.107.149 - - [26/Jul/2026:16:05:01 +0000] "GET /robots.txt HTTP/1.1" 200 84 "-" "Mozilla/5.0 (compatible; MJ12bot/v2.0.5; http://mj12bot.com/)"
38.177.186.189 - - [26/Jul/2026:16:05:05 +0000] "POST /wp-cron.php?doing_wp_cron=1785081904.4879860877990722656250 HTTP/1.1" 499 0 "-" "WordPress/7.0; https://www.groatmachinery.com"
51.68.107.149 - - [26/Jul/2026:16:05:05 +0000] "GET / HTTP/1.1" 200 36450 "-" "Mozilla/5.0 (compatible; MJ12bot/v2.0.5; http://mj12bot.com/)"
38.177.186.189 - - [26/Jul/2026:16:06:14 +0000] "POST /wp-cron.php?doing_wp_cron=1785081973.2813630104064941406250 HTTP/1.1" 499 0 "-" "WordPress/7.0; https://www.groatmachinery.com"
